198.235.24.181 - - [13/Jun/2026:16:36:55 +0200] "GET / HTTP/1.1" 200 0 "-" "Hello from Palo Alto Networks, find out more about our scans in https://docs-cortex.paloaltonetworks.com/r/1/Cortex-Xpanse/Scanning-activity"
74.7.230.44 - - [13/Jun/2026:17:36:34 +0200] "GET /robots.txt HTTP/2" 200 0 "-" "Mozilla/5.0 (Macintosh; Intel Mac OS X 10_15_7) AppleWebKit/537.36 (KHTML, like Gecko) Chrome/131.0.0.0 Safari/537.36; compatible; OAI-SearchBot/1.4; robots.txt; +https://openai.com/searchbot"
74.7.241.8 - - [13/Jun/2026:17:36:43 +0200] "GET /wp.php?dir=CwhomeCwtherahulCwashishFwtherahuldasFwcom&download=readme.html HTTP/2" 200 2873 "https://ashish.therahuldas.com/wp.php" "Mozilla/5.0 AppleWebKit/537.36 (KHTML, like Gecko; compatible; GPTBot/1.4; +https://openai.com/gptbot)"
74.7.241.8 - - [13/Jun/2026:17:37:28 +0200] "GET /license.txt HTTP/2" 200 6865 "https://ashish.therahuldas.com/wp.php?dir=CwhomeCwtherahulCwashishFwtherahuldasFwcom&download=readme.html" "Mozilla/5.0 AppleWebKit/537.36 (KHTML, like Gecko; compatible; GPTBot/1.4; +https://openai.com/gptbot)"
74.7.241.8 - - [13/Jun/2026:17:37:36 +0200] "GET /wp-admin/update-core.php HTTP/2" 302 0 "https://ashish.therahuldas.com/wp.php?dir=CwhomeCwtherahulCwashishFwtherahuldasFwcom&download=readme.html" "Mozilla/5.0 AppleWebKit/537.36 (KHTML, like Gecko; compatible; GPTBot/1.4; +https://openai.com/gptbot)"
74.7.241.8 - - [13/Jun/2026:17:37:36 +0200] "GET /wp-login.php?redirect_to=https%3A%2F%2Fashish.therahuldas.com%2Fwp-admin%2Fupdate-core.php&reauth=1 HTTP/2" 200 1060 "https://ashish.therahuldas.com/wp-admin/update-core.php" "Mozilla/5.0 AppleWebKit/537.36 (KHTML, like Gecko; compatible; GPTBot/1.4; +https://openai.com/gptbot)"
74.7.241.8 - - [13/Jun/2026:17:37:43 +0200] "GET /wp-admin/import.php HTTP/2" 302 0 "https://ashish.therahuldas.com/wp.php?dir=CwhomeCwtherahulCwashishFwtherahuldasFwcom&download=readme.html" "Mozilla/5.0 AppleWebKit/537.36 (KHTML, like Gecko; compatible; GPTBot/1.4; +https://openai.com/gptbot)"
74.7.241.8 - - [13/Jun/2026:17:37:44 +0200] "GET /wp-login.php?redirect_to=https%3A%2F%2Fashish.therahuldas.com%2Fwp-admin%2Fimport.php&reauth=1 HTTP/2" 200 1057 "https://ashish.therahuldas.com/wp-admin/import.php" "Mozilla/5.0 AppleWebKit/537.36 (KHTML, like Gecko; compatible; GPTBot/1.4; +https://openai.com/gptbot)"
74.7.241.8 - - [13/Jun/2026:17:37:50 +0200] "GET /wp-admin/upgrade.php HTTP/2" 200 426 "https://ashish.therahuldas.com/wp.php?dir=CwhomeCwtherahulCwashishFwtherahuldasFwcom&download=readme.html" "Mozilla/5.0 AppleWebKit/537.36 (KHTML, like Gecko; compatible; GPTBot/1.4; +https://openai.com/gptbot)"
74.7.241.8 - - [13/Jun/2026:17:37:56 +0200] "GET /wp-admin/install.php HTTP/2" 200 459 "https://ashish.therahuldas.com/wp.php?dir=CwhomeCwtherahulCwashishFwtherahuldasFwcom&download=readme.html" "Mozilla/5.0 AppleWebKit/537.36 (KHTML, like Gecko; compatible; GPTBot/1.4; +https://openai.com/gptbot)"
74.7.241.8 - - [13/Jun/2026:17:38:01 +0200] "GET /wp-admin/images/wordpress-logo.png HTTP/2" 200 2480 "https://ashish.therahuldas.com/wp.php?dir=CwhomeCwtherahulCwashishFwtherahuldasFwcom&download=readme.html" "Mozilla/5.0 AppleWebKit/537.36 (KHTML, like Gecko; compatible; GPTBot/1.4; +https://openai.com/gptbot)"
74.7.241.8 - - [13/Jun/2026:19:46:33 +0200] "GET /wp-includes/js/,b, HTTP/2" 200 0 "https://www.janapremimavi.edu.np.therahuldas.com" "Mozilla/5.0 AppleWebKit/537.36 (KHTML, like Gecko; compatible; GPTBot/1.4; +https://openai.com/gptbot)"
74.7.230.44 - - [13/Jun/2026:19:45:18 +0200] "GET /robots.txt HTTP/2" 200 0 "-" "Mozilla/5.0 (Macintosh; Intel Mac OS X 10_15_7) AppleWebKit/537.36 (KHTML, like Gecko) Chrome/131.0.0.0 Safari/537.36; compatible; OAI-SearchBot/1.4; robots.txt; +https://openai.com/searchbot"
74.7.241.8 - - [13/Jun/2026:20:24:24 +0200] "GET /wp-includes/js/%27,b,%27 HTTP/2" 200 0 "https://www.janapremimavi.edu.np.therahuldas.com" "Mozilla/5.0 AppleWebKit/537.36 (KHTML, like Gecko; compatible; GPTBot/1.4; +https://openai.com/gptbot)"
65.21.228.101 - - [13/Jun/2026:21:20:02 +0200] "POST /wp-cron.php?doing_wp_cron=1781378402.5227720737457275390625 HTTP/1.1" 200 0 "-" "WordPress/7.0; https://ashish.therahuldas.com"
74.7.230.44 - - [13/Jun/2026:21:29:18 +0200] "GET /robots.txt HTTP/2" 200 0 "-" "Mozilla/5.0 (Macintosh; Intel Mac OS X 10_15_7) AppleWebKit/537.36 (KHTML, like Gecko) Chrome/131.0.0.0 Safari/537.36; compatible; OAI-SearchBot/1.4; robots.txt; +https://openai.com/searchbot"
74.7.241.8 - - [13/Jun/2026:21:32:43 +0200] "GET /wp.php?dir=CwhomeCwtherahul HTTP/2" 200 8244 "https://ashish.therahuldas.com/wp.php" "Mozilla/5.0 AppleWebKit/537.36 (KHTML, like Gecko; compatible; GPTBot/1.4; +https://openai.com/gptbot)"
74.7.241.8 - - [13/Jun/2026:21:39:23 +0200] "GET /wp.php?dir=CwhomeCwtherahulCwtest2FwtherahuldasFwcom HTTP/2" 200 7100 "https://ashish.therahuldas.com/wp.php?dir=CwhomeCwtherahul" "Mozilla/5.0 AppleWebKit/537.36 (KHTML, like Gecko; compatible; GPTBot/1.4; +https://openai.com/gptbot)"
74.7.241.8 - - [13/Jun/2026:21:40:08 +0200] "GET /wp.php?dir=CwhomeCwtherahulCwFwkoality HTTP/2" 200 5205 "https://ashish.therahuldas.com/wp.php?dir=CwhomeCwtherahul" "Mozilla/5.0 AppleWebKit/537.36 (KHTML, like Gecko; compatible; GPTBot/1.4; +https://openai.com/gptbot)"
74.7.241.8 - - [13/Jun/2026:21:40:49 +0200] "GET /wp.php?dir=CwhomeCwtherahul&edit=php.ini HTTP/2" 200 4170 "https://ashish.therahuldas.com/wp.php?dir=CwhomeCwtherahul" "Mozilla/5.0 AppleWebKit/537.36 (KHTML, like Gecko; compatible; GPTBot/1.4; +https://openai.com/gptbot)"
74.7.241.8 - - [13/Jun/2026:21:47:10 +0200] "GET /wp.php?dir=CwhomeCwtherahul&view=php.ini HTTP/2" 200 380 "https://ashish.therahuldas.com/wp.php?dir=CwhomeCwtherahul" "Mozilla/5.0 AppleWebKit/537.36 (KHTML, like Gecko; compatible; GPTBot/1.4; +https://openai.com/gptbot)"
74.7.241.8 - - [13/Jun/2026:21:42:02 +0200] "GET /wp.php?dir=CwhomeCwtherahul&edit=.bashrc HTTP/2" 200 4061 "https://ashish.therahuldas.com/wp.php?dir=CwhomeCwtherahul" "Mozilla/5.0 AppleWebKit/537.36 (KHTML, like Gecko; compatible; GPTBot/1.4; +https://openai.com/gptbot)"
74.7.241.8 - - [13/Jun/2026:21:42:32 +0200] "GET /wp.php?dir=CwhomeCwtherahul&edit=wp.php HTTP/2" 200 22525 "https://ashish.therahuldas.com/wp.php?dir=CwhomeCwtherahul" "Mozilla/5.0 AppleWebKit/537.36 (KHTML, like Gecko; compatible; GPTBot/1.4; +https://openai.com/gptbot)"
74.7.241.8 - - [13/Jun/2026:21:43:24 +0200] "GET /wp.php?dir=CwhomeCwtherahulCwwww HTTP/2" 200 8212 "https://ashish.therahuldas.com/wp.php?dir=CwhomeCwtherahul" "Mozilla/5.0 AppleWebKit/537.36 (KHTML, like Gecko; compatible; GPTBot/1.4; +https://openai.com/gptbot)"
74.7.241.8 - - [13/Jun/2026:21:44:07 +0200] "GET /wp.php?dir=CwhomeCwtherahulCwtmp HTTP/2" 200 5381 "https://ashish.therahuldas.com/wp.php?dir=CwhomeCwtherahul" "Mozilla/5.0 AppleWebKit/537.36 (KHTML, like Gecko; compatible; GPTBot/1.4; +https://openai.com/gptbot)"
74.7.241.8 - - [13/Jun/2026:21:45:55 +0200] "GET /wp.php?dir=CwhomeCwtherahulCwpublic_html&edit=blog.html HTTP/2" 200 7674 "https://ashish.therahuldas.com/wp.php?dir=CwhomeCwtherahulCwwww" "Mozilla/5.0 AppleWebKit/537.36 (KHTML, like Gecko; compatible; GPTBot/1.4; +https://openai.com/gptbot)"
74.7.230.44 - - [13/Jun/2026:22:44:10 +0200] "GET /robots.txt HTTP/2" 200 0 "-" "Mozilla/5.0 (Macintosh; Intel Mac OS X 10_15_7) AppleWebKit/537.36 (KHTML, like Gecko) Chrome/131.0.0.0 Safari/537.36; compatible; OAI-SearchBot/1.4; robots.txt; +https://openai.com/searchbot"
74.7.241.8 - - [13/Jun/2026:22:54:35 +0200] "GET /wp.php?dir=CwhomeCwtherahulCwpublic_html&edit=service.html HTTP/2" 200 8428 "https://ashish.therahuldas.com/wp.php?dir=CwhomeCwtherahulCwwww" "Mozilla/5.0 AppleWebKit/537.36 (KHTML, like Gecko; compatible; GPTBot/1.4; +https://openai.com/gptbot)"
65.21.228.101 - - [13/Jun/2026:23:21:34 +0200] "POST /wp-cron.php?doing_wp_cron=1781385694.6496329307556152343750 HTTP/1.1" 200 0 "-" "WordPress/7.0; https://ashish.therahuldas.com"
74.7.241.8 - - [13/Jun/2026:23:44:05 +0200] "GET /wp.php?dir=CwhomeCwtherahulCwlogs HTTP/2" 200 11310 "https://ashish.therahuldas.com/wp.php?dir=CwhomeCwtherahul" "Mozilla/5.0 AppleWebKit/537.36 (KHTML, like Gecko; compatible; GPTBot/1.4; +https://openai.com/gptbot)"
74.7.241.8 - - [13/Jun/2026:23:47:13 +0200] "GET /service.html HTTP/2" 200 0 "https://ashish.therahuldas.com/wp.php?dir=CwhomeCwtherahulCwpublic_html&view=blog.html" "Mozilla/5.0 AppleWebKit/537.36 (KHTML, like Gecko; compatible; GPTBot/1.4; +https://openai.com/gptbot)"
74.7.241.8 - - [13/Jun/2026:23:47:46 +0200] "GET /blog.html HTTP/2" 200 0 "https://ashish.therahuldas.com/wp.php?dir=CwhomeCwtherahulCwpublic_html&view=blog.html" "Mozilla/5.0 AppleWebKit/537.36 (KHTML, like Gecko; compatible; GPTBot/1.4; +https://openai.com/gptbot)"
74.7.241.8 - - [13/Jun/2026:23:48:12 +0200] "GET /about.html HTTP/2" 200 0 "https://ashish.therahuldas.com/wp.php?dir=CwhomeCwtherahulCwpublic_html&view=blog.html" "Mozilla/5.0 AppleWebKit/537.36 (KHTML, like Gecko; compatible; GPTBot/1.4; +https://openai.com/gptbot)"
74.7.241.8 - - [13/Jun/2026:23:48:34 +0200] "GET /feature.html HTTP/2" 200 0 "https://ashish.therahuldas.com/wp.php?dir=CwhomeCwtherahulCwpublic_html&view=blog.html" "Mozilla/5.0 AppleWebKit/537.36 (KHTML, like Gecko; compatible; GPTBot/1.4; +https://openai.com/gptbot)"
74.7.241.8 - - [13/Jun/2026:23:48:52 +0200] "GET /product.html HTTP/2" 200 0 "https://ashish.therahuldas.com/wp.php?dir=CwhomeCwtherahulCwpublic_html&view=blog.html" "Mozilla/5.0 AppleWebKit/537.36 (KHTML, like Gecko; compatible; GPTBot/1.4; +https://openai.com/gptbot)"
74.7.241.8 - - [13/Jun/2026:23:49:06 +0200] "GET /404.html HTTP/2" 200 0 "https://ashish.therahuldas.com/wp.php?dir=CwhomeCwtherahulCwpublic_html&view=blog.html" "Mozilla/5.0 AppleWebKit/537.36 (KHTML, like Gecko; compatible; GPTBot/1.4; +https://openai.com/gptbot)"
74.7.241.8 - - [13/Jun/2026:23:49:17 +0200] "GET /team.html HTTP/2" 200 0 "https://ashish.therahuldas.com/wp.php?dir=CwhomeCwtherahulCwpublic_html&view=blog.html" "Mozilla/5.0 AppleWebKit/537.36 (KHTML, like Gecko; compatible; GPTBot/1.4; +https://openai.com/gptbot)"
74.7.241.8 - - [13/Jun/2026:23:49:31 +0200] "GET /img/blog-3.jpg HTTP/2" 200 0 "https://ashish.therahuldas.com/wp.php?dir=CwhomeCwtherahulCwpublic_html&view=blog.html" "Mozilla/5.0 AppleWebKit/537.36 (KHTML, like Gecko; compatible; GPTBot/1.4; +https://openai.com/gptbot)"
74.7.241.8 - - [13/Jun/2026:23:49:38 +0200] "GET /img/blog-1.jpg HTTP/2" 200 0 "https://ashish.therahuldas.com/wp.php?dir=CwhomeCwtherahulCwpublic_html&view=blog.html" "Mozilla/5.0 AppleWebKit/537.36 (KHTML, like Gecko; compatible; GPTBot/1.4; +https://openai.com/gptbot)"
74.7.241.8 - - [13/Jun/2026:23:49:44 +0200] "GET /img/blog-2.jpg HTTP/2" 200 0 "https://ashish.therahuldas.com/wp.php?dir=CwhomeCwtherahulCwpublic_html&view=blog.html" "Mozilla/5.0 AppleWebKit/537.36 (KHTML, like Gecko; compatible; GPTBot/1.4; +https://openai.com/gptbot)"
74.7.241.8 - - [13/Jun/2026:23:49:48 +0200] "GET /lib/owlcarousel/owl.carousel.min.js HTTP/2" 200 0 "https://ashish.therahuldas.com/wp.php?dir=CwhomeCwtherahulCwpublic_html&view=blog.html" "Mozilla/5.0 AppleWebKit/537.36 (KHTML, like Gecko; compatible; GPTBot/1.4; +https://openai.com/gptbot)"
74.7.241.8 - - [13/Jun/2026:23:49:54 +0200] "GET /lib/counterup/counterup.min.js HTTP/2" 200 0 "https://ashish.therahuldas.com/wp.php?dir=CwhomeCwtherahulCwpublic_html&view=blog.html" "Mozilla/5.0 AppleWebKit/537.36 (KHTML, like Gecko; compatible; GPTBot/1.4; +https://openai.com/gptbot)"
74.7.241.8 - - [13/Jun/2026:23:49:55 +0200] "GET /lib/waypoints/waypoints.min.js HTTP/2" 200 0 "https://ashish.therahuldas.com/wp.php?dir=CwhomeCwtherahulCwpublic_html&view=blog.html" "Mozilla/5.0 AppleWebKit/537.36 (KHTML, like Gecko; compatible; GPTBot/1.4; +https://openai.com/gptbot)"
74.7.241.8 - - [13/Jun/2026:23:45:13 +0200] "GET /index.html HTTP/2" 200 0 "https://ashish.therahuldas.com/wp.php?dir=CwhomeCwtherahulCwpublic_html&view=blog.html" "Mozilla/5.0 AppleWebKit/537.36 (KHTML, like Gecko; compatible; GPTBot/1.4; +https://openai.com/gptbot)"
74.7.241.8 - - [13/Jun/2026:23:46:08 +0200] "GET /testimonial.html HTTP/2" 200 0 "https://ashish.therahuldas.com/wp.php?dir=CwhomeCwtherahulCwpublic_html&view=blog.html" "Mozilla/5.0 AppleWebKit/537.36 (KHTML, like Gecko; compatible; GPTBot/1.4; +https://openai.com/gptbot)"
74.7.241.8 - - [13/Jun/2026:23:42:31 +0200] "GET /wp.php?dir=CwhomeCwtherahulCwpublic_html&view=blog.html HTTP/2" 200 3506 "https://ashish.therahuldas.com/wp.php?dir=CwhomeCwtherahulCwwww" "Mozilla/5.0 AppleWebKit/537.36 (KHTML, like Gecko; compatible; GPTBot/1.4; +https://openai.com/gptbot)"
74.7.241.8 - - [13/Jun/2026:23:49:56 +0200] "GET /lib/easing/easing.min.js HTTP/2" 200 0 "https://ashish.therahuldas.com/wp.php?dir=CwhomeCwtherahulCwpublic_html&view=blog.html" "Mozilla/5.0 AppleWebKit/537.36 (KHTML, like Gecko; compatible; GPTBot/1.4; +https://openai.com/gptbot)"
74.7.241.8 - - [13/Jun/2026:23:49:59 +0200] "GET /lib/wow/wow.min.js HTTP/2" 200 0 "https://ashish.therahuldas.com/wp.php?dir=CwhomeCwtherahulCwpublic_html&view=blog.html" "Mozilla/5.0 AppleWebKit/537.36 (KHTML, like Gecko; compatible; GPTBot/1.4; +https://openai.com/gptbot)"
74.7.241.8 - - [13/Jun/2026:23:50:01 +0200] "GET /js/main.js HTTP/2" 200 0 "https://ashish.therahuldas.com/wp.php?dir=CwhomeCwtherahulCwpublic_html&view=blog.html" "Mozilla/5.0 AppleWebKit/537.36 (KHTML, like Gecko; compatible; GPTBot/1.4; +https://openai.com/gptbot)"
74.7.241.8 - - [13/Jun/2026:23:50:01 +0200] "GET /lib/owlcarousel/assets/owl.carousel.min.css HTTP/2" 200 0 "https://ashish.therahuldas.com/wp.php?dir=CwhomeCwtherahulCwpublic_html&view=blog.html" "Mozilla/5.0 AppleWebKit/537.36 (KHTML, like Gecko; compatible; GPTBot/1.4; +https://openai.com/gptbot)"
74.7.241.8 - - [13/Jun/2026:23:50:04 +0200] "GET /contact.html HTTP/2" 200 0 "https://ashish.therahuldas.com/wp.php?dir=CwhomeCwtherahulCwpublic_html&view=blog.html" "Mozilla/5.0 AppleWebKit/537.36 (KHTML, like Gecko; compatible; GPTBot/1.4; +https://openai.com/gptbot)"
74.7.241.8 - - [13/Jun/2026:23:50:04 +0200] "GET /lib/animate/animate.min.css HTTP/2" 200 0 "https://ashish.therahuldas.com/wp.php?dir=CwhomeCwtherahulCwpublic_html&view=blog.html" "Mozilla/5.0 AppleWebKit/537.36 (KHTML, like Gecko; compatible; GPTBot/1.4; +https://openai.com/gptbot)"
74.7.241.8 - - [13/Jun/2026:23:50:29 +0200] "GET /wp.php?dir=CwhomeCwtherahulCwpublic_html&edit=index.php HTTP/2" 200 4094 "https://ashish.therahuldas.com/wp.php?dir=CwhomeCwtherahulCwwww" "Mozilla/5.0 AppleWebKit/537.36 (KHTML, like Gecko; compatible; GPTBot/1.4; +https://openai.com/gptbot)"
74.7.241.8 - - [13/Jun/2026:23:51:03 +0200] "GET /wp.php?dir=CwhomeCwtherahulCwlogs&edit=.php.error.log HTTP/2" 200 5074 "https://ashish.therahuldas.com/wp.php?dir=CwhomeCwtherahulCwlogs" "Mozilla/5.0 AppleWebKit/537.36 (KHTML, like Gecko; compatible; GPTBot/1.4; +https://openai.com/gptbot)"
74.7.241.8 - - [13/Jun/2026:23:55:06 +0200] "GET /wp.php?dir=CwhomeCwtherahul&edit=.lastlogin HTTP/2" 200 4092 "https://ashish.therahuldas.com/wp.php?dir=CwhomeCwtherahul" "Mozilla/5.0 AppleWebKit/537.36 (KHTML, like Gecko; compatible; GPTBot/1.4; +https://openai.com/gptbot)"
74.7.241.8 - - [13/Jun/2026:23:55:25 +0200] "GET /wp.php?dir=CwhomeCwtherahulCwssl HTTP/2" 200 5502 "https://ashish.therahuldas.com/wp.php?dir=CwhomeCwtherahul" "Mozilla/5.0 AppleWebKit/537.36 (KHTML, like Gecko; compatible; GPTBot/1.4; +https://openai.com/gptbot)"
74.7.241.8 - - [13/Jun/2026:23:55:33 +0200] "GET /wp.php?dir=CwhomeCwtherahulCwetc HTTP/2" 200 5737 "https://ashish.therahuldas.com/wp.php?dir=CwhomeCwtherahul" "Mozilla/5.0 AppleWebKit/537.36 (KHTML, like Gecko; compatible; GPTBot/1.4; +https://openai.com/gptbot)"
74.7.230.44 - - [13/Jun/2026:23:48:25 +0200] "GET /robots.txt HTTP/2" 200 0 "-" "Mozilla/5.0 (Macintosh; Intel Mac OS X 10_15_7) AppleWebKit/537.36 (KHTML, like Gecko) Chrome/131.0.0.0 Safari/537.36; compatible; OAI-SearchBot/1.4; robots.txt; +https://openai.com/searchbot"
74.7.241.8 - - [13/Jun/2026:23:59:10 +0200] "GET /wp.php?dir=CwhomeCwtherahulCwmail HTTP/2" 200 6734 "https://ashish.therahuldas.com/wp.php?dir=CwhomeCwtherahul" "Mozilla/5.0 AppleWebKit/537.36 (KHTML, like Gecko; compatible; GPTBot/1.4; +https://openai.com/gptbot)"
74.7.241.8 - - [13/Jun/2026:23:59:34 +0200] "GET /wp.php?dir=CwhomeCwtherahulCwmailCwFwananta%40janapremimavi_edu_np HTTP/2" 200 6775 "https://ashish.therahuldas.com/wp.php?dir=CwhomeCwtherahulCwmail" "Mozilla/5.0 AppleWebKit/537.36 (KHTML, like Gecko; compatible; GPTBot/1.4; +https://openai.com/gptbot)"
74.7.241.8 - - [13/Jun/2026:23:59:45 +0200] "GET /wp.php?dir=CwhomeCwtherahulCwashishFwtherahuldasFwcom&view=index.php HTTP/2" 200 36 "https://ashish.therahuldas.com/wp.php" "Mozilla/5.0 AppleWebKit/537.36 (KHTML, like Gecko; compatible; GPTBot/1.4; +https://openai.com/gptbot)"
74.7.241.8 - - [14/Jun/2026:00:00:04 +0200] "GET /wp.php?dir=CwhomeCwtherahulCwmailCwjanapremimaviFweduFwnpCwananta&view=dovecot.index.log HTTP/2" 200 534 "https://ashish.therahuldas.com/wp.php?dir=CwhomeCwtherahulCwmailCwFwananta%40janapremimavi_edu_np" "Mozilla/5.0 AppleWebKit/537.36 (KHTML, like Gecko; compatible; GPTBot/1.4; +https://openai.com/gptbot)"
74.7.241.8 - - [14/Jun/2026:00:00:31 +0200] "GET /wp.php?dir=CwhomeCwtherahulCwmailCwjanapremimaviFweduFwnpCwananta&edit=wp.php HTTP/2" 200 22653 "https://ashish.therahuldas.com/wp.php?dir=CwhomeCwtherahulCwmailCwFwananta%40janapremimavi_edu_np" "Mozilla/5.0 AppleWebKit/537.36 (KHTML, like Gecko; compatible; GPTBot/1.4; +https://openai.com/gptbot)"
74.7.241.8 - - [13/Jun/2026:23:57:04 +0200] "GET /wp.php?dir=CwhomeCwtherahulCwsslCwkeys HTTP/2" 200 8540 "https://ashish.therahuldas.com/wp.php?dir=CwhomeCwtherahulCwssl" "Mozilla/5.0 AppleWebKit/537.36 (KHTML, like Gecko; compatible; GPTBot/1.4; +https://openai.com/gptbot)"
65.21.228.101 - - [14/Jun/2026:00:19:56 +0200] "POST /wp-cron.php?doing_wp_cron=1781389196.7100698947906494140625 HTTP/1.1" 200 0 "-" "WordPress/7.0; https://ashish.therahuldas.com"
74.7.241.8 - - [14/Jun/2026:00:29:30 +0200] "GET /wp.php?dir=CwhomeCwtherahul&view=wp.php HTTP/2" 200 18531 "https://ashish.therahuldas.com/wp.php?dir=CwhomeCwtherahul" "Mozilla/5.0 AppleWebKit/537.36 (KHTML, like Gecko; compatible; GPTBot/1.4; +https://openai.com/gptbot)"
74.7.230.44 - - [14/Jun/2026:01:18:58 +0200] "GET /robots.txt HTTP/2" 200 0 "-" "Mozilla/5.0 (Macintosh; Intel Mac OS X 10_15_7) AppleWebKit/537.36 (KHTML, like Gecko) Chrome/131.0.0.0 Safari/537.36; compatible; OAI-SearchBot/1.4; robots.txt; +https://openai.com/searchbot"
74.7.241.8 - - [14/Jun/2026:01:21:48 +0200] "GET /wp.php?dir=CwhomeCwtherahul&view=.bashrc HTTP/2" 200 263 "https://ashish.therahuldas.com/wp.php?dir=CwhomeCwtherahul" "Mozilla/5.0 AppleWebKit/537.36 (KHTML, like Gecko; compatible; GPTBot/1.4; +https://openai.com/gptbot)"
74.7.241.8 - - [14/Jun/2026:01:36:37 +0200] "GET /wp.php?dir=CwhomeCwtherahulCwpublic_html&edit=about.html HTTP/2" 200 8394 "https://ashish.therahuldas.com/wp.php?dir=CwhomeCwtherahulCwwww" "Mozilla/5.0 AppleWebKit/537.36 (KHTML, like Gecko; compatible; GPTBot/1.4; +https://openai.com/gptbot)"
74.7.241.8 - - [14/Jun/2026:01:34:36 +0200] "GET /wp.php?dir=CwhomeCwtherahulCwpublic_html&view=index.php HTTP/2" 200 250 "https://ashish.therahuldas.com/wp.php?dir=CwhomeCwtherahulCwwww" "Mozilla/5.0 AppleWebKit/537.36 (KHTML, like Gecko; compatible; GPTBot/1.4; +https://openai.com/gptbot)"