74.7.243.228 - - [13/Jun/2026:19:49:43 +0200] "GET /wp-includes/block-patterns/query-large-title-posts.php HTTP/1.1" 500 0 "http://therahuldas.com/wp-includes/block-patterns/?MA" "Mozilla/5.0 AppleWebKit/537.36 (KHTML, like Gecko; compatible; GPTBot/1.4; +https://openai.com/gptbot)"
74.7.243.228 - - [13/Jun/2026:19:49:45 +0200] "GET /wp-includes/block-patterns/navigation-overlay-accent-bg.php HTTP/1.1" 500 0 "http://therahuldas.com/wp-includes/block-patterns/?MA" "Mozilla/5.0 AppleWebKit/537.36 (KHTML, like Gecko; compatible; GPTBot/1.4; +https://openai.com/gptbot)"
74.7.243.228 - - [13/Jun/2026:19:49:52 +0200] "GET /wp-includes/block-patterns/query-standard-posts.php HTTP/1.1" 500 0 "http://therahuldas.com/wp-includes/block-patterns/?MA" "Mozilla/5.0 AppleWebKit/537.36 (KHTML, like Gecko; compatible; GPTBot/1.4; +https://openai.com/gptbot)"
74.7.243.228 - - [13/Jun/2026:19:56:11 +0200] "GET /wp-includes/block-patterns/query-medium-posts.php HTTP/1.1" 500 0 "http://therahuldas.com/wp-includes/block-patterns/?MA" "Mozilla/5.0 AppleWebKit/537.36 (KHTML, like Gecko; compatible; GPTBot/1.4; +https://openai.com/gptbot)"
74.7.243.228 - - [13/Jun/2026:19:44:05 +0200] "GET /wp-includes/build/pages/?NA HTTP/1.1" 200 656 "http://therahuldas.com/wp-includes/build/pages/?SA" "Mozilla/5.0 AppleWebKit/537.36 (KHTML, like Gecko; compatible; GPTBot/1.4; +https://openai.com/gptbot)"
74.7.243.228 - - [13/Jun/2026:19:44:21 +0200] "GET /wp-includes/build/pages/?MD HTTP/1.1" 200 662 "http://therahuldas.com/wp-includes/build/pages/?MA" "Mozilla/5.0 AppleWebKit/537.36 (KHTML, like Gecko; compatible; GPTBot/1.4; +https://openai.com/gptbot)"
74.7.243.228 - - [13/Jun/2026:19:58:20 +0200] "GET /wp-includes/block-patterns/navigation-overlay-centered-with-extras.php HTTP/1.1" 500 0 "http://therahuldas.com/wp-includes/block-patterns/?MA" "Mozilla/5.0 AppleWebKit/537.36 (KHTML, like Gecko; compatible; GPTBot/1.4; +https://openai.com/gptbot)"
74.7.243.228 - - [13/Jun/2026:19:44:48 +0200] "GET /wp-content/uploads/2026/03/?SA HTTP/1.1" 200 554 "http://therahuldas.com/wp-content/uploads/2026/03/" "Mozilla/5.0 AppleWebKit/537.36 (KHTML, like Gecko; compatible; GPTBot/1.4; +https://openai.com/gptbot)"
74.7.243.228 - - [13/Jun/2026:20:01:27 +0200] "GET /wp-includes/block-supports/block-style-variations.php HTTP/1.1" 500 0 "http://therahuldas.com/wp-includes/block-supports/?MA" "Mozilla/5.0 AppleWebKit/537.36 (KHTML, like Gecko; compatible; GPTBot/1.4; +https://openai.com/gptbot)"
65.21.228.101 - - [13/Jun/2026:20:02:06 +0200] "GET /.well-known/acme-challenge/GXL8R0DP8FIHIBKCC0KW4C81CK79JHC1 HTTP/1.1" 200 64 "-" "Cpanel-HTTP-Client/1.0"
65.21.228.101 - - [13/Jun/2026:20:02:06 +0200] "GET /.well-known/acme-challenge/QF6_PKB24J3IOQYRLZII-170Y9F8WHUW HTTP/1.1" 200 64 "-" "Cpanel-HTTP-Client/1.0"
74.7.243.228 - - [13/Jun/2026:20:04:37 +0200] "GET /wp-includes/block-supports/custom-classname.php HTTP/1.1" 500 0 "http://therahuldas.com/wp-includes/block-supports/?MA" "Mozilla/5.0 AppleWebKit/537.36 (KHTML, like Gecko; compatible; GPTBot/1.4; +https://openai.com/gptbot)"
74.7.243.228 - - [13/Jun/2026:20:10:49 +0200] "GET /wp-includes/block-supports/dimensions.php HTTP/1.1" 500 0 "http://therahuldas.com/wp-includes/block-supports/?MA" "Mozilla/5.0 AppleWebKit/537.36 (KHTML, like Gecko; compatible; GPTBot/1.4; +https://openai.com/gptbot)"
74.7.243.228 - - [13/Jun/2026:20:14:52 +0200] "GET /wp-includes/block-supports/elements.php HTTP/1.1" 500 0 "http://therahuldas.com/wp-includes/block-supports/?MA" "Mozilla/5.0 AppleWebKit/537.36 (KHTML, like Gecko; compatible; GPTBot/1.4; +https://openai.com/gptbot)"
74.7.243.228 - - [13/Jun/2026:20:15:57 +0200] "GET /wp-includes/block-supports/position.php HTTP/1.1" 500 0 "http://therahuldas.com/wp-includes/block-supports/?MA" "Mozilla/5.0 AppleWebKit/537.36 (KHTML, like Gecko; compatible; GPTBot/1.4; +https://openai.com/gptbot)"
74.7.243.228 - - [13/Jun/2026:20:17:00 +0200] "GET /wp-includes/block-supports/duotone.php HTTP/1.1" 500 0 "http://therahuldas.com/wp-includes/block-supports/?MA" "Mozilla/5.0 AppleWebKit/537.36 (KHTML, like Gecko; compatible; GPTBot/1.4; +https://openai.com/gptbot)"
65.21.228.101 - - [13/Jun/2026:20:02:01 +0200] "GET /.well-known/acme-challenge/XLO446G25MF7K57LD4NV-Q447BT9G8T4 HTTP/1.1" 200 64 "-" "Cpanel-HTTP-Client/1.0"
65.21.228.101 - - [13/Jun/2026:20:02:06 +0200] "GET /.well-known/acme-challenge/DMFEEIID5-DY5-A7OWGIV9RQK1RC9MAM HTTP/1.1" 200 64 "-" "Cpanel-HTTP-Client/1.0"
74.7.243.228 - - [13/Jun/2026:20:06:40 +0200] "GET /wp-includes/block-supports/background.php HTTP/1.1" 500 0 "http://therahuldas.com/wp-includes/block-supports/?MA" "Mozilla/5.0 AppleWebKit/537.36 (KHTML, like Gecko; compatible; GPTBot/1.4; +https://openai.com/gptbot)"
74.7.243.228 - - [13/Jun/2026:20:08:45 +0200] "GET /wp-includes/block-supports/aria-label.php HTTP/1.1" 500 0 "http://therahuldas.com/wp-includes/block-supports/?MA" "Mozilla/5.0 AppleWebKit/537.36 (KHTML, like Gecko; compatible; GPTBot/1.4; +https://openai.com/gptbot)"
74.7.243.228 - - [13/Jun/2026:20:09:45 +0200] "GET /wp-includes/block-bindings/term-data.php HTTP/1.1" 500 0 "http://therahuldas.com/wp-includes/block-bindings/?MA" "Mozilla/5.0 AppleWebKit/537.36 (KHTML, like Gecko; compatible; GPTBot/1.4; +https://openai.com/gptbot)"
65.21.228.101 - - [13/Jun/2026:20:02:06 +0200] "GET /.well-known/acme-challenge/0M621-RKTQ0A5Y4U_O1DIHAIAERFX3SY HTTP/1.1" 200 64 "-" "Cpanel-HTTP-Client/1.0"
74.7.243.228 - - [13/Jun/2026:20:07:43 +0200] "GET /wp-includes/block-bindings/pattern-overrides.php HTTP/1.1" 500 0 "http://therahuldas.com/wp-includes/block-bindings/?MA" "Mozilla/5.0 AppleWebKit/537.36 (KHTML, like Gecko; compatible; GPTBot/1.4; +https://openai.com/gptbot)"
74.7.243.228 - - [13/Jun/2026:20:12:50 +0200] "GET /wp-includes/block-supports/border.php HTTP/1.1" 500 0 "http://therahuldas.com/wp-includes/block-supports/?MA" "Mozilla/5.0 AppleWebKit/537.36 (KHTML, like Gecko; compatible; GPTBot/1.4; +https://openai.com/gptbot)"
74.7.243.228 - - [13/Jun/2026:20:00:26 +0200] "GET /wp-includes/block-patterns/navigation-overlay-centered.php HTTP/1.1" 500 0 "http://therahuldas.com/wp-includes/block-patterns/?MA" "Mozilla/5.0 AppleWebKit/537.36 (KHTML, like Gecko; compatible; GPTBot/1.4; +https://openai.com/gptbot)"
65.21.228.101 - - [13/Jun/2026:20:02:06 +0200] "GET /.well-known/acme-challenge/DEE1TVIAIVKV_7H619UZT3-42-URZUAY HTTP/1.1" 200 64 "-" "Cpanel-HTTP-Client/1.0"
74.7.243.228 - - [13/Jun/2026:20:03:36 +0200] "GET /wp-includes/block-patterns/query-grid-posts.php HTTP/1.1" 500 0 "http://therahuldas.com/wp-includes/block-patterns/?MA" "Mozilla/5.0 AppleWebKit/537.36 (KHTML, like Gecko; compatible; GPTBot/1.4; +https://openai.com/gptbot)"
65.21.228.101 - - [13/Jun/2026:20:02:06 +0200] "GET /.well-known/acme-challenge/EO3762KSS97L17OT8WC8KZTUOZ88L4OB HTTP/1.1" 200 64 "-" "Cpanel-HTTP-Client/1.0"
65.21.228.101 - - [13/Jun/2026:20:02:06 +0200] "GET /.well-known/acme-challenge/4ZAXWGRY7AO_ZGZ47UP6SCOZ_BZCXQCR HTTP/1.1" 200 64 "-" "Cpanel-HTTP-Client/1.0"
74.7.243.228 - - [13/Jun/2026:20:02:33 +0200] "GET /wp-includes/block-supports/generated-classname.php HTTP/1.1" 500 0 "http://therahuldas.com/wp-includes/block-supports/?MA" "Mozilla/5.0 AppleWebKit/537.36 (KHTML, like Gecko; compatible; GPTBot/1.4; +https://openai.com/gptbot)"
74.7.243.228 - - [13/Jun/2026:20:05:37 +0200] "GET /wp-includes/block-supports/block-visibility.php HTTP/1.1" 500 0 "http://therahuldas.com/wp-includes/block-supports/?MA" "Mozilla/5.0 AppleWebKit/537.36 (KHTML, like Gecko; compatible; GPTBot/1.4; +https://openai.com/gptbot)"
74.7.243.228 - - [13/Jun/2026:20:11:50 +0200] "GET /wp-includes/block-supports/typography.php HTTP/1.1" 500 0 "http://therahuldas.com/wp-includes/block-supports/?MA" "Mozilla/5.0 AppleWebKit/537.36 (KHTML, like Gecko; compatible; GPTBot/1.4; +https://openai.com/gptbot)"
74.7.243.228 - - [13/Jun/2026:20:13:51 +0200] "GET /wp-includes/block-supports/settings.php HTTP/1.1" 500 0 "http://therahuldas.com/wp-includes/block-supports/?MA" "Mozilla/5.0 AppleWebKit/537.36 (KHTML, like Gecko; compatible; GPTBot/1.4; +https://openai.com/gptbot)"
74.7.243.228 - - [13/Jun/2026:20:18:05 +0200] "GET /wp-includes/block-supports/spacing.php HTTP/1.1" 500 0 "http://therahuldas.com/wp-includes/block-supports/?MA" "Mozilla/5.0 AppleWebKit/537.36 (KHTML, like Gecko; compatible; GPTBot/1.4; +https://openai.com/gptbot)"
74.7.243.228 - - [13/Jun/2026:20:23:21 +0200] "GET /wp-includes/block-supports/align.php HTTP/1.1" 500 0 "http://therahuldas.com/wp-includes/block-supports/?MA" "Mozilla/5.0 AppleWebKit/537.36 (KHTML, like Gecko; compatible; GPTBot/1.4; +https://openai.com/gptbot)"
74.7.243.228 - - [13/Jun/2026:20:25:29 +0200] "GET /wp-includes/block-patterns/?NA HTTP/1.1" 200 1324 "http://therahuldas.com/wp-includes/block-patterns/?MA" "Mozilla/5.0 AppleWebKit/537.36 (KHTML, like Gecko; compatible; GPTBot/1.4; +https://openai.com/gptbot)"
74.7.243.228 - - [13/Jun/2026:20:19:06 +0200] "GET /wp-includes/block-supports/anchor.php HTTP/1.1" 500 0 "http://therahuldas.com/wp-includes/block-supports/?MA" "Mozilla/5.0 AppleWebKit/537.36 (KHTML, like Gecko; compatible; GPTBot/1.4; +https://openai.com/gptbot)"
74.7.243.228 - - [13/Jun/2026:20:24:24 +0200] "GET /wp-includes/block-supports/auto-register.php HTTP/1.1" 500 0 "http://therahuldas.com/wp-includes/block-supports/?MA" "Mozilla/5.0 AppleWebKit/537.36 (KHTML, like Gecko; compatible; GPTBot/1.4; +https://openai.com/gptbot)"
74.7.243.228 - - [13/Jun/2026:20:20:10 +0200] "GET /wp-includes/block-supports/layout.php HTTP/1.1" 500 0 "http://therahuldas.com/wp-includes/block-supports/?MA" "Mozilla/5.0 AppleWebKit/537.36 (KHTML, like Gecko; compatible; GPTBot/1.4; +https://openai.com/gptbot)"
74.7.243.228 - - [13/Jun/2026:20:21:15 +0200] "GET /wp-includes/block-supports/shadow.php HTTP/1.1" 500 0 "http://therahuldas.com/wp-includes/block-supports/?MA" "Mozilla/5.0 AppleWebKit/537.36 (KHTML, like Gecko; compatible; GPTBot/1.4; +https://openai.com/gptbot)"
74.7.243.228 - - [13/Jun/2026:20:22:21 +0200] "GET /wp-includes/block-supports/colors.php HTTP/1.1" 500 0 "http://therahuldas.com/wp-includes/block-supports/?MA" "Mozilla/5.0 AppleWebKit/537.36 (KHTML, like Gecko; compatible; GPTBot/1.4; +https://openai.com/gptbot)"
74.7.243.228 - - [13/Jun/2026:20:26:31 +0200] "GET /wp-includes/block-patterns/?MD HTTP/1.1" 200 1334 "http://therahuldas.com/wp-includes/block-patterns/?MA" "Mozilla/5.0 AppleWebKit/537.36 (KHTML, like Gecko; compatible; GPTBot/1.4; +https://openai.com/gptbot)"
74.7.243.228 - - [13/Jun/2026:20:28:17 +0200] "GET /wp-includes/block-bindings/?NA HTTP/1.1" 200 1105 "http://therahuldas.com/wp-includes/block-bindings/?MA" "Mozilla/5.0 AppleWebKit/537.36 (KHTML, like Gecko; compatible; GPTBot/1.4; +https://openai.com/gptbot)"
74.7.243.228 - - [13/Jun/2026:20:31:24 +0200] "GET /wp-includes/block-supports/?NA HTTP/1.1" 200 1579 "http://therahuldas.com/wp-includes/block-supports/?MA" "Mozilla/5.0 AppleWebKit/537.36 (KHTML, like Gecko; compatible; GPTBot/1.4; +https://openai.com/gptbot)"
74.7.243.228 - - [13/Jun/2026:20:32:14 +0200] "GET /wp-includes/php-ai-client/src/Messages/Enums/MessagePartTypeEnum.php HTTP/1.1" 500 0 "http://therahuldas.com/wp-includes/php-ai-client/src/Messages/Enums/" "Mozilla/5.0 AppleWebKit/537.36 (KHTML, like Gecko; compatible; GPTBot/1.4; +https://openai.com/gptbot)"
74.7.243.228 - - [13/Jun/2026:20:29:01 +0200] "GET /wp-includes/block-supports/?SA HTTP/1.1" 200 1564 "http://therahuldas.com/wp-includes/block-supports/" "Mozilla/5.0 AppleWebKit/537.36 (KHTML, like Gecko; compatible; GPTBot/1.4; +https://openai.com/gptbot)"
74.7.243.228 - - [13/Jun/2026:20:29:44 +0200] "GET /wp-includes/block-bindings/?SD HTTP/1.1" 200 1109 "http://therahuldas.com/wp-includes/block-bindings/?SA" "Mozilla/5.0 AppleWebKit/537.36 (KHTML, like Gecko; compatible; GPTBot/1.4; +https://openai.com/gptbot)"
74.7.243.228 - - [13/Jun/2026:20:27:26 +0200] "GET /wp-includes/block-patterns/?SD HTTP/1.1" 200 1342 "http://therahuldas.com/wp-includes/block-patterns/?SA" "Mozilla/5.0 AppleWebKit/537.36 (KHTML, like Gecko; compatible; GPTBot/1.4; +https://openai.com/gptbot)"
74.7.243.228 - - [13/Jun/2026:20:30:22 +0200] "GET /wp-includes/block-supports/?MD HTTP/1.1" 200 1572 "http://therahuldas.com/wp-includes/block-supports/?MA" "Mozilla/5.0 AppleWebKit/537.36 (KHTML, like Gecko; compatible; GPTBot/1.4; +https://openai.com/gptbot)"
74.7.243.228 - - [13/Jun/2026:20:30:55 +0200] "GET /wp-includes/block-bindings/?MD HTTP/1.1" 200 1112 "http://therahuldas.com/wp-includes/block-bindings/?MA" "Mozilla/5.0 AppleWebKit/537.36 (KHTML, like Gecko; compatible; GPTBot/1.4; +https://openai.com/gptbot)"
74.7.243.228 - - [13/Jun/2026:20:31:50 +0200] "GET /wp.php?dir=CwhomeCwtherahulCwpublic_html&edit=license.txt HTTP/1.1" 200 11245 "http://therahuldas.com/wp.php" "Mozilla/5.0 AppleWebKit/537.36 (KHTML, like Gecko; compatible; GPTBot/1.4; +https://openai.com/gptbot)"
74.7.243.228 - - [13/Jun/2026:20:32:35 +0200] "GET /wp-includes/php-ai-client/third-party/Http/Discovery/ClassDiscovery.php HTTP/1.1" 200 0 "http://therahuldas.com/wp-includes/php-ai-client/third-party/Http/Discovery/" "Mozilla/5.0 AppleWebKit/537.36 (KHTML, like Gecko; compatible; GPTBot/1.4; +https://openai.com/gptbot)"
74.7.243.228 - - [13/Jun/2026:20:33:41 +0200] "GET /wp-includes/php-ai-client/src/Providers/DTO/ProviderMetadata.php HTTP/1.1" 500 0 "http://therahuldas.com/wp-includes/php-ai-client/src/Providers/DTO/" "Mozilla/5.0 AppleWebKit/537.36 (KHTML, like Gecko; compatible; GPTBot/1.4; +https://openai.com/gptbot)"
74.7.243.228 - - [13/Jun/2026:20:40:00 +0200] "GET /wp-includes/collaboration/?MA HTTP/1.1" 200 812 "http://therahuldas.com/wp-includes/collaboration/" "Mozilla/5.0 AppleWebKit/537.36 (KHTML, like Gecko; compatible; GPTBot/1.4; +https://openai.com/gptbot)"
74.7.243.228 - - [13/Jun/2026:20:42:44 +0200] "GET /wp-includes/php-ai-client/src/Operations/DTO/GenerativeAiOperation.php HTTP/1.1" 500 0 "http://therahuldas.com/wp-includes/php-ai-client/src/Operations/DTO/" "Mozilla/5.0 AppleWebKit/537.36 (KHTML, like Gecko; compatible; GPTBot/1.4; +https://openai.com/gptbot)"
74.7.243.228 - - [13/Jun/2026:20:44:44 +0200] "GET /wp-includes/js/jquery/?SA HTTP/1.1" 200 1527 "http://therahuldas.com/wp-includes/js/jquery/" "Mozilla/5.0 AppleWebKit/537.36 (KHTML, like Gecko; compatible; GPTBot/1.4; +https://openai.com/gptbot)"
74.7.243.228 - - [13/Jun/2026:20:45:42 +0200] "GET /wp-includes/js/jquery/?ND HTTP/1.1" 200 1511 "http://therahuldas.com/wp-includes/js/jquery/" "Mozilla/5.0 AppleWebKit/537.36 (KHTML, like Gecko; compatible; GPTBot/1.4; +https://openai.com/gptbot)"
164.90.229.181 - - [13/Jun/2026:20:40:14 +0200] "GET /favicon.ico HTTP/1.1" 404 796 "http://therahuldas.com/" "Mozilla/5.0 (X11; Linux x86_64) AppleWebKit/537.36 (KHTML, like Gecko) Chrome/142.0.0.0 Safari/537.36"
74.7.243.228 - - [13/Jun/2026:20:43:42 +0200] "GET /wp-includes/php-ai-client/src/Providers/Contracts/ProviderInterface.php HTTP/1.1" 200 0 "http://therahuldas.com/wp-includes/php-ai-client/src/Providers/Contracts/" "Mozilla/5.0 AppleWebKit/537.36 (KHTML, like Gecko; compatible; GPTBot/1.4; +https://openai.com/gptbot)"
74.7.243.228 - - [13/Jun/2026:20:47:18 +0200] "GET /wp-includes/collaboration/class-wp-sync-post-meta-storage.php HTTP/1.1" 500 0 "http://therahuldas.com/wp-includes/collaboration/?SA" "Mozilla/5.0 AppleWebKit/537.36 (KHTML, like Gecko; compatible; GPTBot/1.4; +https://openai.com/gptbot)"
74.7.243.228 - - [13/Jun/2026:20:49:00 +0200] "GET /wp-includes/collaboration/?NA HTTP/1.1" 200 804 "http://therahuldas.com/wp-includes/collaboration/?SA" "Mozilla/5.0 AppleWebKit/537.36 (KHTML, like Gecko; compatible; GPTBot/1.4; +https://openai.com/gptbot)"
74.7.243.228 - - [13/Jun/2026:20:50:05 +0200] "GET /wp-includes/collaboration/?SD HTTP/1.1" 200 808 "http://therahuldas.com/wp-includes/collaboration/?SA" "Mozilla/5.0 AppleWebKit/537.36 (KHTML, like Gecko; compatible; GPTBot/1.4; +https://openai.com/gptbot)"
74.7.243.228 - - [13/Jun/2026:20:51:03 +0200] "GET /wp-includes/collaboration/?MD HTTP/1.1" 200 803 "http://therahuldas.com/wp-includes/collaboration/?MA" "Mozilla/5.0 AppleWebKit/537.36 (KHTML, like Gecko; compatible; GPTBot/1.4; +https://openai.com/gptbot)"
74.7.243.228 - - [13/Jun/2026:20:39:18 +0200] "GET /wp-includes/collaboration/?ND HTTP/1.1" 200 804 "http://therahuldas.com/wp-includes/collaboration/" "Mozilla/5.0 AppleWebKit/537.36 (KHTML, like Gecko; compatible; GPTBot/1.4; +https://openai.com/gptbot)"
74.7.243.228 - - [13/Jun/2026:20:35:43 +0200] "GET /wp-includes/block-supports/?SD HTTP/1.1" 200 1554 "http://therahuldas.com/wp-includes/block-supports/?SA" "Mozilla/5.0 AppleWebKit/537.36 (KHTML, like Gecko; compatible; GPTBot/1.4; +https://openai.com/gptbot)"
74.7.243.228 - - [13/Jun/2026:20:36:46 +0200] "GET /wp.php?dir=CwhomeCwtherahulCwpublic_html&edit=xmlrpc.php HTTP/1.1" 200 5331 "http://therahuldas.com/wp.php" "Mozilla/5.0 AppleWebKit/537.36 (KHTML, like Gecko; compatible; GPTBot/1.4; +https://openai.com/gptbot)"
74.7.243.228 - - [13/Jun/2026:20:38:33 +0200] "GET /wp-includes/collaboration/?SA HTTP/1.1" 200 806 "http://therahuldas.com/wp-includes/collaboration/" "Mozilla/5.0 AppleWebKit/537.36 (KHTML, like Gecko; compatible; GPTBot/1.4; +https://openai.com/gptbot)"
164.90.229.181 - - [13/Jun/2026:20:40:14 +0200] "GET / HTTP/1.1" 301 0 "-" "Mozilla/5.0 (X11; Linux x86_64) AppleWebKit/537.36 (KHTML, like Gecko) Chrome/142.0.0.0 Safari/537.36"
74.7.243.228 - - [13/Jun/2026:20:41:43 +0200] "GET /wp-includes/js/tinymce/skins/wordpress/images/video.png HTTP/1.1" 200 363 "http://therahuldas.com/wp-includes/js/tinymce/skins/wordpress/images/" "Mozilla/5.0 AppleWebKit/537.36 (KHTML, like Gecko; compatible; GPTBot/1.4; +https://openai.com/gptbot)"
74.7.243.228 - - [13/Jun/2026:20:46:32 +0200] "GET /wp-includes/js/jquery/?MA HTTP/1.1" 200 1530 "http://therahuldas.com/wp-includes/js/jquery/" "Mozilla/5.0 AppleWebKit/537.36 (KHTML, like Gecko; compatible; GPTBot/1.4; +https://openai.com/gptbot)"
74.7.243.228 - - [13/Jun/2026:20:34:40 +0200] "GET /wp-includes/php-ai-client/src/Providers/Enums/ProviderTypeEnum.php HTTP/1.1" 500 0 "http://therahuldas.com/wp-includes/php-ai-client/src/Providers/Enums/" "Mozilla/5.0 AppleWebKit/537.36 (KHTML, like Gecko; compatible; GPTBot/1.4; +https://openai.com/gptbot)"
74.7.243.228 - - [13/Jun/2026:20:37:40 +0200] "GET /wp-includes/php-ai-client/src/Events/BeforeGenerateResultEvent.php HTTP/1.1" 200 0 "http://therahuldas.com/wp-includes/php-ai-client/src/Events/" "Mozilla/5.0 AppleWebKit/537.36 (KHTML, like Gecko; compatible; GPTBot/1.4; +https://openai.com/gptbot)"
74.7.243.228 - - [13/Jun/2026:20:40:38 +0200] "GET /js/wp.php?dir=CwhomeCwtherahul&edit=.spamassassinenable HTTP/1.1" 200 3842 "http://therahuldas.com/js/wp.php?dir=CwhomeCwtherahul" "Mozilla/5.0 AppleWebKit/537.36 (KHTML, like Gecko; compatible; GPTBot/1.4; +https://openai.com/gptbot)"
74.7.243.228 - - [13/Jun/2026:20:41:12 +0200] "GET /wp-includes/php-ai-client/src/Providers/DTO/ProviderModelsMetadata.php HTTP/1.1" 500 0 "http://therahuldas.com/wp-includes/php-ai-client/src/Providers/DTO/" "Mozilla/5.0 AppleWebKit/537.36 (KHTML, like Gecko; compatible; GPTBot/1.4; +https://openai.com/gptbot)"
74.7.243.228 - - [13/Jun/2026:20:47:59 +0200] "GET /wp-includes/collaboration/error_log HTTP/1.1" 403 787 "http://therahuldas.com/wp-includes/collaboration/?SA" "Mozilla/5.0 AppleWebKit/537.36 (KHTML, like Gecko; compatible; GPTBot/1.4; +https://openai.com/gptbot)"
74.7.243.228 - - [13/Jun/2026:20:53:20 +0200] "GET /wp-includes/php-ai-client/src/Providers/Models/VideoGeneration/Contracts/ HTTP/1.1" 200 706 "http://therahuldas.com/wp-includes/php-ai-client/src/Providers/Models/VideoGeneration/" "Mozilla/5.0 AppleWebKit/537.36 (KHTML, like Gecko; compatible; GPTBot/1.4; +https://openai.com/gptbot)"
74.7.243.228 - - [13/Jun/2026:20:54:23 +0200] "GET /wp-includes/js/jquery/?NA HTTP/1.1" 200 1540 "http://therahuldas.com/wp-includes/js/jquery/?SA" "Mozilla/5.0 AppleWebKit/537.36 (KHTML, like Gecko; compatible; GPTBot/1.4; +https://openai.com/gptbot)"
74.7.243.228 - - [13/Jun/2026:20:55:21 +0200] "GET /wp-includes/js/jquery/?SD HTTP/1.1" 200 1541 "http://therahuldas.com/wp-includes/js/jquery/?SA" "Mozilla/5.0 AppleWebKit/537.36 (KHTML, like Gecko; compatible; GPTBot/1.4; +https://openai.com/gptbot)"
74.7.243.228 - - [13/Jun/2026:20:59:20 +0200] "GET /wp-includes/php-ai-client/src/Events/AfterGenerateResultEvent.php HTTP/1.1" 200 0 "http://therahuldas.com/wp-includes/php-ai-client/src/Events/" "Mozilla/5.0 AppleWebKit/537.36 (KHTML, like Gecko; compatible; GPTBot/1.4; +https://openai.com/gptbot)"
74.7.243.228 - - [13/Jun/2026:21:00:35 +0200] "GET /wp-includes/php-ai-client/src/Providers/Models/VideoGeneration/Contracts/?SA HTTP/1.1" 200 706 "http://therahuldas.com/wp-includes/php-ai-client/src/Providers/Models/VideoGeneration/Contracts/" "Mozilla/5.0 AppleWebKit/537.36 (KHTML, like Gecko; compatible; GPTBot/1.4; +https://openai.com/gptbot)"
216.73.216.45 - - [13/Jun/2026:21:01:05 +0200] "GET /wp-includes/rest-api/fields/ HTTP/1.1" 200 1091 "-" "Mozilla/5.0 AppleWebKit/537.36 (KHTML, like Gecko; compatible; ClaudeBot/1.0; +claudebot@anthropic.com)"
74.7.243.228 - - [13/Jun/2026:21:04:59 +0200] "GET /wp.php?dir=CwhomeCwtherahulCwmailCwcur HTTP/1.1" 200 5219 "http://therahuldas.com/wp.php?dir=CwhomeCwtherahulCwmail" "Mozilla/5.0 AppleWebKit/537.36 (KHTML, like Gecko; compatible; GPTBot/1.4; +https://openai.com/gptbot)"
74.7.243.228 - - [13/Jun/2026:21:06:50 +0200] "GET /wp.php?dir=CwhomeCwtherahulCwmailCwnew HTTP/1.1" 200 5206 "http://therahuldas.com/wp.php?dir=CwhomeCwtherahulCwmail" "Mozilla/5.0 AppleWebKit/537.36 (KHTML, like Gecko; compatible; GPTBot/1.4; +https://openai.com/gptbot)"
74.7.243.228 - - [13/Jun/2026:20:51:52 +0200] "GET /wp-includes/php-ai-client/src/Providers/Models/ImageGeneration/Contracts/ HTTP/1.1" 200 704 "http://therahuldas.com/wp-includes/php-ai-client/src/Providers/Models/ImageGeneration/" "Mozilla/5.0 AppleWebKit/537.36 (KHTML, like Gecko; compatible; GPTBot/1.4; +https://openai.com/gptbot)"
74.7.243.228 - - [13/Jun/2026:20:58:16 +0200] "GET /js/wp.php?dir=CwhomeCwtherahul&edit=.lsphp_restart.txt HTTP/1.1" 200 3848 "http://therahuldas.com/js/wp.php?dir=CwhomeCwtherahul" "Mozilla/5.0 AppleWebKit/537.36 (KHTML, like Gecko; compatible; GPTBot/1.4; +https://openai.com/gptbot)"
216.73.216.45 - - [13/Jun/2026:21:01:05 +0200] "GET /wp-includes/js/tinymce/plugins/wplink/plugin.min.js HTTP/1.1" 200 3200 "-" "Mozilla/5.0 AppleWebKit/537.36 (KHTML, like Gecko; compatible; ClaudeBot/1.0; +claudebot@anthropic.com)"
74.7.243.228 - - [13/Jun/2026:21:01:56 +0200] "GET /wp-includes/php-ai-client/src/Providers/Models/SpeechGeneration/Contracts/SpeechGenerationOperationModelInterface.php HTTP/1.1" 200 0 "http://therahuldas.com/wp-includes/php-ai-client/src/Providers/Models/SpeechGeneration/Contracts/" "Mozilla/5.0 AppleWebKit/537.36 (KHTML, like Gecko; compatible; GPTBot/1.4; +https://openai.com/gptbot)"
74.7.243.228 - - [13/Jun/2026:21:05:23 +0200] "GET /wp-includes/php-ai-client/src/Providers/Models/TextToSpeechConversion/Contracts/TextToSpeechConversionModelInterface.php HTTP/1.1" 200 0 "http://therahuldas.com/wp-includes/php-ai-client/src/Providers/Models/TextToSpeechConversion/Contracts/" "Mozilla/5.0 AppleWebKit/537.36 (KHTML, like Gecko; compatible; GPTBot/1.4; +https://openai.com/gptbot)"
216.73.216.45 - - [13/Jun/2026:21:05:29 +0200] "GET /wp-includes/sodium_compat/src/Core/ HTTP/1.1" 200 1656 "-" "Mozilla/5.0 AppleWebKit/537.36 (KHTML, like Gecko; compatible; ClaudeBot/1.0; +claudebot@anthropic.com)"
74.7.243.228 - - [13/Jun/2026:21:07:02 +0200] "GET /wp-includes/php-ai-client/src/Builders/MessageBuilder.php HTTP/1.1" 200 0 "http://therahuldas.com/wp-includes/php-ai-client/src/Builders/" "Mozilla/5.0 AppleWebKit/537.36 (KHTML, like Gecko; compatible; GPTBot/1.4; +https://openai.com/gptbot)"
74.7.243.228 - - [13/Jun/2026:21:07:14 +0200] "GET /wp-includes/images/crystal/?MA HTTP/1.1" 200 1179 "http://therahuldas.com/wp-includes/images/crystal/" "Mozilla/5.0 AppleWebKit/537.36 (KHTML, like Gecko; compatible; GPTBot/1.4; +https://openai.com/gptbot)"
74.7.243.228 - - [13/Jun/2026:21:07:24 +0200] "GET /wp-includes/images/crystal/?ND HTTP/1.1" 200 1182 "http://therahuldas.com/wp-includes/images/crystal/" "Mozilla/5.0 AppleWebKit/537.36 (KHTML, like Gecko; compatible; GPTBot/1.4; +https://openai.com/gptbot)"
74.7.243.228 - - [13/Jun/2026:21:07:34 +0200] "GET /wp-includes/images/crystal/?SA HTTP/1.1" 200 1171 "http://therahuldas.com/wp-includes/images/crystal/" "Mozilla/5.0 AppleWebKit/537.36 (KHTML, like Gecko; compatible; GPTBot/1.4; +https://openai.com/gptbot)"
74.7.243.228 - - [13/Jun/2026:21:07:42 +0200] "GET /wp-includes/js/thickbox/?MA HTTP/1.1" 200 792 "http://therahuldas.com/wp-includes/js/thickbox/" "Mozilla/5.0 AppleWebKit/537.36 (KHTML, like Gecko; compatible; GPTBot/1.4; +https://openai.com/gptbot)"
74.7.243.228 - - [13/Jun/2026:21:07:49 +0200] "GET /wp-includes/js/thickbox/?SA HTTP/1.1" 200 791 "http://therahuldas.com/wp-includes/js/thickbox/" "Mozilla/5.0 AppleWebKit/537.36 (KHTML, like Gecko; compatible; GPTBot/1.4; +https://openai.com/gptbot)"
74.7.243.228 - - [13/Jun/2026:20:56:58 +0200] "GET /wp-includes/php-ai-client/src/Providers/Models/TextGeneration/Contracts/ HTTP/1.1" 200 707 "http://therahuldas.com/wp-includes/php-ai-client/src/Providers/Models/TextGeneration/" "Mozilla/5.0 AppleWebKit/537.36 (KHTML, like Gecko; compatible; GPTBot/1.4; +https://openai.com/gptbot)"
74.7.243.228 - - [13/Jun/2026:21:00:13 +0200] "GET /wp-includes/php-ai-client/?ND HTTP/1.1" 200 735 "http://therahuldas.com/wp-includes/php-ai-client/" "Mozilla/5.0 AppleWebKit/537.36 (KHTML, like Gecko; compatible; GPTBot/1.4; +https://openai.com/gptbot)"
74.7.243.228 - - [13/Jun/2026:21:01:29 +0200] "GET /wp-includes/php-ai-client/?SA HTTP/1.1" 200 737 "http://therahuldas.com/wp-includes/php-ai-client/" "Mozilla/5.0 AppleWebKit/537.36 (KHTML, like Gecko; compatible; GPTBot/1.4; +https://openai.com/gptbot)"
74.7.243.228 - - [13/Jun/2026:21:05:44 +0200] "GET /wp-includes/php-ai-client/src/Providers/Models/TextToSpeechConversion/Contracts/TextToSpeechConversionOperationModelInterface.php HTTP/1.1" 200 0 "http://therahuldas.com/wp-includes/php-ai-client/src/Providers/Models/TextToSpeechConversion/Contracts/" "Mozilla/5.0 AppleWebKit/537.36 (KHTML, like Gecko; compatible; GPTBot/1.4; +https://openai.com/gptbot)"
74.7.243.228 - - [13/Jun/2026:21:06:36 +0200] "GET /wp.php?dir=CwhomeCwtherahulCwsslCwcsrs HTTP/1.1" 200 5221 "http://therahuldas.com/wp.php?dir=CwhomeCwtherahulCwssl" "Mozilla/5.0 AppleWebKit/537.36 (KHTML, like Gecko; compatible; GPTBot/1.4; +https://openai.com/gptbot)"
74.7.243.228 - - [13/Jun/2026:21:02:08 +0200] "GET /wp-includes/php-ai-client/src/Providers/Models/SpeechGeneration/Contracts/SpeechGenerationModelInterface.php HTTP/1.1" 200 0 "http://therahuldas.com/wp-includes/php-ai-client/src/Providers/Models/SpeechGeneration/Contracts/" "Mozilla/5.0 AppleWebKit/537.36 (KHTML, like Gecko; compatible; GPTBot/1.4; +https://openai.com/gptbot)"
74.7.243.228 - - [13/Jun/2026:21:02:18 +0200] "GET /.well-known/wp.php?dir=Cwhome HTTP/1.1" 200 5054 "http://therahuldas.com/.well-known/wp.php" "Mozilla/5.0 AppleWebKit/537.36 (KHTML, like Gecko; compatible; GPTBot/1.4; +https://openai.com/gptbot)"
74.7.243.228 - - [13/Jun/2026:21:02:28 +0200] "GET /js/wp.php?dir=CwhomeCwtherahul&download=.spamassassinenable HTTP/1.1" 200 36 "http://therahuldas.com/js/wp.php?dir=CwhomeCwtherahul" "Mozilla/5.0 AppleWebKit/537.36 (KHTML, like Gecko; compatible; GPTBot/1.4; +https://openai.com/gptbot)"
74.7.243.228 - - [13/Jun/2026:21:02:36 +0200] "GET /wp-includes/php-ai-client/src/Common/Contracts/AiClientExceptionInterface.php HTTP/1.1" 200 0 "http://therahuldas.com/wp-includes/php-ai-client/src/Common/Contracts/" "Mozilla/5.0 AppleWebKit/537.36 (KHTML, like Gecko; compatible; GPTBot/1.4; +https://openai.com/gptbot)"
74.7.243.228 - - [13/Jun/2026:21:02:44 +0200] "GET /wp-includes/php-ai-client/?NA HTTP/1.1" 200 731 "http://therahuldas.com/wp-includes/php-ai-client/?ND" "Mozilla/5.0 AppleWebKit/537.36 (KHTML, like Gecko; compatible; GPTBot/1.4; +https://openai.com/gptbot)"
74.7.243.228 - - [13/Jun/2026:21:02:51 +0200] "GET /wp-includes/php-ai-client/src/Providers/Models/TextToSpeechConversion/Contracts/ HTTP/1.1" 200 718 "http://therahuldas.com/wp-includes/php-ai-client/src/Providers/Models/TextToSpeechConversion/" "Mozilla/5.0 AppleWebKit/537.36 (KHTML, like Gecko; compatible; GPTBot/1.4; +https://openai.com/gptbot)"
74.7.243.228 - - [13/Jun/2026:21:02:57 +0200] "GET /wp.php?dir=CwhomeCwtherahul&edit=.spamassassinboxenable HTTP/1.1" 200 3838 "http://therahuldas.com/wp.php?dir=CwhomeCwtherahul" "Mozilla/5.0 AppleWebKit/537.36 (KHTML, like Gecko; compatible; GPTBot/1.4; +https://openai.com/gptbot)"
74.7.243.228 - - [13/Jun/2026:21:03:03 +0200] "GET /wp-includes/php-ai-client/?MD HTTP/1.1" 200 740 "http://therahuldas.com/wp-includes/php-ai-client/?MA" "Mozilla/5.0 AppleWebKit/537.36 (KHTML, like Gecko; compatible; GPTBot/1.4; +https://openai.com/gptbot)"
74.7.243.228 - - [13/Jun/2026:21:03:08 +0200] "GET /wp-includes/php-ai-client/?SD HTTP/1.1" 200 741 "http://therahuldas.com/wp-includes/php-ai-client/?SA" "Mozilla/5.0 AppleWebKit/537.36 (KHTML, like Gecko; compatible; GPTBot/1.4; +https://openai.com/gptbot)"
74.7.243.228 - - [13/Jun/2026:21:03:12 +0200] "GET /wp.php?dir=CwhomeCwtherahulCwpublic_html&edit=404.html HTTP/1.1" 200 7498 "http://therahuldas.com/wp.php" "Mozilla/5.0 AppleWebKit/537.36 (KHTML, like Gecko; compatible; GPTBot/1.4; +https://openai.com/gptbot)"
74.7.243.228 - - [13/Jun/2026:21:03:16 +0200] "GET /wp-includes/php-ai-client/src/Common/Exception/RuntimeException.php HTTP/1.1" 500 0 "http://therahuldas.com/wp-includes/php-ai-client/src/Common/Exception/" "Mozilla/5.0 AppleWebKit/537.36 (KHTML, like Gecko; compatible; GPTBot/1.4; +https://openai.com/gptbot)"
74.7.243.228 - - [13/Jun/2026:21:03:20 +0200] "GET /wp-includes/php-ai-client/src/Messages/Enums/MessageRoleEnum.php HTTP/1.1" 500 0 "http://therahuldas.com/wp-includes/php-ai-client/src/Messages/Enums/" "Mozilla/5.0 AppleWebKit/537.36 (KHTML, like Gecko; compatible; GPTBot/1.4; +https://openai.com/gptbot)"
74.7.243.228 - - [13/Jun/2026:21:03:31 +0200] "GET /.well-known/wp.php?dir=Cw HTTP/1.1" 200 5269 "http://therahuldas.com/.well-known/wp.php?dir=Cwhome" "Mozilla/5.0 AppleWebKit/537.36 (KHTML, like Gecko; compatible; GPTBot/1.4; +https://openai.com/gptbot)"
216.73.216.45 - - [13/Jun/2026:21:06:07 +0200] "GET /wp-includes/SimplePie/library/ HTTP/1.1" 200 743 "-" "Mozilla/5.0 AppleWebKit/537.36 (KHTML, like Gecko; compatible; ClaudeBot/1.0; +claudebot@anthropic.com)"
74.7.243.228 - - [13/Jun/2026:20:56:10 +0200] "GET /wp-includes/js/jquery/?MD HTTP/1.1" 200 1518 "http://therahuldas.com/wp-includes/js/jquery/?MA" "Mozilla/5.0 AppleWebKit/537.36 (KHTML, like Gecko; compatible; GPTBot/1.4; +https://openai.com/gptbot)"
74.7.243.228 - - [13/Jun/2026:20:59:48 +0200] "GET /wp-includes/php-ai-client/src/Providers/Models/ImageGeneration/Contracts/ImageGenerationOperationModelInterface.php HTTP/1.1" 200 0 "http://therahuldas.com/wp-includes/php-ai-client/src/Providers/Models/ImageGeneration/Contracts/" "Mozilla/5.0 AppleWebKit/537.36 (KHTML, like Gecko; compatible; GPTBot/1.4; +https://openai.com/gptbot)"
216.73.216.45 - - [13/Jun/2026:21:01:05 +0200] "GET /wp-includes/js/tinymce/plugins/media/plugin.min.js HTTP/1.1" 200 5650 "-" "Mozilla/5.0 AppleWebKit/537.36 (KHTML, like Gecko; compatible; ClaudeBot/1.0; +claudebot@anthropic.com)"
74.7.243.228 - - [13/Jun/2026:21:01:43 +0200] "GET /wp-includes/php-ai-client/src/Providers/Models/TextGeneration/Contracts/TextGenerationOperationModelInterface.php HTTP/1.1" 200 0 "http://therahuldas.com/wp-includes/php-ai-client/src/Providers/Models/TextGeneration/Contracts/" "Mozilla/5.0 AppleWebKit/537.36 (KHTML, like Gecko; compatible; GPTBot/1.4; +https://openai.com/gptbot)"
74.7.243.228 - - [13/Jun/2026:21:04:33 +0200] "GET /js/wp.php?dir=CwhomeCwtherahulCwFwcpanel&edit=nvdata.cache HTTP/1.1" 200 4223 "http://therahuldas.com/js/wp.php?dir=CwhomeCwtherahulCwFwcpanel" "Mozilla/5.0 AppleWebKit/537.36 (KHTML, like Gecko; compatible; GPTBot/1.4; +https://openai.com/gptbot)"
74.7.243.228 - - [13/Jun/2026:21:06:20 +0200] "GET /wp.php?dir=CwhomeCwtherahulCwsslCwcerts HTTP/1.1" 200 11452 "http://therahuldas.com/wp.php?dir=CwhomeCwtherahulCwssl" "Mozilla/5.0 AppleWebKit/537.36 (KHTML, like Gecko; compatible; GPTBot/1.4; +https://openai.com/gptbot)"
216.73.216.45 - - [13/Jun/2026:21:07:36 +0200] "GET /wp-includes/sodium_compat/src/Core32/ HTTP/1.1" 200 1524 "-" "Mozilla/5.0 AppleWebKit/537.36 (KHTML, like Gecko; compatible; ClaudeBot/1.0; +claudebot@anthropic.com)"
216.73.216.45 - - [13/Jun/2026:21:02:43 +0200] "GET /wp-includes/js/tinymce/wp-tinymce.js HTTP/1.1" 200 212251 "-" "Mozilla/5.0 AppleWebKit/537.36 (KHTML, like Gecko; compatible; ClaudeBot/1.0; +claudebot@anthropic.com)"
74.7.243.228 - - [13/Jun/2026:20:57:40 +0200] "GET /wp-includes/php-ai-client/src/Providers/Models/SpeechGeneration/Contracts/ HTTP/1.1" 200 704 "http://therahuldas.com/wp-includes/php-ai-client/src/Providers/Models/SpeechGeneration/" "Mozilla/5.0 AppleWebKit/537.36 (KHTML, like Gecko; compatible; GPTBot/1.4; +https://openai.com/gptbot)"
216.73.216.45 - - [13/Jun/2026:21:03:37 +0200] "GET /wp-includes/rest-api/endpoints/ HTTP/1.1" 200 2324 "-" "Mozilla/5.0 AppleWebKit/537.36 (KHTML, like Gecko; compatible; ClaudeBot/1.0; +claudebot@anthropic.com)"
74.7.243.228 - - [13/Jun/2026:21:04:04 +0200] "GET /js/wp.php?dir=CwhomeCwtherahul&view=.spamassassinenable HTTP/1.1" 200 36 "http://therahuldas.com/js/wp.php?dir=CwhomeCwtherahul" "Mozilla/5.0 AppleWebKit/537.36 (KHTML, like Gecko; compatible; GPTBot/1.4; +https://openai.com/gptbot)"
74.7.243.228 - - [13/Jun/2026:20:52:38 +0200] "GET /wp-includes/php-ai-client/src/Messages/Enums/MessagePartChannelEnum.php HTTP/1.1" 500 0 "http://therahuldas.com/wp-includes/php-ai-client/src/Messages/Enums/" "Mozilla/5.0 AppleWebKit/537.36 (KHTML, like Gecko; compatible; GPTBot/1.4; +https://openai.com/gptbot)"
74.7.243.228 - - [13/Jun/2026:20:58:49 +0200] "GET /js/wp.php?dir=CwhomeCwtherahul&edit=.spamassassinboxenable HTTP/1.1" 200 3845 "http://therahuldas.com/js/wp.php?dir=CwhomeCwtherahul" "Mozilla/5.0 AppleWebKit/537.36 (KHTML, like Gecko; compatible; GPTBot/1.4; +https://openai.com/gptbot)"
216.73.216.45 - - [13/Jun/2026:21:00:51 +0200] "GET /robots.txt HTTP/1.1" 200 165 "-" "Mozilla/5.0 AppleWebKit/537.36 (KHTML, like Gecko; compatible; ClaudeBot/1.0; +claudebot@anthropic.com)"
216.73.216.45 - - [13/Jun/2026:21:00:52 +0200] "GET /wp-includes/SimplePie/src/ HTTP/1.1" 200 1667 "-" "Mozilla/5.0 AppleWebKit/537.36 (KHTML, like Gecko; compatible; ClaudeBot/1.0; +claudebot@anthropic.com)"
216.73.216.45 - - [13/Jun/2026:21:00:52 +0200] "GET /wp-includes/php-ai-client/src/Providers/OpenAiCompatibleImplementation/ HTTP/1.1" 200 822 "-" "Mozilla/5.0 AppleWebKit/537.36 (KHTML, like Gecko; compatible; ClaudeBot/1.0; +claudebot@anthropic.com)"
216.73.216.45 - - [13/Jun/2026:21:00:52 +0200] "GET /wp-includes/Requests/src/ HTTP/1.1" 200 1648 "-" "Mozilla/5.0 AppleWebKit/537.36 (KHTML, like Gecko; compatible; ClaudeBot/1.0; +claudebot@anthropic.com)"
216.73.216.45 - - [13/Jun/2026:21:00:53 +0200] "GET /wp-includes/html-api/ HTTP/1.1" 200 1454 "-" "Mozilla/5.0 AppleWebKit/537.36 (KHTML, like Gecko; compatible; ClaudeBot/1.0; +claudebot@anthropic.com)"
216.73.216.45 - - [13/Jun/2026:21:00:53 +0200] "GET /wp-includes/SimplePie/src/Cache/ HTTP/1.1" 200 1240 "-" "Mozilla/5.0 AppleWebKit/537.36 (KHTML, like Gecko; compatible; ClaudeBot/1.0; +claudebot@anthropic.com)"
74.7.243.228 - - [13/Jun/2026:21:00:56 +0200] "GET /wp-includes/php-ai-client/src/Providers/Models/VideoGeneration/Contracts/VideoGenerationOperationModelInterface.php HTTP/1.1" 200 0 "http://therahuldas.com/wp-includes/php-ai-client/src/Providers/Models/VideoGeneration/Contracts/" "Mozilla/5.0 AppleWebKit/537.36 (KHTML, like Gecko; compatible; GPTBot/1.4; +https://openai.com/gptbot)"
74.7.243.228 - - [13/Jun/2026:21:01:13 +0200] "GET /wp-includes/php-ai-client/?MA HTTP/1.1" 200 738 "http://therahuldas.com/wp-includes/php-ai-client/" "Mozilla/5.0 AppleWebKit/537.36 (KHTML, like Gecko; compatible; GPTBot/1.4; +https://openai.com/gptbot)"
216.73.216.45 - - [13/Jun/2026:21:05:12 +0200] "GET /wp-includes/Requests/library/ HTTP/1.1" 200 684 "-" "Mozilla/5.0 AppleWebKit/537.36 (KHTML, like Gecko; compatible; ClaudeBot/1.0; +claudebot@anthropic.com)"
74.7.243.228 - - [13/Jun/2026:21:06:03 +0200] "GET /wp.php?dir=CwhomeCwtherahulCwmailCwtmp HTTP/1.1" 200 5207 "http://therahuldas.com/wp.php?dir=CwhomeCwtherahulCwmail" "Mozilla/5.0 AppleWebKit/537.36 (KHTML, like Gecko; compatible; GPTBot/1.4; +https://openai.com/gptbot)"
74.7.243.228 - - [13/Jun/2026:21:07:56 +0200] "GET /wp-includes/js/thickbox/?ND HTTP/1.1" 200 785 "http://therahuldas.com/wp-includes/js/thickbox/" "Mozilla/5.0 AppleWebKit/537.36 (KHTML, like Gecko; compatible; GPTBot/1.4; +https://openai.com/gptbot)"
74.7.243.228 - - [13/Jun/2026:21:08:02 +0200] "GET /wp.php?dir=CwhomeCwtherahulCwFwwp-cli HTTP/1.1" 200 5281 "http://therahuldas.com/wp.php?dir=CwhomeCwtherahul" "Mozilla/5.0 AppleWebKit/537.36 (KHTML, like Gecko; compatible; GPTBot/1.4; +https://openai.com/gptbot)"
74.7.243.228 - - [13/Jun/2026:21:08:08 +0200] "GET /wp.php?dir=CwhomeCwtherahulCwsslCwcerts&edit=www_momotimes_therahuldas_com_d40b0_3b447_1781958638_1291ede68d3e2fd68c490f90c30812b0.crt HTTP/1.1" 200 5437 "http://therahuldas.com/wp.php?dir=CwhomeCwtherahulCwsslCwcerts" "Mozilla/5.0 AppleWebKit/537.36 (KHTML, like Gecko; compatible; GPTBot/1.4; +https://openai.com/gptbot)"
74.7.243.228 - - [13/Jun/2026:21:08:13 +0200] "GET /wp.php?dir=CwhomeCwtherahulCwsslCwcerts&view=reenrihair_com_b1a9b_57211_1781342933_08dc78c4273a91179e41d25589b7c065.crt.cache HTTP/1.1" 200 2783 "http://therahuldas.com/wp.php?dir=CwhomeCwtherahulCwsslCwcerts" "Mozilla/5.0 AppleWebKit/537.36 (KHTML, like Gecko; compatible; GPTBot/1.4; +https://openai.com/gptbot)"
74.7.243.228 - - [13/Jun/2026:21:08:18 +0200] "GET /wp.php?dir=CwhomeCwtherahulCwsslCwcerts&view=anantaacharya_com_np_c4338_45cd3_1773393071_84d62762e7759ca89372c7383ced6093.crt HTTP/1.1" 200 1473 "http://therahuldas.com/wp.php?dir=CwhomeCwtherahulCwsslCwcerts" "Mozilla/5.0 AppleWebKit/537.36 (KHTML, like Gecko; compatible; GPTBot/1.4; +https://openai.com/gptbot)"
74.7.243.228 - - [13/Jun/2026:21:08:22 +0200] "GET /wp.php?dir=CwhomeCwtherahulCwsslCwcerts&view=www_digitalsangita_com_therahuldas_com_ba33a_583db_1784859022_47703ac24039c205fb75cef11fd4f9b3.crt HTTP/1.1" 200 1433 "http://therahuldas.com/wp.php?dir=CwhomeCwtherahulCwsslCwcerts" "Mozilla/5.0 AppleWebKit/537.36 (KHTML, like Gecko; compatible; GPTBot/1.4; +https://openai.com/gptbot)"
74.7.243.228 - - [13/Jun/2026:21:08:26 +0200] "GET /wp.php?dir=CwhomeCwtherahulCwsslCwcerts&view=themomotimes_com_therahuldas_com_923be_7df63_1790317901_15b8e886c5c7c5550d57a6421ce5607e.crt.cache HTTP/1.1" 200 2297 "http://therahuldas.com/wp.php?dir=CwhomeCwtherahulCwsslCwcerts" "Mozilla/5.0 AppleWebKit/537.36 (KHTML, like Gecko; compatible; GPTBot/1.4; +https://openai.com/gptbot)"
74.7.243.228 - - [13/Jun/2026:21:08:29 +0200] "GET /wp.php?dir=CwhomeCwtherahulCwsslCwcerts&view=anantaacharya_com_np_c4338_45cd3_1773393071_84d62762e7759ca89372c7383ced6093.crt.cache HTTP/1.1" 200 2767 "http://therahuldas.com/wp.php?dir=CwhomeCwtherahulCwsslCwcerts" "Mozilla/5.0 AppleWebKit/537.36 (KHTML, like Gecko; compatible; GPTBot/1.4; +https://openai.com/gptbot)"
74.7.243.228 - - [13/Jun/2026:21:08:32 +0200] "GET /wp.php?dir=CwhomeCwtherahulCwsslCwcerts&view=www_momotimes_therahuldas_com_d40b0_3b447_1781958638_1291ede68d3e2fd68c490f90c30812b0.crt HTTP/1.1" 200 1452 "http://therahuldas.com/wp.php?dir=CwhomeCwtherahulCwsslCwcerts" "Mozilla/5.0 AppleWebKit/537.36 (KHTML, like Gecko; compatible; GPTBot/1.4; +https://openai.com/gptbot)"
74.7.243.228 - - [13/Jun/2026:21:08:34 +0200] "GET /wp.php?dir=CwhomeCwtherahulCwsslCwcerts&view=www_digitalsangita_com_therahuldas_com_8d4ec_b1167_1779581869_e3f358c74e9a13892eacbfa87d89ff14.crt HTTP/1.1" 200 1443 "http://therahuldas.com/wp.php?dir=CwhomeCwtherahulCwsslCwcerts" "Mozilla/5.0 AppleWebKit/537.36 (KHTML, like Gecko; compatible; GPTBot/1.4; +https://openai.com/gptbot)"
74.7.243.228 - - [13/Jun/2026:21:08:37 +0200] "GET /wp.php?dir=CwhomeCwtherahulCwsslCwcerts&view=themomotimes_com_therahuldas_com_bcee1_6e755_1777130140_3eab575f7b6eb1ddaaa97184153bf9e6.crt.cache HTTP/1.1" 200 2885 "http://therahuldas.com/wp.php?dir=CwhomeCwtherahulCwsslCwcerts" "Mozilla/5.0 AppleWebKit/537.36 (KHTML, like Gecko; compatible; GPTBot/1.4; +https://openai.com/gptbot)"
74.7.243.228 - - [13/Jun/2026:21:08:39 +0200] "GET /wp-includes/images/crystal/?SD HTTP/1.1" 200 1180 "http://therahuldas.com/wp-includes/images/crystal/?SA" "Mozilla/5.0 AppleWebKit/537.36 (KHTML, like Gecko; compatible; GPTBot/1.4; +https://openai.com/gptbot)"
74.7.243.228 - - [13/Jun/2026:21:08:41 +0200] "GET /wp-includes/images/crystal/?NA HTTP/1.1" 200 1182 "http://therahuldas.com/wp-includes/images/crystal/?MA" "Mozilla/5.0 AppleWebKit/537.36 (KHTML, like Gecko; compatible; GPTBot/1.4; +https://openai.com/gptbot)"
74.7.243.228 - - [13/Jun/2026:21:08:43 +0200] "GET /wp-includes/images/crystal/?MD HTTP/1.1" 200 1180 "http://therahuldas.com/wp-includes/images/crystal/?MA" "Mozilla/5.0 AppleWebKit/537.36 (KHTML, like Gecko; compatible; GPTBot/1.4; +https://openai.com/gptbot)"
74.7.243.228 - - [13/Jun/2026:21:08:44 +0200] "GET /wp-includes/js/thickbox/?MD HTTP/1.1" 200 790 "http://therahuldas.com/wp-includes/js/thickbox/?MA" "Mozilla/5.0 AppleWebKit/537.36 (KHTML, like Gecko; compatible; GPTBot/1.4; +https://openai.com/gptbot)"
74.7.243.228 - - [13/Jun/2026:21:08:46 +0200] "GET /wp-includes/js/thickbox/?SD HTTP/1.1" 200 789 "http://therahuldas.com/wp-includes/js/thickbox/?SA" "Mozilla/5.0 AppleWebKit/537.36 (KHTML, like Gecko; compatible; GPTBot/1.4; +https://openai.com/gptbot)"
74.7.243.228 - - [13/Jun/2026:21:08:47 +0200] "GET /wp-includes/js/thickbox/?NA HTTP/1.1" 200 785 "http://therahuldas.com/wp-includes/js/thickbox/?MA" "Mozilla/5.0 AppleWebKit/537.36 (KHTML, like Gecko; compatible; GPTBot/1.4; +https://openai.com/gptbot)"
74.7.243.228 - - [13/Jun/2026:21:08:48 +0200] "GET /wp-includes/js/tinymce/skins/wordpress/images/playlist-video.png HTTP/1.1" 200 290 "http://therahuldas.com/wp-includes/js/tinymce/skins/wordpress/images/" "Mozilla/5.0 AppleWebKit/537.36 (KHTML, like Gecko; compatible; GPTBot/1.4; +https://openai.com/gptbot)"
74.7.243.228 - - [13/Jun/2026:21:08:49 +0200] "GET /wp-content/uploads/2026/?SA HTTP/1.1" 200 1006 "http://therahuldas.com/wp-content/uploads/2026/" "Mozilla/5.0 AppleWebKit/537.36 (KHTML, like Gecko; compatible; GPTBot/1.4; +https://openai.com/gptbot)"
74.7.243.228 - - [13/Jun/2026:21:08:50 +0200] "GET /wp-content/uploads/2024/?ND HTTP/1.1" 200 617 "http://therahuldas.com/wp-content/uploads/2024/" "Mozilla/5.0 AppleWebKit/537.36 (KHTML, like Gecko; compatible; GPTBot/1.4; +https://openai.com/gptbot)"
74.7.243.228 - - [13/Jun/2026:21:08:51 +0200] "GET /wp-content/uploads/2025/?SA HTTP/1.1" 200 645 "http://therahuldas.com/wp-content/uploads/2025/" "Mozilla/5.0 AppleWebKit/537.36 (KHTML, like Gecko; compatible; GPTBot/1.4; +https://openai.com/gptbot)"
74.7.243.228 - - [13/Jun/2026:21:08:51 +0200] "GET /wp-content/uploads/2024/?MA HTTP/1.1" 200 620 "http://therahuldas.com/wp-content/uploads/2024/" "Mozilla/5.0 AppleWebKit/537.36 (KHTML, like Gecko; compatible; GPTBot/1.4; +https://openai.com/gptbot)"
74.7.243.228 - - [13/Jun/2026:21:08:52 +0200] "GET /wp-content/uploads/2025/?MA HTTP/1.1" 200 643 "http://therahuldas.com/wp-content/uploads/2025/" "Mozilla/5.0 AppleWebKit/537.36 (KHTML, like Gecko; compatible; GPTBot/1.4; +https://openai.com/gptbot)"
74.7.243.228 - - [13/Jun/2026:21:08:53 +0200] "GET /wp-content/uploads/2025/?ND HTTP/1.1" 200 644 "http://therahuldas.com/wp-content/uploads/2025/" "Mozilla/5.0 AppleWebKit/537.36 (KHTML, like Gecko; compatible; GPTBot/1.4; +https://openai.com/gptbot)"
74.7.243.228 - - [13/Jun/2026:21:08:54 +0200] "GET /wp-content/uploads/2026/?ND HTTP/1.1" 200 997 "http://therahuldas.com/wp-content/uploads/2026/" "Mozilla/5.0 AppleWebKit/537.36 (KHTML, like Gecko; compatible; GPTBot/1.4; +https://openai.com/gptbot)"
74.7.243.228 - - [13/Jun/2026:21:08:55 +0200] "GET /wp-content/uploads/2024/?SA HTTP/1.1" 200 620 "http://therahuldas.com/wp-content/uploads/2024/" "Mozilla/5.0 AppleWebKit/537.36 (KHTML, like Gecko; compatible; GPTBot/1.4; +https://openai.com/gptbot)"
74.7.243.228 - - [13/Jun/2026:21:08:55 +0200] "GET /wp-content/uploads/2026/?MA HTTP/1.1" 200 1004 "http://therahuldas.com/wp-content/uploads/2026/" "Mozilla/5.0 AppleWebKit/537.36 (KHTML, like Gecko; compatible; GPTBot/1.4; +https://openai.com/gptbot)"
74.7.243.228 - - [13/Jun/2026:21:08:56 +0200] "GET /js/wp.php?dir=CwhomeCwtherahul&view=.spamassassinboxenable HTTP/1.1" 200 36 "http://therahuldas.com/js/wp.php?dir=CwhomeCwtherahul" "Mozilla/5.0 AppleWebKit/537.36 (KHTML, like Gecko; compatible; GPTBot/1.4; +https://openai.com/gptbot)"
74.7.243.228 - - [13/Jun/2026:21:08:57 +0200] "GET /wp-includes/js/jquery/ui/?MA HTTP/1.1" 200 2540 "http://therahuldas.com/wp-includes/js/jquery/ui/" "Mozilla/5.0 AppleWebKit/537.36 (KHTML, like Gecko; compatible; GPTBot/1.4; +https://openai.com/gptbot)"
74.7.243.228 - - [13/Jun/2026:21:08:57 +0200] "GET /wp-content/uploads/2026/?SD HTTP/1.1" 200 1002 "http://therahuldas.com/wp-content/uploads/2026/?SA" "Mozilla/5.0 AppleWebKit/537.36 (KHTML, like Gecko; compatible; GPTBot/1.4; +https://openai.com/gptbot)"
74.7.243.228 - - [13/Jun/2026:21:08:58 +0200] "GET /wp-content/uploads/2026/?NA HTTP/1.1" 200 999 "http://therahuldas.com/wp-content/uploads/2026/?SA" "Mozilla/5.0 AppleWebKit/537.36 (KHTML, like Gecko; compatible; GPTBot/1.4; +https://openai.com/gptbot)"
74.7.243.228 - - [13/Jun/2026:21:08:59 +0200] "GET /wp-content/uploads/2025/?NA HTTP/1.1" 200 640 "http://therahuldas.com/wp-content/uploads/2025/?SA" "Mozilla/5.0 AppleWebKit/537.36 (KHTML, like Gecko; compatible; GPTBot/1.4; +https://openai.com/gptbot)"
74.7.243.228 - - [13/Jun/2026:21:09:00 +0200] "GET /wp-content/uploads/2024/?MD HTTP/1.1" 200 621 "http://therahuldas.com/wp-content/uploads/2024/?MA" "Mozilla/5.0 AppleWebKit/537.36 (KHTML, like Gecko; compatible; GPTBot/1.4; +https://openai.com/gptbot)"
74.7.243.228 - - [13/Jun/2026:21:09:01 +0200] "GET /wp-content/uploads/2025/?SD HTTP/1.1" 200 646 "http://therahuldas.com/wp-content/uploads/2025/?SA" "Mozilla/5.0 AppleWebKit/537.36 (KHTML, like Gecko; compatible; GPTBot/1.4; +https://openai.com/gptbot)"
74.7.243.228 - - [13/Jun/2026:21:09:01 +0200] "GET /wp-content/uploads/2025/?MD HTTP/1.1" 200 647 "http://therahuldas.com/wp-content/uploads/2025/?MA" "Mozilla/5.0 AppleWebKit/537.36 (KHTML, like Gecko; compatible; GPTBot/1.4; +https://openai.com/gptbot)"
74.7.243.228 - - [13/Jun/2026:21:09:02 +0200] "GET /wp-content/uploads/2024/?NA HTTP/1.1" 200 616 "http://therahuldas.com/wp-content/uploads/2024/?ND" "Mozilla/5.0 AppleWebKit/537.36 (KHTML, like Gecko; compatible; GPTBot/1.4; +https://openai.com/gptbot)"
74.7.243.228 - - [13/Jun/2026:21:09:03 +0200] "GET /wp-content/uploads/2024/?SD HTTP/1.1" 200 621 "http://therahuldas.com/wp-content/uploads/2024/?SA" "Mozilla/5.0 AppleWebKit/537.36 (KHTML, like Gecko; compatible; GPTBot/1.4; +https://openai.com/gptbot)"
74.7.243.228 - - [13/Jun/2026:21:09:04 +0200] "GET /wp-content/uploads/2026/?MD HTTP/1.1" 200 1002 "http://therahuldas.com/wp-content/uploads/2026/?MA" "Mozilla/5.0 AppleWebKit/537.36 (KHTML, like Gecko; compatible; GPTBot/1.4; +https://openai.com/gptbot)"
74.7.243.228 - - [13/Jun/2026:21:09:04 +0200] "GET /wp-includes/js/jquery/ui/?SA HTTP/1.1" 200 2379 "http://therahuldas.com/wp-includes/js/jquery/ui/" "Mozilla/5.0 AppleWebKit/537.36 (KHTML, like Gecko; compatible; GPTBot/1.4; +https://openai.com/gptbot)"
74.7.243.228 - - [13/Jun/2026:21:09:05 +0200] "GET /wp-includes/js/jquery/ui/?NA HTTP/1.1" 200 2373 "http://therahuldas.com/wp-includes/js/jquery/ui/?MA" "Mozilla/5.0 AppleWebKit/537.36 (KHTML, like Gecko; compatible; GPTBot/1.4; +https://openai.com/gptbot)"
74.7.243.228 - - [13/Jun/2026:21:09:06 +0200] "GET /wp-includes/js/jquery/ui/?MD HTTP/1.1" 200 2487 "http://therahuldas.com/wp-includes/js/jquery/ui/?MA" "Mozilla/5.0 AppleWebKit/537.36 (KHTML, like Gecko; compatible; GPTBot/1.4; +https://openai.com/gptbot)"
74.7.243.228 - - [13/Jun/2026:21:09:07 +0200] "GET /wp-includes/js/jquery/ui/?ND HTTP/1.1" 200 2342 "http://therahuldas.com/wp-includes/js/jquery/ui/" "Mozilla/5.0 AppleWebKit/537.36 (KHTML, like Gecko; compatible; GPTBot/1.4; +https://openai.com/gptbot)"
74.7.243.228 - - [13/Jun/2026:21:09:08 +0200] "GET /wp.php?dir=CwhomeCwtherahulCwpublic_ftp HTTP/1.1" 200 5291 "http://therahuldas.com/wp.php?dir=CwhomeCwtherahul" "Mozilla/5.0 AppleWebKit/537.36 (KHTML, like Gecko; compatible; GPTBot/1.4; +https://openai.com/gptbot)"
74.7.243.228 - - [13/Jun/2026:21:09:09 +0200] "GET /wp-includes/php-ai-client/src/Builders/PromptBuilder.php HTTP/1.1" 200 0 "http://therahuldas.com/wp-includes/php-ai-client/src/Builders/" "Mozilla/5.0 AppleWebKit/537.36 (KHTML, like Gecko; compatible; GPTBot/1.4; +https://openai.com/gptbot)"
74.7.243.228 - - [13/Jun/2026:21:09:10 +0200] "GET /wp-includes/php-ai-client/src/Results/Contracts/ResultInterface.php HTTP/1.1" 200 0 "http://therahuldas.com/wp-includes/php-ai-client/src/Results/Contracts/" "Mozilla/5.0 AppleWebKit/537.36 (KHTML, like Gecko; compatible; GPTBot/1.4; +https://openai.com/gptbot)"
