74.7.243.228 - - [13/Jun/2026:21:09:11 +0200] "GET /wp-includes/php-ai-client/src/Providers/Http/HttpTransporter.php HTTP/1.1" 500 0 "http://therahuldas.com/wp-includes/php-ai-client/src/Providers/Http/" "Mozilla/5.0 AppleWebKit/537.36 (KHTML, like Gecko; compatible; GPTBot/1.4; +https://openai.com/gptbot)"
74.7.243.228 - - [13/Jun/2026:21:09:12 +0200] "GET /wp.php?dir=CwhomeCwtherahul&view=.spamassassinenable HTTP/1.1" 200 36 "http://therahuldas.com/wp.php?dir=CwhomeCwtherahul" "Mozilla/5.0 AppleWebKit/537.36 (KHTML, like Gecko; compatible; GPTBot/1.4; +https://openai.com/gptbot)"
74.7.243.228 - - [13/Jun/2026:21:09:13 +0200] "GET /wp-includes/js/codemirror/?MA HTTP/1.1" 200 1117 "http://therahuldas.com/wp-includes/js/codemirror/index.php" "Mozilla/5.0 AppleWebKit/537.36 (KHTML, like Gecko; compatible; GPTBot/1.4; +https://openai.com/gptbot)"
74.7.243.228 - - [13/Jun/2026:21:09:14 +0200] "GET /wp-includes/SimplePie/src/?SA HTTP/1.1" 200 1650 "http://therahuldas.com/wp-includes/SimplePie/src/" "Mozilla/5.0 AppleWebKit/537.36 (KHTML, like Gecko; compatible; GPTBot/1.4; +https://openai.com/gptbot)"
74.7.243.228 - - [13/Jun/2026:21:09:16 +0200] "GET /wp-includes/js/jquery/ui/?SD HTTP/1.1" 200 2421 "http://therahuldas.com/wp-includes/js/jquery/ui/?SA" "Mozilla/5.0 AppleWebKit/537.36 (KHTML, like Gecko; compatible; GPTBot/1.4; +https://openai.com/gptbot)"
74.7.243.228 - - [13/Jun/2026:21:09:17 +0200] "GET /wp-includes/js/codemirror/?ND HTTP/1.1" 200 1110 "http://therahuldas.com/wp-includes/js/codemirror/index.php" "Mozilla/5.0 AppleWebKit/537.36 (KHTML, like Gecko; compatible; GPTBot/1.4; +https://openai.com/gptbot)"
74.7.243.228 - - [13/Jun/2026:21:09:18 +0200] "GET /wp-includes/SimplePie/src/?MA HTTP/1.1" 200 1681 "http://therahuldas.com/wp-includes/SimplePie/src/" "Mozilla/5.0 AppleWebKit/537.36 (KHTML, like Gecko; compatible; GPTBot/1.4; +https://openai.com/gptbot)"
74.7.243.228 - - [13/Jun/2026:21:09:19 +0200] "GET /wp-includes/js/codemirror/?SA HTTP/1.1" 200 1122 "http://therahuldas.com/wp-includes/js/codemirror/index.php" "Mozilla/5.0 AppleWebKit/537.36 (KHTML, like Gecko; compatible; GPTBot/1.4; +https://openai.com/gptbot)"
74.7.243.228 - - [13/Jun/2026:21:09:20 +0200] "GET /wp-includes/SimplePie/src/?ND HTTP/1.1" 200 1658 "http://therahuldas.com/wp-includes/SimplePie/src/" "Mozilla/5.0 AppleWebKit/537.36 (KHTML, like Gecko; compatible; GPTBot/1.4; +https://openai.com/gptbot)"
74.7.243.228 - - [13/Jun/2026:21:09:20 +0200] "GET /wp.php?dir=CwhomeCwtherahulCwmail&edit=mailbox_format.cpanel HTTP/1.1" 200 3874 "http://therahuldas.com/wp.php?dir=CwhomeCwtherahulCwmail" "Mozilla/5.0 AppleWebKit/537.36 (KHTML, like Gecko; compatible; GPTBot/1.4; +https://openai.com/gptbot)"
216.73.216.45 - - [13/Jun/2026:21:08:26 +0200] "GET /wp-includes/js/quicktags.min.js HTTP/1.1" 200 3331 "-" "Mozilla/5.0 AppleWebKit/537.36 (KHTML, like Gecko; compatible; ClaudeBot/1.0; +claudebot@anthropic.com)"
216.73.216.45 - - [13/Jun/2026:21:11:22 +0200] "GET /wp-includes/sodium_compat/src/Core32/ChaCha20/ HTTP/1.1" 200 747 "-" "Mozilla/5.0 AppleWebKit/537.36 (KHTML, like Gecko; compatible; ClaudeBot/1.0; +claudebot@anthropic.com)"
216.73.216.45 - - [13/Jun/2026:21:11:30 +0200] "GET /wp-includes/js/mediaelement/mediaelement.js HTTP/1.1" 200 22907 "-" "Mozilla/5.0 AppleWebKit/537.36 (KHTML, like Gecko; compatible; ClaudeBot/1.0; +claudebot@anthropic.com)"
74.7.243.228 - - [13/Jun/2026:21:11:31 +0200] "GET /wp-includes/SimplePie/src/?SD HTTP/1.1" 200 1660 "http://therahuldas.com/wp-includes/SimplePie/src/?SA" "Mozilla/5.0 AppleWebKit/537.36 (KHTML, like Gecko; compatible; GPTBot/1.4; +https://openai.com/gptbot)"
216.73.216.45 - - [13/Jun/2026:21:12:27 +0200] "GET /wp-includes/js/tinymce/themes/modern/theme.min.js HTTP/1.1" 200 39566 "-" "Mozilla/5.0 AppleWebKit/537.36 (KHTML, like Gecko; compatible; ClaudeBot/1.0; +claudebot@anthropic.com)"
74.7.243.228 - - [13/Jun/2026:21:14:21 +0200] "GET /wp-includes/SimplePie/src/?MD HTTP/1.1" 200 1675 "http://therahuldas.com/wp-includes/SimplePie/src/?MA" "Mozilla/5.0 AppleWebKit/537.36 (KHTML, like Gecko; compatible; GPTBot/1.4; +https://openai.com/gptbot)"
216.73.216.45 - - [13/Jun/2026:21:15:31 +0200] "GET /wp-includes/sodium_compat/namespaced/Core/ HTTP/1.1" 200 1332 "-" "Mozilla/5.0 AppleWebKit/537.36 (KHTML, like Gecko; compatible; ClaudeBot/1.0; +claudebot@anthropic.com)"
216.73.216.45 - - [13/Jun/2026:21:16:29 +0200] "GET /wp-includes/js/media-views.min.js HTTP/1.1" 200 25047 "-" "Mozilla/5.0 AppleWebKit/537.36 (KHTML, like Gecko; compatible; ClaudeBot/1.0; +claudebot@anthropic.com)"
216.73.216.45 - - [13/Jun/2026:21:16:29 +0200] "GET /wp-includes/js/mediaelement/mediaelement-and-player.js HTTP/1.1" 200 48100 "-" "Mozilla/5.0 AppleWebKit/537.36 (KHTML, like Gecko; compatible; ClaudeBot/1.0; +claudebot@anthropic.com)"
74.7.243.228 - - [13/Jun/2026:21:17:03 +0200] "GET /wp-includes/Requests/src/?SA HTTP/1.1" 200 1653 "http://therahuldas.com/wp-includes/Requests/src/" "Mozilla/5.0 AppleWebKit/537.36 (KHTML, like Gecko; compatible; GPTBot/1.4; +https://openai.com/gptbot)"
74.7.243.228 - - [13/Jun/2026:21:18:02 +0200] "GET /wp-includes/Requests/src/?ND HTTP/1.1" 200 1639 "http://therahuldas.com/wp-includes/Requests/src/" "Mozilla/5.0 AppleWebKit/537.36 (KHTML, like Gecko; compatible; GPTBot/1.4; +https://openai.com/gptbot)"
74.7.243.228 - - [13/Jun/2026:21:18:27 +0200] "GET /wp.php?dir=CwhomeCwtherahulCwtmp&edit=wp.php HTTP/1.1" 200 22476 "http://therahuldas.com/wp.php?dir=CwhomeCwtherahulCwtmp" "Mozilla/5.0 AppleWebKit/537.36 (KHTML, like Gecko; compatible; GPTBot/1.4; +https://openai.com/gptbot)"
216.73.216.45 - - [13/Jun/2026:21:18:41 +0200] "GET /wp-includes/js/plupload/moxie.min.js HTTP/1.1" 200 26466 "-" "Mozilla/5.0 AppleWebKit/537.36 (KHTML, like Gecko; compatible; ClaudeBot/1.0; +claudebot@anthropic.com)"
216.73.216.45 - - [13/Jun/2026:21:20:47 +0200] "GET /wp-includes/js/%27%20+%20src%20+%20%27 HTTP/1.1" 301 0 "-" "Mozilla/5.0 AppleWebKit/537.36 (KHTML, like Gecko; compatible; ClaudeBot/1.0; +claudebot@anthropic.com)"
216.73.216.45 - - [13/Jun/2026:21:20:48 +0200] "GET /wp-includes/js/%27%20+%20src%20+ HTTP/1.1" 500 1064 "http://therahuldas.com/wp-includes/js/%27%20+%20src%20+%20%27" "Mozilla/5.0 AppleWebKit/537.36 (KHTML, like Gecko; compatible; ClaudeBot/1.0; +claudebot@anthropic.com)"
74.7.243.228 - - [13/Jun/2026:21:21:37 +0200] "GET /wp-includes/Requests/src/?NA HTTP/1.1" 200 1646 "http://therahuldas.com/wp-includes/Requests/src/?SA" "Mozilla/5.0 AppleWebKit/537.36 (KHTML, like Gecko; compatible; GPTBot/1.4; +https://openai.com/gptbot)"
216.73.216.45 - - [13/Jun/2026:21:23:44 +0200] "GET /wp-includes/js/dist/%27%20+%20url%20+%20%27 HTTP/1.1" 301 0 "-" "Mozilla/5.0 AppleWebKit/537.36 (KHTML, like Gecko; compatible; ClaudeBot/1.0; +claudebot@anthropic.com)"
74.7.243.228 - - [13/Jun/2026:21:09:22 +0200] "GET /wp-includes/js/swfupload/?MD HTTP/1.1" 200 678 "http://therahuldas.com/wp-includes/js/swfupload/?MA" "Mozilla/5.0 AppleWebKit/537.36 (KHTML, like Gecko; compatible; GPTBot/1.4; +https://openai.com/gptbot)"
74.7.243.228 - - [13/Jun/2026:21:09:22 +0200] "GET /wp-includes/js/swfupload/?SA HTTP/1.1" 200 678 "http://therahuldas.com/wp-includes/js/swfupload/" "Mozilla/5.0 AppleWebKit/537.36 (KHTML, like Gecko; compatible; GPTBot/1.4; +https://openai.com/gptbot)"
74.7.243.228 - - [13/Jun/2026:21:09:23 +0200] "GET /wp-includes/js/swfupload/?NA HTTP/1.1" 200 674 "http://therahuldas.com/wp-includes/js/swfupload/?MA" "Mozilla/5.0 AppleWebKit/537.36 (KHTML, like Gecko; compatible; GPTBot/1.4; +https://openai.com/gptbot)"
74.7.243.228 - - [13/Jun/2026:21:09:24 +0200] "GET /wp-includes/js/codemirror/?NA HTTP/1.1" 200 1115 "http://therahuldas.com/wp-includes/js/codemirror/?MA" "Mozilla/5.0 AppleWebKit/537.36 (KHTML, like Gecko; compatible; GPTBot/1.4; +https://openai.com/gptbot)"
74.7.243.228 - - [13/Jun/2026:21:09:25 +0200] "GET /wp-includes/SimplePie/src/Locator.php HTTP/1.1" 500 0 "http://therahuldas.com/wp-includes/SimplePie/src/?SA" "Mozilla/5.0 AppleWebKit/537.36 (KHTML, like Gecko; compatible; GPTBot/1.4; +https://openai.com/gptbot)"
74.7.243.228 - - [13/Jun/2026:21:09:26 +0200] "GET /wp-includes/SimplePie/src/Sanitize.php HTTP/1.1" 500 0 "http://therahuldas.com/wp-includes/SimplePie/src/?SA" "Mozilla/5.0 AppleWebKit/537.36 (KHTML, like Gecko; compatible; GPTBot/1.4; +https://openai.com/gptbot)"
74.7.243.228 - - [13/Jun/2026:21:09:27 +0200] "GET /wp-includes/SimplePie/src/Source.php HTTP/1.1" 500 0 "http://therahuldas.com/wp-includes/SimplePie/src/?SA" "Mozilla/5.0 AppleWebKit/537.36 (KHTML, like Gecko; compatible; GPTBot/1.4; +https://openai.com/gptbot)"
74.7.243.228 - - [13/Jun/2026:21:09:32 +0200] "GET /wp-includes/SimplePie/src/Item.php HTTP/1.1" 500 0 "http://therahuldas.com/wp-includes/SimplePie/src/?SA" "Mozilla/5.0 AppleWebKit/537.36 (KHTML, like Gecko; compatible; GPTBot/1.4; +https://openai.com/gptbot)"
216.73.216.45 - - [13/Jun/2026:21:10:27 +0200] "GET /wp-includes/js/thickbox/thickbox.js HTTP/1.1" 200 4013 "-" "Mozilla/5.0 AppleWebKit/537.36 (KHTML, like Gecko; compatible; ClaudeBot/1.0; +claudebot@anthropic.com)"
216.73.216.45 - - [13/Jun/2026:21:13:29 +0200] "GET /wp-includes/sodium_compat/src/Core32/Curve25519/ HTTP/1.1" 200 801 "-" "Mozilla/5.0 AppleWebKit/537.36 (KHTML, like Gecko; compatible; ClaudeBot/1.0; +claudebot@anthropic.com)"
216.73.216.45 - - [13/Jun/2026:21:18:28 +0200] "GET /wp-includes/js/wp-emoji-release.min.js HTTP/1.1" 200 4949 "-" "Mozilla/5.0 AppleWebKit/537.36 (KHTML, like Gecko; compatible; ClaudeBot/1.0; +claudebot@anthropic.com)"
74.7.243.228 - - [13/Jun/2026:21:19:09 +0200] "GET /wp-includes/rest-api/fields/?ND HTTP/1.1" 200 1089 "http://therahuldas.com/wp-includes/rest-api/fields/" "Mozilla/5.0 AppleWebKit/537.36 (KHTML, like Gecko; compatible; GPTBot/1.4; +https://openai.com/gptbot)"
74.7.243.228 - - [13/Jun/2026:21:21:11 +0200] "GET /wp-includes/Requests/src/?MD HTTP/1.1" 200 1625 "http://therahuldas.com/wp-includes/Requests/src/?MA" "Mozilla/5.0 AppleWebKit/537.36 (KHTML, like Gecko; compatible; GPTBot/1.4; +https://openai.com/gptbot)"
74.7.243.228 - - [13/Jun/2026:21:23:21 +0200] "GET /wp-includes/rest-api/fields/class-wp-rest-term-meta-fields.php HTTP/1.1" 500 0 "http://therahuldas.com/wp-includes/rest-api/fields/?MA" "Mozilla/5.0 AppleWebKit/537.36 (KHTML, like Gecko; compatible; GPTBot/1.4; +https://openai.com/gptbot)"
216.73.216.45 - - [13/Jun/2026:21:23:44 +0200] "GET /wp-includes/js/mediaelement/%27%20+%20poster%20+%20%27 HTTP/1.1" 301 0 "-" "Mozilla/5.0 AppleWebKit/537.36 (KHTML, like Gecko; compatible; ClaudeBot/1.0; +claudebot@anthropic.com)"
216.73.216.45 - - [13/Jun/2026:21:10:04 +0200] "GET /wp-includes/sodium_compat/src/Core/ChaCha20/ HTTP/1.1" 200 727 "-" "Mozilla/5.0 AppleWebKit/537.36 (KHTML, like Gecko; compatible; ClaudeBot/1.0; +claudebot@anthropic.com)"
216.73.216.45 - - [13/Jun/2026:21:12:08 +0200] "GET /wp-includes/js/wplink.js HTTP/1.1" 200 5763 "-" "Mozilla/5.0 AppleWebKit/537.36 (KHTML, like Gecko; compatible; ClaudeBot/1.0; +claudebot@anthropic.com)"
74.7.243.228 - - [13/Jun/2026:21:20:10 +0200] "GET /wp-includes/Text/Diff/?SA HTTP/1.1" 200 706 "http://therahuldas.com/wp-includes/Text/Diff/" "Mozilla/5.0 AppleWebKit/537.36 (KHTML, like Gecko; compatible; GPTBot/1.4; +https://openai.com/gptbot)"
74.7.243.228 - - [13/Jun/2026:21:22:20 +0200] "GET /wp-includes/rest-api/fields/class-wp-rest-comment-meta-fields.php HTTP/1.1" 500 0 "http://therahuldas.com/wp-includes/rest-api/fields/?MA" "Mozilla/5.0 AppleWebKit/537.36 (KHTML, like Gecko; compatible; GPTBot/1.4; +https://openai.com/gptbot)"
216.73.216.45 - - [13/Jun/2026:21:23:46 +0200] "GET /wp-includes/js/dist/%27%20+%20url%20+ HTTP/1.1" 500 1064 "http://therahuldas.com/wp-includes/js/dist/%27%20+%20url%20+%20%27" "Mozilla/5.0 AppleWebKit/537.36 (KHTML, like Gecko; compatible; ClaudeBot/1.0; +claudebot@anthropic.com)"
216.73.216.45 - - [13/Jun/2026:21:13:51 +0200] "GET /wp-includes/js/mediaelement/wp-mediaelement.min.js HTTP/1.1" 200 453 "-" "Mozilla/5.0 AppleWebKit/537.36 (KHTML, like Gecko; compatible; ClaudeBot/1.0; +claudebot@anthropic.com)"
74.7.243.228 - - [13/Jun/2026:21:18:49 +0200] "GET /wp-includes/rest-api/fields/?MA HTTP/1.1" 200 1084 "http://therahuldas.com/wp-includes/rest-api/fields/" "Mozilla/5.0 AppleWebKit/537.36 (KHTML, like Gecko; compatible; GPTBot/1.4; +https://openai.com/gptbot)"
216.73.216.45 - - [13/Jun/2026:21:23:28 +0200] "GET /wp-includes/js/%27%20+%20this.controller.state%28%29.get%28%27src%27%29%20+%20%27 HTTP/1.1" 301 0 "-" "Mozilla/5.0 AppleWebKit/537.36 (KHTML, like Gecko; compatible; ClaudeBot/1.0; +claudebot@anthropic.com)"
216.73.216.45 - - [13/Jun/2026:21:23:28 +0200] "GET /wp-includes/js/%27%20+%20this.controller.state%28%29.get%28%27src%27%29%20+ HTTP/1.1" 500 1064 "http://therahuldas.com/wp-includes/js/%27%20+%20this.controller.state%28%29.get%28%27src%27%29%20+%20%27" "Mozilla/5.0 AppleWebKit/537.36 (KHTML, like Gecko; compatible; ClaudeBot/1.0; +claudebot@anthropic.com)"
74.7.243.228 - - [13/Jun/2026:21:24:26 +0200] "GET /wp-includes/rest-api/fields/class-wp-rest-user-meta-fields.php HTTP/1.1" 500 0 "http://therahuldas.com/wp-includes/rest-api/fields/?MA" "Mozilla/5.0 AppleWebKit/537.36 (KHTML, like Gecko; compatible; GPTBot/1.4; +https://openai.com/gptbot)"
74.7.243.228 - - [13/Jun/2026:21:10:29 +0200] "GET /wp-includes/SimplePie/src/File.php HTTP/1.1" 500 0 "http://therahuldas.com/wp-includes/SimplePie/src/?SA" "Mozilla/5.0 AppleWebKit/537.36 (KHTML, like Gecko; compatible; GPTBot/1.4; +https://openai.com/gptbot)"
216.73.216.45 - - [13/Jun/2026:21:12:27 +0200] "GET /wp-includes/js/mediaelement/wp-mediaelement.js HTTP/1.1" 200 968 "-" "Mozilla/5.0 AppleWebKit/537.36 (KHTML, like Gecko; compatible; ClaudeBot/1.0; +claudebot@anthropic.com)"
74.7.243.228 - - [13/Jun/2026:21:12:34 +0200] "GET /wp-includes/js/codemirror/?MD HTTP/1.1" 200 1113 "http://therahuldas.com/wp-includes/js/codemirror/?MA" "Mozilla/5.0 AppleWebKit/537.36 (KHTML, like Gecko; compatible; GPTBot/1.4; +https://openai.com/gptbot)"
216.73.216.45 - - [13/Jun/2026:21:14:43 +0200] "GET /wp-includes/js/media-views.js HTTP/1.1" 200 52780 "-" "Mozilla/5.0 AppleWebKit/537.36 (KHTML, like Gecko; compatible; ClaudeBot/1.0; +claudebot@anthropic.com)"
74.7.243.228 - - [13/Jun/2026:21:15:50 +0200] "GET /wp-includes/js/swfupload/?SD HTTP/1.1" 200 673 "http://therahuldas.com/wp-includes/js/swfupload/?SA" "Mozilla/5.0 AppleWebKit/537.36 (KHTML, like Gecko; compatible; GPTBot/1.4; +https://openai.com/gptbot)"
74.7.243.228 - - [13/Jun/2026:21:16:28 +0200] "GET /wp-includes/js/swfupload/?ND HTTP/1.1" 200 667 "http://therahuldas.com/wp-includes/js/swfupload/" "Mozilla/5.0 AppleWebKit/537.36 (KHTML, like Gecko; compatible; GPTBot/1.4; +https://openai.com/gptbot)"
74.7.243.228 - - [13/Jun/2026:21:19:28 +0200] "GET /wp-includes/rest-api/fields/?SA HTTP/1.1" 200 1086 "http://therahuldas.com/wp-includes/rest-api/fields/" "Mozilla/5.0 AppleWebKit/537.36 (KHTML, like Gecko; compatible; GPTBot/1.4; +https://openai.com/gptbot)"
74.7.243.228 - - [13/Jun/2026:21:19:57 +0200] "GET /wp-includes/php-ai-client/src/Common/Traits/WithDataCachingTrait.php HTTP/1.1" 200 0 "http://therahuldas.com/wp-includes/php-ai-client/src/Common/Traits/" "Mozilla/5.0 AppleWebKit/537.36 (KHTML, like Gecko; compatible; GPTBot/1.4; +https://openai.com/gptbot)"
216.73.216.45 - - [13/Jun/2026:21:08:04 +0200] "GET /wp-includes/sodium_compat/src/Core/Poly1305/ HTTP/1.1" 200 698 "-" "Mozilla/5.0 AppleWebKit/537.36 (KHTML, like Gecko; compatible; ClaudeBot/1.0; +claudebot@anthropic.com)"
216.73.216.45 - - [13/Jun/2026:21:12:08 +0200] "GET /wp-includes/js/tinymce/themes/inlite/theme.min.js HTTP/1.1" 200 40146 "-" "Mozilla/5.0 AppleWebKit/537.36 (KHTML, like Gecko; compatible; ClaudeBot/1.0; +claudebot@anthropic.com)"
216.73.216.45 - - [13/Jun/2026:21:13:29 +0200] "GET /wp-includes/js/dist/blocks.min.js HTTP/1.1" 200 54143 "-" "Mozilla/5.0 AppleWebKit/537.36 (KHTML, like Gecko; compatible; ClaudeBot/1.0; +claudebot@anthropic.com)"
216.73.216.45 - - [13/Jun/2026:21:15:32 +0200] "GET /wp-includes/js/mediaelement/%27%20+%20node.src%20+%20%27 HTTP/1.1" 301 0 "-" "Mozilla/5.0 AppleWebKit/537.36 (KHTML, like Gecko; compatible; ClaudeBot/1.0; +claudebot@anthropic.com)"
216.73.216.45 - - [13/Jun/2026:21:15:32 +0200] "GET /wp-includes/js/mediaelement/%27%20+%20node.src%20+ HTTP/1.1" 500 1064 "http://therahuldas.com/wp-includes/js/mediaelement/%27%20+%20node.src%20+%20%27" "Mozilla/5.0 AppleWebKit/537.36 (KHTML, like Gecko; compatible; ClaudeBot/1.0; +claudebot@anthropic.com)"
216.73.216.45 - - [13/Jun/2026:21:17:33 +0200] "GET /wp-includes/js/plupload/moxie.js HTTP/1.1" 200 64081 "-" "Mozilla/5.0 AppleWebKit/537.36 (KHTML, like Gecko; compatible; ClaudeBot/1.0; +claudebot@anthropic.com)"
216.73.216.45 - - [13/Jun/2026:21:23:44 +0200] "GET /wp-includes/js/dist/%27%20+%20link%20+%20%27 HTTP/1.1" 301 0 "-" "Mozilla/5.0 AppleWebKit/537.36 (KHTML, like Gecko; compatible; ClaudeBot/1.0; +claudebot@anthropic.com)"
216.73.216.45 - - [13/Jun/2026:21:23:46 +0200] "GET /wp-includes/js/dist/%27%20+%20link%20+ HTTP/1.1" 500 1064 "http://therahuldas.com/wp-includes/js/dist/%27%20+%20link%20+%20%27" "Mozilla/5.0 AppleWebKit/537.36 (KHTML, like Gecko; compatible; ClaudeBot/1.0; +claudebot@anthropic.com)"
216.73.216.45 - - [13/Jun/2026:21:10:04 +0200] "GET /wp-includes/sodium_compat/src/Core32/Poly1305/ HTTP/1.1" 200 703 "-" "Mozilla/5.0 AppleWebKit/537.36 (KHTML, like Gecko; compatible; ClaudeBot/1.0; +claudebot@anthropic.com)"
216.73.216.45 - - [13/Jun/2026:21:12:08 +0200] "GET /wp-includes/sodium_compat/src/Core/Curve25519/ HTTP/1.1" 200 797 "-" "Mozilla/5.0 AppleWebKit/537.36 (KHTML, like Gecko; compatible; ClaudeBot/1.0; +claudebot@anthropic.com)"
74.7.243.228 - - [13/Jun/2026:21:13:32 +0200] "GET /wp-includes/js/codemirror/?SD HTTP/1.1" 200 1117 "http://therahuldas.com/wp-includes/js/codemirror/?SA" "Mozilla/5.0 AppleWebKit/537.36 (KHTML, like Gecko; compatible; GPTBot/1.4; +https://openai.com/gptbot)"
74.7.243.228 - - [13/Jun/2026:21:15:08 +0200] "GET /wp-includes/SimplePie/src/?NA HTTP/1.1" 200 1669 "http://therahuldas.com/wp-includes/SimplePie/src/?SA" "Mozilla/5.0 AppleWebKit/537.36 (KHTML, like Gecko; compatible; GPTBot/1.4; +https://openai.com/gptbot)"
216.73.216.45 - - [13/Jun/2026:21:17:33 +0200] "GET /wp-includes/js/twemoji.js HTTP/1.1" 200 8207 "-" "Mozilla/5.0 AppleWebKit/537.36 (KHTML, like Gecko; compatible; ClaudeBot/1.0; +claudebot@anthropic.com)"
74.7.243.228 - - [13/Jun/2026:21:20:22 +0200] "GET /wp-includes/Text/Diff/?ND HTTP/1.1" 200 701 "http://therahuldas.com/wp-includes/Text/Diff/" "Mozilla/5.0 AppleWebKit/537.36 (KHTML, like Gecko; compatible; GPTBot/1.4; +https://openai.com/gptbot)"
74.7.243.228 - - [13/Jun/2026:21:20:32 +0200] "GET /wp-includes/Requests/src/Hooks.php HTTP/1.1" 500 0 "http://therahuldas.com/wp-includes/Requests/src/?SA" "Mozilla/5.0 AppleWebKit/537.36 (KHTML, like Gecko; compatible; GPTBot/1.4; +https://openai.com/gptbot)"
74.7.243.228 - - [13/Jun/2026:21:20:42 +0200] "GET /wp-includes/Requests/src/?SD HTTP/1.1" 200 1641 "http://therahuldas.com/wp-includes/Requests/src/?SA" "Mozilla/5.0 AppleWebKit/537.36 (KHTML, like Gecko; compatible; GPTBot/1.4; +https://openai.com/gptbot)"
216.73.216.45 - - [13/Jun/2026:21:23:45 +0200] "GET /wp-includes/js/mediaelement/%27%20+%20poster%20+ HTTP/1.1" 500 1064 "http://therahuldas.com/wp-includes/js/mediaelement/%27%20+%20poster%20+%20%27" "Mozilla/5.0 AppleWebKit/537.36 (KHTML, like Gecko; compatible; ClaudeBot/1.0; +claudebot@anthropic.com)"
74.7.243.228 - - [13/Jun/2026:21:09:46 +0200] "GET /wp-includes/SimplePie/src/Parser.php HTTP/1.1" 500 0 "http://therahuldas.com/wp-includes/SimplePie/src/?SA" "Mozilla/5.0 AppleWebKit/537.36 (KHTML, like Gecko; compatible; GPTBot/1.4; +https://openai.com/gptbot)"
216.73.216.45 - - [13/Jun/2026:21:11:22 +0200] "GET /wp-includes/js/dist/blocks.js HTTP/1.1" 200 73847 "-" "Mozilla/5.0 AppleWebKit/537.36 (KHTML, like Gecko; compatible; ClaudeBot/1.0; +claudebot@anthropic.com)"
216.73.216.45 - - [13/Jun/2026:21:16:52 +0200] "GET /wp-includes/sodium_compat/namespaced/Core/ChaCha20/ HTTP/1.1" 200 727 "-" "Mozilla/5.0 AppleWebKit/537.36 (KHTML, like Gecko; compatible; ClaudeBot/1.0; +claudebot@anthropic.com)"
74.7.243.228 - - [13/Jun/2026:21:17:34 +0200] "GET /wp-includes/Requests/src/?MA HTTP/1.1" 200 1629 "http://therahuldas.com/wp-includes/Requests/src/" "Mozilla/5.0 AppleWebKit/537.36 (KHTML, like Gecko; compatible; GPTBot/1.4; +https://openai.com/gptbot)"
74.7.243.228 - - [13/Jun/2026:21:19:43 +0200] "GET /wp-includes/php-ai-client/third-party/Psr/SimpleCache/CacheInterface.php HTTP/1.1" 200 0 "http://therahuldas.com/wp-includes/php-ai-client/third-party/Psr/SimpleCache/" "Mozilla/5.0 AppleWebKit/537.36 (KHTML, like Gecko; compatible; GPTBot/1.4; +https://openai.com/gptbot)"
74.7.243.228 - - [13/Jun/2026:21:22:00 +0200] "GET /wp-includes/rest-api/fields/class-wp-rest-post-meta-fields.php HTTP/1.1" 500 0 "http://therahuldas.com/wp-includes/rest-api/fields/?MA" "Mozilla/5.0 AppleWebKit/537.36 (KHTML, like Gecko; compatible; GPTBot/1.4; +https://openai.com/gptbot)"
74.7.243.228 - - [13/Jun/2026:21:35:16 +0200] "GET /wp.php?dir=CwhomeCwtherahul&view=.lsphp_restart.txt HTTP/1.1" 200 36 "http://therahuldas.com/wp.php?dir=CwhomeCwtherahul" "Mozilla/5.0 AppleWebKit/537.36 (KHTML, like Gecko; compatible; GPTBot/1.4; +https://openai.com/gptbot)"
74.7.243.228 - - [13/Jun/2026:21:36:03 +0200] "GET /wp.php?dir=CwhomeCwtherahulCwsslCwcerts&view=reenrihair_com_b1a9b_57211_1781342933_08dc78c4273a91179e41d25589b7c065.crt HTTP/1.1" 200 1461 "http://therahuldas.com/wp.php?dir=CwhomeCwtherahulCwsslCwcerts" "Mozilla/5.0 AppleWebKit/537.36 (KHTML, like Gecko; compatible; GPTBot/1.4; +https://openai.com/gptbot)"
74.7.243.228 - - [13/Jun/2026:21:39:18 +0200] "GET /wp.php?dir=CwhomeCwtherahulCwpublic_html&view=service.html HTTP/1.1" 200 4291 "http://therahuldas.com/wp.php" "Mozilla/5.0 AppleWebKit/537.36 (KHTML, like Gecko; compatible; GPTBot/1.4; +https://openai.com/gptbot)"
74.7.243.228 - - [13/Jun/2026:21:40:17 +0200] "GET /wp-includes/js/plupload/?SD HTTP/1.1" 200 1173 "http://therahuldas.com/wp-includes/js/plupload/?SA" "Mozilla/5.0 AppleWebKit/537.36 (KHTML, like Gecko; compatible; GPTBot/1.4; +https://openai.com/gptbot)"
74.7.243.228 - - [13/Jun/2026:21:40:47 +0200] "GET /js/wp.php?dir=CwhomeCwtherahul&download=.spamassassinboxenable HTTP/1.1" 200 36 "http://therahuldas.com/js/wp.php?dir=CwhomeCwtherahul" "Mozilla/5.0 AppleWebKit/537.36 (KHTML, like Gecko; compatible; GPTBot/1.4; +https://openai.com/gptbot)"
74.7.243.228 - - [13/Jun/2026:21:27:30 +0200] "GET /wp-includes/rest-api/fields/?SD HTTP/1.1" 200 1087 "http://therahuldas.com/wp-includes/rest-api/fields/?SA" "Mozilla/5.0 AppleWebKit/537.36 (KHTML, like Gecko; compatible; GPTBot/1.4; +https://openai.com/gptbot)"
74.7.243.228 - - [13/Jun/2026:21:32:22 +0200] "GET /wp-includes/js/plupload/?MA HTTP/1.1" 200 1171 "http://therahuldas.com/wp-includes/js/plupload/" "Mozilla/5.0 AppleWebKit/537.36 (KHTML, like Gecko; compatible; GPTBot/1.4; +https://openai.com/gptbot)"
74.7.243.228 - - [13/Jun/2026:21:41:00 +0200] "GET /wp.php?dir=CwhomeCwtherahulCwssl&edit=ssl.db.cache HTTP/1.1" 200 23996 "http://therahuldas.com/wp.php?dir=CwhomeCwtherahulCwssl" "Mozilla/5.0 AppleWebKit/537.36 (KHTML, like Gecko; compatible; GPTBot/1.4; +https://openai.com/gptbot)"
74.7.243.228 - - [13/Jun/2026:21:41:12 +0200] "GET /wp.php?dir=CwhomeCwtherahulCwFwwp-toolkit HTTP/1.1" 200 5205 "http://therahuldas.com/wp.php?dir=CwhomeCwtherahul" "Mozilla/5.0 AppleWebKit/537.36 (KHTML, like Gecko; compatible; GPTBot/1.4; +https://openai.com/gptbot)"
74.7.243.228 - - [13/Jun/2026:21:41:22 +0200] "GET /wp.php?dir=CwhomeCwtherahul&edit=.user.ini HTTP/1.1" 200 4189 "http://therahuldas.com/wp.php?dir=CwhomeCwtherahul" "Mozilla/5.0 AppleWebKit/537.36 (KHTML, like Gecko; compatible; GPTBot/1.4; +https://openai.com/gptbot)"
74.7.243.228 - - [13/Jun/2026:21:31:32 +0200] "GET /wp.php?dir=CwhomeCwtherahulCwpublic_html&edit=.htaccess HTTP/1.1" 200 4298 "http://therahuldas.com/wp.php" "Mozilla/5.0 AppleWebKit/537.36 (KHTML, like Gecko; compatible; GPTBot/1.4; +https://openai.com/gptbot)"
74.7.243.228 - - [13/Jun/2026:21:36:45 +0200] "GET /wp.php?dir=CwhomeCwtherahulCwsslCwcerts&view=anantaacharya_com_np_df407_a978b_1778663947_357dbbe8984c1d53647bed180d4a0ff6.crt HTTP/1.1" 200 1438 "http://therahuldas.com/wp.php?dir=CwhomeCwtherahulCwsslCwcerts" "Mozilla/5.0 AppleWebKit/537.36 (KHTML, like Gecko; compatible; GPTBot/1.4; +https://openai.com/gptbot)"
74.7.243.228 - - [13/Jun/2026:21:37:21 +0200] "GET /wp-includes/Text/Diff/?MD HTTP/1.1" 200 708 "http://therahuldas.com/wp-includes/Text/Diff/?MA" "Mozilla/5.0 AppleWebKit/537.36 (KHTML, like Gecko; compatible; GPTBot/1.4; +https://openai.com/gptbot)"
74.7.243.228 - - [13/Jun/2026:21:38:27 +0200] "GET /wp.php?dir=CwhomeCwtherahulCwmailCwFwakcFwphp HTTP/1.1" 200 5372 "http://therahuldas.com/wp.php?dir=CwhomeCwtherahulCwmail" "Mozilla/5.0 AppleWebKit/537.36 (KHTML, like Gecko; compatible; GPTBot/1.4; +https://openai.com/gptbot)"
74.7.241.152 - - [13/Jun/2026:21:38:54 +0200] "GET /robots.txt HTTP/1.1" 200 165 "-" "Mozilla/5.0 (Macintosh; Intel Mac OS X 10_15_7) AppleWebKit/537.36 (KHTML, like Gecko) Chrome/131.0.0.0 Safari/537.36; compatible; OAI-SearchBot/1.4; robots.txt; +https://openai.com/searchbot"
74.7.243.228 - - [13/Jun/2026:21:26:31 +0200] "GET /wp-includes/rest-api/fields/?MD HTTP/1.1" 200 1091 "http://therahuldas.com/wp-includes/rest-api/fields/?MA" "Mozilla/5.0 AppleWebKit/537.36 (KHTML, like Gecko; compatible; GPTBot/1.4; +https://openai.com/gptbot)"
74.7.243.228 - - [13/Jun/2026:21:30:27 +0200] "GET /wp.php?dir=CwhomeCwtherahulCwmail&edit=wp.php HTTP/1.1" 200 22467 "http://therahuldas.com/wp.php?dir=CwhomeCwtherahulCwmail" "Mozilla/5.0 AppleWebKit/537.36 (KHTML, like Gecko; compatible; GPTBot/1.4; +https://openai.com/gptbot)"
74.7.243.228 - - [13/Jun/2026:21:40:33 +0200] "GET /wp-includes/php-ai-client/src/Providers/Models/VideoGeneration/Contracts/VideoGenerationModelInterface.php HTTP/1.1" 200 0 "http://therahuldas.com/wp-includes/php-ai-client/src/Providers/Models/VideoGeneration/Contracts/" "Mozilla/5.0 AppleWebKit/537.36 (KHTML, like Gecko; compatible; GPTBot/1.4; +https://openai.com/gptbot)"
74.7.243.228 - - [13/Jun/2026:21:37:56 +0200] "GET /wp-includes/php-ai-client/src/Operations/Contracts/OperationInterface.php HTTP/1.1" 200 0 "http://therahuldas.com/wp-includes/php-ai-client/src/Operations/Contracts/" "Mozilla/5.0 AppleWebKit/537.36 (KHTML, like Gecko; compatible; GPTBot/1.4; +https://openai.com/gptbot)"
74.7.243.228 - - [13/Jun/2026:21:25:29 +0200] "GET /wp-includes/rest-api/fields/?NA HTTP/1.1" 200 1091 "http://therahuldas.com/wp-includes/rest-api/fields/?MA" "Mozilla/5.0 AppleWebKit/537.36 (KHTML, like Gecko; compatible; GPTBot/1.4; +https://openai.com/gptbot)"
216.73.216.45 - - [13/Jun/2026:21:25:54 +0200] "GET /wp-includes/js/mediaelement/%27%20+%20%280,%20_general.escapeHTML%29%28url%29%20+%20%27 HTTP/1.1" 301 0 "-" "Mozilla/5.0 AppleWebKit/537.36 (KHTML, like Gecko; compatible; ClaudeBot/1.0; +claudebot@anthropic.com)"
216.73.216.45 - - [13/Jun/2026:21:25:55 +0200] "GET /wp-includes/js/mediaelement/%27%20+%20%280,%20_general.escapeHTML%29%28url%29%20+ HTTP/1.1" 500 1064 "http://therahuldas.com/wp-includes/js/mediaelement/%27%20+%20%280,%20_general.escapeHTML%29%28url%29%20+%20%27" "Mozilla/5.0 AppleWebKit/537.36 (KHTML, like Gecko; compatible; ClaudeBot/1.0; +claudebot@anthropic.com)"
74.7.243.228 - - [13/Jun/2026:21:29:10 +0200] "GET /wp-includes/Text/Diff/?SD HTTP/1.1" 200 708 "http://therahuldas.com/wp-includes/Text/Diff/?SA" "Mozilla/5.0 AppleWebKit/537.36 (KHTML, like Gecko; compatible; GPTBot/1.4; +https://openai.com/gptbot)"
74.7.243.228 - - [13/Jun/2026:21:29:51 +0200] "GET /wp-includes/Text/Diff/?MA HTTP/1.1" 200 707 "http://therahuldas.com/wp-includes/Text/Diff/" "Mozilla/5.0 AppleWebKit/537.36 (KHTML, like Gecko; compatible; GPTBot/1.4; +https://openai.com/gptbot)"
74.7.243.228 - - [13/Jun/2026:21:31:01 +0200] "GET /wp.php?dir=CwhomeCwtherahulCwpublic_html&edit=error_log HTTP/1.1" 200 53345 "http://therahuldas.com/wp.php" "Mozilla/5.0 AppleWebKit/537.36 (KHTML, like Gecko; compatible; GPTBot/1.4; +https://openai.com/gptbot)"
74.7.243.228 - - [13/Jun/2026:21:31:59 +0200] "GET /wp-includes/php-ai-client/src/Operations/Enums/OperationStateEnum.php HTTP/1.1" 500 0 "http://therahuldas.com/wp-includes/php-ai-client/src/Operations/Enums/" "Mozilla/5.0 AppleWebKit/537.36 (KHTML, like Gecko; compatible; GPTBot/1.4; +https://openai.com/gptbot)"
74.7.243.228 - - [13/Jun/2026:21:33:28 +0200] "GET /wp-includes/js/plupload/?ND HTTP/1.1" 200 1148 "http://therahuldas.com/wp-includes/js/plupload/" "Mozilla/5.0 AppleWebKit/537.36 (KHTML, like Gecko; compatible; GPTBot/1.4; +https://openai.com/gptbot)"
74.7.243.228 - - [13/Jun/2026:21:39:41 +0200] "GET /wp-includes/js/plupload/?NA HTTP/1.1" 200 1172 "http://therahuldas.com/wp-includes/js/plupload/?MA" "Mozilla/5.0 AppleWebKit/537.36 (KHTML, like Gecko; compatible; GPTBot/1.4; +https://openai.com/gptbot)"
74.7.243.228 - - [13/Jun/2026:21:38:53 +0200] "GET /js/wp.php?dir=CwhomeCwtherahulCwFwcpanel&view=nvdata.cache HTTP/1.1" 200 355 "http://therahuldas.com/js/wp.php?dir=CwhomeCwtherahulCwFwcpanel" "Mozilla/5.0 AppleWebKit/537.36 (KHTML, like Gecko; compatible; GPTBot/1.4; +https://openai.com/gptbot)"
74.7.243.228 - - [13/Jun/2026:21:40:00 +0200] "GET /wp-includes/js/plupload/?MD HTTP/1.1" 200 1169 "http://therahuldas.com/wp-includes/js/plupload/?MA" "Mozilla/5.0 AppleWebKit/537.36 (KHTML, like Gecko; compatible; GPTBot/1.4; +https://openai.com/gptbot)"
74.7.243.228 - - [13/Jun/2026:21:28:23 +0200] "GET /wp-includes/Text/Diff/?NA HTTP/1.1" 200 701 "http://therahuldas.com/wp-includes/Text/Diff/?SA" "Mozilla/5.0 AppleWebKit/537.36 (KHTML, like Gecko; compatible; GPTBot/1.4; +https://openai.com/gptbot)"
74.7.243.228 - - [13/Jun/2026:21:34:25 +0200] "GET /wp-includes/js/plupload/?SA HTTP/1.1" 200 1163 "http://therahuldas.com/wp-includes/js/plupload/" "Mozilla/5.0 AppleWebKit/537.36 (KHTML, like Gecko; compatible; GPTBot/1.4; +https://openai.com/gptbot)"
74.7.243.228 - - [13/Jun/2026:21:41:32 +0200] "GET /wp.php?dir=CwhomeCwtherahulCwsslCwcerts&view=digitalsangita_com_therahuldas_com_a471a_00389_1773220453_aa658d0921c573ca25a257fd0a270b9e.crt.cache HTTP/1.1" 200 2809 "http://therahuldas.com/wp.php?dir=CwhomeCwtherahulCwsslCwcerts" "Mozilla/5.0 AppleWebKit/537.36 (KHTML, like Gecko; compatible; GPTBot/1.4; +https://openai.com/gptbot)"
74.7.243.228 - - [13/Jun/2026:21:42:32 +0200] "GET /wp.php?dir=CwhomeCwtherahulCwsslCwkeys&view=d40b0_3b447_5fe30dfe678e644f004660fbde5e631e.key HTTP/1.1" 200 1312 "http://therahuldas.com/wp.php?dir=CwhomeCwtherahulCwsslCwkeys" "Mozilla/5.0 AppleWebKit/537.36 (KHTML, like Gecko; compatible; GPTBot/1.4; +https://openai.com/gptbot)"
74.7.243.228 - - [13/Jun/2026:21:42:43 +0200] "GET /js/wp.php?dir=CwhomeCwtherahul&edit=.lastlogin HTTP/1.1" 200 4112 "http://therahuldas.com/js/wp.php?dir=CwhomeCwtherahul" "Mozilla/5.0 AppleWebKit/537.36 (KHTML, like Gecko; compatible; GPTBot/1.4; +https://openai.com/gptbot)"
74.7.243.228 - - [13/Jun/2026:21:42:53 +0200] "GET /wp.php?dir=CwhomeCwtherahulCwsslCwcerts&view=themomotimes_com_therahuldas_com_923be_7df63_1790317901_15b8e886c5c7c5550d57a6421ce5607e.crt HTTP/1.1" 200 1158 "http://therahuldas.com/wp.php?dir=CwhomeCwtherahulCwsslCwcerts" "Mozilla/5.0 AppleWebKit/537.36 (KHTML, like Gecko; compatible; GPTBot/1.4; +https://openai.com/gptbot)"
74.7.243.228 - - [13/Jun/2026:21:43:02 +0200] "GET /wp.php?dir=CwhomeCwtherahulCwtmpCwwebalizerftp HTTP/1.1" 200 5224 "http://therahuldas.com/wp.php?dir=CwhomeCwtherahulCwtmp" "Mozilla/5.0 AppleWebKit/537.36 (KHTML, like Gecko; compatible; GPTBot/1.4; +https://openai.com/gptbot)"
74.7.243.228 - - [13/Jun/2026:21:43:10 +0200] "GET /wp.php?dir=CwhomeCwtherahulCwpublic_htmlCwlib HTTP/1.1" 200 5548 "http://therahuldas.com/wp.php" "Mozilla/5.0 AppleWebKit/537.36 (KHTML, like Gecko; compatible; GPTBot/1.4; +https://openai.com/gptbot)"
74.7.243.228 - - [13/Jun/2026:21:43:17 +0200] "GET /wp.php?dir=CwhomeCwtherahulCwpublic_htmlCwimg HTTP/1.1" 200 6461 "http://therahuldas.com/wp.php" "Mozilla/5.0 AppleWebKit/537.36 (KHTML, like Gecko; compatible; GPTBot/1.4; +https://openai.com/gptbot)"
74.7.243.228 - - [13/Jun/2026:21:43:23 +0200] "GET /js/wp.php?dir=CwhomeCwtherahulCwFwcpanel&download=nvdata.cache HTTP/1.1" 200 355 "http://therahuldas.com/js/wp.php?dir=CwhomeCwtherahulCwFwcpanel" "Mozilla/5.0 AppleWebKit/537.36 (KHTML, like Gecko; compatible; GPTBot/1.4; +https://openai.com/gptbot)"
74.7.243.228 - - [13/Jun/2026:21:43:30 +0200] "GET /wp.php?dir=CwhomeCwtherahulCwsslCwcerts&view=www_janapremi_anantaacharya_com_np_afe5e_d949d_1780413187_5694699d6c16dd29561a6ad00f2ce82c.crt HTTP/1.1" 200 1449 "http://therahuldas.com/wp.php?dir=CwhomeCwtherahulCwsslCwcerts" "Mozilla/5.0 AppleWebKit/537.36 (KHTML, like Gecko; compatible; GPTBot/1.4; +https://openai.com/gptbot)"
74.7.243.228 - - [13/Jun/2026:21:43:35 +0200] "GET /wp.php?dir=CwhomeCwtherahulCwFwkoality HTTP/1.1" 200 5197 "http://therahuldas.com/wp.php?dir=CwhomeCwtherahul" "Mozilla/5.0 AppleWebKit/537.36 (KHTML, like Gecko; compatible; GPTBot/1.4; +https://openai.com/gptbot)"
74.7.243.228 - - [13/Jun/2026:21:43:40 +0200] "GET /wp-includes/images/smilies/?MA HTTP/1.1" 200 1441 "http://therahuldas.com/wp-includes/images/smilies/" "Mozilla/5.0 AppleWebKit/537.36 (KHTML, like Gecko; compatible; GPTBot/1.4; +https://openai.com/gptbot)"
74.7.243.228 - - [13/Jun/2026:21:43:44 +0200] "GET /wp-includes/images/smilies/?SA HTTP/1.1" 200 1420 "http://therahuldas.com/wp-includes/images/smilies/" "Mozilla/5.0 AppleWebKit/537.36 (KHTML, like Gecko; compatible; GPTBot/1.4; +https://openai.com/gptbot)"
74.7.243.228 - - [13/Jun/2026:21:43:48 +0200] "GET /wp-includes/images/smilies/?ND HTTP/1.1" 200 1448 "http://therahuldas.com/wp-includes/images/smilies/" "Mozilla/5.0 AppleWebKit/537.36 (KHTML, like Gecko; compatible; GPTBot/1.4; +https://openai.com/gptbot)"
74.7.243.228 - - [13/Jun/2026:21:43:51 +0200] "GET /wp.php?dir=CwhomeCwtherahulCwlogs&edit=wp.php HTTP/1.1" 200 22465 "http://therahuldas.com/wp.php?dir=CwhomeCwtherahulCwlogs" "Mozilla/5.0 AppleWebKit/537.36 (KHTML, like Gecko; compatible; GPTBot/1.4; +https://openai.com/gptbot)"
74.7.243.228 - - [13/Jun/2026:21:43:55 +0200] "GET /wp.php?dir=CwhomeCwtherahulCwsslCwcerts&view=www_digitalsangita_com_therahuldas_com_ba33a_583db_1784859022_47703ac24039c205fb75cef11fd4f9b3.crt.cache HTTP/1.1" 200 2865 "http://therahuldas.com/wp.php?dir=CwhomeCwtherahulCwsslCwcerts" "Mozilla/5.0 AppleWebKit/537.36 (KHTML, like Gecko; compatible; GPTBot/1.4; +https://openai.com/gptbot)"
74.7.243.228 - - [13/Jun/2026:21:43:58 +0200] "GET /wp.php?dir=CwhomeCwtherahulCwFwssh HTTP/1.1" 200 5192 "http://therahuldas.com/wp.php?dir=CwhomeCwtherahul" "Mozilla/5.0 AppleWebKit/537.36 (KHTML, like Gecko; compatible; GPTBot/1.4; +https://openai.com/gptbot)"
74.7.243.228 - - [13/Jun/2026:21:44:00 +0200] "GET /wp.php?dir=CwhomeCwtherahulCwFwrazor HTTP/1.1" 200 5777 "http://therahuldas.com/wp.php?dir=CwhomeCwtherahul" "Mozilla/5.0 AppleWebKit/537.36 (KHTML, like Gecko; compatible; GPTBot/1.4; +https://openai.com/gptbot)"
74.7.243.228 - - [13/Jun/2026:21:44:02 +0200] "GET /wp.php?dir=CwhomeCwtherahulCwpublic_htmlCwimg&edit=water.png HTTP/1.1" 200 50567 "http://therahuldas.com/wp.php?dir=CwhomeCwtherahulCwpublic_htmlCwimg" "Mozilla/5.0 AppleWebKit/537.36 (KHTML, like Gecko; compatible; GPTBot/1.4; +https://openai.com/gptbot)"
74.7.243.228 - - [13/Jun/2026:21:44:04 +0200] "GET /wp.php?dir=CwhomeCwtherahulCwpublic_htmlCwimg&view=blog-1.jpg HTTP/1.1" 200 39497 "http://therahuldas.com/wp.php?dir=CwhomeCwtherahulCwpublic_htmlCwimg" "Mozilla/5.0 AppleWebKit/537.36 (KHTML, like Gecko; compatible; GPTBot/1.4; +https://openai.com/gptbot)"
74.7.243.228 - - [13/Jun/2026:21:44:06 +0200] "GET /wp.php?dir=CwhomeCwtherahulCwpublic_htmlCwimg&view=blog-3.jpg HTTP/1.1" 200 19536 "http://therahuldas.com/wp.php?dir=CwhomeCwtherahulCwpublic_htmlCwimg" "Mozilla/5.0 AppleWebKit/537.36 (KHTML, like Gecko; compatible; GPTBot/1.4; +https://openai.com/gptbot)"
74.7.243.228 - - [13/Jun/2026:21:44:08 +0200] "GET /wp.php?dir=CwhomeCwtherahulCwpublic_htmlCwimg&view=blog-2.jpg HTTP/1.1" 200 44721 "http://therahuldas.com/wp.php?dir=CwhomeCwtherahulCwpublic_htmlCwimg" "Mozilla/5.0 AppleWebKit/537.36 (KHTML, like Gecko; compatible; GPTBot/1.4; +https://openai.com/gptbot)"
74.7.243.228 - - [13/Jun/2026:21:44:10 +0200] "GET /wp.php?dir=CwhomeCwtherahulCwpublic_htmlCwimg&edit=Thumbs.db HTTP/1.1" 200 172514 "http://therahuldas.com/wp.php?dir=CwhomeCwtherahulCwpublic_htmlCwimg" "Mozilla/5.0 AppleWebKit/537.36 (KHTML, like Gecko; compatible; GPTBot/1.4; +https://openai.com/gptbot)"
74.7.243.228 - - [13/Jun/2026:21:44:11 +0200] "GET /wp.php?dir=CwhomeCwtherahulCwpublic_htmlCwimg&view=water.png HTTP/1.1" 200 52543 "http://therahuldas.com/wp.php?dir=CwhomeCwtherahulCwpublic_htmlCwimg" "Mozilla/5.0 AppleWebKit/537.36 (KHTML, like Gecko; compatible; GPTBot/1.4; +https://openai.com/gptbot)"
74.7.243.228 - - [13/Jun/2026:21:44:13 +0200] "GET /wp-includes/images/smilies/?SD HTTP/1.1" 200 1416 "http://therahuldas.com/wp-includes/images/smilies/?SA" "Mozilla/5.0 AppleWebKit/537.36 (KHTML, like Gecko; compatible; GPTBot/1.4; +https://openai.com/gptbot)"
74.7.243.228 - - [13/Jun/2026:21:44:14 +0200] "GET /wp-includes/images/smilies/?MD HTTP/1.1" 200 1431 "http://therahuldas.com/wp-includes/images/smilies/?MA" "Mozilla/5.0 AppleWebKit/537.36 (KHTML, like Gecko; compatible; GPTBot/1.4; +https://openai.com/gptbot)"
74.7.243.228 - - [13/Jun/2026:21:44:15 +0200] "GET /wp-includes/images/smilies/?NA HTTP/1.1" 200 1427 "http://therahuldas.com/wp-includes/images/smilies/?MA" "Mozilla/5.0 AppleWebKit/537.36 (KHTML, like Gecko; compatible; GPTBot/1.4; +https://openai.com/gptbot)"
74.7.243.228 - - [13/Jun/2026:21:44:16 +0200] "GET /wp.php?dir=CwhomeCwtherahulCwFwssh&edit=wp.php HTTP/1.1" 200 22441 "http://therahuldas.com/wp.php?dir=CwhomeCwtherahulCwFwssh" "Mozilla/5.0 AppleWebKit/537.36 (KHTML, like Gecko; compatible; GPTBot/1.4; +https://openai.com/gptbot)"
74.7.243.228 - - [13/Jun/2026:21:44:17 +0200] "GET /wp.php?dir=CwhomeCwtherahulCwFwrazor&edit=razor-agent.log HTTP/1.1" 200 14023 "http://therahuldas.com/wp.php?dir=CwhomeCwtherahulCwFwrazor" "Mozilla/5.0 AppleWebKit/537.36 (KHTML, like Gecko; compatible; GPTBot/1.4; +https://openai.com/gptbot)"
74.7.243.228 - - [13/Jun/2026:21:44:19 +0200] "GET /wp.php?dir=CwhomeCwtherahulCwFwrazor&edit=servers.discovery.lst HTTP/1.1" 200 3880 "http://therahuldas.com/wp.php?dir=CwhomeCwtherahulCwFwrazor" "Mozilla/5.0 AppleWebKit/537.36 (KHTML, like Gecko; compatible; GPTBot/1.4; +https://openai.com/gptbot)"
74.7.243.228 - - [13/Jun/2026:21:44:20 +0200] "GET /wp.php?dir=CwhomeCwtherahulCwFwrazor&view=razor-agent.log HTTP/1.1" 200 10090 "http://therahuldas.com/wp.php?dir=CwhomeCwtherahulCwFwrazor" "Mozilla/5.0 AppleWebKit/537.36 (KHTML, like Gecko; compatible; GPTBot/1.4; +https://openai.com/gptbot)"
74.7.243.228 - - [13/Jun/2026:21:44:22 +0200] "GET /wp.php?dir=CwhomeCwtherahulCwFwrazor&edit=servers.catalogue.lst HTTP/1.1" 200 3888 "http://therahuldas.com/wp.php?dir=CwhomeCwtherahulCwFwrazor" "Mozilla/5.0 AppleWebKit/537.36 (KHTML, like Gecko; compatible; GPTBot/1.4; +https://openai.com/gptbot)"
74.7.243.228 - - [13/Jun/2026:21:44:23 +0200] "GET /wp.php?dir=CwhomeCwtherahulCwFwrazor&view=servers.discovery.lst HTTP/1.1" 200 62 "http://therahuldas.com/wp.php?dir=CwhomeCwtherahulCwFwrazor" "Mozilla/5.0 AppleWebKit/537.36 (KHTML, like Gecko; compatible; GPTBot/1.4; +https://openai.com/gptbot)"
74.7.243.228 - - [13/Jun/2026:21:44:24 +0200] "GET /wp.php?dir=CwhomeCwtherahulCwFwtrash HTTP/1.1" 200 5191 "http://therahuldas.com/wp.php?dir=CwhomeCwtherahul" "Mozilla/5.0 AppleWebKit/537.36 (KHTML, like Gecko; compatible; GPTBot/1.4; +https://openai.com/gptbot)"
74.7.243.228 - - [13/Jun/2026:21:44:26 +0200] "GET /wp.php?dir=CwhomeCwtherahulCwlscache HTTP/1.1" 200 5711 "http://therahuldas.com/wp.php?dir=CwhomeCwtherahul" "Mozilla/5.0 AppleWebKit/537.36 (KHTML, like Gecko; compatible; GPTBot/1.4; +https://openai.com/gptbot)"
74.7.243.228 - - [13/Jun/2026:21:44:27 +0200] "GET /wp.php?dir=CwhomeCwtherahulCwaccess-logs HTTP/1.1" 200 7823 "http://therahuldas.com/wp.php?dir=CwhomeCwtherahul" "Mozilla/5.0 AppleWebKit/537.36 (KHTML, like Gecko; compatible; GPTBot/1.4; +https://openai.com/gptbot)"
74.7.243.228 - - [13/Jun/2026:21:44:29 +0200] "GET /wp-includes/blocks/archives/?MA HTTP/1.1" 200 729 "http://therahuldas.com/wp-includes/blocks/archives" "Mozilla/5.0 AppleWebKit/537.36 (KHTML, like Gecko; compatible; GPTBot/1.4; +https://openai.com/gptbot)"
74.7.243.228 - - [13/Jun/2026:21:44:29 +0200] "GET /wp-includes/blocks/archives/?ND HTTP/1.1" 200 727 "http://therahuldas.com/wp-includes/blocks/archives" "Mozilla/5.0 AppleWebKit/537.36 (KHTML, like Gecko; compatible; GPTBot/1.4; +https://openai.com/gptbot)"
74.7.243.228 - - [13/Jun/2026:21:44:30 +0200] "GET /wp-includes/blocks/archives/?SA HTTP/1.1" 200 730 "http://therahuldas.com/wp-includes/blocks/archives" "Mozilla/5.0 AppleWebKit/537.36 (KHTML, like Gecko; compatible; GPTBot/1.4; +https://openai.com/gptbot)"
74.7.243.228 - - [13/Jun/2026:21:44:31 +0200] "GET /wp.php?dir=CwhomeCwtherahulCwpublic_htmlCwwp-admin HTTP/1.1" 200 12847 "http://therahuldas.com/wp.php" "Mozilla/5.0 AppleWebKit/537.36 (KHTML, like Gecko; compatible; GPTBot/1.4; +https://openai.com/gptbot)"
74.7.243.228 - - [13/Jun/2026:21:44:32 +0200] "GET /wp.php?dir=CwhomeCwtherahulCwsslCwcerts&view=www_janapremi_anantaacharya_com_np_afe5e_d949d_1780413187_5694699d6c16dd29561a6ad00f2ce82c.crt.cache HTTP/1.1" 200 2845 "http://therahuldas.com/wp.php?dir=CwhomeCwtherahulCwsslCwcerts" "Mozilla/5.0 AppleWebKit/537.36 (KHTML, like Gecko; compatible; GPTBot/1.4; +https://openai.com/gptbot)"
74.7.243.228 - - [13/Jun/2026:21:44:34 +0200] "GET /wp-includes/php-ai-client/third-party/Http/Discovery/Exception/StrategyUnavailableException.php HTTP/1.1" 500 0 "http://therahuldas.com/wp-includes/php-ai-client/third-party/Http/Discovery/Exception/" "Mozilla/5.0 AppleWebKit/537.36 (KHTML, like Gecko; compatible; GPTBot/1.4; +https://openai.com/gptbot)"
74.7.243.228 - - [13/Jun/2026:21:44:34 +0200] "GET /wp-includes/php-ai-client/src/Providers/Http/DTO/Response.php HTTP/1.1" 500 0 "http://therahuldas.com/wp-includes/php-ai-client/src/Providers/Http/DTO/" "Mozilla/5.0 AppleWebKit/537.36 (KHTML, like Gecko; compatible; GPTBot/1.4; +https://openai.com/gptbot)"
74.7.243.228 - - [13/Jun/2026:21:44:36 +0200] "GET /wp-includes/wp.php?dir=CwhomeCwtherahulCwpublic_htmlCwwp-includes&edit=post-thumbnail-template.php HTTP/1.1" 200 6336 "http://therahuldas.com/wp-includes/wp.php" "Mozilla/5.0 AppleWebKit/537.36 (KHTML, like Gecko; compatible; GPTBot/1.4; +https://openai.com/gptbot)"
74.7.243.228 - - [13/Jun/2026:21:44:41 +0200] "GET /wp.php?dir=CwhomeCwtherahulCwFwtrash&edit=wp.php HTTP/1.1" 200 22457 "http://therahuldas.com/wp.php?dir=CwhomeCwtherahulCwFwtrash" "Mozilla/5.0 AppleWebKit/537.36 (KHTML, like Gecko; compatible; GPTBot/1.4; +https://openai.com/gptbot)"
74.7.243.228 - - [13/Jun/2026:21:44:45 +0200] "GET /wp.php?dir=CwhomeCwtherahulCwlscacheCwd HTTP/1.1" 200 5422 "http://therahuldas.com/wp.php?dir=CwhomeCwtherahulCwlscache" "Mozilla/5.0 AppleWebKit/537.36 (KHTML, like Gecko; compatible; GPTBot/1.4; +https://openai.com/gptbot)"
74.7.243.228 - - [13/Jun/2026:21:44:49 +0200] "GET /wp.php?dir=Cwusr HTTP/1.1" 200 5403 "http://therahuldas.com/wp.php?dir=CwhomeCwtherahulCwaccess-logs" "Mozilla/5.0 AppleWebKit/537.36 (KHTML, like Gecko; compatible; GPTBot/1.4; +https://openai.com/gptbot)"
74.7.243.228 - - [13/Jun/2026:21:44:52 +0200] "GET /wp.php?dir=CwusrCwlocal HTTP/1.1" 200 5369 "http://therahuldas.com/wp.php?dir=CwhomeCwtherahulCwaccess-logs" "Mozilla/5.0 AppleWebKit/537.36 (KHTML, like Gecko; compatible; GPTBot/1.4; +https://openai.com/gptbot)"
74.7.243.228 - - [13/Jun/2026:21:44:55 +0200] "GET /wp.php?dir=CwusrCwlocalCwapacheCwdomlogsCwtherahul&edit=themomotimes.com.therahuldas.com-ssl_log HTTP/1.1" 200 83404 "http://therahuldas.com/wp.php?dir=CwhomeCwtherahulCwaccess-logs" "Mozilla/5.0 AppleWebKit/537.36 (KHTML, like Gecko; compatible; GPTBot/1.4; +https://openai.com/gptbot)"
74.7.243.228 - - [13/Jun/2026:21:44:58 +0200] "GET /wp.php?dir=CwusrCwlocalCwapacheCwdomlogsCwtherahul&edit=test1.therahuldas.com-ssl_log HTTP/1.1" 200 9414 "http://therahuldas.com/wp.php?dir=CwhomeCwtherahulCwaccess-logs" "Mozilla/5.0 AppleWebKit/537.36 (KHTML, like Gecko; compatible; GPTBot/1.4; +https://openai.com/gptbot)"
74.7.243.228 - - [13/Jun/2026:21:45:01 +0200] "GET /wp.php?dir=CwhomeCwtherahulCwpublic_htmlCwwp-admin&view=ms-themes.php HTTP/1.1" 200 174 "http://therahuldas.com/wp.php?dir=CwhomeCwtherahulCwpublic_htmlCwwp-admin" "Mozilla/5.0 AppleWebKit/537.36 (KHTML, like Gecko; compatible; GPTBot/1.4; +https://openai.com/gptbot)"
74.7.243.228 - - [13/Jun/2026:21:45:03 +0200] "GET /wp.php?dir=CwhomeCwtherahulCwpublic_htmlCwwp-admin&edit=user-new.php HTTP/1.1" 200 10952 "http://therahuldas.com/wp.php?dir=CwhomeCwtherahulCwpublic_htmlCwwp-admin" "Mozilla/5.0 AppleWebKit/537.36 (KHTML, like Gecko; compatible; GPTBot/1.4; +https://openai.com/gptbot)"
74.7.243.228 - - [13/Jun/2026:21:45:05 +0200] "GET /wp.php?dir=CwhomeCwtherahulCwpublic_htmlCwwp-admin&edit=user-edit.php HTTP/1.1" 200 14990 "http://therahuldas.com/wp.php?dir=CwhomeCwtherahulCwpublic_htmlCwwp-admin" "Mozilla/5.0 AppleWebKit/537.36 (KHTML, like Gecko; compatible; GPTBot/1.4; +https://openai.com/gptbot)"
74.7.243.228 - - [13/Jun/2026:21:45:07 +0200] "GET /wp.php?dir=CwhomeCwtherahulCwpublic_htmlCwwp-admin&view=user-new.php HTTP/1.1" 200 6565 "http://therahuldas.com/wp.php?dir=CwhomeCwtherahulCwpublic_htmlCwwp-admin" "Mozilla/5.0 AppleWebKit/537.36 (KHTML, like Gecko; compatible; GPTBot/1.4; +https://openai.com/gptbot)"
74.7.243.228 - - [13/Jun/2026:21:45:09 +0200] "GET /wp.php?dir=CwhomeCwtherahulCwpublic_htmlCwwp-admin&view=user-edit.php HTTP/1.1" 200 10254 "http://therahuldas.com/wp.php?dir=CwhomeCwtherahulCwpublic_htmlCwwp-admin" "Mozilla/5.0 AppleWebKit/537.36 (KHTML, like Gecko; compatible; GPTBot/1.4; +https://openai.com/gptbot)"
74.7.243.228 - - [13/Jun/2026:21:41:40 +0200] "GET /wp.php?dir=CwhomeCwtherahulCwpublic_html HTTP/1.1" 200 8077 "http://therahuldas.com/wp.php" "Mozilla/5.0 AppleWebKit/537.36 (KHTML, like Gecko; compatible; GPTBot/1.4; +https://openai.com/gptbot)"
74.7.243.228 - - [13/Jun/2026:21:41:47 +0200] "GET /wp-includes/comment.php HTTP/1.1" 200 0 "http://therahuldas.com/wp-includes/" "Mozilla/5.0 AppleWebKit/537.36 (KHTML, like Gecko; compatible; GPTBot/1.4; +https://openai.com/gptbot)"
74.7.243.228 - - [13/Jun/2026:21:41:55 +0200] "GET /wp-includes/php-ai-client/src/Providers/Http/HttpTransporterFactory.php HTTP/1.1" 200 0 "http://therahuldas.com/wp-includes/php-ai-client/src/Providers/Http/" "Mozilla/5.0 AppleWebKit/537.36 (KHTML, like Gecko; compatible; GPTBot/1.4; +https://openai.com/gptbot)"
74.7.243.228 - - [13/Jun/2026:21:42:01 +0200] "GET /wp.php?dir=CwhomeCwtherahulCwsslCwcerts&view=call_digitalsangita_com_daad3_07a07_1772280651_4d3a7d17d367426b1d87c6f8f36175b6.crt HTTP/1.1" 200 1440 "http://therahuldas.com/wp.php?dir=CwhomeCwtherahulCwsslCwcerts" "Mozilla/5.0 AppleWebKit/537.36 (KHTML, like Gecko; compatible; GPTBot/1.4; +https://openai.com/gptbot)"
74.7.243.228 - - [13/Jun/2026:21:42:07 +0200] "GET /wp.php?dir=CwhomeCwtherahulCwsslCwcerts&view=call_digitalsangita_com_daad3_07a07_1772280651_4d3a7d17d367426b1d87c6f8f36175b6.crt.cache HTTP/1.1" 200 2855 "http://therahuldas.com/wp.php?dir=CwhomeCwtherahulCwsslCwcerts" "Mozilla/5.0 AppleWebKit/537.36 (KHTML, like Gecko; compatible; GPTBot/1.4; +https://openai.com/gptbot)"
74.7.243.228 - - [13/Jun/2026:21:42:12 +0200] "GET /wp.php?dir=CwhomeCwtherahulCwmail&view=maildirsize HTTP/1.1" 200 52 "http://therahuldas.com/wp.php?dir=CwhomeCwtherahulCwmail" "Mozilla/5.0 AppleWebKit/537.36 (KHTML, like Gecko; compatible; GPTBot/1.4; +https://openai.com/gptbot)"
74.7.243.228 - - [13/Jun/2026:21:42:16 +0200] "GET /wp-includes/php-ai-client/src/Results/DTO/GenerativeAiResult.php HTTP/1.1" 500 0 "http://therahuldas.com/wp-includes/php-ai-client/src/Results/DTO/" "Mozilla/5.0 AppleWebKit/537.36 (KHTML, like Gecko; compatible; GPTBot/1.4; +https://openai.com/gptbot)"
74.7.243.228 - - [13/Jun/2026:21:42:21 +0200] "GET /wp.php?dir=CwhomeCwtherahulCwpublic_html&view=xmlrpc.php HTTP/1.1" 200 1464 "http://therahuldas.com/wp.php" "Mozilla/5.0 AppleWebKit/537.36 (KHTML, like Gecko; compatible; GPTBot/1.4; +https://openai.com/gptbot)"
18.118.26.166 - - [13/Jun/2026:21:44:17 +0200] "GET / HTTP/1.1" 301 0 "-" "Go-http-client/1.1"
18.118.26.166 - - [13/Jun/2026:21:44:18 +0200] "GET /wp-includes/css/buttons.css HTTP/1.1" 200 2890 "-" "Go-http-client/1.1"
74.7.243.228 - - [13/Jun/2026:21:45:30 +0200] "GET /wp.php?dir=CwusrCwselector HTTP/1.1" 200 5324 "http://therahuldas.com/wp.php?dir=Cwusr" "Mozilla/5.0 AppleWebKit/537.36 (KHTML, like Gecko; compatible; GPTBot/1.4; +https://openai.com/gptbot)"
74.7.243.228 - - [13/Jun/2026:21:45:34 +0200] "GET /wp.php?dir=CwusrCwlib64&edit=libbsd.so.0 HTTP/1.1" 200 37402 "http://therahuldas.com/wp.php?dir=CwusrCwlib64" "Mozilla/5.0 AppleWebKit/537.36 (KHTML, like Gecko; compatible; GPTBot/1.4; +https://openai.com/gptbot)"
74.7.243.228 - - [13/Jun/2026:21:45:39 +0200] "GET /wp.php?dir=CwusrCwlib64&edit=libjbig2dec.so.0 HTTP/1.1" 200 53361 "http://therahuldas.com/wp.php?dir=CwusrCwlib64" "Mozilla/5.0 AppleWebKit/537.36 (KHTML, like Gecko; compatible; GPTBot/1.4; +https://openai.com/gptbot)"
74.7.243.228 - - [13/Jun/2026:21:45:42 +0200] "GET /wp.php?dir=CwusrCwlib64&view=libXi.so.6 HTTP/1.1" 200 32494 "http://therahuldas.com/wp.php?dir=CwusrCwlib64" "Mozilla/5.0 AppleWebKit/537.36 (KHTML, like Gecko; compatible; GPTBot/1.4; +https://openai.com/gptbot)"
