74.7.243.228 - - [13/Jun/2026:16:33:30 +0200] "GET /wp-includes/php-ai-client/src/Providers/Models/TextGeneration/ HTTP/1.1" 200 647 "http://therahuldas.com/wp-includes/php-ai-client/src/Providers/Models/" "Mozilla/5.0 AppleWebKit/537.36 (KHTML, like Gecko; compatible; GPTBot/1.4; +https://openai.com/gptbot)"
74.7.243.228 - - [13/Jun/2026:16:37:06 +0200] "GET /wp-includes/php-ai-client/src/Providers/Models/SpeechGeneration/ HTTP/1.1" 200 648 "http://therahuldas.com/wp-includes/php-ai-client/src/Providers/Models/" "Mozilla/5.0 AppleWebKit/537.36 (KHTML, like Gecko; compatible; GPTBot/1.4; +https://openai.com/gptbot)"
74.7.243.228 - - [13/Jun/2026:16:38:25 +0200] "GET /wp-includes/php-ai-client/src/Providers/Models/Enums/ HTTP/1.1" 200 687 "http://therahuldas.com/wp-includes/php-ai-client/src/Providers/Models/" "Mozilla/5.0 AppleWebKit/537.36 (KHTML, like Gecko; compatible; GPTBot/1.4; +https://openai.com/gptbot)"
74.7.243.228 - - [13/Jun/2026:16:39:54 +0200] "GET /wp-includes/Requests/src/Transport/Curl.php HTTP/1.1" 500 0 "http://therahuldas.com/wp-includes/Requests/src/Transport/" "Mozilla/5.0 AppleWebKit/537.36 (KHTML, like Gecko; compatible; GPTBot/1.4; +https://openai.com/gptbot)"
216.73.216.45 - - [13/Jun/2026:16:43:56 +0200] "GET /uploads/index.php HTTP/1.1" 301 0 "-" "Mozilla/5.0 AppleWebKit/537.36 (KHTML, like Gecko; compatible; ClaudeBot/1.0; +claudebot@anthropic.com)"
74.7.243.228 - - [13/Jun/2026:15:41:23 +0200] "GET /wp-includes/Requests/src/Exception/Http/Status401.php HTTP/1.1" 500 0 "http://therahuldas.com/wp-includes/Requests/src/Exception/Http/" "Mozilla/5.0 AppleWebKit/537.36 (KHTML, like Gecko; compatible; GPTBot/1.4; +https://openai.com/gptbot)"
74.7.243.228 - - [13/Jun/2026:15:59:58 +0200] "GET /wp-includes/php-ai-client/src/Providers/Http/Contracts/ HTTP/1.1" 200 785 "http://therahuldas.com/wp-includes/php-ai-client/src/Providers/Http/" "Mozilla/5.0 AppleWebKit/537.36 (KHTML, like Gecko; compatible; GPTBot/1.4; +https://openai.com/gptbot)"
74.7.243.228 - - [13/Jun/2026:16:02:18 +0200] "GET /wp-includes/js/dist/script-modules/block-library/tabs/view.js HTTP/1.1" 200 1659 "http://therahuldas.com/wp-includes/js/dist/script-modules/block-library/tabs/" "Mozilla/5.0 AppleWebKit/537.36 (KHTML, like Gecko; compatible; GPTBot/1.4; +https://openai.com/gptbot)"
74.7.243.228 - - [13/Jun/2026:16:11:16 +0200] "GET /wp-includes/js/dist/script-modules/latex-to-mathml/index.min.js HTTP/1.1" 200 53728 "http://therahuldas.com/wp-includes/js/dist/script-modules/latex-to-mathml/" "Mozilla/5.0 AppleWebKit/537.36 (KHTML, like Gecko; compatible; GPTBot/1.4; +https://openai.com/gptbot)"
74.7.243.228 - - [13/Jun/2026:16:12:24 +0200] "GET /wp-includes/php-ai-client/src/Providers/ApiBasedImplementation/Contracts/ HTTP/1.1" 200 684 "http://therahuldas.com/wp-includes/php-ai-client/src/Providers/ApiBasedImplementation/" "Mozilla/5.0 AppleWebKit/537.36 (KHTML, like Gecko; compatible; GPTBot/1.4; +https://openai.com/gptbot)"
74.7.243.228 - - [13/Jun/2026:16:26:35 +0200] "GET /wp-includes/SimplePie/src/Cache/BaseDataCache.php HTTP/1.1" 500 0 "http://therahuldas.com/wp-includes/SimplePie/src/Cache/" "Mozilla/5.0 AppleWebKit/537.36 (KHTML, like Gecko; compatible; GPTBot/1.4; +https://openai.com/gptbot)"
74.7.243.228 - - [13/Jun/2026:16:28:09 +0200] "GET /wp-includes/js/dist/script-modules/route/index.js HTTP/1.1" 200 37698 "http://therahuldas.com/wp-includes/js/dist/script-modules/route/" "Mozilla/5.0 AppleWebKit/537.36 (KHTML, like Gecko; compatible; GPTBot/1.4; +https://openai.com/gptbot)"
74.7.243.228 - - [13/Jun/2026:16:29:55 +0200] "GET /wp-includes/js/dist/script-modules/boot/index.js HTTP/1.1" 200 21103 "http://therahuldas.com/wp-includes/js/dist/script-modules/boot/" "Mozilla/5.0 AppleWebKit/537.36 (KHTML, like Gecko; compatible; GPTBot/1.4; +https://openai.com/gptbot)"
74.7.243.228 - - [13/Jun/2026:16:30:40 +0200] "GET /wp-includes/php-compat/?SD HTTP/1.1" 200 680 "http://therahuldas.com/wp-includes/php-compat/?SA" "Mozilla/5.0 AppleWebKit/537.36 (KHTML, like Gecko; compatible; GPTBot/1.4; +https://openai.com/gptbot)"
74.7.243.228 - - [13/Jun/2026:16:31:23 +0200] "GET /wp-includes/php-compat/?MD HTTP/1.1" 200 680 "http://therahuldas.com/wp-includes/php-compat/?MA" "Mozilla/5.0 AppleWebKit/537.36 (KHTML, like Gecko; compatible; GPTBot/1.4; +https://openai.com/gptbot)"
74.7.243.228 - - [13/Jun/2026:16:35:31 +0200] "GET /wp-includes/php-ai-client/src/Providers/Models/VideoGeneration/ HTTP/1.1" 200 645 "http://therahuldas.com/wp-includes/php-ai-client/src/Providers/Models/" "Mozilla/5.0 AppleWebKit/537.36 (KHTML, like Gecko; compatible; GPTBot/1.4; +https://openai.com/gptbot)"
216.73.216.45 - - [13/Jun/2026:16:43:55 +0200] "GET /wp-content/cache/index.php HTTP/1.1" 301 0 "-" "Mozilla/5.0 AppleWebKit/537.36 (KHTML, like Gecko; compatible; ClaudeBot/1.0; +claudebot@anthropic.com)"
216.73.216.45 - - [13/Jun/2026:16:44:02 +0200] "GET /wp-content/cache/ HTTP/1.1" 500 1064 "http://therahuldas.com/wp-content/cache/index.php" "Mozilla/5.0 AppleWebKit/537.36 (KHTML, like Gecko; compatible; ClaudeBot/1.0; +claudebot@anthropic.com)"
74.7.243.228 - - [13/Jun/2026:16:44:09 +0200] "GET /wp-includes/js/tinymce/plugins/wpgallery/'+tinymce.Env.transparentSrc+' HTTP/1.1" 301 0 "http://therahuldas.com/wp-includes/js/tinymce/plugins/wpgallery/plugin.min.js" "Mozilla/5.0 AppleWebKit/537.36 (KHTML, like Gecko; compatible; GPTBot/1.4; +https://openai.com/gptbot)"
74.7.243.228 - - [13/Jun/2026:16:01:48 +0200] "GET /wp-includes/js/dist/script-modules/block-library/file/view.js HTTP/1.1" 200 393 "http://therahuldas.com/wp-includes/js/dist/script-modules/block-library/file/" "Mozilla/5.0 AppleWebKit/537.36 (KHTML, like Gecko; compatible; GPTBot/1.4; +https://openai.com/gptbot)"
74.7.243.228 - - [13/Jun/2026:16:02:46 +0200] "GET /wp-includes/js/dist/script-modules/block-library/tabs/view.min.js HTTP/1.1" 200 825 "http://therahuldas.com/wp-includes/js/dist/script-modules/block-library/tabs/" "Mozilla/5.0 AppleWebKit/537.36 (KHTML, like Gecko; compatible; GPTBot/1.4; +https://openai.com/gptbot)"
74.7.243.228 - - [13/Jun/2026:16:09:04 +0200] "GET /wp-content/uploads/index.php HTTP/1.1" 301 0 "https://email.therahuldas.com" "Mozilla/5.0 AppleWebKit/537.36 (KHTML, like Gecko; compatible; GPTBot/1.4; +https://openai.com/gptbot)"
74.7.243.228 - - [13/Jun/2026:16:09:05 +0200] "GET /wp-content/uploads/ HTTP/1.1" 200 1402 "http://therahuldas.com/wp-content/uploads/index.php" "Mozilla/5.0 AppleWebKit/537.36 (KHTML, like Gecko; compatible; GPTBot/1.4; +https://openai.com/gptbot)"
74.7.243.228 - - [13/Jun/2026:16:18:22 +0200] "GET /wp-includes/Text/Diff/Engine/shell.php HTTP/1.1" 200 0 "http://therahuldas.com/wp-includes/Text/Diff/Engine/" "Mozilla/5.0 AppleWebKit/537.36 (KHTML, like Gecko; compatible; GPTBot/1.4; +https://openai.com/gptbot)"
74.7.243.228 - - [13/Jun/2026:16:23:35 +0200] "GET /wp-includes/php-compat/?ND HTTP/1.1" 200 681 "http://therahuldas.com/wp-includes/php-compat/" "Mozilla/5.0 AppleWebKit/537.36 (KHTML, like Gecko; compatible; GPTBot/1.4; +https://openai.com/gptbot)"
74.7.243.228 - - [13/Jun/2026:16:25:58 +0200] "GET /wp-includes/php-ai-client/src/Providers/Models/ HTTP/1.1" 200 1055 "http://therahuldas.com/wp-includes/php-ai-client/src/Providers/" "Mozilla/5.0 AppleWebKit/537.36 (KHTML, like Gecko; compatible; GPTBot/1.4; +https://openai.com/gptbot)"
74.7.243.228 - - [13/Jun/2026:16:36:21 +0200] "GET /wp-includes/php-ai-client/src/Providers/Models/Contracts/ HTTP/1.1" 200 660 "http://therahuldas.com/wp-includes/php-ai-client/src/Providers/Models/" "Mozilla/5.0 AppleWebKit/537.36 (KHTML, like Gecko; compatible; GPTBot/1.4; +https://openai.com/gptbot)"
74.7.243.228 - - [13/Jun/2026:16:38:59 +0200] "GET /wp-includes/php-ai-client/src/Providers/Models/TextToSpeechConversion/ HTTP/1.1" 200 653 "http://therahuldas.com/wp-includes/php-ai-client/src/Providers/Models/" "Mozilla/5.0 AppleWebKit/537.36 (KHTML, like Gecko; compatible; GPTBot/1.4; +https://openai.com/gptbot)"
74.7.243.228 - - [13/Jun/2026:16:40:19 +0200] "GET /wp-includes/Requests/src/Response/Headers.php HTTP/1.1" 500 0 "http://therahuldas.com/wp-includes/Requests/src/Response/" "Mozilla/5.0 AppleWebKit/537.36 (KHTML, like Gecko; compatible; GPTBot/1.4; +https://openai.com/gptbot)"
216.73.216.45 - - [13/Jun/2026:16:43:55 +0200] "GET /admin/plugin/uploadify/btn.gif HTTP/1.1" 500 1064 "-" "Mozilla/5.0 AppleWebKit/537.36 (KHTML, like Gecko; compatible; ClaudeBot/1.0; +claudebot@anthropic.com)"
216.73.216.45 - - [13/Jun/2026:16:44:52 +0200] "GET /README.md HTTP/1.1" 500 1064 "-" "Mozilla/5.0 AppleWebKit/537.36 (KHTML, like Gecko; compatible; ClaudeBot/1.0; +claudebot@anthropic.com)"
74.7.243.228 - - [13/Jun/2026:16:51:57 +0200] "GET /wp-includes/php-ai-client/third-party/Psr/Http/Client/ HTTP/1.1" 200 719 "http://therahuldas.com/wp-includes/php-ai-client/third-party/Psr/Http/" "Mozilla/5.0 AppleWebKit/537.36 (KHTML, like Gecko; compatible; GPTBot/1.4; +https://openai.com/gptbot)"
74.7.243.228 - - [13/Jun/2026:16:52:30 +0200] "GET /wp-includes/sodium_compat/src/Core/Curve25519/Ge/P3.php HTTP/1.1" 200 0 "http://therahuldas.com/wp-includes/sodium_compat/src/Core/Curve25519/Ge/" "Mozilla/5.0 AppleWebKit/537.36 (KHTML, like Gecko; compatible; GPTBot/1.4; +https://openai.com/gptbot)"
74.7.243.228 - - [13/Jun/2026:16:54:39 +0200] "GET /wp-includes/SimplePie/index.php HTTP/1.1" 301 0 "https://email.therahuldas.com" "Mozilla/5.0 AppleWebKit/537.36 (KHTML, like Gecko; compatible; GPTBot/1.4; +https://openai.com/gptbot)"
74.7.243.228 - - [13/Jun/2026:15:47:46 +0200] "GET /wp-includes/Requests/src/Exception/Http/Status412.php HTTP/1.1" 500 0 "http://therahuldas.com/wp-includes/Requests/src/Exception/Http/" "Mozilla/5.0 AppleWebKit/537.36 (KHTML, like Gecko; compatible; GPTBot/1.4; +https://openai.com/gptbot)"
74.7.243.228 - - [13/Jun/2026:15:48:52 +0200] "GET /wp-includes/Requests/src/Exception/Http/StatusUnknown.php HTTP/1.1" 500 0 "http://therahuldas.com/wp-includes/Requests/src/Exception/Http/" "Mozilla/5.0 AppleWebKit/537.36 (KHTML, like Gecko; compatible; GPTBot/1.4; +https://openai.com/gptbot)"
74.7.243.228 - - [13/Jun/2026:15:53:30 +0200] "GET /wp-includes/SimplePie/src/Content/Type/ HTTP/1.1" 200 639 "http://therahuldas.com/wp-includes/SimplePie/src/Content/" "Mozilla/5.0 AppleWebKit/537.36 (KHTML, like Gecko; compatible; GPTBot/1.4; +https://openai.com/gptbot)"
74.7.243.228 - - [13/Jun/2026:15:54:31 +0200] "GET /wp-includes/Requests/src/Auth/error_log HTTP/1.1" 403 787 "http://therahuldas.com/wp-includes/Requests/src/Auth/" "Mozilla/5.0 AppleWebKit/537.36 (KHTML, like Gecko; compatible; GPTBot/1.4; +https://openai.com/gptbot)"
74.7.243.228 - - [13/Jun/2026:16:00:38 +0200] "GET /wp-includes/js/dist/script-modules/block-library/form/view.js HTTP/1.1" 200 550 "http://therahuldas.com/wp-includes/js/dist/script-modules/block-library/form/" "Mozilla/5.0 AppleWebKit/537.36 (KHTML, like Gecko; compatible; GPTBot/1.4; +https://openai.com/gptbot)"
74.7.243.228 - - [13/Jun/2026:16:03:33 +0200] "GET /wp-includes/php-ai-client/src/Providers/Http/Enums/RequestAuthenticationMethod.php HTTP/1.1" 500 0 "http://therahuldas.com/wp-includes/php-ai-client/src/Providers/Http/Enums/" "Mozilla/5.0 AppleWebKit/537.36 (KHTML, like Gecko; compatible; GPTBot/1.4; +https://openai.com/gptbot)"
74.7.243.228 - - [13/Jun/2026:16:29:06 +0200] "GET /wp-includes/js/dist/script-modules/boot/index.min.js HTTP/1.1" 200 15723 "http://therahuldas.com/wp-includes/js/dist/script-modules/boot/" "Mozilla/5.0 AppleWebKit/537.36 (KHTML, like Gecko; compatible; GPTBot/1.4; +https://openai.com/gptbot)"
74.7.243.228 - - [13/Jun/2026:16:43:20 +0200] "GET /wp-includes/js/jquery/ui/core.js HTTP/1.1" 200 12968 "http://therahuldas.com/wp-includes/js/jquery/ui/" "Mozilla/5.0 AppleWebKit/537.36 (KHTML, like Gecko; compatible; GPTBot/1.4; +https://openai.com/gptbot)"
216.73.216.45 - - [13/Jun/2026:16:43:56 +0200] "GET /wp-admin HTTP/1.1" 301 795 "-" "Mozilla/5.0 AppleWebKit/537.36 (KHTML, like Gecko; compatible; ClaudeBot/1.0; +claudebot@anthropic.com)"
216.73.216.45 - - [13/Jun/2026:16:43:56 +0200] "GET /wp-admin/ HTTP/1.1" 302 0 "http://therahuldas.com/wp-admin" "Mozilla/5.0 AppleWebKit/537.36 (KHTML, like Gecko; compatible; ClaudeBot/1.0; +claudebot@anthropic.com)"
74.7.243.228 - - [13/Jun/2026:16:45:56 +0200] "GET /wp-includes/Requests/src/Transport/error_log HTTP/1.1" 403 787 "http://therahuldas.com/wp-includes/Requests/src/Transport/" "Mozilla/5.0 AppleWebKit/537.36 (KHTML, like Gecko; compatible; GPTBot/1.4; +https://openai.com/gptbot)"
74.7.243.228 - - [13/Jun/2026:16:46:57 +0200] "GET /wp-includes/php-ai-client/src/Common/Contracts/ HTTP/1.1" 200 768 "http://therahuldas.com/wp-includes/php-ai-client/src/Common/" "Mozilla/5.0 AppleWebKit/537.36 (KHTML, like Gecko; compatible; GPTBot/1.4; +https://openai.com/gptbot)"
74.7.243.228 - - [13/Jun/2026:16:51:18 +0200] "GET /wp-includes/SimplePie/src/Cache/NameFilter.php HTTP/1.1" 200 0 "http://therahuldas.com/wp-includes/SimplePie/src/Cache/" "Mozilla/5.0 AppleWebKit/537.36 (KHTML, like Gecko; compatible; GPTBot/1.4; +https://openai.com/gptbot)"
74.7.243.228 - - [13/Jun/2026:16:55:17 +0200] "GET /wp-includes/js/tinymce/utils/index.php HTTP/1.1" 301 0 "https://email.therahuldas.com" "Mozilla/5.0 AppleWebKit/537.36 (KHTML, like Gecko; compatible; GPTBot/1.4; +https://openai.com/gptbot)"
74.7.243.228 - - [13/Jun/2026:16:16:01 +0200] "GET /wp-includes/js/dist/script-modules/block-library/form/view.min.js HTTP/1.1" 200 407 "http://therahuldas.com/wp-includes/js/dist/script-modules/block-library/form/" "Mozilla/5.0 AppleWebKit/537.36 (KHTML, like Gecko; compatible; GPTBot/1.4; +https://openai.com/gptbot)"
74.7.243.228 - - [13/Jun/2026:16:21:36 +0200] "GET /wp-includes/php-compat/?SA HTTP/1.1" 200 679 "http://therahuldas.com/wp-includes/php-compat/" "Mozilla/5.0 AppleWebKit/537.36 (KHTML, like Gecko; compatible; GPTBot/1.4; +https://openai.com/gptbot)"
74.7.243.228 - - [13/Jun/2026:16:24:27 +0200] "GET /wp-includes/SimplePie/src/Content/Type/Sniffer.php HTTP/1.1" 200 0 "http://therahuldas.com/wp-includes/SimplePie/src/Content/Type/" "Mozilla/5.0 AppleWebKit/537.36 (KHTML, like Gecko; compatible; GPTBot/1.4; +https://openai.com/gptbot)"
74.7.243.228 - - [13/Jun/2026:16:25:15 +0200] "GET /wp-includes/js/dist/script-modules/workflow/index.min.asset.php HTTP/1.1" 200 0 "http://therahuldas.com/wp-includes/js/dist/script-modules/workflow/" "Mozilla/5.0 AppleWebKit/537.36 (KHTML, like Gecko; compatible; GPTBot/1.4; +https://openai.com/gptbot)"
216.73.216.45 - - [13/Jun/2026:16:43:56 +0200] "GET /admin/index.php HTTP/1.1" 301 0 "-" "Mozilla/5.0 AppleWebKit/537.36 (KHTML, like Gecko; compatible; ClaudeBot/1.0; +claudebot@anthropic.com)"
216.73.216.45 - - [13/Jun/2026:16:43:56 +0200] "GET /static/warn/close.php HTTP/1.1" 500 1064 "-" "Mozilla/5.0 AppleWebKit/537.36 (KHTML, like Gecko; compatible; ClaudeBot/1.0; +claudebot@anthropic.com)"
216.73.216.45 - - [13/Jun/2026:16:44:03 +0200] "GET /admin/ HTTP/1.1" 302 0 "http://therahuldas.com/admin/index.php" "Mozilla/5.0 AppleWebKit/537.36 (KHTML, like Gecko; compatible; ClaudeBot/1.0; +claudebot@anthropic.com)"
74.7.243.228 - - [13/Jun/2026:16:44:55 +0200] "GET /wp-includes/Requests/src/Exception/error_log HTTP/1.1" 403 787 "http://therahuldas.com/wp-includes/Requests/src/Exception/" "Mozilla/5.0 AppleWebKit/537.36 (KHTML, like Gecko; compatible; GPTBot/1.4; +https://openai.com/gptbot)"
74.7.243.228 - - [13/Jun/2026:16:54:16 +0200] "GET /wp-includes/js/tinymce/skins/lightgray/fonts/tinymce-small.eot HTTP/1.1" 200 4924 "http://therahuldas.com/wp-includes/js/tinymce/skins/lightgray/fonts/" "Mozilla/5.0 AppleWebKit/537.36 (KHTML, like Gecko; compatible; GPTBot/1.4; +https://openai.com/gptbot)"
74.7.243.228 - - [13/Jun/2026:17:00:55 +0200] "GET /service.html HTTP/1.1" 200 3940 "http://therahuldas.com/wp.php?dir=CwhomeCwtherahulCwpublic_html&view=blog.html" "Mozilla/5.0 AppleWebKit/537.36 (KHTML, like Gecko; compatible; GPTBot/1.4; +https://openai.com/gptbot)"
65.21.228.101 - - [13/Jun/2026:17:01:33 +0200] "GET /.well-known/acme-challenge/2VNXHPGJQ6RJU9HA8QAMNH6Z_2HS4TRD HTTP/1.1" 200 64 "-" "Cpanel-HTTP-Client/1.0"
65.21.228.101 - - [13/Jun/2026:17:01:33 +0200] "GET /.well-known/acme-challenge/NN0SKTUWXFN3D73PJKFIBW2YE1MG5LYE HTTP/1.1" 200 64 "-" "Cpanel-HTTP-Client/1.0"
74.7.243.228 - - [13/Jun/2026:17:02:31 +0200] "GET /about.html HTTP/1.1" 200 3874 "http://therahuldas.com/wp.php?dir=CwhomeCwtherahulCwpublic_html&view=blog.html" "Mozilla/5.0 AppleWebKit/537.36 (KHTML, like Gecko; compatible; GPTBot/1.4; +https://openai.com/gptbot)"
74.7.243.228 - - [13/Jun/2026:17:06:05 +0200] "GET /img/blog-1.jpg HTTP/1.1" 200 39447 "http://therahuldas.com/wp.php?dir=CwhomeCwtherahulCwpublic_html&view=blog.html" "Mozilla/5.0 AppleWebKit/537.36 (KHTML, like Gecko; compatible; GPTBot/1.4; +https://openai.com/gptbot)"
74.7.243.228 - - [13/Jun/2026:17:07:35 +0200] "GET /img/testimonial-3.jpg HTTP/1.1" 200 4945 "http://therahuldas.com/testimonial.html" "Mozilla/5.0 AppleWebKit/537.36 (KHTML, like Gecko; compatible; GPTBot/1.4; +https://openai.com/gptbot)"
74.7.243.228 - - [13/Jun/2026:17:07:46 +0200] "GET /img/testimonial-2.jpg HTTP/1.1" 200 4421 "http://therahuldas.com/testimonial.html" "Mozilla/5.0 AppleWebKit/537.36 (KHTML, like Gecko; compatible; GPTBot/1.4; +https://openai.com/gptbot)"
74.7.243.228 - - [13/Jun/2026:17:07:55 +0200] "GET /img/testimonial-1.jpg HTTP/1.1" 200 5183 "http://therahuldas.com/testimonial.html" "Mozilla/5.0 AppleWebKit/537.36 (KHTML, like Gecko; compatible; GPTBot/1.4; +https://openai.com/gptbot)"
74.7.243.228 - - [13/Jun/2026:17:08:04 +0200] "GET /img/about.jpg HTTP/1.1" 200 45962 "http://therahuldas.com/about.html" "Mozilla/5.0 AppleWebKit/537.36 (KHTML, like Gecko; compatible; GPTBot/1.4; +https://openai.com/gptbot)"
74.7.243.228 - - [13/Jun/2026:17:08:11 +0200] "GET /img/team-3.jpg HTTP/1.1" 200 31153 "http://therahuldas.com/team.html" "Mozilla/5.0 AppleWebKit/537.36 (KHTML, like Gecko; compatible; GPTBot/1.4; +https://openai.com/gptbot)"
74.7.243.228 - - [13/Jun/2026:17:08:18 +0200] "GET /img/team-4.jpg HTTP/1.1" 200 24203 "http://therahuldas.com/team.html" "Mozilla/5.0 AppleWebKit/537.36 (KHTML, like Gecko; compatible; GPTBot/1.4; +https://openai.com/gptbot)"
74.7.243.228 - - [13/Jun/2026:17:08:23 +0200] "GET /lib/owlcarousel/+a+ HTTP/1.1" 500 1064 "http://therahuldas.com/lib/owlcarousel/owl.carousel.min.js" "Mozilla/5.0 AppleWebKit/537.36 (KHTML, like Gecko; compatible; GPTBot/1.4; +https://openai.com/gptbot)"
74.7.243.228 - - [13/Jun/2026:17:09:16 +0200] "GET /img/product-1.png HTTP/1.1" 200 28863 "http://therahuldas.com/product.html" "Mozilla/5.0 AppleWebKit/537.36 (KHTML, like Gecko; compatible; GPTBot/1.4; +https://openai.com/gptbot)"
74.7.243.228 - - [13/Jun/2026:17:09:28 +0200] "GET /img/product-2.png HTTP/1.1" 200 26836 "http://therahuldas.com/product.html" "Mozilla/5.0 AppleWebKit/537.36 (KHTML, like Gecko; compatible; GPTBot/1.4; +https://openai.com/gptbot)"
74.7.243.228 - - [13/Jun/2026:17:09:39 +0200] "GET /img/product-3.png HTTP/1.1" 200 16828 "http://therahuldas.com/product.html" "Mozilla/5.0 AppleWebKit/537.36 (KHTML, like Gecko; compatible; GPTBot/1.4; +https://openai.com/gptbot)"
74.7.243.228 - - [13/Jun/2026:17:09:48 +0200] "GET /wp.php?dir=CwhomeCwtherahulCwlogs&edit=themomotimes.com.therahuldas.com-ssl_log-Jun-2026.gz HTTP/1.1" 200 8702466 "http://therahuldas.com/wp.php?dir=CwhomeCwtherahulCwlogs" "Mozilla/5.0 AppleWebKit/537.36 (KHTML, like Gecko; compatible; GPTBot/1.4; +https://openai.com/gptbot)"
74.7.243.228 - - [13/Jun/2026:17:09:57 +0200] "GET /lib/owlcarousel/assets/owl.carousel.min.css HTTP/1.1" 200 789 "http://therahuldas.com/wp.php?dir=CwhomeCwtherahulCwpublic_html&view=blog.html" "Mozilla/5.0 AppleWebKit/537.36 (KHTML, like Gecko; compatible; GPTBot/1.4; +https://openai.com/gptbot)"
74.7.243.228 - - [13/Jun/2026:17:10:05 +0200] "GET /contact.html HTTP/1.1" 200 3801 "http://therahuldas.com/wp.php?dir=CwhomeCwtherahulCwpublic_html&view=blog.html" "Mozilla/5.0 AppleWebKit/537.36 (KHTML, like Gecko; compatible; GPTBot/1.4; +https://openai.com/gptbot)"
74.7.243.228 - - [13/Jun/2026:17:10:13 +0200] "GET /lib/animate/animate.min.css HTTP/1.1" 200 2507 "http://therahuldas.com/wp.php?dir=CwhomeCwtherahulCwpublic_html&view=blog.html" "Mozilla/5.0 AppleWebKit/537.36 (KHTML, like Gecko; compatible; GPTBot/1.4; +https://openai.com/gptbot)"
74.7.243.228 - - [13/Jun/2026:17:10:19 +0200] "GET /wp-includes/js/dist/script-modules/latex-to-mathml/$%7Butils.escape(this.href)%7D HTTP/1.1" 301 0 "http://therahuldas.com/wp-includes/js/dist/script-modules/latex-to-mathml/index.js" "Mozilla/5.0 AppleWebKit/537.36 (KHTML, like Gecko; compatible; GPTBot/1.4; +https://openai.com/gptbot)"
74.7.243.228 - - [13/Jun/2026:17:10:21 +0200] "GET /wp-includes/js/dist/script-modules/latex-to-mathml/%7Butils.escape(this.href HTTP/1.1" 500 1064 "http://therahuldas.com/wp-includes/js/dist/script-modules/latex-to-mathml/$%7Butils.escape(this.href)%7D" "Mozilla/5.0 AppleWebKit/537.36 (KHTML, like Gecko; compatible; GPTBot/1.4; +https://openai.com/gptbot)"
74.7.243.228 - - [13/Jun/2026:17:10:43 +0200] "GET /wp-includes/js/tinymce/skins/lightgray/fonts/tinymce-small.ttf HTTP/1.1" 200 4864 "http://therahuldas.com/wp-includes/js/tinymce/skins/lightgray/fonts/" "Mozilla/5.0 AppleWebKit/537.36 (KHTML, like Gecko; compatible; GPTBot/1.4; +https://openai.com/gptbot)"
216.73.216.45 - - [13/Jun/2026:16:43:54 +0200] "GET /robots.txt HTTP/1.1" 200 165 "-" "Mozilla/5.0 AppleWebKit/537.36 (KHTML, like Gecko; compatible; ClaudeBot/1.0; +claudebot@anthropic.com)"
216.73.216.45 - - [13/Jun/2026:16:43:55 +0200] "GET //zwso.php HTTP/1.1" 301 0 "-" "Mozilla/5.0 AppleWebKit/537.36 (KHTML, like Gecko; compatible; ClaudeBot/1.0; +claudebot@anthropic.com)"
216.73.216.45 - - [13/Jun/2026:16:43:59 +0200] "GET /zwso.php HTTP/1.1" 500 1064 "http://therahuldas.com//zwso.php" "Mozilla/5.0 AppleWebKit/537.36 (KHTML, like Gecko; compatible; ClaudeBot/1.0; +claudebot@anthropic.com)"
216.73.216.45 - - [13/Jun/2026:16:44:52 +0200] "GET /index.html HTTP/1.1" 500 1064 "-" "Mozilla/5.0 AppleWebKit/537.36 (KHTML, like Gecko; compatible; ClaudeBot/1.0; +claudebot@anthropic.com)"
74.7.243.228 - - [13/Jun/2026:16:53:52 +0200] "GET /wp-includes/js/tinymce/skins/lightgray/fonts/tinymce-small.svg HTTP/1.1" 200 7406 "http://therahuldas.com/wp-includes/js/tinymce/skins/lightgray/fonts/" "Mozilla/5.0 AppleWebKit/537.36 (KHTML, like Gecko; compatible; GPTBot/1.4; +https://openai.com/gptbot)"
74.7.243.228 - - [13/Jun/2026:16:54:59 +0200] "GET /wp-includes/SimplePie/src/Cache/Memcache.php HTTP/1.1" 500 0 "http://therahuldas.com/wp-includes/SimplePie/src/Cache/" "Mozilla/5.0 AppleWebKit/537.36 (KHTML, like Gecko; compatible; GPTBot/1.4; +https://openai.com/gptbot)"
74.7.243.228 - - [13/Jun/2026:17:03:49 +0200] "GET /product.html HTTP/1.1" 200 3198 "http://therahuldas.com/wp.php?dir=CwhomeCwtherahulCwpublic_html&view=blog.html" "Mozilla/5.0 AppleWebKit/537.36 (KHTML, like Gecko; compatible; GPTBot/1.4; +https://openai.com/gptbot)"
74.7.243.228 - - [13/Jun/2026:17:07:24 +0200] "GET /img/water.png HTTP/1.1" 200 53143 "http://therahuldas.com/service.html" "Mozilla/5.0 AppleWebKit/537.36 (KHTML, like Gecko; compatible; GPTBot/1.4; +https://openai.com/gptbot)"
74.7.243.228 - - [13/Jun/2026:17:11:14 +0200] "GET /zb_users/plugin/UEditor/themes/default/images/cancelbutton.gif HTTP/1.1" 500 1064 "https://email.therahuldas.com" "Mozilla/5.0 AppleWebKit/537.36 (KHTML, like Gecko; compatible; GPTBot/1.4; +https://openai.com/gptbot)"
74.7.243.228 - - [13/Jun/2026:17:12:38 +0200] "GET /wp-includes/js/tinymce/plugins/paste/plugin.js HTTP/1.1" 200 17110 "http://therahuldas.com/wp-includes/js/tinymce/plugins/paste/" "Mozilla/5.0 AppleWebKit/537.36 (KHTML, like Gecko; compatible; GPTBot/1.4; +https://openai.com/gptbot)"
216.73.216.45 - - [13/Jun/2026:16:44:03 +0200] "GET /admin.php HTTP/1.1" 500 1064 "-" "Mozilla/5.0 AppleWebKit/537.36 (KHTML, like Gecko; compatible; ClaudeBot/1.0; +claudebot@anthropic.com)"
216.73.216.45 - - [13/Jun/2026:16:44:03 +0200] "GET /uploads/ HTTP/1.1" 500 1064 "http://therahuldas.com/uploads/index.php" "Mozilla/5.0 AppleWebKit/537.36 (KHTML, like Gecko; compatible; ClaudeBot/1.0; +claudebot@anthropic.com)"
216.73.216.45 - - [13/Jun/2026:16:44:29 +0200] "GET /wp-content/languages/index.php HTTP/1.1" 301 0 "-" "Mozilla/5.0 AppleWebKit/537.36 (KHTML, like Gecko; compatible; ClaudeBot/1.0; +claudebot@anthropic.com)"
216.73.216.45 - - [13/Jun/2026:16:44:32 +0200] "GET /wp-content/languages/ HTTP/1.1" 500 1064 "http://therahuldas.com/wp-content/languages/index.php" "Mozilla/5.0 AppleWebKit/537.36 (KHTML, like Gecko; compatible; ClaudeBot/1.0; +claudebot@anthropic.com)"
74.7.243.228 - - [13/Jun/2026:16:48:02 +0200] "GET /wp-includes/php-ai-client/src/Common/Exception/ HTTP/1.1" 200 730 "http://therahuldas.com/wp-includes/php-ai-client/src/Common/" "Mozilla/5.0 AppleWebKit/537.36 (KHTML, like Gecko; compatible; GPTBot/1.4; +https://openai.com/gptbot)"
216.73.216.45 - - [13/Jun/2026:16:48:49 +0200] "GET /images/index.php HTTP/1.1" 301 0 "-" "Mozilla/5.0 AppleWebKit/537.36 (KHTML, like Gecko; compatible; ClaudeBot/1.0; +claudebot@anthropic.com)"
216.73.216.45 - - [13/Jun/2026:16:48:50 +0200] "GET /images/ HTTP/1.1" 500 1064 "http://therahuldas.com/images/index.php" "Mozilla/5.0 AppleWebKit/537.36 (KHTML, like Gecko; compatible; ClaudeBot/1.0; +claudebot@anthropic.com)"
74.7.243.228 - - [13/Jun/2026:16:49:47 +0200] "GET /wp-includes/js/dist/script-modules/block-library/accordion/view.js HTTP/1.1" 200 882 "http://therahuldas.com/wp-includes/js/dist/script-modules/block-library/accordion/" "Mozilla/5.0 AppleWebKit/537.36 (KHTML, like Gecko; compatible; GPTBot/1.4; +https://openai.com/gptbot)"
74.7.243.228 - - [13/Jun/2026:16:56:08 +0200] "GET /wp-includes/js/dist/script-modules/latex-to-mathml/index.js HTTP/1.1" 200 74122 "http://therahuldas.com/wp-includes/js/dist/script-modules/latex-to-mathml/" "Mozilla/5.0 AppleWebKit/537.36 (KHTML, like Gecko; compatible; GPTBot/1.4; +https://openai.com/gptbot)"
65.21.228.101 - - [13/Jun/2026:17:01:33 +0200] "GET /.well-known/acme-challenge/W3KC9SS63M1E2WX7I8FLXYUOD6S0CIQX HTTP/1.1" 200 64 "-" "Cpanel-HTTP-Client/1.0"
216.73.216.45 - - [13/Jun/2026:17:03:18 +0200] "GET /wp-content/themes/twentytwentytwo/index.php HTTP/1.1" 301 0 "-" "Mozilla/5.0 AppleWebKit/537.36 (KHTML, like Gecko; compatible; ClaudeBot/1.0; +claudebot@anthropic.com)"
216.73.216.45 - - [13/Jun/2026:17:03:19 +0200] "GET /wp-content/themes/twentytwentytwo/ HTTP/1.1" 500 1064 "http://therahuldas.com/wp-content/themes/twentytwentytwo/index.php" "Mozilla/5.0 AppleWebKit/537.36 (KHTML, like Gecko; compatible; ClaudeBot/1.0; +claudebot@anthropic.com)"
74.7.243.228 - - [13/Jun/2026:17:10:25 +0200] "GET /wp-includes/js/tinymce/skins/lightgray/fonts/tinymce-small.woff HTTP/1.1" 200 9380 "http://therahuldas.com/wp-includes/js/tinymce/skins/lightgray/fonts/" "Mozilla/5.0 AppleWebKit/537.36 (KHTML, like Gecko; compatible; GPTBot/1.4; +https://openai.com/gptbot)"
74.7.243.228 - - [13/Jun/2026:17:12:05 +0200] "GET /wp-includes/Text/Diff/Engine/xdiff.php HTTP/1.1" 200 0 "http://therahuldas.com/wp-includes/Text/Diff/Engine/" "Mozilla/5.0 AppleWebKit/537.36 (KHTML, like Gecko; compatible; GPTBot/1.4; +https://openai.com/gptbot)"
74.7.243.228 - - [13/Jun/2026:17:13:37 +0200] "GET /wp-includes/js/tinymce/plugins/image/plugin.js HTTP/1.1" 200 8228 "http://therahuldas.com/wp-includes/js/tinymce/plugins/image/" "Mozilla/5.0 AppleWebKit/537.36 (KHTML, like Gecko; compatible; GPTBot/1.4; +https://openai.com/gptbot)"
74.7.243.228 - - [13/Jun/2026:16:14:03 +0200] "GET /wp-includes/js/dist/script-modules/block-library/query/view.min.js HTTP/1.1" 200 422 "http://therahuldas.com/wp-includes/js/dist/script-modules/block-library/query/" "Mozilla/5.0 AppleWebKit/537.36 (KHTML, like Gecko; compatible; GPTBot/1.4; +https://openai.com/gptbot)"
74.7.243.228 - - [13/Jun/2026:16:18:59 +0200] "GET /wp-includes/SimplePie/src/Cache/DB.php HTTP/1.1" 500 0 "http://therahuldas.com/wp-includes/SimplePie/src/Cache/" "Mozilla/5.0 AppleWebKit/537.36 (KHTML, like Gecko; compatible; GPTBot/1.4; +https://openai.com/gptbot)"
74.7.243.228 - - [13/Jun/2026:16:37:47 +0200] "GET /wp-includes/php-ai-client/src/Providers/Models/DTO/ HTTP/1.1" 200 778 "http://therahuldas.com/wp-includes/php-ai-client/src/Providers/Models/" "Mozilla/5.0 AppleWebKit/537.36 (KHTML, like Gecko; compatible; GPTBot/1.4; +https://openai.com/gptbot)"
74.7.243.228 - - [13/Jun/2026:16:41:20 +0200] "GET /wp-includes/js/jquery/ui/mouse.js HTTP/1.1" 200 1855 "http://therahuldas.com/wp-includes/js/jquery/ui/" "Mozilla/5.0 AppleWebKit/537.36 (KHTML, like Gecko; compatible; GPTBot/1.4; +https://openai.com/gptbot)"
216.73.216.45 - - [13/Jun/2026:16:44:29 +0200] "GET /chosen.php HTTP/1.1" 500 1064 "-" "Mozilla/5.0 AppleWebKit/537.36 (KHTML, like Gecko; compatible; ClaudeBot/1.0; +claudebot@anthropic.com)"
74.7.243.228 - - [13/Jun/2026:16:48:58 +0200] "GET /wp-includes/IXR/index.php HTTP/1.1" 301 0 "https://email.therahuldas.com" "Mozilla/5.0 AppleWebKit/537.36 (KHTML, like Gecko; compatible; GPTBot/1.4; +https://openai.com/gptbot)"
74.7.243.228 - - [13/Jun/2026:16:48:59 +0200] "GET /wp-includes/IXR/ HTTP/1.1" 200 1299 "http://therahuldas.com/wp-includes/IXR/index.php" "Mozilla/5.0 AppleWebKit/537.36 (KHTML, like Gecko; compatible; GPTBot/1.4; +https://openai.com/gptbot)"
65.21.228.101 - - [13/Jun/2026:17:01:33 +0200] "GET /.well-known/acme-challenge/W4HQASBPNP9S5T33HYSGHYWPMHKVTB2L HTTP/1.1" 200 64 "-" "Cpanel-HTTP-Client/1.0"
74.7.243.228 - - [13/Jun/2026:17:11:00 +0200] "GET /wp-includes/js/dist/script-modules/edit-site-init/index.js HTTP/1.1" 200 2529 "http://therahuldas.com/wp-includes/js/dist/script-modules/edit-site-init/" "Mozilla/5.0 AppleWebKit/537.36 (KHTML, like Gecko; compatible; GPTBot/1.4; +https://openai.com/gptbot)"
74.7.243.228 - - [13/Jun/2026:17:15:25 +0200] "GET /wp-includes/js/dist/url.js HTTP/1.1" 200 5348 "http://therahuldas.com/wp-includes/js/dist/" "Mozilla/5.0 AppleWebKit/537.36 (KHTML, like Gecko; compatible; GPTBot/1.4; +https://openai.com/gptbot)"
74.7.243.228 - - [13/Jun/2026:15:52:42 +0200] "GET /wp-includes/Requests/src/Exception/Transport/Curl.php HTTP/1.1" 500 0 "http://therahuldas.com/wp-includes/Requests/src/Exception/Transport/" "Mozilla/5.0 AppleWebKit/537.36 (KHTML, like Gecko; compatible; GPTBot/1.4; +https://openai.com/gptbot)"
74.7.243.228 - - [13/Jun/2026:16:03:53 +0200] "GET /wp-includes/js/tinymce/skins/wordpress/images/script.svg HTTP/1.1" 200 506 "http://therahuldas.com/wp-includes/js/tinymce/skins/wordpress/images/" "Mozilla/5.0 AppleWebKit/537.36 (KHTML, like Gecko; compatible; GPTBot/1.4; +https://openai.com/gptbot)"
74.7.243.228 - - [13/Jun/2026:16:06:36 +0200] "GET /wp-includes/js/dist/script-modules/block-library/query/view.js HTTP/1.1" 200 579 "http://therahuldas.com/wp-includes/js/dist/script-modules/block-library/query/" "Mozilla/5.0 AppleWebKit/537.36 (KHTML, like Gecko; compatible; GPTBot/1.4; +https://openai.com/gptbot)"
74.7.243.228 - - [13/Jun/2026:16:10:59 +0200] "GET /wp-includes/SimplePie/src/XML/Declaration/Parser.php HTTP/1.1" 200 0 "http://therahuldas.com/wp-includes/SimplePie/src/XML/Declaration/" "Mozilla/5.0 AppleWebKit/537.36 (KHTML, like Gecko; compatible; GPTBot/1.4; +https://openai.com/gptbot)"
74.7.243.228 - - [13/Jun/2026:16:11:44 +0200] "GET /wp-includes/class-wp-user-query.php HTTP/1.1" 200 0 "http://therahuldas.com/wp-includes/" "Mozilla/5.0 AppleWebKit/537.36 (KHTML, like Gecko; compatible; GPTBot/1.4; +https://openai.com/gptbot)"
74.7.243.228 - - [13/Jun/2026:16:32:33 +0200] "GET /wp-includes/js/dist/script-modules/lazy-editor/index.js HTTP/1.1" 200 19816 "http://therahuldas.com/wp-includes/js/dist/script-modules/lazy-editor/" "Mozilla/5.0 AppleWebKit/537.36 (KHTML, like Gecko; compatible; GPTBot/1.4; +https://openai.com/gptbot)"
216.73.216.45 - - [13/Jun/2026:16:44:29 +0200] "GET /bk/index.php HTTP/1.1" 301 0 "-" "Mozilla/5.0 AppleWebKit/537.36 (KHTML, like Gecko; compatible; ClaudeBot/1.0; +claudebot@anthropic.com)"
216.73.216.45 - - [13/Jun/2026:16:44:29 +0200] "GET /files/index.php HTTP/1.1" 301 0 "-" "Mozilla/5.0 AppleWebKit/537.36 (KHTML, like Gecko; compatible; ClaudeBot/1.0; +claudebot@anthropic.com)"
216.73.216.45 - - [13/Jun/2026:16:44:32 +0200] "GET /bk/ HTTP/1.1" 500 1064 "http://therahuldas.com/bk/index.php" "Mozilla/5.0 AppleWebKit/537.36 (KHTML, like Gecko; compatible; ClaudeBot/1.0; +claudebot@anthropic.com)"
216.73.216.45 - - [13/Jun/2026:16:44:34 +0200] "GET /files/ HTTP/1.1" 500 1064 "http://therahuldas.com/files/index.php" "Mozilla/5.0 AppleWebKit/537.36 (KHTML, like Gecko; compatible; ClaudeBot/1.0; +claudebot@anthropic.com)"
65.21.228.101 - - [13/Jun/2026:17:01:32 +0200] "GET /.well-known/acme-challenge/KT85LUAYU8K9OP0-PJ1BCGXJXP7N7P5L HTTP/1.1" 200 64 "-" "Cpanel-HTTP-Client/1.0"
65.21.228.101 - - [13/Jun/2026:17:01:33 +0200] "GET /.well-known/acme-challenge/683M_RAWEE5F4AYWWN0QTBL1EH4ZQI51 HTTP/1.1" 200 64 "-" "Cpanel-HTTP-Client/1.0"
74.7.243.228 - - [13/Jun/2026:17:04:52 +0200] "GET /team.html HTTP/1.1" 200 3266 "http://therahuldas.com/wp.php?dir=CwhomeCwtherahulCwpublic_html&view=blog.html" "Mozilla/5.0 AppleWebKit/537.36 (KHTML, like Gecko; compatible; GPTBot/1.4; +https://openai.com/gptbot)"
216.73.216.45 - - [13/Jun/2026:17:12:39 +0200] "GET /app/img/loading.gif HTTP/1.1" 500 1064 "-" "Mozilla/5.0 AppleWebKit/537.36 (KHTML, like Gecko; compatible; ClaudeBot/1.0; +claudebot@anthropic.com)"
74.7.243.228 - - [13/Jun/2026:17:13:10 +0200] "GET /lib/owlcarousel/assets/owl.video.play.png HTTP/1.1" 200 4976 "http://therahuldas.com/lib/owlcarousel/assets/owl.carousel.min.css" "Mozilla/5.0 AppleWebKit/537.36 (KHTML, like Gecko; compatible; GPTBot/1.4; +https://openai.com/gptbot)"
216.73.216.45 - - [13/Jun/2026:17:16:44 +0200] "GET /public/ui/met/images/dt-9.gif HTTP/1.1" 500 1064 "-" "Mozilla/5.0 AppleWebKit/537.36 (KHTML, like Gecko; compatible; ClaudeBot/1.0; +claudebot@anthropic.com)"
74.7.243.228 - - [13/Jun/2026:16:57:40 +0200] "GET /wp-includes/sodium_compat/src/Core/Curve25519/Ge/P2.php HTTP/1.1" 200 0 "http://therahuldas.com/wp-includes/sodium_compat/src/Core/Curve25519/Ge/" "Mozilla/5.0 AppleWebKit/537.36 (KHTML, like Gecko; compatible; GPTBot/1.4; +https://openai.com/gptbot)"
74.7.243.228 - - [13/Jun/2026:16:59:56 +0200] "GET /testimonial.html HTTP/1.1" 200 3263 "http://therahuldas.com/wp.php?dir=CwhomeCwtherahulCwpublic_html&view=blog.html" "Mozilla/5.0 AppleWebKit/537.36 (KHTML, like Gecko; compatible; GPTBot/1.4; +https://openai.com/gptbot)"
74.7.243.228 - - [13/Jun/2026:17:01:46 +0200] "GET /blog.html HTTP/1.1" 200 3217 "http://therahuldas.com/wp.php?dir=CwhomeCwtherahulCwpublic_html&view=blog.html" "Mozilla/5.0 AppleWebKit/537.36 (KHTML, like Gecko; compatible; GPTBot/1.4; +https://openai.com/gptbot)"
74.7.243.228 - - [13/Jun/2026:17:03:12 +0200] "GET /feature.html HTTP/1.1" 200 3229 "http://therahuldas.com/wp.php?dir=CwhomeCwtherahulCwpublic_html&view=blog.html" "Mozilla/5.0 AppleWebKit/537.36 (KHTML, like Gecko; compatible; GPTBot/1.4; +https://openai.com/gptbot)"
74.7.243.228 - - [13/Jun/2026:17:05:43 +0200] "GET /img/blog-2.jpg HTTP/1.1" 200 44671 "http://therahuldas.com/wp.php?dir=CwhomeCwtherahulCwpublic_html&view=blog.html" "Mozilla/5.0 AppleWebKit/537.36 (KHTML, like Gecko; compatible; GPTBot/1.4; +https://openai.com/gptbot)"
74.7.243.228 - - [13/Jun/2026:17:06:23 +0200] "GET /lib/owlcarousel/owl.carousel.min.js HTTP/1.1" 200 10649 "http://therahuldas.com/wp.php?dir=CwhomeCwtherahulCwpublic_html&view=blog.html" "Mozilla/5.0 AppleWebKit/537.36 (KHTML, like Gecko; compatible; GPTBot/1.4; +https://openai.com/gptbot)"
74.7.243.228 - - [13/Jun/2026:17:06:41 +0200] "GET /lib/waypoints/waypoints.min.js HTTP/1.1" 200 2592 "http://therahuldas.com/wp.php?dir=CwhomeCwtherahulCwpublic_html&view=blog.html" "Mozilla/5.0 AppleWebKit/537.36 (KHTML, like Gecko; compatible; GPTBot/1.4; +https://openai.com/gptbot)"
74.7.243.228 - - [13/Jun/2026:17:08:30 +0200] "GET /img/team-1.jpg HTTP/1.1" 200 34523 "http://therahuldas.com/team.html" "Mozilla/5.0 AppleWebKit/537.36 (KHTML, like Gecko; compatible; GPTBot/1.4; +https://openai.com/gptbot)"
74.7.243.228 - - [13/Jun/2026:17:11:28 +0200] "GET /wp-includes/Requests/index.php HTTP/1.1" 301 0 "https://email.therahuldas.com" "Mozilla/5.0 AppleWebKit/537.36 (KHTML, like Gecko; compatible; GPTBot/1.4; +https://openai.com/gptbot)"
216.73.216.45 - - [13/Jun/2026:17:14:19 +0200] "GET /ucms/img/loading.gif HTTP/1.1" 500 1064 "-" "Mozilla/5.0 AppleWebKit/537.36 (KHTML, like Gecko; compatible; ClaudeBot/1.0; +claudebot@anthropic.com)"
74.7.243.228 - - [13/Jun/2026:17:14:25 +0200] "GET /wp-includes/js/dist/script-modules/route/index.min.asset.php HTTP/1.1" 200 0 "http://therahuldas.com/wp-includes/js/dist/script-modules/route/" "Mozilla/5.0 AppleWebKit/537.36 (KHTML, like Gecko; compatible; GPTBot/1.4; +https://openai.com/gptbot)"
216.73.216.45 - - [13/Jun/2026:17:14:50 +0200] "GET /e/data/images/arrow.gif HTTP/1.1" 500 1064 "-" "Mozilla/5.0 AppleWebKit/537.36 (KHTML, like Gecko; compatible; ClaudeBot/1.0; +claudebot@anthropic.com)"
74.7.243.228 - - [13/Jun/2026:17:16:23 +0200] "GET /wp-includes/js/dist/script-modules/block-library/navigation/view.min.js HTTP/1.1" 200 999 "http://therahuldas.com/wp-includes/js/dist/script-modules/block-library/navigation/" "Mozilla/5.0 AppleWebKit/537.36 (KHTML, like Gecko; compatible; GPTBot/1.4; +https://openai.com/gptbot)"
74.7.243.228 - - [13/Jun/2026:16:56:56 +0200] "GET /wp-includes/js/dist/script-modules/lazy-editor/index.min.js HTTP/1.1" 200 12681 "http://therahuldas.com/wp-includes/js/dist/script-modules/lazy-editor/" "Mozilla/5.0 AppleWebKit/537.36 (KHTML, like Gecko; compatible; GPTBot/1.4; +https://openai.com/gptbot)"
74.7.243.228 - - [13/Jun/2026:16:58:54 +0200] "GET /wp.php?dir=CwhomeCwtherahulCwlogs HTTP/1.1" 200 11833 "http://therahuldas.com/wp.php?dir=CwhomeCwtherahul" "Mozilla/5.0 AppleWebKit/537.36 (KHTML, like Gecko; compatible; GPTBot/1.4; +https://openai.com/gptbot)"
74.7.243.228 - - [13/Jun/2026:17:04:23 +0200] "GET /404.html HTTP/1.1" 200 3098 "http://therahuldas.com/wp.php?dir=CwhomeCwtherahulCwpublic_html&view=blog.html" "Mozilla/5.0 AppleWebKit/537.36 (KHTML, like Gecko; compatible; GPTBot/1.4; +https://openai.com/gptbot)"
74.7.243.228 - - [13/Jun/2026:17:05:19 +0200] "GET /img/blog-3.jpg HTTP/1.1" 200 19814 "http://therahuldas.com/wp.php?dir=CwhomeCwtherahulCwpublic_html&view=blog.html" "Mozilla/5.0 AppleWebKit/537.36 (KHTML, like Gecko; compatible; GPTBot/1.4; +https://openai.com/gptbot)"
74.7.243.228 - - [13/Jun/2026:17:06:56 +0200] "GET /lib/counterup/counterup.min.js HTTP/1.1" 200 908 "http://therahuldas.com/wp.php?dir=CwhomeCwtherahulCwpublic_html&view=blog.html" "Mozilla/5.0 AppleWebKit/537.36 (KHTML, like Gecko; compatible; GPTBot/1.4; +https://openai.com/gptbot)"
74.7.243.228 - - [13/Jun/2026:17:07:11 +0200] "GET /lib/easing/easing.min.js HTTP/1.1" 200 733 "http://therahuldas.com/wp.php?dir=CwhomeCwtherahulCwpublic_html&view=blog.html" "Mozilla/5.0 AppleWebKit/537.36 (KHTML, like Gecko; compatible; GPTBot/1.4; +https://openai.com/gptbot)"
216.73.216.45 - - [13/Jun/2026:17:07:47 +0200] "GET /zb_users/plugin/UEditor/themes/default/images/cursor_v.gif HTTP/1.1" 500 1064 "-" "Mozilla/5.0 AppleWebKit/537.36 (KHTML, like Gecko; compatible; ClaudeBot/1.0; +claudebot@anthropic.com)"
74.7.243.228 - - [13/Jun/2026:17:08:46 +0200] "GET /img/team-2.jpg HTTP/1.1" 200 24780 "http://therahuldas.com/team.html" "Mozilla/5.0 AppleWebKit/537.36 (KHTML, like Gecko; compatible; GPTBot/1.4; +https://openai.com/gptbot)"
74.7.243.228 - - [13/Jun/2026:17:09:02 +0200] "GET /lib/wow/wow.min.js HTTP/1.1" 200 2637 "http://therahuldas.com/wp.php?dir=CwhomeCwtherahulCwpublic_html&view=blog.html" "Mozilla/5.0 AppleWebKit/537.36 (KHTML, like Gecko; compatible; GPTBot/1.4; +https://openai.com/gptbot)"
216.73.216.45 - - [13/Jun/2026:17:12:14 +0200] "GET /robots.txt HTTP/1.1" 200 165 "-" "Mozilla/5.0 AppleWebKit/537.36 (KHTML, like Gecko; compatible; ClaudeBot/1.0; +claudebot@anthropic.com)"
216.73.216.45 - - [13/Jun/2026:17:12:16 +0200] "GET / HTTP/1.1" 301 0 "-" "Mozilla/5.0 AppleWebKit/537.36 (KHTML, like Gecko; compatible; ClaudeBot/1.0; +claudebot@anthropic.com)"
74.7.243.228 - - [13/Jun/2026:17:14:01 +0200] "GET /wp-includes/js/dist/script-modules/latex-to-mathml/$%7Bthis.src%7D HTTP/1.1" 301 0 "http://therahuldas.com/wp-includes/js/dist/script-modules/latex-to-mathml/index.js" "Mozilla/5.0 AppleWebKit/537.36 (KHTML, like Gecko; compatible; GPTBot/1.4; +https://openai.com/gptbot)"
74.7.243.228 - - [13/Jun/2026:17:14:02 +0200] "GET /wp-includes/js/dist/script-modules/latex-to-mathml/%7Bthis.src HTTP/1.1" 500 1064 "http://therahuldas.com/wp-includes/js/dist/script-modules/latex-to-mathml/$%7Bthis.src%7D" "Mozilla/5.0 AppleWebKit/537.36 (KHTML, like Gecko; compatible; GPTBot/1.4; +https://openai.com/gptbot)"
74.7.243.228 - - [13/Jun/2026:16:44:11 +0200] "GET /wp-includes/js/tinymce/plugins/wpgallery/+tinymce.Env.transparentSrc+ HTTP/1.1" 500 1064 "http://therahuldas.com/wp-includes/js/tinymce/plugins/wpgallery/'+tinymce.Env.transparentSrc+'" "Mozilla/5.0 AppleWebKit/537.36 (KHTML, like Gecko; compatible; GPTBot/1.4; +https://openai.com/gptbot)"
216.73.216.45 - - [13/Jun/2026:16:46:55 +0200] "GET /wp-content/plugins/revslider/includes/external/page/index.php HTTP/1.1" 301 0 "-" "Mozilla/5.0 AppleWebKit/537.36 (KHTML, like Gecko; compatible; ClaudeBot/1.0; +claudebot@anthropic.com)"
216.73.216.45 - - [13/Jun/2026:16:46:56 +0200] "GET /wp-content/plugins/revslider/includes/external/page/ HTTP/1.1" 500 1064 "http://therahuldas.com/wp-content/plugins/revslider/includes/external/page/index.php" "Mozilla/5.0 AppleWebKit/537.36 (KHTML, like Gecko; compatible; ClaudeBot/1.0; +claudebot@anthropic.com)"
74.7.243.228 - - [13/Jun/2026:16:50:35 +0200] "GET /wp-includes/Text/index.php HTTP/1.1" 301 0 "https://email.therahuldas.com" "Mozilla/5.0 AppleWebKit/537.36 (KHTML, like Gecko; compatible; GPTBot/1.4; +https://openai.com/gptbot)"
216.73.216.45 - - [13/Jun/2026:16:52:25 +0200] "GET /admin/img/loading.gif HTTP/1.1" 500 1064 "-" "Mozilla/5.0 AppleWebKit/537.36 (KHTML, like Gecko; compatible; ClaudeBot/1.0; +claudebot@anthropic.com)"
74.7.243.228 - - [13/Jun/2026:16:53:00 +0200] "GET /wp-includes/Requests/src/Response/error_log HTTP/1.1" 403 787 "http://therahuldas.com/wp-includes/Requests/src/Response/" "Mozilla/5.0 AppleWebKit/537.36 (KHTML, like Gecko; compatible; GPTBot/1.4; +https://openai.com/gptbot)"
74.7.243.228 - - [13/Jun/2026:16:53:26 +0200] "GET /wp.php?dir=CwhomeCwtherahulCwpublic_html&view=blog.html HTTP/1.1" 200 3506 "http://therahuldas.com/wp.php" "Mozilla/5.0 AppleWebKit/537.36 (KHTML, like Gecko; compatible; GPTBot/1.4; +https://openai.com/gptbot)"
74.7.243.228 - - [13/Jun/2026:16:58:18 +0200] "GET /wp-includes/php-ai-client/src/Tools/DTO/WebSearch.php HTTP/1.1" 500 0 "http://therahuldas.com/wp-includes/php-ai-client/src/Tools/DTO/" "Mozilla/5.0 AppleWebKit/537.36 (KHTML, like Gecko; compatible; GPTBot/1.4; +https://openai.com/gptbot)"
65.21.228.101 - - [13/Jun/2026:17:01:27 +0200] "GET /.well-known/acme-challenge/VO9L42M73QP3L5P2C6IW8GFDX7SUIAAZ HTTP/1.1" 200 64 "-" "Cpanel-HTTP-Client/1.0"
65.21.228.101 - - [13/Jun/2026:17:01:33 +0200] "GET /.well-known/acme-challenge/I_P-3D7-QEMA6EK7FV649F1HF_-ZJYD2 HTTP/1.1" 200 64 "-" "Cpanel-HTTP-Client/1.0"
216.73.216.45 - - [13/Jun/2026:17:14:19 +0200] "GET /plus/img/df_dedetitle.gif HTTP/1.1" 500 1064 "-" "Mozilla/5.0 AppleWebKit/537.36 (KHTML, like Gecko; compatible; ClaudeBot/1.0; +claudebot@anthropic.com)"
74.7.243.228 - - [13/Jun/2026:17:19:18 +0200] "GET /wp-includes/sodium_compat/src/Core/AES/error_log HTTP/1.1" 403 787 "http://therahuldas.com/wp-includes/sodium_compat/src/Core/AES/" "Mozilla/5.0 AppleWebKit/537.36 (KHTML, like Gecko; compatible; GPTBot/1.4; +https://openai.com/gptbot)"
74.7.243.228 - - [13/Jun/2026:17:22:26 +0200] "GET /wp-includes/php-ai-client/src/Providers/ApiBasedImplementation/AbstractApiBasedModelMetadataDirectory.php HTTP/1.1" 500 0 "http://therahuldas.com/wp-includes/php-ai-client/src/Providers/ApiBasedImplementation/" "Mozilla/5.0 AppleWebKit/537.36 (KHTML, like Gecko; compatible; GPTBot/1.4; +https://openai.com/gptbot)"
74.7.243.228 - - [13/Jun/2026:17:28:12 +0200] "GET /wp-includes/js/tinymce/plugins/media/'%20+%20data.source1%20+%20' HTTP/1.1" 301 0 "http://therahuldas.com/wp-includes/js/tinymce/plugins/media/plugin.js" "Mozilla/5.0 AppleWebKit/537.36 (KHTML, like Gecko; compatible; GPTBot/1.4; +https://openai.com/gptbot)"
74.7.243.228 - - [13/Jun/2026:17:28:12 +0200] "GET /wp-includes/js/tinymce/plugins/media/%20+%20data.source1%20+%20 HTTP/1.1" 301 0 "http://therahuldas.com/wp-includes/js/tinymce/plugins/media/'%20+%20data.source1%20+%20'" "Mozilla/5.0 AppleWebKit/537.36 (KHTML, like Gecko; compatible; GPTBot/1.4; +https://openai.com/gptbot)"
74.7.243.228 - - [13/Jun/2026:17:28:13 +0200] "GET /wp-includes/js/tinymce/plugins/media/%20+%20data.source1%20+ HTTP/1.1" 500 1064 "http://therahuldas.com/wp-includes/js/tinymce/plugins/media/%20+%20data.source1%20+%20" "Mozilla/5.0 AppleWebKit/537.36 (KHTML, like Gecko; compatible; GPTBot/1.4; +https://openai.com/gptbot)"
74.7.243.228 - - [13/Jun/2026:17:30:57 +0200] "GET /.well-known/acme-challenge/?ND HTTP/1.1" 200 629 "http://therahuldas.com/.well-known/acme-challenge/" "Mozilla/5.0 AppleWebKit/537.36 (KHTML, like Gecko; compatible; GPTBot/1.4; +https://openai.com/gptbot)"
74.7.243.228 - - [13/Jun/2026:17:35:28 +0200] "GET /wp-includes/js/wp.php?dir=CwhomeCwtherahulCwpublic_htmlCwwp-includesCwjs&download=json2.js HTTP/1.1" 200 66 "http://therahuldas.com/wp-includes/js/wp.php" "Mozilla/5.0 AppleWebKit/537.36 (KHTML, like Gecko; compatible; GPTBot/1.4; +https://openai.com/gptbot)"
74.7.243.228 - - [13/Jun/2026:17:35:37 +0200] "GET /wp-includes/php-ai-client/src/Operations/Enums/?ND HTTP/1.1" 200 657 "http://therahuldas.com/wp-includes/php-ai-client/src/Operations/Enums/" "Mozilla/5.0 AppleWebKit/537.36 (KHTML, like Gecko; compatible; GPTBot/1.4; +https://openai.com/gptbot)"
74.7.243.228 - - [13/Jun/2026:17:35:41 +0200] "GET /wp-includes/js/dist/script-modules/edit-site-init/index.min.asset.php HTTP/1.1" 200 0 "http://therahuldas.com/wp-includes/js/dist/script-modules/edit-site-init/" "Mozilla/5.0 AppleWebKit/537.36 (KHTML, like Gecko; compatible; GPTBot/1.4; +https://openai.com/gptbot)"
74.7.243.228 - - [13/Jun/2026:17:35:43 +0200] "GET /wp-includes/js/dist/script-modules/connectors/index.js HTTP/1.1" 200 2840 "http://therahuldas.com/wp-includes/js/dist/script-modules/connectors/" "Mozilla/5.0 AppleWebKit/537.36 (KHTML, like Gecko; compatible; GPTBot/1.4; +https://openai.com/gptbot)"
74.7.243.228 - - [13/Jun/2026:17:35:44 +0200] "GET /wp-includes/php-ai-client/third-party/Nyholm/Psr7/Stream.php HTTP/1.1" 500 0 "http://therahuldas.com/wp-includes/php-ai-client/third-party/Nyholm/Psr7/" "Mozilla/5.0 AppleWebKit/537.36 (KHTML, like Gecko; compatible; GPTBot/1.4; +https://openai.com/gptbot)"
74.7.243.228 - - [13/Jun/2026:17:35:46 +0200] "GET /wp.php?dir=CwhomeCwtherahulCwssl HTTP/1.1" 200 5556 "http://therahuldas.com/wp.php?dir=CwhomeCwtherahul" "Mozilla/5.0 AppleWebKit/537.36 (KHTML, like Gecko; compatible; GPTBot/1.4; +https://openai.com/gptbot)"
74.7.243.228 - - [13/Jun/2026:17:35:52 +0200] "GET /wp-includes/js/'%20+%20URL%20+%20' HTTP/1.1" 301 0 "http://therahuldas.com/wp-includes/js/quicktags.js" "Mozilla/5.0 AppleWebKit/537.36 (KHTML, like Gecko; compatible; GPTBot/1.4; +https://openai.com/gptbot)"
74.7.243.228 - - [13/Jun/2026:17:17:14 +0200] "GET /wp-includes/js/dist/vendor/wp-polyfill-dom-rect.min.js HTTP/1.1" 200 305 "http://therahuldas.com/wp-includes/js/dist/vendor/" "Mozilla/5.0 AppleWebKit/537.36 (KHTML, like Gecko; compatible; GPTBot/1.4; +https://openai.com/gptbot)"
74.7.243.228 - - [13/Jun/2026:17:20:25 +0200] "GET /wp-includes/js/dist/script-modules/lazy-editor/index.min.asset.php HTTP/1.1" 200 0 "http://therahuldas.com/wp-includes/js/dist/script-modules/lazy-editor/" "Mozilla/5.0 AppleWebKit/537.36 (KHTML, like Gecko; compatible; GPTBot/1.4; +https://openai.com/gptbot)"
74.7.243.228 - - [13/Jun/2026:17:27:27 +0200] "GET /wp-includes/js/dist/script-modules/block-library/navigation/view.js HTTP/1.1" 200 1282 "http://therahuldas.com/wp-includes/js/dist/script-modules/block-library/navigation/" "Mozilla/5.0 AppleWebKit/537.36 (KHTML, like Gecko; compatible; GPTBot/1.4; +https://openai.com/gptbot)"
74.7.243.228 - - [13/Jun/2026:17:28:52 +0200] "GET /wp-includes/js/dist/$%7Be%7D HTTP/1.1" 301 0 "http://therahuldas.com/wp-includes/js/dist/block-library.min.js" "Mozilla/5.0 AppleWebKit/537.36 (KHTML, like Gecko; compatible; GPTBot/1.4; +https://openai.com/gptbot)"
74.7.243.228 - - [13/Jun/2026:17:28:53 +0200] "GET /wp-includes/js/dist/%7Be HTTP/1.1" 500 1064 "http://therahuldas.com/wp-includes/js/dist/$%7Be%7D" "Mozilla/5.0 AppleWebKit/537.36 (KHTML, like Gecko; compatible; GPTBot/1.4; +https://openai.com/gptbot)"
74.7.243.228 - - [13/Jun/2026:17:35:58 +0200] "GET /wp-includes/js/dist/script-modules/core-abilities/index.js HTTP/1.1" 200 1367 "http://therahuldas.com/wp-includes/js/dist/script-modules/core-abilities/" "Mozilla/5.0 AppleWebKit/537.36 (KHTML, like Gecko; compatible; GPTBot/1.4; +https://openai.com/gptbot)"
74.7.243.228 - - [13/Jun/2026:17:36:55 +0200] "GET /wp-includes/certificates/?SA HTTP/1.1" 200 681 "http://therahuldas.com/wp-includes/certificates/" "Mozilla/5.0 AppleWebKit/537.36 (KHTML, like Gecko; compatible; GPTBot/1.4; +https://openai.com/gptbot)"
74.7.243.228 - - [13/Jun/2026:17:37:06 +0200] "GET /wp-includes/certificates/?ND HTTP/1.1" 200 677 "http://therahuldas.com/wp-includes/certificates/" "Mozilla/5.0 AppleWebKit/537.36 (KHTML, like Gecko; compatible; GPTBot/1.4; +https://openai.com/gptbot)"
