74.7.243.214 - - [13/Jun/2026:14:43:12 +0200] "GET /wp.php?dir=CwusrCwincludeCwbind9Cwirs&edit=version.h HTTP/1.1" 200 4172 "http://momotimes.therahuldas.com/wp.php?dir=CwusrCwincludeCwbind9Cwirs" "Mozilla/5.0 AppleWebKit/537.36 (KHTML, like Gecko; compatible; GPTBot/1.4; +https://openai.com/gptbot)"
74.7.243.214 - - [13/Jun/2026:14:43:13 +0200] "GET /wp.php?dir=CwusrCwincludeCwbind9Cwisc&edit=portset.h HTTP/1.1" 200 5065 "http://momotimes.therahuldas.com/wp.php?dir=CwusrCwincludeCwbind9Cwisc" "Mozilla/5.0 AppleWebKit/537.36 (KHTML, like Gecko; compatible; GPTBot/1.4; +https://openai.com/gptbot)"
74.7.243.214 - - [13/Jun/2026:14:43:14 +0200] "GET /wp.php?dir=CwusrCwincludeCwbind9Cwisc&edit=stdtime.h HTTP/1.1" 200 4622 "http://momotimes.therahuldas.com/wp.php?dir=CwusrCwincludeCwbind9Cwisc" "Mozilla/5.0 AppleWebKit/537.36 (KHTML, like Gecko; compatible; GPTBot/1.4; +https://openai.com/gptbot)"
74.7.243.214 - - [13/Jun/2026:14:43:15 +0200] "GET /wp.php?dir=CwusrCwincludeCwbind9Cwisc&edit=barrier.h HTTP/1.1" 200 4299 "http://momotimes.therahuldas.com/wp.php?dir=CwusrCwincludeCwbind9Cwisc" "Mozilla/5.0 AppleWebKit/537.36 (KHTML, like Gecko; compatible; GPTBot/1.4; +https://openai.com/gptbot)"
74.7.243.214 - - [13/Jun/2026:14:43:16 +0200] "GET /wp.php?dir=CwusrCwincludeCwbind9Cwisc&edit=netaddr.h HTTP/1.1" 200 5591 "http://momotimes.therahuldas.com/wp.php?dir=CwusrCwincludeCwbind9Cwisc" "Mozilla/5.0 AppleWebKit/537.36 (KHTML, like Gecko; compatible; GPTBot/1.4; +https://openai.com/gptbot)"
74.7.243.214 - - [13/Jun/2026:14:43:16 +0200] "GET /wp.php?dir=CwusrCwincludeCwbind9Cwirs&edit=dnsconf.h HTTP/1.1" 200 5027 "http://momotimes.therahuldas.com/wp.php?dir=CwusrCwincludeCwbind9Cwirs" "Mozilla/5.0 AppleWebKit/537.36 (KHTML, like Gecko; compatible; GPTBot/1.4; +https://openai.com/gptbot)"
74.7.243.214 - - [13/Jun/2026:14:43:17 +0200] "GET /wp.php?dir=CwusrCwincludeCwbind9Cwisc&edit=version.h HTTP/1.1" 200 4157 "http://momotimes.therahuldas.com/wp.php?dir=CwusrCwincludeCwbind9Cwisc" "Mozilla/5.0 AppleWebKit/537.36 (KHTML, like Gecko; compatible; GPTBot/1.4; +https://openai.com/gptbot)"
74.7.243.214 - - [13/Jun/2026:14:43:18 +0200] "GET /wp.php?dir=CwusrCwincludeCwbind9Cwisc&edit=stdatomic.h HTTP/1.1" 200 5709 "http://momotimes.therahuldas.com/wp.php?dir=CwusrCwincludeCwbind9Cwisc" "Mozilla/5.0 AppleWebKit/537.36 (KHTML, like Gecko; compatible; GPTBot/1.4; +https://openai.com/gptbot)"
74.7.243.214 - - [13/Jun/2026:14:43:19 +0200] "GET /wp.php?dir=CwusrCwincludeCwbind9Cwisc&edit=eventclass.h HTTP/1.1" 200 4490 "http://momotimes.therahuldas.com/wp.php?dir=CwusrCwincludeCwbind9Cwisc" "Mozilla/5.0 AppleWebKit/537.36 (KHTML, like Gecko; compatible; GPTBot/1.4; +https://openai.com/gptbot)"
74.7.243.214 - - [13/Jun/2026:14:43:20 +0200] "GET /wp.php?dir=CwusrCwincludeCwbind9Cwisc&edit=backtrace.h HTTP/1.1" 200 5507 "http://momotimes.therahuldas.com/wp.php?dir=CwusrCwincludeCwbind9Cwisc" "Mozilla/5.0 AppleWebKit/537.36 (KHTML, like Gecko; compatible; GPTBot/1.4; +https://openai.com/gptbot)"
74.7.243.214 - - [13/Jun/2026:14:43:20 +0200] "GET /wp.php?dir=CwusrCwincludeCwbind9Cwisc&edit=bufferlist.h HTTP/1.1" 200 4535 "http://momotimes.therahuldas.com/wp.php?dir=CwusrCwincludeCwbind9Cwisc" "Mozilla/5.0 AppleWebKit/537.36 (KHTML, like Gecko; compatible; GPTBot/1.4; +https://openai.com/gptbot)"
65.21.228.101 - - [13/Jun/2026:14:43:21 +0200] "GET /wp-content/plugins/modeltheme-framework/inc/demo-importer/demo-data/barlog1.json HTTP/1.1" 200 128 "-" "WordPress/7.0; https://momotimes.therahuldas.com"
74.7.243.214 - - [13/Jun/2026:14:43:21 +0200] "GET /wp.php?dir=CwusrCwincludeCwbind9Cwirs&edit=types.h HTTP/1.1" 200 4260 "http://momotimes.therahuldas.com/wp.php?dir=CwusrCwincludeCwbind9Cwirs" "Mozilla/5.0 AppleWebKit/537.36 (KHTML, like Gecko; compatible; GPTBot/1.4; +https://openai.com/gptbot)"
74.7.243.214 - - [13/Jun/2026:14:43:22 +0200] "GET /wp.php?dir=CwusrCwincludeCwbind9Cwisc&edit=timer.h HTTP/1.1" 200 6532 "http://momotimes.therahuldas.com/wp.php?dir=CwusrCwincludeCwbind9Cwisc" "Mozilla/5.0 AppleWebKit/537.36 (KHTML, like Gecko; compatible; GPTBot/1.4; +https://openai.com/gptbot)"
74.7.243.214 - - [13/Jun/2026:14:43:23 +0200] "GET /wp.php?dir=CwusrCwincludeCwbind9Cwisc&edit=types.h HTTP/1.1" 200 5715 "http://momotimes.therahuldas.com/wp.php?dir=CwusrCwincludeCwbind9Cwisc" "Mozilla/5.0 AppleWebKit/537.36 (KHTML, like Gecko; compatible; GPTBot/1.4; +https://openai.com/gptbot)"
74.7.243.214 - - [13/Jun/2026:14:43:23 +0200] "GET /wp.php?dir=CwusrCwincludeCwbind9Cwisc&edit=radix.h HTTP/1.1" 200 6279 "http://momotimes.therahuldas.com/wp.php?dir=CwusrCwincludeCwbind9Cwisc" "Mozilla/5.0 AppleWebKit/537.36 (KHTML, like Gecko; compatible; GPTBot/1.4; +https://openai.com/gptbot)"
74.7.243.214 - - [13/Jun/2026:14:43:24 +0200] "GET /wp.php?dir=CwusrCwincludeCwbind9Cwisc&edit=queue.h HTTP/1.1" 200 4497 "http://momotimes.therahuldas.com/wp.php?dir=CwusrCwincludeCwbind9Cwisc" "Mozilla/5.0 AppleWebKit/537.36 (KHTML, like Gecko; compatible; GPTBot/1.4; +https://openai.com/gptbot)"
74.7.243.214 - - [13/Jun/2026:14:43:25 +0200] "GET /wp.php?dir=CwusrCwincludeCwbind9Cwisc&edit=netdb.h HTTP/1.1" 200 4343 "http://momotimes.therahuldas.com/wp.php?dir=CwusrCwincludeCwbind9Cwisc" "Mozilla/5.0 AppleWebKit/537.36 (KHTML, like Gecko; compatible; GPTBot/1.4; +https://openai.com/gptbot)"
74.7.243.214 - - [13/Jun/2026:14:43:26 +0200] "GET /wp.php?dir=CwusrCwincludeCwbind9Cwisc&edit=nonce.h HTTP/1.1" 200 4314 "http://momotimes.therahuldas.com/wp.php?dir=CwusrCwincludeCwbind9Cwisc" "Mozilla/5.0 AppleWebKit/537.36 (KHTML, like Gecko; compatible; GPTBot/1.4; +https://openai.com/gptbot)"
65.21.228.101 - - [13/Jun/2026:14:41:13 +0200] "GET /wp-content/plugins/modeltheme-framework/inc/demo-importer/demo-data/barlog1.json HTTP/1.1" 200 128 "-" "WordPress/7.0; https://momotimes.therahuldas.com"
65.21.228.101 - - [13/Jun/2026:14:41:19 +0200] "GET /wp-content/plugins/modeltheme-framework/inc/demo-importer/demo-data/barlog1.json HTTP/1.1" 200 128 "-" "WordPress/7.0; https://momotimes.therahuldas.com"
65.21.228.101 - - [13/Jun/2026:14:41:35 +0200] "GET /wp-content/plugins/modeltheme-framework/inc/demo-importer/demo-data/barlog1.json HTTP/1.1" 200 128 "-" "WordPress/7.0; https://momotimes.therahuldas.com"
65.21.228.101 - - [13/Jun/2026:14:41:43 +0200] "GET /wp-content/plugins/modeltheme-framework/inc/demo-importer/demo-data/barlog1.json HTTP/1.1" 200 128 "-" "WordPress/7.0; https://momotimes.therahuldas.com"
65.21.228.101 - - [13/Jun/2026:14:41:55 +0200] "GET /wp-content/plugins/modeltheme-framework/inc/demo-importer/demo-data/barlog1.json HTTP/1.1" 200 128 "-" "WordPress/7.0; https://momotimes.therahuldas.com"
65.21.228.101 - - [13/Jun/2026:14:42:02 +0200] "GET /wp-content/plugins/modeltheme-framework/inc/demo-importer/demo-data/barlog1.json HTTP/1.1" 200 128 "-" "WordPress/7.0; https://momotimes.therahuldas.com"
65.21.228.101 - - [13/Jun/2026:14:42:06 +0200] "GET /wp-content/plugins/modeltheme-framework/inc/demo-importer/demo-data/barlog1.json HTTP/1.1" 200 128 "-" "WordPress/7.0; https://momotimes.therahuldas.com"
65.21.228.101 - - [13/Jun/2026:14:42:09 +0200] "GET /wp-content/plugins/modeltheme-framework/inc/demo-importer/demo-data/barlog1.json HTTP/1.1" 200 128 "-" "WordPress/7.0; https://momotimes.therahuldas.com"
65.21.228.101 - - [13/Jun/2026:14:42:10 +0200] "GET /wp-content/plugins/modeltheme-framework/inc/demo-importer/demo-data/barlog1.json HTTP/1.1" 200 128 "-" "WordPress/7.0; https://momotimes.therahuldas.com"
65.21.228.101 - - [13/Jun/2026:14:42:13 +0200] "GET /wp-content/plugins/modeltheme-framework/inc/demo-importer/demo-data/barlog1.json HTTP/1.1" 200 128 "-" "WordPress/7.0; https://momotimes.therahuldas.com"
65.21.228.101 - - [13/Jun/2026:14:42:26 +0200] "GET /wp-content/plugins/modeltheme-framework/inc/demo-importer/demo-data/barlog1.json HTTP/1.1" 200 128 "-" "WordPress/7.0; https://momotimes.therahuldas.com"
65.21.228.101 - - [13/Jun/2026:14:42:29 +0200] "GET /wp-content/plugins/modeltheme-framework/inc/demo-importer/demo-data/barlog1.json HTTP/1.1" 200 128 "-" "WordPress/7.0; https://momotimes.therahuldas.com"
65.21.228.101 - - [13/Jun/2026:14:42:46 +0200] "GET /wp-content/plugins/modeltheme-framework/inc/demo-importer/demo-data/barlog1.json HTTP/1.1" 200 128 "-" "WordPress/7.0; https://momotimes.therahuldas.com"
65.21.228.101 - - [13/Jun/2026:14:42:47 +0200] "GET /wp-content/plugins/modeltheme-framework/inc/demo-importer/demo-data/barlog1.json HTTP/1.1" 200 128 "-" "WordPress/7.0; https://momotimes.therahuldas.com"
65.21.228.101 - - [13/Jun/2026:14:42:48 +0200] "GET /wp-content/plugins/modeltheme-framework/inc/demo-importer/demo-data/barlog1.json HTTP/1.1" 200 128 "-" "WordPress/7.0; https://momotimes.therahuldas.com"
65.21.228.101 - - [13/Jun/2026:14:42:56 +0200] "GET /wp-content/plugins/modeltheme-framework/inc/demo-importer/demo-data/barlog1.json HTTP/1.1" 200 128 "-" "WordPress/7.0; https://momotimes.therahuldas.com"
65.21.228.101 - - [13/Jun/2026:14:43:08 +0200] "GET /wp-content/plugins/modeltheme-framework/inc/demo-importer/demo-data/barlog1.json HTTP/1.1" 200 128 "-" "WordPress/7.0; https://momotimes.therahuldas.com"
65.21.228.101 - - [13/Jun/2026:14:43:13 +0200] "GET /wp-content/plugins/modeltheme-framework/inc/demo-importer/demo-data/barlog1.json HTTP/1.1" 200 128 "-" "WordPress/7.0; https://momotimes.therahuldas.com"
65.21.228.101 - - [13/Jun/2026:14:43:17 +0200] "GET /wp-content/plugins/modeltheme-framework/inc/demo-importer/demo-data/barlog1.json HTTP/1.1" 200 128 "-" "WordPress/7.0; https://momotimes.therahuldas.com"
74.7.243.214 - - [13/Jun/2026:14:43:27 +0200] "GET /wp.php?dir=CwusrCwincludeCwbind9Cwisc&edit=errno.h HTTP/1.1" 200 4271 "http://momotimes.therahuldas.com/wp.php?dir=CwusrCwincludeCwbind9Cwisc" "Mozilla/5.0 AppleWebKit/537.36 (KHTML, like Gecko; compatible; GPTBot/1.4; +https://openai.com/gptbot)"
65.21.228.101 - - [13/Jun/2026:14:43:28 +0200] "GET /wp-content/plugins/modeltheme-framework/inc/demo-importer/demo-data/barlog1.json HTTP/1.1" 200 128 "-" "WordPress/7.0; https://momotimes.therahuldas.com"
74.7.243.214 - - [13/Jun/2026:14:43:27 +0200] "GET /wp.php?dir=CwusrCwincludeCwbind9Cwisc&edit=stats.h HTTP/1.1" 200 5563 "http://momotimes.therahuldas.com/wp.php?dir=CwusrCwincludeCwbind9Cwisc" "Mozilla/5.0 AppleWebKit/537.36 (KHTML, like Gecko; compatible; GPTBot/1.4; +https://openai.com/gptbot)"
74.7.243.214 - - [13/Jun/2026:14:43:28 +0200] "GET /wp.php?dir=CwusrCwincludeCwbind9Cwisc&edit=stdio.h HTTP/1.1" 200 4645 "http://momotimes.therahuldas.com/wp.php?dir=CwusrCwincludeCwbind9Cwisc" "Mozilla/5.0 AppleWebKit/537.36 (KHTML, like Gecko; compatible; GPTBot/1.4; +https://openai.com/gptbot)"
74.7.243.214 - - [13/Jun/2026:14:43:29 +0200] "GET /wp.php?dir=CwusrCwincludeCwbind9Cwisc&edit=iterated_hash.h HTTP/1.1" 200 4356 "http://momotimes.therahuldas.com/wp.php?dir=CwusrCwincludeCwbind9Cwisc" "Mozilla/5.0 AppleWebKit/537.36 (KHTML, like Gecko; compatible; GPTBot/1.4; +https://openai.com/gptbot)"
65.21.228.101 - - [13/Jun/2026:14:43:30 +0200] "GET /wp-content/plugins/modeltheme-framework/inc/demo-importer/demo-data/barlog1.json HTTP/1.1" 200 128 "-" "WordPress/7.0; https://momotimes.therahuldas.com"
74.7.243.214 - - [13/Jun/2026:14:43:30 +0200] "GET /wp.php?dir=CwusrCwincludeCwbind9Cwisc&edit=thread.h HTTP/1.1" 200 4612 "http://momotimes.therahuldas.com/wp.php?dir=CwusrCwincludeCwbind9Cwisc" "Mozilla/5.0 AppleWebKit/537.36 (KHTML, like Gecko; compatible; GPTBot/1.4; +https://openai.com/gptbot)"
74.7.243.214 - - [13/Jun/2026:14:43:30 +0200] "GET /wp.php?dir=CwusrCwincludeCwbind9Cwisc&edit=string.h HTTP/1.1" 200 4300 "http://momotimes.therahuldas.com/wp.php?dir=CwusrCwincludeCwbind9Cwisc" "Mozilla/5.0 AppleWebKit/537.36 (KHTML, like Gecko; compatible; GPTBot/1.4; +https://openai.com/gptbot)"
74.7.243.214 - - [13/Jun/2026:14:43:31 +0200] "GET /wp.php?dir=CwusrCwincludeCwbind9Cwisc&edit=result.h HTTP/1.1" 200 5869 "http://momotimes.therahuldas.com/wp.php?dir=CwusrCwincludeCwbind9Cwisc" "Mozilla/5.0 AppleWebKit/537.36 (KHTML, like Gecko; compatible; GPTBot/1.4; +https://openai.com/gptbot)"
74.7.243.214 - - [13/Jun/2026:14:43:32 +0200] "GET /wp.php?dir=CwusrCwincludeCwbind9Cwisc&edit=serial.h HTTP/1.1" 200 4420 "http://momotimes.therahuldas.com/wp.php?dir=CwusrCwincludeCwbind9Cwisc" "Mozilla/5.0 AppleWebKit/537.36 (KHTML, like Gecko; compatible; GPTBot/1.4; +https://openai.com/gptbot)"
74.7.243.214 - - [13/Jun/2026:14:43:33 +0200] "GET /wp.php?dir=CwusrCwincludeCwbind9Cwisc&edit=endian.h HTTP/1.1" 200 5245 "http://momotimes.therahuldas.com/wp.php?dir=CwusrCwincludeCwbind9Cwisc" "Mozilla/5.0 AppleWebKit/537.36 (KHTML, like Gecko; compatible; GPTBot/1.4; +https://openai.com/gptbot)"
74.7.243.214 - - [13/Jun/2026:14:43:34 +0200] "GET /wp.php?dir=CwusrCwincludeCwbind9Cwisc&edit=resource.h HTTP/1.1" 200 5038 "http://momotimes.therahuldas.com/wp.php?dir=CwusrCwincludeCwbind9Cwisc" "Mozilla/5.0 AppleWebKit/537.36 (KHTML, like Gecko; compatible; GPTBot/1.4; +https://openai.com/gptbot)"
74.7.243.214 - - [13/Jun/2026:14:43:34 +0200] "GET /wp.php?dir=CwusrCwincludeCwbind9Cwisc&edit=netscope.h HTTP/1.1" 200 4426 "http://momotimes.therahuldas.com/wp.php?dir=CwusrCwincludeCwbind9Cwisc" "Mozilla/5.0 AppleWebKit/537.36 (KHTML, like Gecko; compatible; GPTBot/1.4; +https://openai.com/gptbot)"
74.7.243.214 - - [13/Jun/2026:14:43:35 +0200] "GET /wp.php?dir=CwusrCwincludeCwbind9Cwisc&edit=parseint.h HTTP/1.1" 200 4665 "http://momotimes.therahuldas.com/wp.php?dir=CwusrCwincludeCwbind9Cwisc" "Mozilla/5.0 AppleWebKit/537.36 (KHTML, like Gecko; compatible; GPTBot/1.4; +https://openai.com/gptbot)"
74.7.243.214 - - [13/Jun/2026:14:43:36 +0200] "GET /wp.php?dir=CwusrCwincludeCwbind9Cwisc&edit=buffer.h HTTP/1.1" 200 10484 "http://momotimes.therahuldas.com/wp.php?dir=CwusrCwincludeCwbind9Cwisc" "Mozilla/5.0 AppleWebKit/537.36 (KHTML, like Gecko; compatible; GPTBot/1.4; +https://openai.com/gptbot)"
74.7.243.214 - - [13/Jun/2026:14:43:37 +0200] "GET /wp.php?dir=CwusrCwincludeCwbind9Cwisc&edit=fsaccess.h HTTP/1.1" 200 6848 "http://momotimes.therahuldas.com/wp.php?dir=CwusrCwincludeCwbind9Cwisc" "Mozilla/5.0 AppleWebKit/537.36 (KHTML, like Gecko; compatible; GPTBot/1.4; +https://openai.com/gptbot)"
74.7.243.214 - - [13/Jun/2026:14:43:38 +0200] "GET /wp.php?dir=CwusrCwincludeCwbind9Cwisc&edit=regex.h HTTP/1.1" 200 4311 "http://momotimes.therahuldas.com/wp.php?dir=CwusrCwincludeCwbind9Cwisc" "Mozilla/5.0 AppleWebKit/537.36 (KHTML, like Gecko; compatible; GPTBot/1.4; +https://openai.com/gptbot)"
74.7.243.214 - - [13/Jun/2026:14:43:39 +0200] "GET /wp.php?dir=CwusrCwincludeCwbind9Cwisc&edit=errno2result.h HTTP/1.1" 200 4378 "http://momotimes.therahuldas.com/wp.php?dir=CwusrCwincludeCwbind9Cwisc" "Mozilla/5.0 AppleWebKit/537.36 (KHTML, like Gecko; compatible; GPTBot/1.4; +https://openai.com/gptbot)"
74.7.243.214 - - [13/Jun/2026:14:43:39 +0200] "GET /wp.php?dir=CwusrCwincludeCwbind9Cwisc&edit=log.h HTTP/1.1" 200 11665 "http://momotimes.therahuldas.com/wp.php?dir=CwusrCwincludeCwbind9Cwisc" "Mozilla/5.0 AppleWebKit/537.36 (KHTML, like Gecko; compatible; GPTBot/1.4; +https://openai.com/gptbot)"
74.7.243.214 - - [13/Jun/2026:14:43:40 +0200] "GET /wp.php?dir=CwusrCwincludeCwbind9Cwisc&view=dir.h HTTP/1.1" 200 740 "http://momotimes.therahuldas.com/wp.php?dir=CwusrCwincludeCwbind9Cwisc" "Mozilla/5.0 AppleWebKit/537.36 (KHTML, like Gecko; compatible; GPTBot/1.4; +https://openai.com/gptbot)"
74.7.243.214 - - [13/Jun/2026:14:43:41 +0200] "GET /wp.php?dir=CwusrCwincludeCwbind9Cwisc&view=lib.h HTTP/1.1" 200 649 "http://momotimes.therahuldas.com/wp.php?dir=CwusrCwincludeCwbind9Cwisc" "Mozilla/5.0 AppleWebKit/537.36 (KHTML, like Gecko; compatible; GPTBot/1.4; +https://openai.com/gptbot)"
74.7.243.214 - - [13/Jun/2026:14:43:41 +0200] "GET /wp.php?dir=CwusrCwincludeCwbind9Cwisc&edit=mutexatomic.h HTTP/1.1" 200 5661 "http://momotimes.therahuldas.com/wp.php?dir=CwusrCwincludeCwbind9Cwisc" "Mozilla/5.0 AppleWebKit/537.36 (KHTML, like Gecko; compatible; GPTBot/1.4; +https://openai.com/gptbot)"
65.21.228.101 - - [13/Jun/2026:14:43:43 +0200] "GET /wp-content/plugins/modeltheme-framework/inc/demo-importer/demo-data/barlog1.json HTTP/1.1" 200 128 "-" "WordPress/7.0; https://momotimes.therahuldas.com"
74.7.243.214 - - [13/Jun/2026:14:43:42 +0200] "GET /wp.php?dir=CwusrCwincludeCwbind9Cwisc&view=interfaceiter.h HTTP/1.1" 200 1244 "http://momotimes.therahuldas.com/wp.php?dir=CwusrCwincludeCwbind9Cwisc" "Mozilla/5.0 AppleWebKit/537.36 (KHTML, like Gecko; compatible; GPTBot/1.4; +https://openai.com/gptbot)"
74.7.243.214 - - [13/Jun/2026:14:43:43 +0200] "GET /wp.php?dir=CwusrCwincludeCwbind9Cwisc&view=ratelimiter.h HTTP/1.1" 200 1452 "http://momotimes.therahuldas.com/wp.php?dir=CwusrCwincludeCwbind9Cwisc" "Mozilla/5.0 AppleWebKit/537.36 (KHTML, like Gecko; compatible; GPTBot/1.4; +https://openai.com/gptbot)"
74.7.243.214 - - [13/Jun/2026:14:43:44 +0200] "GET /wp.php?dir=CwusrCwincludeCwbind9Cwisc&view=commandline.h HTTP/1.1" 200 819 "http://momotimes.therahuldas.com/wp.php?dir=CwusrCwincludeCwbind9Cwisc" "Mozilla/5.0 AppleWebKit/537.36 (KHTML, like Gecko; compatible; GPTBot/1.4; +https://openai.com/gptbot)"
65.21.228.101 - - [13/Jun/2026:14:43:45 +0200] "GET /wp-content/plugins/modeltheme-framework/inc/demo-importer/demo-data/barlog1.json HTTP/1.1" 200 128 "-" "WordPress/7.0; https://momotimes.therahuldas.com"
74.7.243.214 - - [13/Jun/2026:14:43:45 +0200] "GET /wp.php?dir=CwusrCwincludeCwbind9Cwisc&view=resultclass.h HTTP/1.1" 200 678 "http://momotimes.therahuldas.com/wp.php?dir=CwusrCwincludeCwbind9Cwisc" "Mozilla/5.0 AppleWebKit/537.36 (KHTML, like Gecko; compatible; GPTBot/1.4; +https://openai.com/gptbot)"
74.7.243.214 - - [13/Jun/2026:14:43:45 +0200] "GET /wp.php?dir=CwusrCwincludeCwbind9Cwisc&view=utf8.h HTTP/1.1" 200 517 "http://momotimes.therahuldas.com/wp.php?dir=CwusrCwincludeCwbind9Cwisc" "Mozilla/5.0 AppleWebKit/537.36 (KHTML, like Gecko; compatible; GPTBot/1.4; +https://openai.com/gptbot)"
74.7.243.214 - - [13/Jun/2026:14:43:46 +0200] "GET /wp.php?dir=CwusrCwincludeCwbind9Cwisc&view=condition.h HTTP/1.1" 200 756 "http://momotimes.therahuldas.com/wp.php?dir=CwusrCwincludeCwbind9Cwisc" "Mozilla/5.0 AppleWebKit/537.36 (KHTML, like Gecko; compatible; GPTBot/1.4; +https://openai.com/gptbot)"
74.7.243.214 - - [13/Jun/2026:14:43:47 +0200] "GET /wp.php?dir=CwusrCwincludeCwbind9Cwisc&view=deprecated.h HTTP/1.1" 200 384 "http://momotimes.therahuldas.com/wp.php?dir=CwusrCwincludeCwbind9Cwisc" "Mozilla/5.0 AppleWebKit/537.36 (KHTML, like Gecko; compatible; GPTBot/1.4; +https://openai.com/gptbot)"
74.7.243.214 - - [13/Jun/2026:14:43:48 +0200] "GET /wp.php?dir=CwusrCwincludeCwbind9Cwirs&edit=resconf.h HTTP/1.1" 200 5013 "http://momotimes.therahuldas.com/wp.php?dir=CwusrCwincludeCwbind9Cwirs" "Mozilla/5.0 AppleWebKit/537.36 (KHTML, like Gecko; compatible; GPTBot/1.4; +https://openai.com/gptbot)"
74.7.243.214 - - [13/Jun/2026:14:43:48 +0200] "GET /wp.php?dir=CwusrCwincludeCwbind9Cwisc&edit=meminfo.h HTTP/1.1" 200 4283 "http://momotimes.therahuldas.com/wp.php?dir=CwusrCwincludeCwbind9Cwisc" "Mozilla/5.0 AppleWebKit/537.36 (KHTML, like Gecko; compatible; GPTBot/1.4; +https://openai.com/gptbot)"
74.7.243.214 - - [13/Jun/2026:14:43:49 +0200] "GET /wp.php?dir=CwusrCwincludeCwbind9Cwirs&edit=context.h HTTP/1.1" 200 4931 "http://momotimes.therahuldas.com/wp.php?dir=CwusrCwincludeCwbind9Cwirs" "Mozilla/5.0 AppleWebKit/537.36 (KHTML, like Gecko; compatible; GPTBot/1.4; +https://openai.com/gptbot)"
74.7.243.214 - - [13/Jun/2026:14:43:50 +0200] "GET /wp.php?dir=CwusrCwincludeCwbind9Cwisc&view=hp.h HTTP/1.1" 200 1885 "http://momotimes.therahuldas.com/wp.php?dir=CwusrCwincludeCwbind9Cwisc" "Mozilla/5.0 AppleWebKit/537.36 (KHTML, like Gecko; compatible; GPTBot/1.4; +https://openai.com/gptbot)"
74.7.243.214 - - [13/Jun/2026:14:43:51 +0200] "GET /wp.php?dir=CwusrCwincludeCwbind9Cwisc&edit=fuzz.h HTTP/1.1" 200 4193 "http://momotimes.therahuldas.com/wp.php?dir=CwusrCwincludeCwbind9Cwisc" "Mozilla/5.0 AppleWebKit/537.36 (KHTML, like Gecko; compatible; GPTBot/1.4; +https://openai.com/gptbot)"
74.7.243.214 - - [13/Jun/2026:14:43:51 +0200] "GET /wp.php?dir=CwusrCwincludeCwbind9Cwisc&edit=task.h HTTP/1.1" 200 8784 "http://momotimes.therahuldas.com/wp.php?dir=CwusrCwincludeCwbind9Cwisc" "Mozilla/5.0 AppleWebKit/537.36 (KHTML, like Gecko; compatible; GPTBot/1.4; +https://openai.com/gptbot)"
65.21.228.101 - - [13/Jun/2026:14:43:52 +0200] "GET /wp-content/plugins/modeltheme-framework/inc/demo-importer/demo-data/barlog1.json HTTP/1.1" 200 128 "-" "WordPress/7.0; https://momotimes.therahuldas.com"
74.7.243.214 - - [13/Jun/2026:14:43:52 +0200] "GET /wp.php?dir=CwusrCwincludeCwbind9Cwisc&edit=safe.h HTTP/1.1" 200 4496 "http://momotimes.therahuldas.com/wp.php?dir=CwusrCwincludeCwbind9Cwisc" "Mozilla/5.0 AppleWebKit/537.36 (KHTML, like Gecko; compatible; GPTBot/1.4; +https://openai.com/gptbot)"
65.21.228.101 - - [13/Jun/2026:14:43:53 +0200] "GET /wp-content/plugins/modeltheme-framework/inc/demo-importer/demo-data/barlog1.json HTTP/1.1" 200 128 "-" "WordPress/7.0; https://momotimes.therahuldas.com"
74.7.243.214 - - [13/Jun/2026:14:43:53 +0200] "GET /wp.php?dir=CwusrCwincludeCwbind9Cwisc&edit=hmac.h HTTP/1.1" 200 5084 "http://momotimes.therahuldas.com/wp.php?dir=CwusrCwincludeCwbind9Cwisc" "Mozilla/5.0 AppleWebKit/537.36 (KHTML, like Gecko; compatible; GPTBot/1.4; +https://openai.com/gptbot)"
74.7.243.214 - - [13/Jun/2026:14:43:54 +0200] "GET /wp.php?dir=CwusrCwincludeCwbind9Cwisc&edit=lang.h HTTP/1.1" 200 4215 "http://momotimes.therahuldas.com/wp.php?dir=CwusrCwincludeCwbind9Cwisc" "Mozilla/5.0 AppleWebKit/537.36 (KHTML, like Gecko; compatible; GPTBot/1.4; +https://openai.com/gptbot)"
65.21.228.101 - - [13/Jun/2026:14:41:19 +0200] "GET /wp-content/plugins/modeltheme-framework/inc/demo-importer/demo-data/barlog1.json HTTP/1.1" 200 128 "-" "WordPress/7.0; https://momotimes.therahuldas.com"
65.21.228.101 - - [13/Jun/2026:14:41:24 +0200] "GET /wp-content/plugins/modeltheme-framework/inc/demo-importer/demo-data/barlog1.json HTTP/1.1" 200 128 "-" "WordPress/7.0; https://momotimes.therahuldas.com"
65.21.228.101 - - [13/Jun/2026:14:41:29 +0200] "GET /wp-content/plugins/modeltheme-framework/inc/demo-importer/demo-data/barlog1.json HTTP/1.1" 200 128 "-" "WordPress/7.0; https://momotimes.therahuldas.com"
65.21.228.101 - - [13/Jun/2026:14:41:43 +0200] "GET /wp-content/plugins/modeltheme-framework/inc/demo-importer/demo-data/barlog1.json HTTP/1.1" 200 128 "-" "WordPress/7.0; https://momotimes.therahuldas.com"
65.21.228.101 - - [13/Jun/2026:14:41:46 +0200] "GET /wp-content/plugins/modeltheme-framework/inc/demo-importer/demo-data/barlog1.json HTTP/1.1" 200 128 "-" "WordPress/7.0; https://momotimes.therahuldas.com"
65.21.228.101 - - [13/Jun/2026:14:42:03 +0200] "GET /wp-content/plugins/modeltheme-framework/inc/demo-importer/demo-data/barlog1.json HTTP/1.1" 200 128 "-" "WordPress/7.0; https://momotimes.therahuldas.com"
65.21.228.101 - - [13/Jun/2026:14:42:11 +0200] "GET /wp-content/plugins/modeltheme-framework/inc/demo-importer/demo-data/barlog1.json HTTP/1.1" 200 128 "-" "WordPress/7.0; https://momotimes.therahuldas.com"
65.21.228.101 - - [13/Jun/2026:14:42:13 +0200] "GET /wp-content/plugins/modeltheme-framework/inc/demo-importer/demo-data/barlog1.json HTTP/1.1" 200 128 "-" "WordPress/7.0; https://momotimes.therahuldas.com"
65.21.228.101 - - [13/Jun/2026:14:42:18 +0200] "GET /wp-content/plugins/modeltheme-framework/inc/demo-importer/demo-data/barlog1.json HTTP/1.1" 200 128 "-" "WordPress/7.0; https://momotimes.therahuldas.com"
65.21.228.101 - - [13/Jun/2026:14:42:23 +0200] "GET /wp-content/plugins/modeltheme-framework/inc/demo-importer/demo-data/barlog1.json HTTP/1.1" 200 128 "-" "WordPress/7.0; https://momotimes.therahuldas.com"
65.21.228.101 - - [13/Jun/2026:14:42:43 +0200] "GET /wp-content/plugins/modeltheme-framework/inc/demo-importer/demo-data/barlog1.json HTTP/1.1" 200 128 "-" "WordPress/7.0; https://momotimes.therahuldas.com"
65.21.228.101 - - [13/Jun/2026:14:42:49 +0200] "GET /wp-content/plugins/modeltheme-framework/inc/demo-importer/demo-data/barlog1.json HTTP/1.1" 200 128 "-" "WordPress/7.0; https://momotimes.therahuldas.com"
65.21.228.101 - - [13/Jun/2026:14:42:54 +0200] "GET /wp-content/plugins/modeltheme-framework/inc/demo-importer/demo-data/barlog1.json HTTP/1.1" 200 128 "-" "WordPress/7.0; https://momotimes.therahuldas.com"
65.21.228.101 - - [13/Jun/2026:14:42:59 +0200] "GET /wp-content/plugins/modeltheme-framework/inc/demo-importer/demo-data/barlog1.json HTTP/1.1" 200 128 "-" "WordPress/7.0; https://momotimes.therahuldas.com"
65.21.228.101 - - [13/Jun/2026:14:43:24 +0200] "GET /wp-content/plugins/modeltheme-framework/inc/demo-importer/demo-data/barlog1.json HTTP/1.1" 200 128 "-" "WordPress/7.0; https://momotimes.therahuldas.com"
65.21.228.101 - - [13/Jun/2026:14:43:32 +0200] "GET /wp-content/plugins/modeltheme-framework/inc/demo-importer/demo-data/barlog1.json HTTP/1.1" 200 128 "-" "WordPress/7.0; https://momotimes.therahuldas.com"
65.21.228.101 - - [13/Jun/2026:14:43:39 +0200] "GET /wp-content/plugins/modeltheme-framework/inc/demo-importer/demo-data/barlog1.json HTTP/1.1" 200 128 "-" "WordPress/7.0; https://momotimes.therahuldas.com"
65.21.228.101 - - [13/Jun/2026:14:43:48 +0200] "GET /wp-content/plugins/modeltheme-framework/inc/demo-importer/demo-data/barlog1.json HTTP/1.1" 200 128 "-" "WordPress/7.0; https://momotimes.therahuldas.com"
65.21.228.101 - - [13/Jun/2026:14:43:49 +0200] "GET /wp-content/plugins/modeltheme-framework/inc/demo-importer/demo-data/barlog1.json HTTP/1.1" 200 128 "-" "WordPress/7.0; https://momotimes.therahuldas.com"
74.7.243.214 - - [13/Jun/2026:14:43:54 +0200] "GET /wp.php?dir=CwusrCwincludeCwbind9Cwisc&view=event.h HTTP/1.1" 200 1373 "http://momotimes.therahuldas.com/wp.php?dir=CwusrCwincludeCwbind9Cwisc" "Mozilla/5.0 AppleWebKit/537.36 (KHTML, like Gecko; compatible; GPTBot/1.4; +https://openai.com/gptbot)"
74.7.243.214 - - [13/Jun/2026:14:43:55 +0200] "GET /wp.php?dir=CwusrCwincludeCwbind9Cwisc&view=url.h HTTP/1.1" 200 1460 "http://momotimes.therahuldas.com/wp.php?dir=CwusrCwincludeCwbind9Cwisc" "Mozilla/5.0 AppleWebKit/537.36 (KHTML, like Gecko; compatible; GPTBot/1.4; +https://openai.com/gptbot)"
74.7.243.214 - - [13/Jun/2026:14:43:56 +0200] "GET /wp.php?dir=CwusrCwincludeCwbind9Cwisc&view=base64.h HTTP/1.1" 200 1192 "http://momotimes.therahuldas.com/wp.php?dir=CwusrCwincludeCwbind9Cwisc" "Mozilla/5.0 AppleWebKit/537.36 (KHTML, like Gecko; compatible; GPTBot/1.4; +https://openai.com/gptbot)"
74.7.243.214 - - [13/Jun/2026:14:43:57 +0200] "GET /wp.php?dir=CwusrCwincludeCwbind9Cwisc&view=base32.h HTTP/1.1" 200 1475 "http://momotimes.therahuldas.com/wp.php?dir=CwusrCwincludeCwbind9Cwisc" "Mozilla/5.0 AppleWebKit/537.36 (KHTML, like Gecko; compatible; GPTBot/1.4; +https://openai.com/gptbot)"
74.7.243.214 - - [13/Jun/2026:14:43:58 +0200] "GET /wp.php?dir=CwusrCwincludeCwbind9Cwisc&view=siphash.h HTTP/1.1" 200 479 "http://momotimes.therahuldas.com/wp.php?dir=CwusrCwincludeCwbind9Cwisc" "Mozilla/5.0 AppleWebKit/537.36 (KHTML, like Gecko; compatible; GPTBot/1.4; +https://openai.com/gptbot)"
65.21.228.101 - - [13/Jun/2026:14:43:59 +0200] "GET /wp-content/plugins/modeltheme-framework/inc/demo-importer/demo-data/barlog1.json HTTP/1.1" 200 128 "-" "WordPress/7.0; https://momotimes.therahuldas.com"
74.7.243.214 - - [13/Jun/2026:14:43:59 +0200] "GET /wp.php?dir=CwusrCwincludeCwbind9Cwisc&view=hex.h HTTP/1.1" 200 1181 "http://momotimes.therahuldas.com/wp.php?dir=CwusrCwincludeCwbind9Cwisc" "Mozilla/5.0 AppleWebKit/537.36 (KHTML, like Gecko; compatible; GPTBot/1.4; +https://openai.com/gptbot)"
65.21.228.101 - - [13/Jun/2026:14:43:59 +0200] "GET /wp-content/plugins/modeltheme-framework/inc/demo-importer/demo-data/barlog1.json HTTP/1.1" 200 128 "-" "WordPress/7.0; https://momotimes.therahuldas.com"
74.7.243.214 - - [13/Jun/2026:14:43:59 +0200] "GET /wp.php?dir=CwusrCwincludeCwbind9Cwisc&view=mem.h HTTP/1.1" 200 5708 "http://momotimes.therahuldas.com/wp.php?dir=CwusrCwincludeCwbind9Cwisc" "Mozilla/5.0 AppleWebKit/537.36 (KHTML, like Gecko; compatible; GPTBot/1.4; +https://openai.com/gptbot)"
74.7.243.214 - - [13/Jun/2026:14:44:00 +0200] "GET /wp.php?dir=CwusrCwincludeCwbind9Cwisc&view=lex.h HTTP/1.1" 200 3038 "http://momotimes.therahuldas.com/wp.php?dir=CwusrCwincludeCwbind9Cwisc" "Mozilla/5.0 AppleWebKit/537.36 (KHTML, like Gecko; compatible; GPTBot/1.4; +https://openai.com/gptbot)"
74.7.243.214 - - [13/Jun/2026:14:44:01 +0200] "GET /wp.php?dir=CwusrCwincludeCwbind9Cwisc&view=app.h HTTP/1.1" 200 2405 "http://momotimes.therahuldas.com/wp.php?dir=CwusrCwincludeCwbind9Cwisc" "Mozilla/5.0 AppleWebKit/537.36 (KHTML, like Gecko; compatible; GPTBot/1.4; +https://openai.com/gptbot)"
74.7.243.214 - - [13/Jun/2026:14:44:02 +0200] "GET /wp.php?dir=CwusrCwincludeCwbind9Cwisc&view=aes.h HTTP/1.1" 200 483 "http://momotimes.therahuldas.com/wp.php?dir=CwusrCwincludeCwbind9Cwisc" "Mozilla/5.0 AppleWebKit/537.36 (KHTML, like Gecko; compatible; GPTBot/1.4; +https://openai.com/gptbot)"
74.7.243.214 - - [13/Jun/2026:14:44:03 +0200] "GET /wp.php?dir=CwusrCwincludeCwbind9Cwisc&edit=rwlock.h HTTP/1.1" 200 4935 "http://momotimes.therahuldas.com/wp.php?dir=CwusrCwincludeCwbind9Cwisc" "Mozilla/5.0 AppleWebKit/537.36 (KHTML, like Gecko; compatible; GPTBot/1.4; +https://openai.com/gptbot)"
74.7.243.214 - - [13/Jun/2026:14:44:03 +0200] "GET /wp.php?dir=CwusrCwincludeCwbind9Cwisc&edit=astack.h HTTP/1.1" 200 4450 "http://momotimes.therahuldas.com/wp.php?dir=CwusrCwincludeCwbind9Cwisc" "Mozilla/5.0 AppleWebKit/537.36 (KHTML, like Gecko; compatible; GPTBot/1.4; +https://openai.com/gptbot)"
65.21.228.101 - - [13/Jun/2026:14:42:43 +0200] "GET /wp-content/plugins/modeltheme-framework/inc/demo-importer/demo-data/barlog1.json HTTP/1.1" 200 128 "-" "WordPress/7.0; https://momotimes.therahuldas.com"
65.21.228.101 - - [13/Jun/2026:14:42:53 +0200] "GET /wp-content/plugins/modeltheme-framework/inc/demo-importer/demo-data/barlog1.json HTTP/1.1" 200 128 "-" "WordPress/7.0; https://momotimes.therahuldas.com"
65.21.228.101 - - [13/Jun/2026:14:42:55 +0200] "GET /wp-content/plugins/modeltheme-framework/inc/demo-importer/demo-data/barlog1.json HTTP/1.1" 200 128 "-" "WordPress/7.0; https://momotimes.therahuldas.com"
65.21.228.101 - - [13/Jun/2026:14:43:00 +0200] "GET /wp-content/plugins/modeltheme-framework/inc/demo-importer/demo-data/barlog1.json HTTP/1.1" 200 128 "-" "WordPress/7.0; https://momotimes.therahuldas.com"
65.21.228.101 - - [13/Jun/2026:14:43:01 +0200] "GET /wp-content/plugins/modeltheme-framework/inc/demo-importer/demo-data/barlog1.json HTTP/1.1" 200 128 "-" "WordPress/7.0; https://momotimes.therahuldas.com"
65.21.228.101 - - [13/Jun/2026:14:43:10 +0200] "GET /wp-content/plugins/modeltheme-framework/inc/demo-importer/demo-data/barlog1.json HTTP/1.1" 200 128 "-" "WordPress/7.0; https://momotimes.therahuldas.com"
65.21.228.101 - - [13/Jun/2026:14:43:17 +0200] "GET /wp-content/plugins/modeltheme-framework/inc/demo-importer/demo-data/barlog1.json HTTP/1.1" 200 128 "-" "WordPress/7.0; https://momotimes.therahuldas.com"
65.21.228.101 - - [13/Jun/2026:14:43:23 +0200] "GET /wp-content/plugins/modeltheme-framework/inc/demo-importer/demo-data/barlog1.json HTTP/1.1" 200 128 "-" "WordPress/7.0; https://momotimes.therahuldas.com"
65.21.228.101 - - [13/Jun/2026:14:43:27 +0200] "GET /wp-content/plugins/modeltheme-framework/inc/demo-importer/demo-data/barlog1.json HTTP/1.1" 200 128 "-" "WordPress/7.0; https://momotimes.therahuldas.com"
65.21.228.101 - - [13/Jun/2026:14:43:29 +0200] "GET /wp-content/plugins/modeltheme-framework/inc/demo-importer/demo-data/barlog1.json HTTP/1.1" 200 128 "-" "WordPress/7.0; https://momotimes.therahuldas.com"
65.21.228.101 - - [13/Jun/2026:14:43:31 +0200] "GET /wp-content/plugins/modeltheme-framework/inc/demo-importer/demo-data/barlog1.json HTTP/1.1" 200 128 "-" "WordPress/7.0; https://momotimes.therahuldas.com"
65.21.228.101 - - [13/Jun/2026:14:43:36 +0200] "GET /wp-content/plugins/modeltheme-framework/inc/demo-importer/demo-data/barlog1.json HTTP/1.1" 200 128 "-" "WordPress/7.0; https://momotimes.therahuldas.com"
65.21.228.101 - - [13/Jun/2026:14:43:36 +0200] "GET /wp-content/plugins/modeltheme-framework/inc/demo-importer/demo-data/barlog1.json HTTP/1.1" 200 128 "-" "WordPress/7.0; https://momotimes.therahuldas.com"
65.21.228.101 - - [13/Jun/2026:14:43:46 +0200] "GET /wp-content/plugins/modeltheme-framework/inc/demo-importer/demo-data/barlog1.json HTTP/1.1" 200 128 "-" "WordPress/7.0; https://momotimes.therahuldas.com"
65.21.228.101 - - [13/Jun/2026:14:43:56 +0200] "GET /wp-content/plugins/modeltheme-framework/inc/demo-importer/demo-data/barlog1.json HTTP/1.1" 200 128 "-" "WordPress/7.0; https://momotimes.therahuldas.com"
65.21.228.101 - - [13/Jun/2026:14:44:01 +0200] "GET /wp-content/plugins/modeltheme-framework/inc/demo-importer/demo-data/barlog1.json HTTP/1.1" 200 128 "-" "WordPress/7.0; https://momotimes.therahuldas.com"
65.21.228.101 - - [13/Jun/2026:14:44:02 +0200] "GET /wp-content/plugins/modeltheme-framework/inc/demo-importer/demo-data/barlog1.json HTTP/1.1" 200 128 "-" "WordPress/7.0; https://momotimes.therahuldas.com"
65.21.228.101 - - [13/Jun/2026:14:44:03 +0200] "GET /wp-content/plugins/modeltheme-framework/inc/demo-importer/demo-data/barlog1.json HTTP/1.1" 200 128 "-" "WordPress/7.0; https://momotimes.therahuldas.com"
65.21.228.101 - - [13/Jun/2026:14:44:06 +0200] "GET /wp-content/plugins/modeltheme-framework/inc/demo-importer/demo-data/barlog1.json HTTP/1.1" 200 128 "-" "WordPress/7.0; https://momotimes.therahuldas.com"
74.7.243.214 - - [13/Jun/2026:14:44:04 +0200] "GET /wp.php?dir=CwusrCwincludeCwbind9Cwisc&edit=atomic.h HTTP/1.1" 200 4557 "http://momotimes.therahuldas.com/wp.php?dir=CwusrCwincludeCwbind9Cwisc" "Mozilla/5.0 AppleWebKit/537.36 (KHTML, like Gecko; compatible; GPTBot/1.4; +https://openai.com/gptbot)"
74.7.243.214 - - [13/Jun/2026:14:44:05 +0200] "GET /wp.php?dir=CwusrCwincludeCwbind9Cwisc&edit=netmgr.h HTTP/1.1" 200 8638 "http://momotimes.therahuldas.com/wp.php?dir=CwusrCwincludeCwbind9Cwisc" "Mozilla/5.0 AppleWebKit/537.36 (KHTML, like Gecko; compatible; GPTBot/1.4; +https://openai.com/gptbot)"
74.7.243.214 - - [13/Jun/2026:14:44:06 +0200] "GET /wp.php?dir=CwusrCwincludeCwbind9Cwisc&edit=socket.h HTTP/1.1" 200 11122 "http://momotimes.therahuldas.com/wp.php?dir=CwusrCwincludeCwbind9Cwisc" "Mozilla/5.0 AppleWebKit/537.36 (KHTML, like Gecko; compatible; GPTBot/1.4; +https://openai.com/gptbot)"
65.21.228.101 - - [13/Jun/2026:14:44:07 +0200] "GET /wp-content/plugins/modeltheme-framework/inc/demo-importer/demo-data/barlog1.json HTTP/1.1" 200 128 "-" "WordPress/7.0; https://momotimes.therahuldas.com"
74.7.243.214 - - [13/Jun/2026:14:44:07 +0200] "GET /wp.php?dir=CwusrCwincludeCwbind9Cwisc&edit=random.h HTTP/1.1" 200 4570 "http://momotimes.therahuldas.com/wp.php?dir=CwusrCwincludeCwbind9Cwisc" "Mozilla/5.0 AppleWebKit/537.36 (KHTML, like Gecko; compatible; GPTBot/1.4; +https://openai.com/gptbot)"
74.7.243.214 - - [13/Jun/2026:14:44:07 +0200] "GET /wp.php?dir=CwusrCwincludeCwbind9Cwisc&edit=likely.h HTTP/1.1" 200 4258 "http://momotimes.therahuldas.com/wp.php?dir=CwusrCwincludeCwbind9Cwisc" "Mozilla/5.0 AppleWebKit/537.36 (KHTML, like Gecko; compatible; GPTBot/1.4; +https://openai.com/gptbot)"
74.7.243.214 - - [13/Jun/2026:14:44:08 +0200] "GET /wp.php?dir=CwusrCwincludeCwbind9Cwisc&edit=offset.h HTTP/1.1" 200 4275 "http://momotimes.therahuldas.com/wp.php?dir=CwusrCwincludeCwbind9Cwisc" "Mozilla/5.0 AppleWebKit/537.36 (KHTML, like Gecko; compatible; GPTBot/1.4; +https://openai.com/gptbot)"
74.7.243.214 - - [13/Jun/2026:14:44:09 +0200] "GET /wp.php?dir=CwusrCwincludeCwbind9Cwisc&edit=sockaddr.h HTTP/1.1" 200 5854 "http://momotimes.therahuldas.com/wp.php?dir=CwusrCwincludeCwbind9Cwisc" "Mozilla/5.0 AppleWebKit/537.36 (KHTML, like Gecko; compatible; GPTBot/1.4; +https://openai.com/gptbot)"
65.21.228.101 - - [13/Jun/2026:14:44:09 +0200] "GET /wp-content/plugins/modeltheme-framework/inc/demo-importer/demo-data/barlog1.json HTTP/1.1" 200 128 "-" "WordPress/7.0; https://momotimes.therahuldas.com"
74.7.243.214 - - [13/Jun/2026:14:44:09 +0200] "GET /wp.php?dir=CwusrCwincludeCwbind9Cwisc&edit=refcount.h HTTP/1.1" 200 5063 "http://momotimes.therahuldas.com/wp.php?dir=CwusrCwincludeCwbind9Cwisc" "Mozilla/5.0 AppleWebKit/537.36 (KHTML, like Gecko; compatible; GPTBot/1.4; +https://openai.com/gptbot)"
74.7.243.214 - - [13/Jun/2026:14:44:10 +0200] "GET /wp.php?dir=CwusrCwincludeCwbind9Cwisc&edit=mutex.h HTTP/1.1" 200 5093 "http://momotimes.therahuldas.com/wp.php?dir=CwusrCwincludeCwbind9Cwisc" "Mozilla/5.0 AppleWebKit/537.36 (KHTML, like Gecko; compatible; GPTBot/1.4; +https://openai.com/gptbot)"
74.7.243.214 - - [13/Jun/2026:14:44:11 +0200] "GET /wp.php?dir=CwusrCwincludeCwbind9Cwisc&edit=magic.h HTTP/1.1" 200 4439 "http://momotimes.therahuldas.com/wp.php?dir=CwusrCwincludeCwbind9Cwisc" "Mozilla/5.0 AppleWebKit/537.36 (KHTML, like Gecko; compatible; GPTBot/1.4; +https://openai.com/gptbot)"
74.7.243.214 - - [13/Jun/2026:14:44:12 +0200] "GET /wp.php?dir=CwusrCwincludeCwbind9Cwisc&edit=align.h HTTP/1.1" 200 4185 "http://momotimes.therahuldas.com/wp.php?dir=CwusrCwincludeCwbind9Cwisc" "Mozilla/5.0 AppleWebKit/537.36 (KHTML, like Gecko; compatible; GPTBot/1.4; +https://openai.com/gptbot)"
74.7.243.214 - - [13/Jun/2026:14:44:12 +0200] "GET /wp.php?dir=CwusrCwincludeCwbind9Cwisc&edit=utf8.h HTTP/1.1" 200 4358 "http://momotimes.therahuldas.com/wp.php?dir=CwusrCwincludeCwbind9Cwisc" "Mozilla/5.0 AppleWebKit/537.36 (KHTML, like Gecko; compatible; GPTBot/1.4; +https://openai.com/gptbot)"
74.7.243.214 - - [13/Jun/2026:14:44:13 +0200] "GET /wp.php?dir=CwusrCwincludeCwbind9Cwisc&edit=syslog.h HTTP/1.1" 200 4360 "http://momotimes.therahuldas.com/wp.php?dir=CwusrCwincludeCwbind9Cwisc" "Mozilla/5.0 AppleWebKit/537.36 (KHTML, like Gecko; compatible; GPTBot/1.4; +https://openai.com/gptbot)"
74.7.243.214 - - [13/Jun/2026:14:44:14 +0200] "GET /wp.php?dir=CwusrCwincludeCwbind9Cwisc&edit=cmocka.h HTTP/1.1" 200 4533 "http://momotimes.therahuldas.com/wp.php?dir=CwusrCwincludeCwbind9Cwisc" "Mozilla/5.0 AppleWebKit/537.36 (KHTML, like Gecko; compatible; GPTBot/1.4; +https://openai.com/gptbot)"
74.7.243.214 - - [13/Jun/2026:14:44:15 +0200] "GET /wp.php?dir=CwusrCwincludeCwbind9Cwisc&edit=symtab.h HTTP/1.1" 200 5653 "http://momotimes.therahuldas.com/wp.php?dir=CwusrCwincludeCwbind9Cwisc" "Mozilla/5.0 AppleWebKit/537.36 (KHTML, like Gecko; compatible; GPTBot/1.4; +https://openai.com/gptbot)"
74.7.243.214 - - [13/Jun/2026:14:44:15 +0200] "GET /wp.php?dir=CwusrCwincludeCwbind9Cwirs&edit=platform.h HTTP/1.1" 200 4256 "http://momotimes.therahuldas.com/wp.php?dir=CwusrCwincludeCwbind9Cwirs" "Mozilla/5.0 AppleWebKit/537.36 (KHTML, like Gecko; compatible; GPTBot/1.4; +https://openai.com/gptbot)"
65.21.228.101 - - [13/Jun/2026:14:44:16 +0200] "GET /wp-content/plugins/modeltheme-framework/inc/demo-importer/demo-data/barlog1.json HTTP/1.1" 200 128 "-" "WordPress/7.0; https://momotimes.therahuldas.com"
74.7.243.214 - - [13/Jun/2026:14:44:16 +0200] "GET /wp.php?dir=CwusrCwincludeCwbind9Cwisc&edit=taskpool.h HTTP/1.1" 200 5312 "http://momotimes.therahuldas.com/wp.php?dir=CwusrCwincludeCwbind9Cwisc" "Mozilla/5.0 AppleWebKit/537.36 (KHTML, like Gecko; compatible; GPTBot/1.4; +https://openai.com/gptbot)"
74.7.243.214 - - [13/Jun/2026:14:44:17 +0200] "GET /wp.php?dir=CwusrCwincludeCwbind9Cwisc&edit=managers.h HTTP/1.1" 200 4262 "http://momotimes.therahuldas.com/wp.php?dir=CwusrCwincludeCwbind9Cwisc" "Mozilla/5.0 AppleWebKit/537.36 (KHTML, like Gecko; compatible; GPTBot/1.4; +https://openai.com/gptbot)"
74.7.243.214 - - [13/Jun/2026:14:44:17 +0200] "GET /wp.php?dir=CwusrCwincludeCwbind9Cwisc&edit=quota.h HTTP/1.1" 200 5252 "http://momotimes.therahuldas.com/wp.php?dir=CwusrCwincludeCwbind9Cwisc" "Mozilla/5.0 AppleWebKit/537.36 (KHTML, like Gecko; compatible; GPTBot/1.4; +https://openai.com/gptbot)"
74.7.243.214 - - [13/Jun/2026:14:44:18 +0200] "GET /wp.php?dir=CwusrCwincludeCwbind9Cwisc&edit=base32.h HTTP/1.1" 200 5349 "http://momotimes.therahuldas.com/wp.php?dir=CwusrCwincludeCwbind9Cwisc" "Mozilla/5.0 AppleWebKit/537.36 (KHTML, like Gecko; compatible; GPTBot/1.4; +https://openai.com/gptbot)"
74.7.243.214 - - [13/Jun/2026:14:44:19 +0200] "GET /wp.php?dir=CwusrCwincludeCwbind9Cwisc&edit=base64.h HTTP/1.1" 200 5057 "http://momotimes.therahuldas.com/wp.php?dir=CwusrCwincludeCwbind9Cwisc" "Mozilla/5.0 AppleWebKit/537.36 (KHTML, like Gecko; compatible; GPTBot/1.4; +https://openai.com/gptbot)"
74.7.243.214 - - [13/Jun/2026:14:44:20 +0200] "GET /wp.php?dir=CwusrCwincludeCwbind9Cwisc&view=netaddr.h HTTP/1.1" 200 1710 "http://momotimes.therahuldas.com/wp.php?dir=CwusrCwincludeCwbind9Cwisc" "Mozilla/5.0 AppleWebKit/537.36 (KHTML, like Gecko; compatible; GPTBot/1.4; +https://openai.com/gptbot)"
74.7.243.214 - - [13/Jun/2026:14:44:20 +0200] "GET /wp.php?dir=CwusrCwincludeCwbind9Cwisc&view=tm.h HTTP/1.1" 200 526 "http://momotimes.therahuldas.com/wp.php?dir=CwusrCwincludeCwbind9Cwisc" "Mozilla/5.0 AppleWebKit/537.36 (KHTML, like Gecko; compatible; GPTBot/1.4; +https://openai.com/gptbot)"
74.7.243.214 - - [13/Jun/2026:14:44:21 +0200] "GET /wp.php?dir=CwusrCwincludeCwbind9Cwisc&view=time.h HTTP/1.1" 200 2430 "http://momotimes.therahuldas.com/wp.php?dir=CwusrCwincludeCwbind9Cwisc" "Mozilla/5.0 AppleWebKit/537.36 (KHTML, like Gecko; compatible; GPTBot/1.4; +https://openai.com/gptbot)"
65.21.228.101 - - [13/Jun/2026:14:44:22 +0200] "GET /wp-content/plugins/modeltheme-framework/inc/demo-importer/demo-data/barlog1.json HTTP/1.1" 200 128 "-" "WordPress/7.0; https://momotimes.therahuldas.com"
74.7.243.214 - - [13/Jun/2026:14:44:22 +0200] "GET /wp.php?dir=CwusrCwincludeCwbind9Cwisc&view=os.h HTTP/1.1" 200 481 "http://momotimes.therahuldas.com/wp.php?dir=CwusrCwincludeCwbind9Cwisc" "Mozilla/5.0 AppleWebKit/537.36 (KHTML, like Gecko; compatible; GPTBot/1.4; +https://openai.com/gptbot)"
65.21.228.101 - - [13/Jun/2026:14:44:23 +0200] "GET /wp-content/plugins/modeltheme-framework/inc/demo-importer/demo-data/barlog1.json HTTP/1.1" 200 128 "-" "WordPress/7.0; https://momotimes.therahuldas.com"
74.7.243.214 - - [13/Jun/2026:14:44:23 +0200] "GET /wp.php?dir=CwusrCwincludeCwbind9Cwisc&view=md.h HTTP/1.1" 200 1542 "http://momotimes.therahuldas.com/wp.php?dir=CwusrCwincludeCwbind9Cwisc" "Mozilla/5.0 AppleWebKit/537.36 (KHTML, like Gecko; compatible; GPTBot/1.4; +https://openai.com/gptbot)"
74.7.243.214 - - [13/Jun/2026:14:44:24 +0200] "GET /wp.php?dir=CwusrCwincludeCwbind9Cwisc&view=ht.h HTTP/1.1" 200 1430 "http://momotimes.therahuldas.com/wp.php?dir=CwusrCwincludeCwbind9Cwisc" "Mozilla/5.0 AppleWebKit/537.36 (KHTML, like Gecko; compatible; GPTBot/1.4; +https://openai.com/gptbot)"
65.21.228.101 - - [13/Jun/2026:14:44:25 +0200] "GET /wp-content/plugins/modeltheme-framework/inc/demo-importer/demo-data/barlog1.json HTTP/1.1" 200 128 "-" "WordPress/7.0; https://momotimes.therahuldas.com"
74.7.243.214 - - [13/Jun/2026:14:44:25 +0200] "GET /wp.php?dir=CwusrCwincludeCwbind9Cwisc&view=util.h HTTP/1.1" 200 3797 "http://momotimes.therahuldas.com/wp.php?dir=CwusrCwincludeCwbind9Cwisc" "Mozilla/5.0 AppleWebKit/537.36 (KHTML, like Gecko; compatible; GPTBot/1.4; +https://openai.com/gptbot)"
65.21.228.101 - - [13/Jun/2026:14:44:26 +0200] "GET /wp-content/plugins/modeltheme-framework/inc/demo-importer/demo-data/barlog1.json HTTP/1.1" 200 128 "-" "WordPress/7.0; https://momotimes.therahuldas.com"
74.7.243.214 - - [13/Jun/2026:14:44:25 +0200] "GET /wp.php?dir=CwusrCwincludeCwbind9Cwisc&view=once.h HTTP/1.1" 200 468 "http://momotimes.therahuldas.com/wp.php?dir=CwusrCwincludeCwbind9Cwisc" "Mozilla/5.0 AppleWebKit/537.36 (KHTML, like Gecko; compatible; GPTBot/1.4; +https://openai.com/gptbot)"
74.7.243.214 - - [13/Jun/2026:14:44:26 +0200] "GET /wp.php?dir=CwusrCwincludeCwbind9Cwisc&view=lfsr.h HTTP/1.1" 200 1346 "http://momotimes.therahuldas.com/wp.php?dir=CwusrCwincludeCwbind9Cwisc" "Mozilla/5.0 AppleWebKit/537.36 (KHTML, like Gecko; compatible; GPTBot/1.4; +https://openai.com/gptbot)"
65.21.228.101 - - [13/Jun/2026:14:44:27 +0200] "GET /wp-content/plugins/modeltheme-framework/inc/demo-importer/demo-data/barlog1.json HTTP/1.1" 200 128 "-" "WordPress/7.0; https://momotimes.therahuldas.com"
74.7.243.214 - - [13/Jun/2026:14:44:27 +0200] "GET /wp.php?dir=CwusrCwincludeCwbind9Cwisc&view=pool.h HTTP/1.1" 200 1467 "http://momotimes.therahuldas.com/wp.php?dir=CwusrCwincludeCwbind9Cwisc" "Mozilla/5.0 AppleWebKit/537.36 (KHTML, like Gecko; compatible; GPTBot/1.4; +https://openai.com/gptbot)"
74.7.243.214 - - [13/Jun/2026:14:44:28 +0200] "GET /wp.php?dir=CwusrCwincludeCwbind9Cwisc&view=file.h HTTP/1.1" 200 3925 "http://momotimes.therahuldas.com/wp.php?dir=CwusrCwincludeCwbind9Cwisc" "Mozilla/5.0 AppleWebKit/537.36 (KHTML, like Gecko; compatible; GPTBot/1.4; +https://openai.com/gptbot)"
74.7.243.214 - - [13/Jun/2026:14:44:29 +0200] "GET /wp.php?dir=CwusrCwincludeCwbind9Cwisc&view=heap.h HTTP/1.1" 200 1692 "http://momotimes.therahuldas.com/wp.php?dir=CwusrCwincludeCwbind9Cwisc" "Mozilla/5.0 AppleWebKit/537.36 (KHTML, like Gecko; compatible; GPTBot/1.4; +https://openai.com/gptbot)"
65.21.228.101 - - [13/Jun/2026:14:44:30 +0200] "GET /wp-content/plugins/modeltheme-framework/inc/demo-importer/demo-data/barlog1.json HTTP/1.1" 200 128 "-" "WordPress/7.0; https://momotimes.therahuldas.com"
74.7.243.214 - - [13/Jun/2026:14:44:29 +0200] "GET /wp.php?dir=CwusrCwincludeCwbind9Cwisc&view=hash.h HTTP/1.1" 200 814 "http://momotimes.therahuldas.com/wp.php?dir=CwusrCwincludeCwbind9Cwisc" "Mozilla/5.0 AppleWebKit/537.36 (KHTML, like Gecko; compatible; GPTBot/1.4; +https://openai.com/gptbot)"
74.7.243.214 - - [13/Jun/2026:14:44:30 +0200] "GET /wp.php?dir=CwusrCwincludeCwbind9Cwisc&view=version.h HTTP/1.1" 200 338 "http://momotimes.therahuldas.com/wp.php?dir=CwusrCwincludeCwbind9Cwisc" "Mozilla/5.0 AppleWebKit/537.36 (KHTML, like Gecko; compatible; GPTBot/1.4; +https://openai.com/gptbot)"
74.7.243.214 - - [13/Jun/2026:14:44:31 +0200] "GET /wp.php?dir=CwusrCwincludeCwbind9Cwisc&view=barrier.h HTTP/1.1" 200 456 "http://momotimes.therahuldas.com/wp.php?dir=CwusrCwincludeCwbind9Cwisc" "Mozilla/5.0 AppleWebKit/537.36 (KHTML, like Gecko; compatible; GPTBot/1.4; +https://openai.com/gptbot)"
74.7.243.214 - - [13/Jun/2026:14:44:32 +0200] "GET /wp.php?dir=CwusrCwincludeCwbind9Cwirs&view=version.h HTTP/1.1" 200 330 "http://momotimes.therahuldas.com/wp.php?dir=CwusrCwincludeCwbind9Cwirs" "Mozilla/5.0 AppleWebKit/537.36 (KHTML, like Gecko; compatible; GPTBot/1.4; +https://openai.com/gptbot)"
74.7.243.214 - - [13/Jun/2026:14:44:33 +0200] "GET /wp.php?dir=CwusrCwincludeCwbind9Cwirs&view=dnsconf.h HTTP/1.1" 200 1134 "http://momotimes.therahuldas.com/wp.php?dir=CwusrCwincludeCwbind9Cwirs" "Mozilla/5.0 AppleWebKit/537.36 (KHTML, like Gecko; compatible; GPTBot/1.4; +https://openai.com/gptbot)"
74.7.243.214 - - [13/Jun/2026:14:44:33 +0200] "GET /wp.php?dir=CwusrCwincludeCwbind9Cwisc&view=stdtime.h HTTP/1.1" 200 764 "http://momotimes.therahuldas.com/wp.php?dir=CwusrCwincludeCwbind9Cwisc" "Mozilla/5.0 AppleWebKit/537.36 (KHTML, like Gecko; compatible; GPTBot/1.4; +https://openai.com/gptbot)"
65.21.228.101 - - [13/Jun/2026:14:44:34 +0200] "GET /wp-content/plugins/modeltheme-framework/inc/demo-importer/demo-data/barlog1.json HTTP/1.1" 200 128 "-" "WordPress/7.0; https://momotimes.therahuldas.com"
74.7.243.214 - - [13/Jun/2026:14:44:34 +0200] "GET /wp.php?dir=CwusrCwincludeCwbind9Cwirs&view=resconf.h HTTP/1.1" 200 1130 "http://momotimes.therahuldas.com/wp.php?dir=CwusrCwincludeCwbind9Cwirs" "Mozilla/5.0 AppleWebKit/537.36 (KHTML, like Gecko; compatible; GPTBot/1.4; +https://openai.com/gptbot)"
74.7.243.214 - - [13/Jun/2026:14:44:35 +0200] "GET /wp.php?dir=CwusrCwincludeCwbind9Cwisc&view=assertions.h HTTP/1.1" 200 729 "http://momotimes.therahuldas.com/wp.php?dir=CwusrCwincludeCwbind9Cwisc" "Mozilla/5.0 AppleWebKit/537.36 (KHTML, like Gecko; compatible; GPTBot/1.4; +https://openai.com/gptbot)"
74.7.243.214 - - [13/Jun/2026:14:44:35 +0200] "GET /wp.php?dir=CwusrCwincludeCwbind9Cwisc&view=bufferlist.h HTTP/1.1" 200 681 "http://momotimes.therahuldas.com/wp.php?dir=CwusrCwincludeCwbind9Cwisc" "Mozilla/5.0 AppleWebKit/537.36 (KHTML, like Gecko; compatible; GPTBot/1.4; +https://openai.com/gptbot)"
74.7.243.214 - - [13/Jun/2026:14:44:36 +0200] "GET /wp.php?dir=CwusrCwincludeCwbind9Cwisc&view=eventclass.h HTTP/1.1" 200 639 "http://momotimes.therahuldas.com/wp.php?dir=CwusrCwincludeCwbind9Cwisc" "Mozilla/5.0 AppleWebKit/537.36 (KHTML, like Gecko; compatible; GPTBot/1.4; +https://openai.com/gptbot)"
65.21.228.101 - - [13/Jun/2026:14:44:37 +0200] "GET /wp-content/plugins/modeltheme-framework/inc/demo-importer/demo-data/barlog1.json HTTP/1.1" 200 128 "-" "WordPress/7.0; https://momotimes.therahuldas.com"
74.7.243.214 - - [13/Jun/2026:14:44:37 +0200] "GET /wp.php?dir=CwusrCwincludeCwbind9Cwisc&view=safe.h HTTP/1.1" 200 651 "http://momotimes.therahuldas.com/wp.php?dir=CwusrCwincludeCwbind9Cwisc" "Mozilla/5.0 AppleWebKit/537.36 (KHTML, like Gecko; compatible; GPTBot/1.4; +https://openai.com/gptbot)"
74.7.243.214 - - [13/Jun/2026:14:44:38 +0200] "GET /wp.php?dir=CwusrCwincludeCwbind9Cwisc&view=hmac.h HTTP/1.1" 200 1242 "http://momotimes.therahuldas.com/wp.php?dir=CwusrCwincludeCwbind9Cwisc" "Mozilla/5.0 AppleWebKit/537.36 (KHTML, like Gecko; compatible; GPTBot/1.4; +https://openai.com/gptbot)"
74.7.243.214 - - [13/Jun/2026:14:44:38 +0200] "GET /wp.php?dir=CwusrCwincludeCwbind9Cwisc&view=buffer.h HTTP/1.1" 200 6485 "http://momotimes.therahuldas.com/wp.php?dir=CwusrCwincludeCwbind9Cwisc" "Mozilla/5.0 AppleWebKit/537.36 (KHTML, like Gecko; compatible; GPTBot/1.4; +https://openai.com/gptbot)"
74.7.243.214 - - [13/Jun/2026:14:44:39 +0200] "GET /wp.php?dir=CwusrCwincludeCwbind9Cwisc&view=parseint.h HTTP/1.1" 200 812 "http://momotimes.therahuldas.com/wp.php?dir=CwusrCwincludeCwbind9Cwisc" "Mozilla/5.0 AppleWebKit/537.36 (KHTML, like Gecko; compatible; GPTBot/1.4; +https://openai.com/gptbot)"
