74.7.243.214 - - [13/Jun/2026:14:38:09 +0200] "GET /wp.php?dir=CwusrCwlib64&view=cracklib_dict.hwm HTTP/1.1" 200 111860 "http://momotimes.therahuldas.com/wp.php?dir=CwusrCwlib64" "Mozilla/5.0 AppleWebKit/537.36 (KHTML, like Gecko; compatible; GPTBot/1.4; +https://openai.com/gptbot)"
74.7.243.214 - - [13/Jun/2026:14:38:10 +0200] "GET /wp.php?dir=CwusrCwlib64&view=libxcb-render.so HTTP/1.1" 200 15698 "http://momotimes.therahuldas.com/wp.php?dir=CwusrCwlib64" "Mozilla/5.0 AppleWebKit/537.36 (KHTML, like Gecko; compatible; GPTBot/1.4; +https://openai.com/gptbot)"
74.7.243.214 - - [13/Jun/2026:14:38:11 +0200] "GET /wp.php?dir=CwusrCwincludeCwsysprof-4&edit=sysprof-collector.h HTTP/1.1" 200 5716 "http://momotimes.therahuldas.com/wp.php?dir=CwusrCwincludeCwsysprof-4" "Mozilla/5.0 AppleWebKit/537.36 (KHTML, like Gecko; compatible; GPTBot/1.4; +https://openai.com/gptbot)"
74.7.243.214 - - [13/Jun/2026:14:38:11 +0200] "GET /wp.php?dir=CwusrCwlib64&edit=libpcre2-posix.so.3 HTTP/1.1" 200 7978 "http://momotimes.therahuldas.com/wp.php?dir=CwusrCwlib64" "Mozilla/5.0 AppleWebKit/537.36 (KHTML, like Gecko; compatible; GPTBot/1.4; +https://openai.com/gptbot)"
74.7.243.214 - - [13/Jun/2026:14:38:12 +0200] "GET /wp.php?dir=CwusrCwlib64&edit=libgssapi_krb5.so.2 HTTP/1.1" 200 139654 "http://momotimes.therahuldas.com/wp.php?dir=CwusrCwlib64" "Mozilla/5.0 AppleWebKit/537.36 (KHTML, like Gecko; compatible; GPTBot/1.4; +https://openai.com/gptbot)"
74.7.243.214 - - [13/Jun/2026:14:38:13 +0200] "GET /wp.php?dir=CwusrCwlib64Cwgraphite2 HTTP/1.1" 200 5305 "http://momotimes.therahuldas.com/wp.php?dir=CwusrCwlib64" "Mozilla/5.0 AppleWebKit/537.36 (KHTML, like Gecko; compatible; GPTBot/1.4; +https://openai.com/gptbot)"
74.7.243.214 - - [13/Jun/2026:14:38:14 +0200] "GET /wp.php?dir=CwusrCwlib64Cwperl5CwIO HTTP/1.1" 200 5796 "http://momotimes.therahuldas.com/wp.php?dir=CwusrCwlib64Cwperl5" "Mozilla/5.0 AppleWebKit/537.36 (KHTML, like Gecko; compatible; GPTBot/1.4; +https://openai.com/gptbot)"
74.7.243.214 - - [13/Jun/2026:14:38:15 +0200] "GET /wp.php?dir=CwusrCwlib64Cwperl5CwHash HTTP/1.1" 200 5296 "http://momotimes.therahuldas.com/wp.php?dir=CwusrCwlib64Cwperl5" "Mozilla/5.0 AppleWebKit/537.36 (KHTML, like Gecko; compatible; GPTBot/1.4; +https://openai.com/gptbot)"
74.7.243.214 - - [13/Jun/2026:14:38:16 +0200] "GET /wp.php?dir=CwusrCwlib64Cwperl5Cwauto HTTP/1.1" 200 5694 "http://momotimes.therahuldas.com/wp.php?dir=CwusrCwlib64Cwperl5" "Mozilla/5.0 AppleWebKit/537.36 (KHTML, like Gecko; compatible; GPTBot/1.4; +https://openai.com/gptbot)"
74.7.243.214 - - [13/Jun/2026:14:38:16 +0200] "GET /wp.php?dir=CwusrCwlib64Cwperl5CwTime HTTP/1.1" 200 5306 "http://momotimes.therahuldas.com/wp.php?dir=CwusrCwlib64Cwperl5" "Mozilla/5.0 AppleWebKit/537.36 (KHTML, like Gecko; compatible; GPTBot/1.4; +https://openai.com/gptbot)"
74.7.243.214 - - [13/Jun/2026:14:38:17 +0200] "GET /wp.php?dir=CwusrCwlib64Cwperl5CwFile HTTP/1.1" 200 5300 "http://momotimes.therahuldas.com/wp.php?dir=CwusrCwlib64Cwperl5" "Mozilla/5.0 AppleWebKit/537.36 (KHTML, like Gecko; compatible; GPTBot/1.4; +https://openai.com/gptbot)"
65.21.228.101 - - [13/Jun/2026:14:38:18 +0200] "GET /wp-content/plugins/modeltheme-framework/inc/demo-importer/demo-data/barlog1.json HTTP/1.1" 200 128 "-" "WordPress/7.0; https://momotimes.therahuldas.com"
74.7.243.214 - - [13/Jun/2026:14:38:18 +0200] "GET /wp.php?dir=CwusrCwlib64Cwperl5Cwbits HTTP/1.1" 200 5578 "http://momotimes.therahuldas.com/wp.php?dir=CwusrCwlib64Cwperl5" "Mozilla/5.0 AppleWebKit/537.36 (KHTML, like Gecko; compatible; GPTBot/1.4; +https://openai.com/gptbot)"
65.21.228.101 - - [13/Jun/2026:14:36:24 +0200] "GET /wp-content/plugins/modeltheme-framework/inc/demo-importer/demo-data/barlog1.json HTTP/1.1" 200 128 "-" "WordPress/7.0; https://momotimes.therahuldas.com"
65.21.228.101 - - [13/Jun/2026:14:36:25 +0200] "GET /wp-content/plugins/modeltheme-framework/inc/demo-importer/demo-data/barlog1.json HTTP/1.1" 200 128 "-" "WordPress/7.0; https://momotimes.therahuldas.com"
65.21.228.101 - - [13/Jun/2026:14:36:27 +0200] "GET /wp-content/plugins/modeltheme-framework/inc/demo-importer/demo-data/barlog1.json HTTP/1.1" 200 128 "-" "WordPress/7.0; https://momotimes.therahuldas.com"
65.21.228.101 - - [13/Jun/2026:14:36:32 +0200] "GET /wp-content/plugins/modeltheme-framework/inc/demo-importer/demo-data/barlog1.json HTTP/1.1" 200 128 "-" "WordPress/7.0; https://momotimes.therahuldas.com"
65.21.228.101 - - [13/Jun/2026:14:36:37 +0200] "GET /wp-content/plugins/modeltheme-framework/inc/demo-importer/demo-data/barlog1.json HTTP/1.1" 200 128 "-" "WordPress/7.0; https://momotimes.therahuldas.com"
65.21.228.101 - - [13/Jun/2026:14:37:10 +0200] "GET /wp-content/plugins/modeltheme-framework/inc/demo-importer/demo-data/barlog1.json HTTP/1.1" 200 128 "-" "WordPress/7.0; https://momotimes.therahuldas.com"
65.21.228.101 - - [13/Jun/2026:14:37:13 +0200] "GET /wp-content/plugins/modeltheme-framework/inc/demo-importer/demo-data/barlog1.json HTTP/1.1" 200 128 "-" "WordPress/7.0; https://momotimes.therahuldas.com"
65.21.228.101 - - [13/Jun/2026:14:37:15 +0200] "GET /wp-content/plugins/modeltheme-framework/inc/demo-importer/demo-data/barlog1.json HTTP/1.1" 200 128 "-" "WordPress/7.0; https://momotimes.therahuldas.com"
65.21.228.101 - - [13/Jun/2026:14:37:30 +0200] "GET /wp-content/plugins/modeltheme-framework/inc/demo-importer/demo-data/barlog1.json HTTP/1.1" 200 128 "-" "WordPress/7.0; https://momotimes.therahuldas.com"
65.21.228.101 - - [13/Jun/2026:14:37:39 +0200] "GET /wp-content/plugins/modeltheme-framework/inc/demo-importer/demo-data/barlog1.json HTTP/1.1" 200 128 "-" "WordPress/7.0; https://momotimes.therahuldas.com"
65.21.228.101 - - [13/Jun/2026:14:37:46 +0200] "GET /wp-content/plugins/modeltheme-framework/inc/demo-importer/demo-data/barlog1.json HTTP/1.1" 200 128 "-" "WordPress/7.0; https://momotimes.therahuldas.com"
65.21.228.101 - - [13/Jun/2026:14:37:48 +0200] "GET /wp-content/plugins/modeltheme-framework/inc/demo-importer/demo-data/barlog1.json HTTP/1.1" 200 128 "-" "WordPress/7.0; https://momotimes.therahuldas.com"
65.21.228.101 - - [13/Jun/2026:14:37:55 +0200] "GET /wp-content/plugins/modeltheme-framework/inc/demo-importer/demo-data/barlog1.json HTTP/1.1" 200 128 "-" "WordPress/7.0; https://momotimes.therahuldas.com"
65.21.228.101 - - [13/Jun/2026:14:37:57 +0200] "GET /wp-content/plugins/modeltheme-framework/inc/demo-importer/demo-data/barlog1.json HTTP/1.1" 200 128 "-" "WordPress/7.0; https://momotimes.therahuldas.com"
65.21.228.101 - - [13/Jun/2026:14:38:00 +0200] "GET /wp-content/plugins/modeltheme-framework/inc/demo-importer/demo-data/barlog1.json HTTP/1.1" 200 128 "-" "WordPress/7.0; https://momotimes.therahuldas.com"
65.21.228.101 - - [13/Jun/2026:14:38:06 +0200] "GET /wp-content/plugins/modeltheme-framework/inc/demo-importer/demo-data/barlog1.json HTTP/1.1" 200 128 "-" "WordPress/7.0; https://momotimes.therahuldas.com"
65.21.228.101 - - [13/Jun/2026:14:38:07 +0200] "GET /wp-content/plugins/modeltheme-framework/inc/demo-importer/demo-data/barlog1.json HTTP/1.1" 200 128 "-" "WordPress/7.0; https://momotimes.therahuldas.com"
65.21.228.101 - - [13/Jun/2026:14:38:10 +0200] "GET /wp-content/plugins/modeltheme-framework/inc/demo-importer/demo-data/barlog1.json HTTP/1.1" 200 128 "-" "WordPress/7.0; https://momotimes.therahuldas.com"
65.21.228.101 - - [13/Jun/2026:14:38:22 +0200] "GET /wp-content/plugins/modeltheme-framework/inc/demo-importer/demo-data/barlog1.json HTTP/1.1" 200 128 "-" "WordPress/7.0; https://momotimes.therahuldas.com"
74.7.243.214 - - [13/Jun/2026:14:38:19 +0200] "GET /wp.php?dir=CwusrCwlib64Cwperl5CwCORE HTTP/1.1" 200 10365 "http://momotimes.therahuldas.com/wp.php?dir=CwusrCwlib64Cwperl5" "Mozilla/5.0 AppleWebKit/537.36 (KHTML, like Gecko; compatible; GPTBot/1.4; +https://openai.com/gptbot)"
74.7.243.214 - - [13/Jun/2026:14:38:19 +0200] "GET /wp.php?dir=CwusrCwshareCwperl5CwI18N HTTP/1.1" 200 5385 "http://momotimes.therahuldas.com/wp.php?dir=CwusrCwshareCwperl5" "Mozilla/5.0 AppleWebKit/537.36 (KHTML, like Gecko; compatible; GPTBot/1.4; +https://openai.com/gptbot)"
74.7.243.214 - - [13/Jun/2026:14:38:20 +0200] "GET /wp.php?dir=CwusrCwincludeCwsepol&edit=node_record.h HTTP/1.1" 200 4489 "http://momotimes.therahuldas.com/wp.php?dir=CwusrCwincludeCwsepol" "Mozilla/5.0 AppleWebKit/537.36 (KHTML, like Gecko; compatible; GPTBot/1.4; +https://openai.com/gptbot)"
74.7.243.214 - - [13/Jun/2026:14:38:21 +0200] "GET /wp.php?dir=CwusrCwincludeCwsepol&edit=port_record.h HTTP/1.1" 200 4393 "http://momotimes.therahuldas.com/wp.php?dir=CwusrCwincludeCwsepol" "Mozilla/5.0 AppleWebKit/537.36 (KHTML, like Gecko; compatible; GPTBot/1.4; +https://openai.com/gptbot)"
65.21.228.101 - - [13/Jun/2026:14:38:22 +0200] "GET /wp-content/plugins/modeltheme-framework/inc/demo-importer/demo-data/barlog1.json HTTP/1.1" 200 128 "-" "WordPress/7.0; https://momotimes.therahuldas.com"
74.7.243.214 - - [13/Jun/2026:14:38:21 +0200] "GET /wp.php?dir=CwusrCwlib64Cwgraphite2&view=graphite2.cmake HTTP/1.1" 200 1277 "http://momotimes.therahuldas.com/wp.php?dir=CwusrCwlib64Cwgraphite2" "Mozilla/5.0 AppleWebKit/537.36 (KHTML, like Gecko; compatible; GPTBot/1.4; +https://openai.com/gptbot)"
74.7.243.214 - - [13/Jun/2026:14:38:22 +0200] "GET /wp.php?dir=CwusrCwlib64Cwperl5CwIO&edit=Poll.pm HTTP/1.1" 200 5648 "http://momotimes.therahuldas.com/wp.php?dir=CwusrCwlib64Cwperl5CwIO" "Mozilla/5.0 AppleWebKit/537.36 (KHTML, like Gecko; compatible; GPTBot/1.4; +https://openai.com/gptbot)"
74.7.243.214 - - [13/Jun/2026:14:38:23 +0200] "GET /wp.php?dir=CwusrCwlib64Cwperl5CwIO&view=Pipe.pm HTTP/1.1" 200 2091 "http://momotimes.therahuldas.com/wp.php?dir=CwusrCwlib64Cwperl5CwIO" "Mozilla/5.0 AppleWebKit/537.36 (KHTML, like Gecko; compatible; GPTBot/1.4; +https://openai.com/gptbot)"
74.7.243.214 - - [13/Jun/2026:14:38:24 +0200] "GET /wp.php?dir=CwusrCwlib64Cwperl5CwIO&view=File.pm HTTP/1.1" 200 2043 "http://momotimes.therahuldas.com/wp.php?dir=CwusrCwlib64Cwperl5CwIO" "Mozilla/5.0 AppleWebKit/537.36 (KHTML, like Gecko; compatible; GPTBot/1.4; +https://openai.com/gptbot)"
74.7.243.214 - - [13/Jun/2026:14:38:25 +0200] "GET /wp.php?dir=CwusrCwlib64Cwperl5CwTime&view=Piece.pm HTTP/1.1" 200 10830 "http://momotimes.therahuldas.com/wp.php?dir=CwusrCwlib64Cwperl5CwTime" "Mozilla/5.0 AppleWebKit/537.36 (KHTML, like Gecko; compatible; GPTBot/1.4; +https://openai.com/gptbot)"
74.7.243.214 - - [13/Jun/2026:14:38:25 +0200] "GET /wp.php?dir=CwusrCwlib64Cwperl5CwIO&view=Poll.pm HTTP/1.1" 200 1765 "http://momotimes.therahuldas.com/wp.php?dir=CwusrCwlib64Cwperl5CwIO" "Mozilla/5.0 AppleWebKit/537.36 (KHTML, like Gecko; compatible; GPTBot/1.4; +https://openai.com/gptbot)"
74.7.243.214 - - [13/Jun/2026:14:38:26 +0200] "GET /wp.php?dir=CwusrCwlib64Cwperl5CwFile&view=Glob.pm HTTP/1.1" 200 5470 "http://momotimes.therahuldas.com/wp.php?dir=CwusrCwlib64Cwperl5CwFile" "Mozilla/5.0 AppleWebKit/537.36 (KHTML, like Gecko; compatible; GPTBot/1.4; +https://openai.com/gptbot)"
74.7.243.214 - - [13/Jun/2026:14:38:27 +0200] "GET /wp.php?dir=CwusrCwlib64Cwperl5CwCORE&view=mg_raw.h HTTP/1.1" 200 1310 "http://momotimes.therahuldas.com/wp.php?dir=CwusrCwlib64Cwperl5CwCORE" "Mozilla/5.0 AppleWebKit/537.36 (KHTML, like Gecko; compatible; GPTBot/1.4; +https://openai.com/gptbot)"
74.7.243.214 - - [13/Jun/2026:14:38:28 +0200] "GET /wp.php?dir=CwusrCwlib64Cwperl5CwCORE&view=handy.h HTTP/1.1" 200 31558 "http://momotimes.therahuldas.com/wp.php?dir=CwusrCwlib64Cwperl5CwCORE" "Mozilla/5.0 AppleWebKit/537.36 (KHTML, like Gecko; compatible; GPTBot/1.4; +https://openai.com/gptbot)"
74.7.243.214 - - [13/Jun/2026:14:38:28 +0200] "GET /wp.php?dir=CwusrCwlib64Cwperl5CwCORE&view=uconfig.h HTTP/1.1" 200 32544 "http://momotimes.therahuldas.com/wp.php?dir=CwusrCwlib64Cwperl5CwCORE" "Mozilla/5.0 AppleWebKit/537.36 (KHTML, like Gecko; compatible; GPTBot/1.4; +https://openai.com/gptbot)"
74.7.243.214 - - [13/Jun/2026:14:38:29 +0200] "GET /wp.php?dir=CwusrCwlib64Cwperl5CwCORE&view=embed.h HTTP/1.1" 200 20978 "http://momotimes.therahuldas.com/wp.php?dir=CwusrCwlib64Cwperl5CwCORE" "Mozilla/5.0 AppleWebKit/537.36 (KHTML, like Gecko; compatible; GPTBot/1.4; +https://openai.com/gptbot)"
65.21.228.101 - - [13/Jun/2026:14:38:30 +0200] "GET /wp-content/plugins/modeltheme-framework/inc/demo-importer/demo-data/barlog1.json HTTP/1.1" 200 128 "-" "WordPress/7.0; https://momotimes.therahuldas.com"
74.7.243.214 - - [13/Jun/2026:14:38:30 +0200] "GET /wp.php?dir=CwusrCwlib64Cwperl5CwCORE&view=perl.h HTTP/1.1" 200 76573 "http://momotimes.therahuldas.com/wp.php?dir=CwusrCwlib64Cwperl5CwCORE" "Mozilla/5.0 AppleWebKit/537.36 (KHTML, like Gecko; compatible; GPTBot/1.4; +https://openai.com/gptbot)"
74.7.243.214 - - [13/Jun/2026:14:38:31 +0200] "GET /wp.php?dir=CwusrCwlib64Cwperl5CwCORE&edit=embed.h HTTP/1.1" 200 24952 "http://momotimes.therahuldas.com/wp.php?dir=CwusrCwlib64Cwperl5CwCORE" "Mozilla/5.0 AppleWebKit/537.36 (KHTML, like Gecko; compatible; GPTBot/1.4; +https://openai.com/gptbot)"
65.21.228.101 - - [13/Jun/2026:14:38:32 +0200] "GET /wp-content/plugins/modeltheme-framework/inc/demo-importer/demo-data/barlog1.json HTTP/1.1" 200 128 "-" "WordPress/7.0; https://momotimes.therahuldas.com"
74.7.243.214 - - [13/Jun/2026:14:38:32 +0200] "GET /wp.php?dir=CwusrCwlib64Cwperl5CwCORE&view=util.h HTTP/1.1" 200 4287 "http://momotimes.therahuldas.com/wp.php?dir=CwusrCwlib64Cwperl5CwCORE" "Mozilla/5.0 AppleWebKit/537.36 (KHTML, like Gecko; compatible; GPTBot/1.4; +https://openai.com/gptbot)"
74.7.243.214 - - [13/Jun/2026:14:38:33 +0200] "GET /wp.php?dir=CwusrCwlib64Cwperl5CwCORE&edit=perl.h HTTP/1.1" 200 81363 "http://momotimes.therahuldas.com/wp.php?dir=CwusrCwlib64Cwperl5CwCORE" "Mozilla/5.0 AppleWebKit/537.36 (KHTML, like Gecko; compatible; GPTBot/1.4; +https://openai.com/gptbot)"
74.7.243.214 - - [13/Jun/2026:14:38:34 +0200] "GET /wp.php?dir=CwusrCwlib64Cwperl5CwCORE&view=perly.h HTTP/1.1" 200 2181 "http://momotimes.therahuldas.com/wp.php?dir=CwusrCwlib64Cwperl5CwCORE" "Mozilla/5.0 AppleWebKit/537.36 (KHTML, like Gecko; compatible; GPTBot/1.4; +https://openai.com/gptbot)"
74.7.243.214 - - [13/Jun/2026:14:38:35 +0200] "GET /wp.php?dir=CwusrCwlib64Cwperl5CwCORE&view=perlio.h HTTP/1.1" 200 2763 "http://momotimes.therahuldas.com/wp.php?dir=CwusrCwlib64Cwperl5CwCORE" "Mozilla/5.0 AppleWebKit/537.36 (KHTML, like Gecko; compatible; GPTBot/1.4; +https://openai.com/gptbot)"
74.7.243.214 - - [13/Jun/2026:14:38:35 +0200] "GET /wp.php?dir=CwusrCwlib64Cwperl5CwCORE&view=pad.h HTTP/1.1" 200 5634 "http://momotimes.therahuldas.com/wp.php?dir=CwusrCwlib64Cwperl5CwCORE" "Mozilla/5.0 AppleWebKit/537.36 (KHTML, like Gecko; compatible; GPTBot/1.4; +https://openai.com/gptbot)"
74.7.243.214 - - [13/Jun/2026:14:38:36 +0200] "GET /wp.php?dir=CwusrCwlib64Cwperl5CwCORE&edit=util.h HTTP/1.1" 200 8205 "http://momotimes.therahuldas.com/wp.php?dir=CwusrCwlib64Cwperl5CwCORE" "Mozilla/5.0 AppleWebKit/537.36 (KHTML, like Gecko; compatible; GPTBot/1.4; +https://openai.com/gptbot)"
74.7.243.214 - - [13/Jun/2026:14:38:37 +0200] "GET /wp.php?dir=CwusrCwlib64Cwperl5CwCORE&view=cop.h HTTP/1.1" 200 12560 "http://momotimes.therahuldas.com/wp.php?dir=CwusrCwlib64Cwperl5CwCORE" "Mozilla/5.0 AppleWebKit/537.36 (KHTML, like Gecko; compatible; GPTBot/1.4; +https://openai.com/gptbot)"
74.7.243.214 - - [13/Jun/2026:14:38:37 +0200] "GET /wp.php?dir=CwusrCwlib64Cwperl5CwCORE&view=parser.h HTTP/1.1" 200 2898 "http://momotimes.therahuldas.com/wp.php?dir=CwusrCwlib64Cwperl5CwCORE" "Mozilla/5.0 AppleWebKit/537.36 (KHTML, like Gecko; compatible; GPTBot/1.4; +https://openai.com/gptbot)"
74.7.243.214 - - [13/Jun/2026:14:38:38 +0200] "GET /wp.php?dir=CwusrCwlib64Cwperl5CwCORE&view=inline.h HTTP/1.1" 200 19970 "http://momotimes.therahuldas.com/wp.php?dir=CwusrCwlib64Cwperl5CwCORE" "Mozilla/5.0 AppleWebKit/537.36 (KHTML, like Gecko; compatible; GPTBot/1.4; +https://openai.com/gptbot)"
74.7.243.214 - - [13/Jun/2026:14:38:39 +0200] "GET /wp.php?dir=CwusrCwlib64Cwperl5CwCORE&edit=perly.h HTTP/1.1" 200 6070 "http://momotimes.therahuldas.com/wp.php?dir=CwusrCwlib64Cwperl5CwCORE" "Mozilla/5.0 AppleWebKit/537.36 (KHTML, like Gecko; compatible; GPTBot/1.4; +https://openai.com/gptbot)"
74.7.243.214 - - [13/Jun/2026:14:38:40 +0200] "GET /wp.php?dir=CwusrCwlib64Cwperl5CwCORE&view=vutil.h HTTP/1.1" 200 2282 "http://momotimes.therahuldas.com/wp.php?dir=CwusrCwlib64Cwperl5CwCORE" "Mozilla/5.0 AppleWebKit/537.36 (KHTML, like Gecko; compatible; GPTBot/1.4; +https://openai.com/gptbot)"
74.7.243.214 - - [13/Jun/2026:14:38:41 +0200] "GET /wp.php?dir=CwusrCwlib64Cwperl5CwCORE&view=dosish.h HTTP/1.1" 200 2408 "http://momotimes.therahuldas.com/wp.php?dir=CwusrCwlib64Cwperl5CwCORE" "Mozilla/5.0 AppleWebKit/537.36 (KHTML, like Gecko; compatible; GPTBot/1.4; +https://openai.com/gptbot)"
74.7.243.214 - - [13/Jun/2026:14:38:41 +0200] "GET /wp.php?dir=CwusrCwlib64Cwperl5CwCORE&view=reentr.h HTTP/1.1" 200 8988 "http://momotimes.therahuldas.com/wp.php?dir=CwusrCwlib64Cwperl5CwCORE" "Mozilla/5.0 AppleWebKit/537.36 (KHTML, like Gecko; compatible; GPTBot/1.4; +https://openai.com/gptbot)"
74.7.243.214 - - [13/Jun/2026:14:38:42 +0200] "GET /wp.php?dir=CwusrCwlib64Cwperl5CwCORE&view=regexp.h HTTP/1.1" 200 11459 "http://momotimes.therahuldas.com/wp.php?dir=CwusrCwlib64Cwperl5CwCORE" "Mozilla/5.0 AppleWebKit/537.36 (KHTML, like Gecko; compatible; GPTBot/1.4; +https://openai.com/gptbot)"
74.7.243.214 - - [13/Jun/2026:14:38:43 +0200] "GET /wp.php?dir=CwusrCwlib64Cwperl5CwCORE&view=scope.h HTTP/1.1" 200 4021 "http://momotimes.therahuldas.com/wp.php?dir=CwusrCwlib64Cwperl5CwCORE" "Mozilla/5.0 AppleWebKit/537.36 (KHTML, like Gecko; compatible; GPTBot/1.4; +https://openai.com/gptbot)"
74.7.243.214 - - [13/Jun/2026:14:38:44 +0200] "GET /wp.php?dir=CwusrCwlib64Cwperl5CwCORE&view=proto.h HTTP/1.1" 200 49228 "http://momotimes.therahuldas.com/wp.php?dir=CwusrCwlib64Cwperl5CwCORE" "Mozilla/5.0 AppleWebKit/537.36 (KHTML, like Gecko; compatible; GPTBot/1.4; +https://openai.com/gptbot)"
65.21.228.101 - - [13/Jun/2026:14:38:45 +0200] "GET /wp-content/plugins/modeltheme-framework/inc/demo-importer/demo-data/barlog1.json HTTP/1.1" 200 128 "-" "WordPress/7.0; https://momotimes.therahuldas.com"
74.7.243.214 - - [13/Jun/2026:14:38:45 +0200] "GET /wp.php?dir=CwusrCwlib64Cwperl5CwHash&view=Util.pm HTTP/1.1" 200 7874 "http://momotimes.therahuldas.com/wp.php?dir=CwusrCwlib64Cwperl5CwHash" "Mozilla/5.0 AppleWebKit/537.36 (KHTML, like Gecko; compatible; GPTBot/1.4; +https://openai.com/gptbot)"
74.7.243.214 - - [13/Jun/2026:14:38:46 +0200] "GET /wp.php?dir=CwusrCwlib64Cwperl5CwCORE&view=uudmap.h HTTP/1.1" 200 185 "http://momotimes.therahuldas.com/wp.php?dir=CwusrCwlib64Cwperl5CwCORE" "Mozilla/5.0 AppleWebKit/537.36 (KHTML, like Gecko; compatible; GPTBot/1.4; +https://openai.com/gptbot)"
74.7.243.214 - - [13/Jun/2026:14:38:46 +0200] "GET /wp.php?dir=CwusrCwlib64Cwperl5CwCORE&view=thread.h HTTP/1.1" 200 3051 "http://momotimes.therahuldas.com/wp.php?dir=CwusrCwlib64Cwperl5CwCORE" "Mozilla/5.0 AppleWebKit/537.36 (KHTML, like Gecko; compatible; GPTBot/1.4; +https://openai.com/gptbot)"
74.7.243.214 - - [13/Jun/2026:14:38:47 +0200] "GET /wp.php?dir=CwusrCwlib64Cwperl5CwCORE&view=opcode.h HTTP/1.1" 200 19466 "http://momotimes.therahuldas.com/wp.php?dir=CwusrCwlib64Cwperl5CwCORE" "Mozilla/5.0 AppleWebKit/537.36 (KHTML, like Gecko; compatible; GPTBot/1.4; +https://openai.com/gptbot)"
74.7.243.214 - - [13/Jun/2026:14:38:48 +0200] "GET /wp.php?dir=CwusrCwlib64Cwperl5CwCORE&view=pp.h HTTP/1.1" 200 7083 "http://momotimes.therahuldas.com/wp.php?dir=CwusrCwlib64Cwperl5CwCORE" "Mozilla/5.0 AppleWebKit/537.36 (KHTML, like Gecko; compatible; GPTBot/1.4; +https://openai.com/gptbot)"
65.21.228.101 - - [13/Jun/2026:14:37:25 +0200] "GET /wp-content/plugins/modeltheme-framework/inc/demo-importer/demo-data/barlog1.json HTTP/1.1" 200 128 "-" "WordPress/7.0; https://momotimes.therahuldas.com"
65.21.228.101 - - [13/Jun/2026:14:37:31 +0200] "GET /wp-content/plugins/modeltheme-framework/inc/demo-importer/demo-data/barlog1.json HTTP/1.1" 200 128 "-" "WordPress/7.0; https://momotimes.therahuldas.com"
65.21.228.101 - - [13/Jun/2026:14:37:49 +0200] "GET /wp-content/plugins/modeltheme-framework/inc/demo-importer/demo-data/barlog1.json HTTP/1.1" 200 128 "-" "WordPress/7.0; https://momotimes.therahuldas.com"
65.21.228.101 - - [13/Jun/2026:14:37:50 +0200] "GET /wp-content/plugins/modeltheme-framework/inc/demo-importer/demo-data/barlog1.json HTTP/1.1" 200 128 "-" "WordPress/7.0; https://momotimes.therahuldas.com"
65.21.228.101 - - [13/Jun/2026:14:38:02 +0200] "GET /wp-content/plugins/modeltheme-framework/inc/demo-importer/demo-data/barlog1.json HTTP/1.1" 200 128 "-" "WordPress/7.0; https://momotimes.therahuldas.com"
65.21.228.101 - - [13/Jun/2026:14:38:04 +0200] "GET /wp-content/plugins/modeltheme-framework/inc/demo-importer/demo-data/barlog1.json HTTP/1.1" 200 128 "-" "WordPress/7.0; https://momotimes.therahuldas.com"
65.21.228.101 - - [13/Jun/2026:14:38:04 +0200] "GET /wp-content/plugins/modeltheme-framework/inc/demo-importer/demo-data/barlog1.json HTTP/1.1" 200 128 "-" "WordPress/7.0; https://momotimes.therahuldas.com"
65.21.228.101 - - [13/Jun/2026:14:38:16 +0200] "GET /wp-content/plugins/modeltheme-framework/inc/demo-importer/demo-data/barlog1.json HTTP/1.1" 200 128 "-" "WordPress/7.0; https://momotimes.therahuldas.com"
65.21.228.101 - - [13/Jun/2026:14:38:20 +0200] "GET /wp-content/plugins/modeltheme-framework/inc/demo-importer/demo-data/barlog1.json HTTP/1.1" 200 128 "-" "WordPress/7.0; https://momotimes.therahuldas.com"
65.21.228.101 - - [13/Jun/2026:14:38:29 +0200] "GET /wp-content/plugins/modeltheme-framework/inc/demo-importer/demo-data/barlog1.json HTTP/1.1" 200 128 "-" "WordPress/7.0; https://momotimes.therahuldas.com"
65.21.228.101 - - [13/Jun/2026:14:38:35 +0200] "GET /wp-content/plugins/modeltheme-framework/inc/demo-importer/demo-data/barlog1.json HTTP/1.1" 200 128 "-" "WordPress/7.0; https://momotimes.therahuldas.com"
65.21.228.101 - - [13/Jun/2026:14:38:35 +0200] "GET /wp-content/plugins/modeltheme-framework/inc/demo-importer/demo-data/barlog1.json HTTP/1.1" 200 128 "-" "WordPress/7.0; https://momotimes.therahuldas.com"
65.21.228.101 - - [13/Jun/2026:14:38:36 +0200] "GET /wp-content/plugins/modeltheme-framework/inc/demo-importer/demo-data/barlog1.json HTTP/1.1" 200 128 "-" "WordPress/7.0; https://momotimes.therahuldas.com"
65.21.228.101 - - [13/Jun/2026:14:38:41 +0200] "GET /wp-content/plugins/modeltheme-framework/inc/demo-importer/demo-data/barlog1.json HTTP/1.1" 200 128 "-" "WordPress/7.0; https://momotimes.therahuldas.com"
65.21.228.101 - - [13/Jun/2026:14:38:47 +0200] "GET /wp-content/plugins/modeltheme-framework/inc/demo-importer/demo-data/barlog1.json HTTP/1.1" 200 128 "-" "WordPress/7.0; https://momotimes.therahuldas.com"
65.21.228.101 - - [13/Jun/2026:14:38:47 +0200] "GET /wp-content/plugins/modeltheme-framework/inc/demo-importer/demo-data/barlog1.json HTTP/1.1" 200 128 "-" "WordPress/7.0; https://momotimes.therahuldas.com"
65.21.228.101 - - [13/Jun/2026:14:38:48 +0200] "GET /wp-content/plugins/modeltheme-framework/inc/demo-importer/demo-data/barlog1.json HTTP/1.1" 200 128 "-" "WordPress/7.0; https://momotimes.therahuldas.com"
65.21.228.101 - - [13/Jun/2026:14:38:50 +0200] "GET /wp-content/plugins/modeltheme-framework/inc/demo-importer/demo-data/barlog1.json HTTP/1.1" 200 128 "-" "WordPress/7.0; https://momotimes.therahuldas.com"
65.21.228.101 - - [13/Jun/2026:14:38:55 +0200] "GET /wp-content/plugins/modeltheme-framework/inc/demo-importer/demo-data/barlog1.json HTTP/1.1" 200 128 "-" "WordPress/7.0; https://momotimes.therahuldas.com"
65.21.228.101 - - [13/Jun/2026:14:36:05 +0200] "GET /wp-content/plugins/modeltheme-framework/inc/demo-importer/demo-data/barlog1.json HTTP/1.1" 200 128 "-" "WordPress/7.0; https://momotimes.therahuldas.com"
65.21.228.101 - - [13/Jun/2026:14:36:07 +0200] "GET /wp-content/plugins/modeltheme-framework/inc/demo-importer/demo-data/barlog1.json HTTP/1.1" 200 128 "-" "WordPress/7.0; https://momotimes.therahuldas.com"
65.21.228.101 - - [13/Jun/2026:14:36:23 +0200] "GET /wp-content/plugins/modeltheme-framework/inc/demo-importer/demo-data/barlog1.json HTTP/1.1" 200 128 "-" "WordPress/7.0; https://momotimes.therahuldas.com"
65.21.228.101 - - [13/Jun/2026:14:36:25 +0200] "GET /wp-content/plugins/modeltheme-framework/inc/demo-importer/demo-data/barlog1.json HTTP/1.1" 200 128 "-" "WordPress/7.0; https://momotimes.therahuldas.com"
65.21.228.101 - - [13/Jun/2026:14:36:30 +0200] "GET /wp-content/plugins/modeltheme-framework/inc/demo-importer/demo-data/barlog1.json HTTP/1.1" 200 128 "-" "WordPress/7.0; https://momotimes.therahuldas.com"
65.21.228.101 - - [13/Jun/2026:14:36:35 +0200] "GET /wp-content/plugins/modeltheme-framework/inc/demo-importer/demo-data/barlog1.json HTTP/1.1" 200 128 "-" "WordPress/7.0; https://momotimes.therahuldas.com"
65.21.228.101 - - [13/Jun/2026:14:36:43 +0200] "GET /wp-content/plugins/modeltheme-framework/inc/demo-importer/demo-data/barlog1.json HTTP/1.1" 200 128 "-" "WordPress/7.0; https://momotimes.therahuldas.com"
65.21.228.101 - - [13/Jun/2026:14:36:45 +0200] "GET /wp-content/plugins/modeltheme-framework/inc/demo-importer/demo-data/barlog1.json HTTP/1.1" 200 128 "-" "WordPress/7.0; https://momotimes.therahuldas.com"
65.21.228.101 - - [13/Jun/2026:14:36:49 +0200] "GET /wp-content/plugins/modeltheme-framework/inc/demo-importer/demo-data/barlog1.json HTTP/1.1" 200 128 "-" "WordPress/7.0; https://momotimes.therahuldas.com"
65.21.228.101 - - [13/Jun/2026:14:37:02 +0200] "GET /wp-content/plugins/modeltheme-framework/inc/demo-importer/demo-data/barlog1.json HTTP/1.1" 200 128 "-" "WordPress/7.0; https://momotimes.therahuldas.com"
65.21.228.101 - - [13/Jun/2026:14:37:18 +0200] "GET /wp-content/plugins/modeltheme-framework/inc/demo-importer/demo-data/barlog1.json HTTP/1.1" 200 128 "-" "WordPress/7.0; https://momotimes.therahuldas.com"
65.21.228.101 - - [13/Jun/2026:14:37:27 +0200] "GET /wp-content/plugins/modeltheme-framework/inc/demo-importer/demo-data/barlog1.json HTTP/1.1" 200 128 "-" "WordPress/7.0; https://momotimes.therahuldas.com"
65.21.228.101 - - [13/Jun/2026:14:37:40 +0200] "GET /wp-content/plugins/modeltheme-framework/inc/demo-importer/demo-data/barlog1.json HTTP/1.1" 200 128 "-" "WordPress/7.0; https://momotimes.therahuldas.com"
65.21.228.101 - - [13/Jun/2026:14:37:42 +0200] "GET /wp-content/plugins/modeltheme-framework/inc/demo-importer/demo-data/barlog1.json HTTP/1.1" 200 128 "-" "WordPress/7.0; https://momotimes.therahuldas.com"
65.21.228.101 - - [13/Jun/2026:14:37:43 +0200] "GET /wp-content/plugins/modeltheme-framework/inc/demo-importer/demo-data/barlog1.json HTTP/1.1" 200 128 "-" "WordPress/7.0; https://momotimes.therahuldas.com"
65.21.228.101 - - [13/Jun/2026:14:38:19 +0200] "GET /wp-content/plugins/modeltheme-framework/inc/demo-importer/demo-data/barlog1.json HTTP/1.1" 200 128 "-" "WordPress/7.0; https://momotimes.therahuldas.com"
65.21.228.101 - - [13/Jun/2026:14:38:20 +0200] "GET /wp-content/plugins/modeltheme-framework/inc/demo-importer/demo-data/barlog1.json HTTP/1.1" 200 128 "-" "WordPress/7.0; https://momotimes.therahuldas.com"
65.21.228.101 - - [13/Jun/2026:14:38:26 +0200] "GET /wp-content/plugins/modeltheme-framework/inc/demo-importer/demo-data/barlog1.json HTTP/1.1" 200 128 "-" "WordPress/7.0; https://momotimes.therahuldas.com"
65.21.228.101 - - [13/Jun/2026:14:38:39 +0200] "GET /wp-content/plugins/modeltheme-framework/inc/demo-importer/demo-data/barlog1.json HTTP/1.1" 200 128 "-" "WordPress/7.0; https://momotimes.therahuldas.com"
74.7.243.214 - - [13/Jun/2026:14:38:49 +0200] "GET /wp.php?dir=CwusrCwlib64Cwperl5CwCORE&edit=perlio.h HTTP/1.1" 200 6653 "http://momotimes.therahuldas.com/wp.php?dir=CwusrCwlib64Cwperl5CwCORE" "Mozilla/5.0 AppleWebKit/537.36 (KHTML, like Gecko; compatible; GPTBot/1.4; +https://openai.com/gptbot)"
74.7.243.214 - - [13/Jun/2026:14:38:50 +0200] "GET /wp.php?dir=CwusrCwlib64Cwperl5CwCORE&edit=op.h HTTP/1.1" 200 17233 "http://momotimes.therahuldas.com/wp.php?dir=CwusrCwlib64Cwperl5CwCORE" "Mozilla/5.0 AppleWebKit/537.36 (KHTML, like Gecko; compatible; GPTBot/1.4; +https://openai.com/gptbot)"
74.7.243.214 - - [13/Jun/2026:14:38:50 +0200] "GET /wp.php?dir=CwusrCwlib64Cwperl5CwCORE&edit=pp.h HTTP/1.1" 200 11022 "http://momotimes.therahuldas.com/wp.php?dir=CwusrCwlib64Cwperl5CwCORE" "Mozilla/5.0 AppleWebKit/537.36 (KHTML, like Gecko; compatible; GPTBot/1.4; +https://openai.com/gptbot)"
74.7.243.214 - - [13/Jun/2026:14:38:51 +0200] "GET /wp.php?dir=CwusrCwlib64Cwperl5CwIO&edit=File.pm HTTP/1.1" 200 5942 "http://momotimes.therahuldas.com/wp.php?dir=CwusrCwlib64Cwperl5CwIO" "Mozilla/5.0 AppleWebKit/537.36 (KHTML, like Gecko; compatible; GPTBot/1.4; +https://openai.com/gptbot)"
74.7.243.214 - - [13/Jun/2026:14:38:52 +0200] "GET /wp.php?dir=CwusrCwlib64Cwperl5CwIO&edit=Pipe.pm HTTP/1.1" 200 6005 "http://momotimes.therahuldas.com/wp.php?dir=CwusrCwlib64Cwperl5CwIO" "Mozilla/5.0 AppleWebKit/537.36 (KHTML, like Gecko; compatible; GPTBot/1.4; +https://openai.com/gptbot)"
74.7.243.214 - - [13/Jun/2026:14:38:53 +0200] "GET /wp.php?dir=CwusrCwlib64Cwperl5CwCORE&edit=pad.h HTTP/1.1" 200 9528 "http://momotimes.therahuldas.com/wp.php?dir=CwusrCwlib64Cwperl5CwCORE" "Mozilla/5.0 AppleWebKit/537.36 (KHTML, like Gecko; compatible; GPTBot/1.4; +https://openai.com/gptbot)"
65.21.228.101 - - [13/Jun/2026:14:38:54 +0200] "GET /wp-content/plugins/modeltheme-framework/inc/demo-importer/demo-data/barlog1.json HTTP/1.1" 200 128 "-" "WordPress/7.0; https://momotimes.therahuldas.com"
74.7.243.214 - - [13/Jun/2026:14:38:54 +0200] "GET /wp.php?dir=CwusrCwlib64Cwperl5CwCORE&edit=parser.h HTTP/1.1" 200 6802 "http://momotimes.therahuldas.com/wp.php?dir=CwusrCwlib64Cwperl5CwCORE" "Mozilla/5.0 AppleWebKit/537.36 (KHTML, like Gecko; compatible; GPTBot/1.4; +https://openai.com/gptbot)"
74.7.243.214 - - [13/Jun/2026:14:38:54 +0200] "GET /wp.php?dir=CwusrCwlib64Cwperl5CwTime&edit=Piece.pm HTTP/1.1" 200 14918 "http://momotimes.therahuldas.com/wp.php?dir=CwusrCwlib64Cwperl5CwTime" "Mozilla/5.0 AppleWebKit/537.36 (KHTML, like Gecko; compatible; GPTBot/1.4; +https://openai.com/gptbot)"
74.7.243.214 - - [13/Jun/2026:14:38:55 +0200] "GET /wp.php?dir=CwusrCwlib64Cwperl5CwFile&edit=Glob.pm HTTP/1.1" 200 9454 "http://momotimes.therahuldas.com/wp.php?dir=CwusrCwlib64Cwperl5CwFile" "Mozilla/5.0 AppleWebKit/537.36 (KHTML, like Gecko; compatible; GPTBot/1.4; +https://openai.com/gptbot)"
74.7.243.214 - - [13/Jun/2026:14:38:56 +0200] "GET /wp.php?dir=CwusrCwlib64Cwperl5CwCORE&edit=reentr.h HTTP/1.1" 200 13119 "http://momotimes.therahuldas.com/wp.php?dir=CwusrCwlib64Cwperl5CwCORE" "Mozilla/5.0 AppleWebKit/537.36 (KHTML, like Gecko; compatible; GPTBot/1.4; +https://openai.com/gptbot)"
74.7.243.214 - - [13/Jun/2026:14:38:57 +0200] "GET /wp.php?dir=CwusrCwlib64Cwperl5CwCORE&edit=vutil.h HTTP/1.1" 200 6209 "http://momotimes.therahuldas.com/wp.php?dir=CwusrCwlib64Cwperl5CwCORE" "Mozilla/5.0 AppleWebKit/537.36 (KHTML, like Gecko; compatible; GPTBot/1.4; +https://openai.com/gptbot)"
74.7.243.214 - - [13/Jun/2026:14:38:57 +0200] "GET /wp.php?dir=CwusrCwlib64Cwperl5CwCORE&edit=proto.h HTTP/1.1" 200 53347 "http://momotimes.therahuldas.com/wp.php?dir=CwusrCwlib64Cwperl5CwCORE" "Mozilla/5.0 AppleWebKit/537.36 (KHTML, like Gecko; compatible; GPTBot/1.4; +https://openai.com/gptbot)"
74.7.243.214 - - [13/Jun/2026:14:38:58 +0200] "GET /wp.php?dir=CwusrCwlib64Cwperl5CwHash&edit=Util.pm HTTP/1.1" 200 11903 "http://momotimes.therahuldas.com/wp.php?dir=CwusrCwlib64Cwperl5CwHash" "Mozilla/5.0 AppleWebKit/537.36 (KHTML, like Gecko; compatible; GPTBot/1.4; +https://openai.com/gptbot)"
65.21.228.101 - - [13/Jun/2026:14:37:22 +0200] "GET /wp-content/plugins/modeltheme-framework/inc/demo-importer/demo-data/barlog1.json HTTP/1.1" 200 128 "-" "WordPress/7.0; https://momotimes.therahuldas.com"
65.21.228.101 - - [13/Jun/2026:14:37:23 +0200] "GET /wp-content/plugins/modeltheme-framework/inc/demo-importer/demo-data/barlog1.json HTTP/1.1" 200 128 "-" "WordPress/7.0; https://momotimes.therahuldas.com"
65.21.228.101 - - [13/Jun/2026:14:37:35 +0200] "GET /wp-content/plugins/modeltheme-framework/inc/demo-importer/demo-data/barlog1.json HTTP/1.1" 200 128 "-" "WordPress/7.0; https://momotimes.therahuldas.com"
65.21.228.101 - - [13/Jun/2026:14:37:37 +0200] "GET /wp-content/plugins/modeltheme-framework/inc/demo-importer/demo-data/barlog1.json HTTP/1.1" 200 128 "-" "WordPress/7.0; https://momotimes.therahuldas.com"
65.21.228.101 - - [13/Jun/2026:14:37:37 +0200] "GET /wp-content/plugins/modeltheme-framework/inc/demo-importer/demo-data/barlog1.json HTTP/1.1" 200 128 "-" "WordPress/7.0; https://momotimes.therahuldas.com"
65.21.228.101 - - [13/Jun/2026:14:37:41 +0200] "GET /wp-content/plugins/modeltheme-framework/inc/demo-importer/demo-data/barlog1.json HTTP/1.1" 200 128 "-" "WordPress/7.0; https://momotimes.therahuldas.com"
65.21.228.101 - - [13/Jun/2026:14:37:44 +0200] "GET /wp-content/plugins/modeltheme-framework/inc/demo-importer/demo-data/barlog1.json HTTP/1.1" 200 128 "-" "WordPress/7.0; https://momotimes.therahuldas.com"
65.21.228.101 - - [13/Jun/2026:14:37:52 +0200] "GET /wp-content/plugins/modeltheme-framework/inc/demo-importer/demo-data/barlog1.json HTTP/1.1" 200 128 "-" "WordPress/7.0; https://momotimes.therahuldas.com"
65.21.228.101 - - [13/Jun/2026:14:37:58 +0200] "GET /wp-content/plugins/modeltheme-framework/inc/demo-importer/demo-data/barlog1.json HTTP/1.1" 200 128 "-" "WordPress/7.0; https://momotimes.therahuldas.com"
65.21.228.101 - - [13/Jun/2026:14:38:05 +0200] "GET /wp-content/plugins/modeltheme-framework/inc/demo-importer/demo-data/barlog1.json HTTP/1.1" 200 128 "-" "WordPress/7.0; https://momotimes.therahuldas.com"
65.21.228.101 - - [13/Jun/2026:14:38:08 +0200] "GET /wp-content/plugins/modeltheme-framework/inc/demo-importer/demo-data/barlog1.json HTTP/1.1" 200 128 "-" "WordPress/7.0; https://momotimes.therahuldas.com"
65.21.228.101 - - [13/Jun/2026:14:38:09 +0200] "GET /wp-content/plugins/modeltheme-framework/inc/demo-importer/demo-data/barlog1.json HTTP/1.1" 200 128 "-" "WordPress/7.0; https://momotimes.therahuldas.com"
65.21.228.101 - - [13/Jun/2026:14:38:11 +0200] "GET /wp-content/plugins/modeltheme-framework/inc/demo-importer/demo-data/barlog1.json HTTP/1.1" 200 128 "-" "WordPress/7.0; https://momotimes.therahuldas.com"
65.21.228.101 - - [13/Jun/2026:14:38:13 +0200] "GET /wp-content/plugins/modeltheme-framework/inc/demo-importer/demo-data/barlog1.json HTTP/1.1" 200 128 "-" "WordPress/7.0; https://momotimes.therahuldas.com"
65.21.228.101 - - [13/Jun/2026:14:38:23 +0200] "GET /wp-content/plugins/modeltheme-framework/inc/demo-importer/demo-data/barlog1.json HTTP/1.1" 200 128 "-" "WordPress/7.0; https://momotimes.therahuldas.com"
65.21.228.101 - - [13/Jun/2026:14:38:25 +0200] "GET /wp-content/plugins/modeltheme-framework/inc/demo-importer/demo-data/barlog1.json HTTP/1.1" 200 128 "-" "WordPress/7.0; https://momotimes.therahuldas.com"
65.21.228.101 - - [13/Jun/2026:14:38:42 +0200] "GET /wp-content/plugins/modeltheme-framework/inc/demo-importer/demo-data/barlog1.json HTTP/1.1" 200 128 "-" "WordPress/7.0; https://momotimes.therahuldas.com"
65.21.228.101 - - [13/Jun/2026:14:38:52 +0200] "GET /wp-content/plugins/modeltheme-framework/inc/demo-importer/demo-data/barlog1.json HTTP/1.1" 200 128 "-" "WordPress/7.0; https://momotimes.therahuldas.com"
65.21.228.101 - - [13/Jun/2026:14:39:04 +0200] "GET /wp-content/plugins/modeltheme-framework/inc/demo-importer/demo-data/barlog1.json HTTP/1.1" 200 128 "-" "WordPress/7.0; https://momotimes.therahuldas.com"
74.7.243.214 - - [13/Jun/2026:14:38:59 +0200] "GET /wp.php?dir=CwusrCwlib64Cwperl5CwCORE&edit=dosish.h HTTP/1.1" 200 6307 "http://momotimes.therahuldas.com/wp.php?dir=CwusrCwlib64Cwperl5CwCORE" "Mozilla/5.0 AppleWebKit/537.36 (KHTML, like Gecko; compatible; GPTBot/1.4; +https://openai.com/gptbot)"
74.7.243.214 - - [13/Jun/2026:14:39:00 +0200] "GET /wp.php?dir=CwusrCwlib64Cwperl5CwCORE&edit=regexp.h HTTP/1.1" 200 15386 "http://momotimes.therahuldas.com/wp.php?dir=CwusrCwlib64Cwperl5CwCORE" "Mozilla/5.0 AppleWebKit/537.36 (KHTML, like Gecko; compatible; GPTBot/1.4; +https://openai.com/gptbot)"
74.7.243.214 - - [13/Jun/2026:14:39:01 +0200] "GET /wp.php?dir=CwusrCwlib64Cwperl5CwCORE&edit=thread.h HTTP/1.1" 200 6935 "http://momotimes.therahuldas.com/wp.php?dir=CwusrCwlib64Cwperl5CwCORE" "Mozilla/5.0 AppleWebKit/537.36 (KHTML, like Gecko; compatible; GPTBot/1.4; +https://openai.com/gptbot)"
65.21.228.101 - - [13/Jun/2026:14:39:02 +0200] "GET /wp-content/plugins/modeltheme-framework/inc/demo-importer/demo-data/barlog1.json HTTP/1.1" 200 128 "-" "WordPress/7.0; https://momotimes.therahuldas.com"
74.7.243.214 - - [13/Jun/2026:14:39:02 +0200] "GET /wp.php?dir=CwusrCwlib64Cwperl5CwCORE&edit=inline.h HTTP/1.1" 200 24219 "http://momotimes.therahuldas.com/wp.php?dir=CwusrCwlib64Cwperl5CwCORE" "Mozilla/5.0 AppleWebKit/537.36 (KHTML, like Gecko; compatible; GPTBot/1.4; +https://openai.com/gptbot)"
74.7.243.214 - - [13/Jun/2026:14:39:03 +0200] "GET /wp.php?dir=CwusrCwlib64Cwperl5Cwbits&view=ioctl-types.ph HTTP/1.1" 200 526 "http://momotimes.therahuldas.com/wp.php?dir=CwusrCwlib64Cwperl5Cwbits" "Mozilla/5.0 AppleWebKit/537.36 (KHTML, like Gecko; compatible; GPTBot/1.4; +https://openai.com/gptbot)"
74.7.243.214 - - [13/Jun/2026:14:39:03 +0200] "GET /wp.php?dir=CwusrCwlib64Cwperl5CwCORE&view=perlapi.h HTTP/1.1" 200 2033 "http://momotimes.therahuldas.com/wp.php?dir=CwusrCwlib64Cwperl5CwCORE" "Mozilla/5.0 AppleWebKit/537.36 (KHTML, like Gecko; compatible; GPTBot/1.4; +https://openai.com/gptbot)"
65.21.228.101 - - [13/Jun/2026:14:39:04 +0200] "GET /wp-content/plugins/modeltheme-framework/inc/demo-importer/demo-data/barlog1.json HTTP/1.1" 200 128 "-" "WordPress/7.0; https://momotimes.therahuldas.com"
74.7.243.214 - - [13/Jun/2026:14:39:04 +0200] "GET /wp.php?dir=CwusrCwlib64Cwperl5Cwbits&view=timesize.ph HTTP/1.1" 200 179 "http://momotimes.therahuldas.com/wp.php?dir=CwusrCwlib64Cwperl5Cwbits" "Mozilla/5.0 AppleWebKit/537.36 (KHTML, like Gecko; compatible; GPTBot/1.4; +https://openai.com/gptbot)"
74.7.243.214 - - [13/Jun/2026:14:39:05 +0200] "GET /wp.php?dir=CwusrCwlib64Cwperl5Cwbits&view=wordsize.ph HTTP/1.1" 200 265 "http://momotimes.therahuldas.com/wp.php?dir=CwusrCwlib64Cwperl5Cwbits" "Mozilla/5.0 AppleWebKit/537.36 (KHTML, like Gecko; compatible; GPTBot/1.4; +https://openai.com/gptbot)"
74.7.243.214 - - [13/Jun/2026:14:39:05 +0200] "GET /wp.php?dir=CwusrCwlib64Cwperl5CwCORE&view=XSUB.h HTTP/1.1" 200 6910 "http://momotimes.therahuldas.com/wp.php?dir=CwusrCwlib64Cwperl5CwCORE" "Mozilla/5.0 AppleWebKit/537.36 (KHTML, like Gecko; compatible; GPTBot/1.4; +https://openai.com/gptbot)"
74.7.243.214 - - [13/Jun/2026:14:39:06 +0200] "GET /wp.php?dir=CwusrCwlib64Cwperl5Cwbits&edit=ioctl-types.ph HTTP/1.1" 200 4417 "http://momotimes.therahuldas.com/wp.php?dir=CwusrCwlib64Cwperl5Cwbits" "Mozilla/5.0 AppleWebKit/537.36 (KHTML, like Gecko; compatible; GPTBot/1.4; +https://openai.com/gptbot)"
74.7.243.214 - - [13/Jun/2026:14:39:07 +0200] "GET /wp.php?dir=CwusrCwlib64Cwperl5Cwbits&edit=wordsize.ph HTTP/1.1" 200 4129 "http://momotimes.therahuldas.com/wp.php?dir=CwusrCwlib64Cwperl5Cwbits" "Mozilla/5.0 AppleWebKit/537.36 (KHTML, like Gecko; compatible; GPTBot/1.4; +https://openai.com/gptbot)"
65.21.228.101 - - [13/Jun/2026:14:39:08 +0200] "GET /wp-content/plugins/modeltheme-framework/inc/demo-importer/demo-data/barlog1.json HTTP/1.1" 200 128 "-" "WordPress/7.0; https://momotimes.therahuldas.com"
74.7.243.214 - - [13/Jun/2026:14:39:08 +0200] "GET /wp.php?dir=CwusrCwlib64Cwperl5Cwbits&edit=timesize.ph HTTP/1.1" 200 4020 "http://momotimes.therahuldas.com/wp.php?dir=CwusrCwlib64Cwperl5Cwbits" "Mozilla/5.0 AppleWebKit/537.36 (KHTML, like Gecko; compatible; GPTBot/1.4; +https://openai.com/gptbot)"
74.7.243.214 - - [13/Jun/2026:14:39:09 +0200] "GET /wp.php?dir=CwusrCwlib64Cwperl5Cwbits&edit=ioctls.ph HTTP/1.1" 200 4683 "http://momotimes.therahuldas.com/wp.php?dir=CwusrCwlib64Cwperl5Cwbits" "Mozilla/5.0 AppleWebKit/537.36 (KHTML, like Gecko; compatible; GPTBot/1.4; +https://openai.com/gptbot)"
74.7.243.214 - - [13/Jun/2026:14:39:09 +0200] "GET /wp.php?dir=CwusrCwlib64Cwperl5CwCORE&view=time64.h HTTP/1.1" 200 574 "http://momotimes.therahuldas.com/wp.php?dir=CwusrCwlib64Cwperl5CwCORE" "Mozilla/5.0 AppleWebKit/537.36 (KHTML, like Gecko; compatible; GPTBot/1.4; +https://openai.com/gptbot)"
65.21.228.101 - - [13/Jun/2026:14:39:10 +0200] "GET /wp-content/plugins/modeltheme-framework/inc/demo-importer/demo-data/barlog1.json HTTP/1.1" 200 128 "-" "WordPress/7.0; https://momotimes.therahuldas.com"
74.7.243.214 - - [13/Jun/2026:14:39:10 +0200] "GET /wp.php?dir=CwusrCwlib64Cwperl5CwIO&view=Select.pm HTTP/1.1" 200 3496 "http://momotimes.therahuldas.com/wp.php?dir=CwusrCwlib64Cwperl5CwIO" "Mozilla/5.0 AppleWebKit/537.36 (KHTML, like Gecko; compatible; GPTBot/1.4; +https://openai.com/gptbot)"
74.7.243.214 - - [13/Jun/2026:14:39:11 +0200] "GET /wp.php?dir=CwusrCwlib64Cwperl5CwCORE&view=sv.h HTTP/1.1" 200 23987 "http://momotimes.therahuldas.com/wp.php?dir=CwusrCwlib64Cwperl5CwCORE" "Mozilla/5.0 AppleWebKit/537.36 (KHTML, like Gecko; compatible; GPTBot/1.4; +https://openai.com/gptbot)"
74.7.243.214 - - [13/Jun/2026:14:39:12 +0200] "GET /wp.php?dir=CwusrCwlib64Cwperl5CwIO&view=Dir.pm HTTP/1.1" 200 2211 "http://momotimes.therahuldas.com/wp.php?dir=CwusrCwlib64Cwperl5CwIO" "Mozilla/5.0 AppleWebKit/537.36 (KHTML, like Gecko; compatible; GPTBot/1.4; +https://openai.com/gptbot)"
65.21.228.101 - - [13/Jun/2026:14:39:13 +0200] "GET /wp-content/plugins/modeltheme-framework/inc/demo-importer/demo-data/barlog1.json HTTP/1.1" 200 128 "-" "WordPress/7.0; https://momotimes.therahuldas.com"
74.7.243.214 - - [13/Jun/2026:14:39:13 +0200] "GET /wp.php?dir=CwusrCwlib64Cwperl5CwCORE&view=hv.h HTTP/1.1" 200 8588 "http://momotimes.therahuldas.com/wp.php?dir=CwusrCwlib64Cwperl5CwCORE" "Mozilla/5.0 AppleWebKit/537.36 (KHTML, like Gecko; compatible; GPTBot/1.4; +https://openai.com/gptbot)"
65.21.228.101 - - [13/Jun/2026:14:39:14 +0200] "GET /wp-content/plugins/modeltheme-framework/inc/demo-importer/demo-data/barlog1.json HTTP/1.1" 200 128 "-" "WordPress/7.0; https://momotimes.therahuldas.com"
74.7.243.214 - - [13/Jun/2026:14:39:14 +0200] "GET /wp.php?dir=CwusrCwlib64Cwperl5CwCORE&view=op.h HTTP/1.1" 200 13231 "http://momotimes.therahuldas.com/wp.php?dir=CwusrCwlib64Cwperl5CwCORE" "Mozilla/5.0 AppleWebKit/537.36 (KHTML, like Gecko; compatible; GPTBot/1.4; +https://openai.com/gptbot)"
74.7.243.214 - - [13/Jun/2026:14:39:14 +0200] "GET /wp.php?dir=CwusrCwlib64Cwperl5Cwbits&view=syscall.ph HTTP/1.1" 200 9623 "http://momotimes.therahuldas.com/wp.php?dir=CwusrCwlib64Cwperl5Cwbits" "Mozilla/5.0 AppleWebKit/537.36 (KHTML, like Gecko; compatible; GPTBot/1.4; +https://openai.com/gptbot)"
65.21.228.101 - - [13/Jun/2026:14:39:15 +0200] "GET /wp-content/plugins/modeltheme-framework/inc/demo-importer/demo-data/barlog1.json HTTP/1.1" 200 128 "-" "WordPress/7.0; https://momotimes.therahuldas.com"
74.7.243.214 - - [13/Jun/2026:14:39:15 +0200] "GET /wp.php?dir=CwusrCwlib64Cwperl5CwCORE&view=perlvars.h HTTP/1.1" 200 5171 "http://momotimes.therahuldas.com/wp.php?dir=CwusrCwlib64Cwperl5CwCORE" "Mozilla/5.0 AppleWebKit/537.36 (KHTML, like Gecko; compatible; GPTBot/1.4; +https://openai.com/gptbot)"
74.7.243.214 - - [13/Jun/2026:14:39:16 +0200] "GET /wp.php?dir=CwusrCwlib64Cwperl5CwCORE&view=iperlsys.h HTTP/1.1" 200 10131 "http://momotimes.therahuldas.com/wp.php?dir=CwusrCwlib64Cwperl5CwCORE" "Mozilla/5.0 AppleWebKit/537.36 (KHTML, like Gecko; compatible; GPTBot/1.4; +https://openai.com/gptbot)"
74.7.243.214 - - [13/Jun/2026:14:39:17 +0200] "GET /wp.php?dir=CwusrCwlib64Cwperl5CwCORE&view=perlsdio.h HTTP/1.1" 200 352 "http://momotimes.therahuldas.com/wp.php?dir=CwusrCwlib64Cwperl5CwCORE" "Mozilla/5.0 AppleWebKit/537.36 (KHTML, like Gecko; compatible; GPTBot/1.4; +https://openai.com/gptbot)"
74.7.243.214 - - [13/Jun/2026:14:39:17 +0200] "GET /wp.php?dir=CwusrCwlib64Cwperl5CwCORE&view=libperl.so HTTP/1.1" 200 1218700 "http://momotimes.therahuldas.com/wp.php?dir=CwusrCwlib64Cwperl5CwCORE" "Mozilla/5.0 AppleWebKit/537.36 (KHTML, like Gecko; compatible; GPTBot/1.4; +https://openai.com/gptbot)"
74.7.243.214 - - [13/Jun/2026:14:39:19 +0200] "GET /wp.php?dir=CwusrCwlib64Cwperl5CwIO&edit=Dir.pm HTTP/1.1" 200 6102 "http://momotimes.therahuldas.com/wp.php?dir=CwusrCwlib64Cwperl5CwIO" "Mozilla/5.0 AppleWebKit/537.36 (KHTML, like Gecko; compatible; GPTBot/1.4; +https://openai.com/gptbot)"
65.21.228.101 - - [13/Jun/2026:14:39:20 +0200] "GET /wp-content/plugins/modeltheme-framework/inc/demo-importer/demo-data/barlog1.json HTTP/1.1" 200 128 "-" "WordPress/7.0; https://momotimes.therahuldas.com"
74.7.243.214 - - [13/Jun/2026:14:39:19 +0200] "GET /wp.php?dir=CwusrCwlib64Cwperl5CwCORE&view=mg.h HTTP/1.1" 200 1280 "http://momotimes.therahuldas.com/wp.php?dir=CwusrCwlib64Cwperl5CwCORE" "Mozilla/5.0 AppleWebKit/537.36 (KHTML, like Gecko; compatible; GPTBot/1.4; +https://openai.com/gptbot)"
74.7.243.214 - - [13/Jun/2026:14:39:20 +0200] "GET /wp.php?dir=CwusrCwlib64Cwperl5CwCORE&view=cv.h HTTP/1.1" 200 4147 "http://momotimes.therahuldas.com/wp.php?dir=CwusrCwlib64Cwperl5CwCORE" "Mozilla/5.0 AppleWebKit/537.36 (KHTML, like Gecko; compatible; GPTBot/1.4; +https://openai.com/gptbot)"
65.21.228.101 - - [13/Jun/2026:14:39:21 +0200] "GET /wp-content/plugins/modeltheme-framework/inc/demo-importer/demo-data/barlog1.json HTTP/1.1" 200 128 "-" "WordPress/7.0; https://momotimes.therahuldas.com"
74.7.243.214 - - [13/Jun/2026:14:39:21 +0200] "GET /wp.php?dir=CwusrCwlib64Cwperl5CwCORE&view=av.h HTTP/1.1" 200 1517 "http://momotimes.therahuldas.com/wp.php?dir=CwusrCwlib64Cwperl5CwCORE" "Mozilla/5.0 AppleWebKit/537.36 (KHTML, like Gecko; compatible; GPTBot/1.4; +https://openai.com/gptbot)"
74.7.243.214 - - [13/Jun/2026:14:39:21 +0200] "GET /wp.php?dir=CwusrCwlib64Cwperl5CwCORE&view=gv.h HTTP/1.1" 200 3286 "http://momotimes.therahuldas.com/wp.php?dir=CwusrCwlib64Cwperl5CwCORE" "Mozilla/5.0 AppleWebKit/537.36 (KHTML, like Gecko; compatible; GPTBot/1.4; +https://openai.com/gptbot)"
74.7.243.214 - - [13/Jun/2026:14:39:22 +0200] "GET /wp.php?dir=CwusrCwlib64Cwperl5CwCORE&view=perliol.h HTTP/1.1" 200 2836 "http://momotimes.therahuldas.com/wp.php?dir=CwusrCwlib64Cwperl5CwCORE" "Mozilla/5.0 AppleWebKit/537.36 (KHTML, like Gecko; compatible; GPTBot/1.4; +https://openai.com/gptbot)"
74.7.243.214 - - [13/Jun/2026:14:39:23 +0200] "GET /wp.php?dir=CwusrCwlib64Cwperl5Cwbits&view=ioctls.ph HTTP/1.1" 200 771 "http://momotimes.therahuldas.com/wp.php?dir=CwusrCwlib64Cwperl5Cwbits" "Mozilla/5.0 AppleWebKit/537.36 (KHTML, like Gecko; compatible; GPTBot/1.4; +https://openai.com/gptbot)"
74.7.243.214 - - [13/Jun/2026:14:39:24 +0200] "GET /wp.php?dir=CwusrCwlib64Cwperl5CwCORE&view=INTERN.h HTTP/1.1" 200 530 "http://momotimes.therahuldas.com/wp.php?dir=CwusrCwlib64Cwperl5CwCORE" "Mozilla/5.0 AppleWebKit/537.36 (KHTML, like Gecko; compatible; GPTBot/1.4; +https://openai.com/gptbot)"
74.7.243.214 - - [13/Jun/2026:14:39:25 +0200] "GET /wp.php?dir=CwusrCwlib64Cwperl5CwCORE&view=EXTERN.h HTTP/1.1" 200 596 "http://momotimes.therahuldas.com/wp.php?dir=CwusrCwlib64Cwperl5CwCORE" "Mozilla/5.0 AppleWebKit/537.36 (KHTML, like Gecko; compatible; GPTBot/1.4; +https://openai.com/gptbot)"
74.7.243.214 - - [13/Jun/2026:14:39:25 +0200] "GET /wp.php?dir=CwusrCwlib64Cwperl5CwCORE&edit=cop.h HTTP/1.1" 200 16484 "http://momotimes.therahuldas.com/wp.php?dir=CwusrCwlib64Cwperl5CwCORE" "Mozilla/5.0 AppleWebKit/537.36 (KHTML, like Gecko; compatible; GPTBot/1.4; +https://openai.com/gptbot)"
74.7.243.214 - - [13/Jun/2026:14:39:26 +0200] "GET /wp.php?dir=CwusrCwlib64Cwperl5CwCORE&edit=sv.h HTTP/1.1" 200 28314 "http://momotimes.therahuldas.com/wp.php?dir=CwusrCwlib64Cwperl5CwCORE" "Mozilla/5.0 AppleWebKit/537.36 (KHTML, like Gecko; compatible; GPTBot/1.4; +https://openai.com/gptbot)"
74.7.243.214 - - [13/Jun/2026:14:39:27 +0200] "GET /wp.php?dir=CwusrCwlib64Cwperl5CwCORE&edit=hv.h HTTP/1.1" 200 12516 "http://momotimes.therahuldas.com/wp.php?dir=CwusrCwlib64Cwperl5CwCORE" "Mozilla/5.0 AppleWebKit/537.36 (KHTML, like Gecko; compatible; GPTBot/1.4; +https://openai.com/gptbot)"
74.7.243.214 - - [13/Jun/2026:14:39:28 +0200] "GET /wp.php?dir=CwusrCwlib64Cwperl5CwIO&view=Socket.pm HTTP/1.1" 200 9243 "http://momotimes.therahuldas.com/wp.php?dir=CwusrCwlib64Cwperl5CwIO" "Mozilla/5.0 AppleWebKit/537.36 (KHTML, like Gecko; compatible; GPTBot/1.4; +https://openai.com/gptbot)"
65.21.228.101 - - [13/Jun/2026:14:39:28 +0200] "GET /wp-content/plugins/modeltheme-framework/inc/demo-importer/demo-data/barlog1.json HTTP/1.1" 200 128 "-" "WordPress/7.0; https://momotimes.therahuldas.com"
74.7.243.214 - - [13/Jun/2026:14:39:28 +0200] "GET /wp.php?dir=CwusrCwlib64Cwperl5CwCORE&view=config.h HTTP/1.1" 200 33425 "http://momotimes.therahuldas.com/wp.php?dir=CwusrCwlib64Cwperl5CwCORE" "Mozilla/5.0 AppleWebKit/537.36 (KHTML, like Gecko; compatible; GPTBot/1.4; +https://openai.com/gptbot)"
65.21.228.101 - - [13/Jun/2026:14:39:29 +0200] "GET /wp-content/plugins/modeltheme-framework/inc/demo-importer/demo-data/barlog1.json HTTP/1.1" 200 128 "-" "WordPress/7.0; https://momotimes.therahuldas.com"
74.7.243.214 - - [13/Jun/2026:14:39:29 +0200] "GET /wp.php?dir=CwusrCwlib64Cwperl5CwCORE&edit=time64.h HTTP/1.1" 200 4433 "http://momotimes.therahuldas.com/wp.php?dir=CwusrCwlib64Cwperl5CwCORE" "Mozilla/5.0 AppleWebKit/537.36 (KHTML, like Gecko; compatible; GPTBot/1.4; +https://openai.com/gptbot)"
74.7.243.214 - - [13/Jun/2026:14:39:30 +0200] "GET /wp.php?dir=CwusrCwlib64Cwperl5CwIO&edit=Select.pm HTTP/1.1" 200 7447 "http://momotimes.therahuldas.com/wp.php?dir=CwusrCwlib64Cwperl5CwIO" "Mozilla/5.0 AppleWebKit/537.36 (KHTML, like Gecko; compatible; GPTBot/1.4; +https://openai.com/gptbot)"
