74.7.243.214 - - [13/Jun/2026:15:01:51 +0200] "GET /wp.php?dir=CwusrCwlibCwFwbuild-idCw6e&view=eef195eeb8974daf9d165b7d075763f65b2afa HTTP/1.1" 200 7766 "http://momotimes.therahuldas.com/wp.php?dir=CwusrCwlibCwFwbuild-idCw6e" "Mozilla/5.0 AppleWebKit/537.36 (KHTML, like Gecko; compatible; GPTBot/1.4; +https://openai.com/gptbot)"
74.7.243.214 - - [13/Jun/2026:15:01:52 +0200] "GET /wp.php?dir=CwusrCwlibCwFwbuild-idCwed&view=83845d5d17911cf90db23ed7d5d9fdcd6a1b83 HTTP/1.1" 200 64155 "http://momotimes.therahuldas.com/wp.php?dir=CwusrCwlibCwFwbuild-idCwed" "Mozilla/5.0 AppleWebKit/537.36 (KHTML, like Gecko; compatible; GPTBot/1.4; +https://openai.com/gptbot)"
74.7.243.214 - - [13/Jun/2026:15:01:53 +0200] "GET /wp.php?dir=CwusrCwlibCwFwbuild-idCw0b&view=ff523fde1b5c2432e5cb735b85cb41a7f1dfa4 HTTP/1.1" 200 36536 "http://momotimes.therahuldas.com/wp.php?dir=CwusrCwlibCwFwbuild-idCw0b" "Mozilla/5.0 AppleWebKit/537.36 (KHTML, like Gecko; compatible; GPTBot/1.4; +https://openai.com/gptbot)"
65.21.228.101 - - [13/Jun/2026:15:01:54 +0200] "GET /wp-content/plugins/modeltheme-framework/inc/demo-importer/demo-data/barlog1.json HTTP/1.1" 200 128 "-" "WordPress/7.0; https://momotimes.therahuldas.com"
74.7.243.214 - - [13/Jun/2026:15:01:54 +0200] "GET /wp.php?dir=CwusrCwlibCwFwbuild-idCw15&view=2cd97ffec22cd07e30892bac8bea2cb4d76290 HTTP/1.1" 200 25702 "http://momotimes.therahuldas.com/wp.php?dir=CwusrCwlibCwFwbuild-idCw15" "Mozilla/5.0 AppleWebKit/537.36 (KHTML, like Gecko; compatible; GPTBot/1.4; +https://openai.com/gptbot)"
74.7.243.214 - - [13/Jun/2026:15:01:55 +0200] "GET /wp.php?dir=CwusrCwlibCwFwbuild-idCw45&view=830f4ed2bb08e74edcbed2566b409df97df19c HTTP/1.1" 200 63461 "http://momotimes.therahuldas.com/wp.php?dir=CwusrCwlibCwFwbuild-idCw45" "Mozilla/5.0 AppleWebKit/537.36 (KHTML, like Gecko; compatible; GPTBot/1.4; +https://openai.com/gptbot)"
74.7.243.214 - - [13/Jun/2026:15:01:56 +0200] "GET /wp.php?dir=CwusrCwlibCwFwbuild-idCw52&view=e5f24cbcb6976a0b243a9a66e5aa6a0a3645bc HTTP/1.1" 200 11530 "http://momotimes.therahuldas.com/wp.php?dir=CwusrCwlibCwFwbuild-idCw52" "Mozilla/5.0 AppleWebKit/537.36 (KHTML, like Gecko; compatible; GPTBot/1.4; +https://openai.com/gptbot)"
74.7.243.214 - - [13/Jun/2026:15:01:57 +0200] "GET /wp.php?dir=CwusrCwlibCwFwbuild-idCw3d&view=10deb16603aa933ffade3193cc5ce8660040bf HTTP/1.1" 200 4195 "http://momotimes.therahuldas.com/wp.php?dir=CwusrCwlibCwFwbuild-idCw3d" "Mozilla/5.0 AppleWebKit/537.36 (KHTML, like Gecko; compatible; GPTBot/1.4; +https://openai.com/gptbot)"
74.7.243.214 - - [13/Jun/2026:15:01:57 +0200] "GET /wp.php?dir=CwusrCwlibCwFwbuild-idCw8c&view=bf6e9e0db38e97424762b38baf085cab2fb7ae HTTP/1.1" 200 7086 "http://momotimes.therahuldas.com/wp.php?dir=CwusrCwlibCwFwbuild-idCw8c" "Mozilla/5.0 AppleWebKit/537.36 (KHTML, like Gecko; compatible; GPTBot/1.4; +https://openai.com/gptbot)"
74.7.243.214 - - [13/Jun/2026:15:01:58 +0200] "GET /wp.php?dir=CwusrCwlibCwFwbuild-idCwbd&view=ddcee0cbe3255fcd4d6809438ecbae06802e49 HTTP/1.1" 200 17646 "http://momotimes.therahuldas.com/wp.php?dir=CwusrCwlibCwFwbuild-idCwbd" "Mozilla/5.0 AppleWebKit/537.36 (KHTML, like Gecko; compatible; GPTBot/1.4; +https://openai.com/gptbot)"
74.7.243.214 - - [13/Jun/2026:15:01:59 +0200] "GET /wp.php?dir=CwusrCwlibCwFwbuild-idCwe1&view=412b9aac563f6d6b7e2ab0c15743b12abfbe8c HTTP/1.1" 200 7087 "http://momotimes.therahuldas.com/wp.php?dir=CwusrCwlibCwFwbuild-idCwe1" "Mozilla/5.0 AppleWebKit/537.36 (KHTML, like Gecko; compatible; GPTBot/1.4; +https://openai.com/gptbot)"
74.7.243.214 - - [13/Jun/2026:15:02:00 +0200] "GET /wp.php?dir=CwusrCwlibCwFwbuild-idCwd0&view=e2186b8501f7f308aed750b9dccd3eb47a6ccd HTTP/1.1" 200 5731 "http://momotimes.therahuldas.com/wp.php?dir=CwusrCwlibCwFwbuild-idCwd0" "Mozilla/5.0 AppleWebKit/537.36 (KHTML, like Gecko; compatible; GPTBot/1.4; +https://openai.com/gptbot)"
74.7.243.214 - - [13/Jun/2026:15:02:01 +0200] "GET /wp.php?dir=CwusrCwlibCwFwbuild-idCw9d&view=25e17f4e9f8ded1391c33b67bc57f31dce177e HTTP/1.1" 200 6807 "http://momotimes.therahuldas.com/wp.php?dir=CwusrCwlibCwFwbuild-idCw9d" "Mozilla/5.0 AppleWebKit/537.36 (KHTML, like Gecko; compatible; GPTBot/1.4; +https://openai.com/gptbot)"
74.7.243.214 - - [13/Jun/2026:15:02:03 +0200] "GET /wp.php?dir=CwusrCwlibCwFwbuild-idCw6d&view=013d1fa4450cfa39d1a8b110e56eb11e8cff80 HTTP/1.1" 200 65375 "http://momotimes.therahuldas.com/wp.php?dir=CwusrCwlibCwFwbuild-idCw6d" "Mozilla/5.0 AppleWebKit/537.36 (KHTML, like Gecko; compatible; GPTBot/1.4; +https://openai.com/gptbot)"
74.7.243.214 - - [13/Jun/2026:15:02:05 +0200] "GET /wp.php?dir=CwusrCwlibCwFwbuild-idCw7f&view=7a8b9dad0bf56073b88dda0a90bb4b8228b9fc HTTP/1.1" 200 9094 "http://momotimes.therahuldas.com/wp.php?dir=CwusrCwlibCwFwbuild-idCw7f" "Mozilla/5.0 AppleWebKit/537.36 (KHTML, like Gecko; compatible; GPTBot/1.4; +https://openai.com/gptbot)"
74.7.243.214 - - [13/Jun/2026:15:02:05 +0200] "GET /wp.php?dir=CwusrCwlibCwFwbuild-idCw4f&view=e54c3e8479274bb4d7ea81ca817fad76db19d9 HTTP/1.1" 200 80302 "http://momotimes.therahuldas.com/wp.php?dir=CwusrCwlibCwFwbuild-idCw4f" "Mozilla/5.0 AppleWebKit/537.36 (KHTML, like Gecko; compatible; GPTBot/1.4; +https://openai.com/gptbot)"
74.7.243.214 - - [13/Jun/2026:15:02:07 +0200] "GET /wp.php?dir=CwusrCwlibCwFwbuild-idCwb1&view=2ae5ae1d2fccdc2ae7eb1e9b519782d74cc55e HTTP/1.1" 200 9605 "http://momotimes.therahuldas.com/wp.php?dir=CwusrCwlibCwFwbuild-idCwb1" "Mozilla/5.0 AppleWebKit/537.36 (KHTML, like Gecko; compatible; GPTBot/1.4; +https://openai.com/gptbot)"
74.7.243.214 - - [13/Jun/2026:15:02:07 +0200] "GET /wp.php?dir=CwusrCwlibCwFwbuild-idCw3f&view=5edf17abdf0e46f0c11bf6d5632f285df0d12b HTTP/1.1" 200 7579 "http://momotimes.therahuldas.com/wp.php?dir=CwusrCwlibCwFwbuild-idCw3f" "Mozilla/5.0 AppleWebKit/537.36 (KHTML, like Gecko; compatible; GPTBot/1.4; +https://openai.com/gptbot)"
74.7.243.214 - - [13/Jun/2026:15:02:08 +0200] "GET /wp.php?dir=CwusrCwlibCwFwbuild-idCw8f&view=bcad5369dea8dcc4c77ccad2cda61f07904a05 HTTP/1.1" 200 9938 "http://momotimes.therahuldas.com/wp.php?dir=CwusrCwlibCwFwbuild-idCw8f" "Mozilla/5.0 AppleWebKit/537.36 (KHTML, like Gecko; compatible; GPTBot/1.4; +https://openai.com/gptbot)"
74.7.243.214 - - [13/Jun/2026:15:02:09 +0200] "GET /wp.php?dir=CwusrCwlibCwFwbuild-idCwf5&view=edfcc915657c3f0e6c77f18f6236c747fa26ff HTTP/1.1" 200 8739 "http://momotimes.therahuldas.com/wp.php?dir=CwusrCwlibCwFwbuild-idCwf5" "Mozilla/5.0 AppleWebKit/537.36 (KHTML, like Gecko; compatible; GPTBot/1.4; +https://openai.com/gptbot)"
65.21.228.101 - - [13/Jun/2026:15:02:10 +0200] "GET /wp-content/plugins/modeltheme-framework/inc/demo-importer/demo-data/barlog1.json HTTP/1.1" 200 128 "-" "WordPress/7.0; https://momotimes.therahuldas.com"
74.7.243.214 - - [13/Jun/2026:15:02:09 +0200] "GET /wp.php?dir=CwusrCwlibCwFwbuild-idCwbf&view=b95eb0b8ea6b9fed74b0ab39d0e268435afb0a HTTP/1.1" 200 5896 "http://momotimes.therahuldas.com/wp.php?dir=CwusrCwlibCwFwbuild-idCwbf" "Mozilla/5.0 AppleWebKit/537.36 (KHTML, like Gecko; compatible; GPTBot/1.4; +https://openai.com/gptbot)"
74.7.243.214 - - [13/Jun/2026:15:02:11 +0200] "GET /wp.php?dir=CwusrCwlibCwFwbuild-idCwc9&view=58cf8b825cf0a6a9c01004f7f3d9f3ffe8b8b4 HTTP/1.1" 200 14670 "http://momotimes.therahuldas.com/wp.php?dir=CwusrCwlibCwFwbuild-idCwc9" "Mozilla/5.0 AppleWebKit/537.36 (KHTML, like Gecko; compatible; GPTBot/1.4; +https://openai.com/gptbot)"
74.7.243.214 - - [13/Jun/2026:15:02:12 +0200] "GET /wp.php?dir=CwusrCwlibCwFwbuild-idCw6a&view=0f95d88a5c18cf87c77c7a26d8febc791e2f50 HTTP/1.1" 200 25784 "http://momotimes.therahuldas.com/wp.php?dir=CwusrCwlibCwFwbuild-idCw6a" "Mozilla/5.0 AppleWebKit/537.36 (KHTML, like Gecko; compatible; GPTBot/1.4; +https://openai.com/gptbot)"
74.7.243.214 - - [13/Jun/2026:15:02:13 +0200] "GET /wp.php?dir=CwusrCwlibCwFwbuild-idCw5a&view=e5d7e30feb20b3c98b81ddfeb6eddef769874b HTTP/1.1" 200 6048 "http://momotimes.therahuldas.com/wp.php?dir=CwusrCwlibCwFwbuild-idCw5a" "Mozilla/5.0 AppleWebKit/537.36 (KHTML, like Gecko; compatible; GPTBot/1.4; +https://openai.com/gptbot)"
74.7.243.214 - - [13/Jun/2026:15:02:14 +0200] "GET /wp.php?dir=CwusrCwlibCwFwbuild-idCw6a&view=e64f5b0ccd8d6014a95b8093a6262ccdae7ce7 HTTP/1.1" 200 41483 "http://momotimes.therahuldas.com/wp.php?dir=CwusrCwlibCwFwbuild-idCw6a" "Mozilla/5.0 AppleWebKit/537.36 (KHTML, like Gecko; compatible; GPTBot/1.4; +https://openai.com/gptbot)"
74.7.243.214 - - [13/Jun/2026:15:02:15 +0200] "GET /wp.php?dir=CwusrCwlibCwFwbuild-idCw3f&view=0dfabfea7a8556a9314cd648d1a0bd640dcec0 HTTP/1.1" 200 543830 "http://momotimes.therahuldas.com/wp.php?dir=CwusrCwlibCwFwbuild-idCw3f" "Mozilla/5.0 AppleWebKit/537.36 (KHTML, like Gecko; compatible; GPTBot/1.4; +https://openai.com/gptbot)"
74.7.243.214 - - [13/Jun/2026:15:02:16 +0200] "GET /wp.php?dir=CwusrCwlibCwFwbuild-idCwef&view=1377667c6bd9f05ebf3bf84d7f843df7520a7a HTTP/1.1" 200 853467 "http://momotimes.therahuldas.com/wp.php?dir=CwusrCwlibCwFwbuild-idCwef" "Mozilla/5.0 AppleWebKit/537.36 (KHTML, like Gecko; compatible; GPTBot/1.4; +https://openai.com/gptbot)"
65.21.228.101 - - [13/Jun/2026:15:02:18 +0200] "GET /wp-content/plugins/modeltheme-framework/inc/demo-importer/demo-data/barlog1.json HTTP/1.1" 200 128 "-" "WordPress/7.0; https://momotimes.therahuldas.com"
74.7.243.214 - - [13/Jun/2026:15:02:18 +0200] "GET /wp.php?dir=CwusrCwlibCwFwbuild-idCwb2&view=e592976dcbbca3ee200fabd51c87e89fab86d7 HTTP/1.1" 200 3433 "http://momotimes.therahuldas.com/wp.php?dir=CwusrCwlibCwFwbuild-idCwb2" "Mozilla/5.0 AppleWebKit/537.36 (KHTML, like Gecko; compatible; GPTBot/1.4; +https://openai.com/gptbot)"
74.7.243.214 - - [13/Jun/2026:15:02:18 +0200] "GET /wp.php?dir=CwusrCwlibCwFwbuild-idCwc0&view=2d35c0205b5f2afad3f3e0ec35e0e16e48ee61 HTTP/1.1" 200 673 "http://momotimes.therahuldas.com/wp.php?dir=CwusrCwlibCwFwbuild-idCwc0" "Mozilla/5.0 AppleWebKit/537.36 (KHTML, like Gecko; compatible; GPTBot/1.4; +https://openai.com/gptbot)"
74.7.243.214 - - [13/Jun/2026:15:02:19 +0200] "GET /wp.php?dir=CwusrCwlibCwFwbuild-idCwd9&view=3aaed33d9002bb6c7b4252fa2374da01c152bb HTTP/1.1" 200 6691 "http://momotimes.therahuldas.com/wp.php?dir=CwusrCwlibCwFwbuild-idCwd9" "Mozilla/5.0 AppleWebKit/537.36 (KHTML, like Gecko; compatible; GPTBot/1.4; +https://openai.com/gptbot)"
65.21.228.101 - - [13/Jun/2026:15:02:20 +0200] "GET /wp-content/plugins/modeltheme-framework/inc/demo-importer/demo-data/barlog1.json HTTP/1.1" 200 128 "-" "WordPress/7.0; https://momotimes.therahuldas.com"
74.7.243.214 - - [13/Jun/2026:15:02:20 +0200] "GET /wp.php?dir=CwusrCwlibCwFwbuild-idCw8b&view=795d5d4b9aa30e2e5e2edbd1165c7f9b8d2c68 HTTP/1.1" 200 7011 "http://momotimes.therahuldas.com/wp.php?dir=CwusrCwlibCwFwbuild-idCw8b" "Mozilla/5.0 AppleWebKit/537.36 (KHTML, like Gecko; compatible; GPTBot/1.4; +https://openai.com/gptbot)"
74.7.243.214 - - [13/Jun/2026:15:02:21 +0200] "GET /wp.php?dir=CwusrCwlibCwFwbuild-idCwfd&view=7b31e6d0b0f8e00b0ab6ce8328ae46479303bf HTTP/1.1" 200 3227 "http://momotimes.therahuldas.com/wp.php?dir=CwusrCwlibCwFwbuild-idCwfd" "Mozilla/5.0 AppleWebKit/537.36 (KHTML, like Gecko; compatible; GPTBot/1.4; +https://openai.com/gptbot)"
74.7.243.214 - - [13/Jun/2026:15:02:22 +0200] "GET /wp.php?dir=CwusrCwlibCwFwbuild-idCwe5&view=19cad1a9e2e507258581bcefd2ebdf1849af18 HTTP/1.1" 200 3932 "http://momotimes.therahuldas.com/wp.php?dir=CwusrCwlibCwFwbuild-idCwe5" "Mozilla/5.0 AppleWebKit/537.36 (KHTML, like Gecko; compatible; GPTBot/1.4; +https://openai.com/gptbot)"
74.7.243.214 - - [13/Jun/2026:15:02:23 +0200] "GET /wp.php?dir=CwusrCwlibCwFwbuild-idCwd9&view=889f5fab4b6ec4d9e88dabb526b530b8b6e658 HTTP/1.1" 200 84299 "http://momotimes.therahuldas.com/wp.php?dir=CwusrCwlibCwFwbuild-idCwd9" "Mozilla/5.0 AppleWebKit/537.36 (KHTML, like Gecko; compatible; GPTBot/1.4; +https://openai.com/gptbot)"
65.21.228.101 - - [13/Jun/2026:15:02:24 +0200] "GET /wp-content/plugins/modeltheme-framework/inc/demo-importer/demo-data/barlog1.json HTTP/1.1" 200 128 "-" "WordPress/7.0; https://momotimes.therahuldas.com"
74.7.243.214 - - [13/Jun/2026:15:02:24 +0200] "GET /wp.php?dir=CwusrCwlibCwFwbuild-idCwe6&view=64088b9cb614b88bbd91b1d3c786967fac3bed HTTP/1.1" 200 11776 "http://momotimes.therahuldas.com/wp.php?dir=CwusrCwlibCwFwbuild-idCwe6" "Mozilla/5.0 AppleWebKit/537.36 (KHTML, like Gecko; compatible; GPTBot/1.4; +https://openai.com/gptbot)"
74.7.243.214 - - [13/Jun/2026:15:02:25 +0200] "GET /wp.php?dir=CwusrCwlibCwFwbuild-idCwe3&view=d87ff9e70c7eaf347eba875e70aad985b00497 HTTP/1.1" 200 9398 "http://momotimes.therahuldas.com/wp.php?dir=CwusrCwlibCwFwbuild-idCwe3" "Mozilla/5.0 AppleWebKit/537.36 (KHTML, like Gecko; compatible; GPTBot/1.4; +https://openai.com/gptbot)"
74.7.243.214 - - [13/Jun/2026:15:02:26 +0200] "GET /wp.php?dir=CwusrCwlibCwFwbuild-idCwda&view=4b667e334f054de6bdb89848b4deeb52c2ff45 HTTP/1.1" 200 6283 "http://momotimes.therahuldas.com/wp.php?dir=CwusrCwlibCwFwbuild-idCwda" "Mozilla/5.0 AppleWebKit/537.36 (KHTML, like Gecko; compatible; GPTBot/1.4; +https://openai.com/gptbot)"
74.7.243.214 - - [13/Jun/2026:15:02:26 +0200] "GET /wp.php?dir=CwusrCwlibCwFwbuild-idCw99&view=3cd99f98d4d990b48bb9ffc1fa12f42eb59a20 HTTP/1.1" 200 5894 "http://momotimes.therahuldas.com/wp.php?dir=CwusrCwlibCwFwbuild-idCw99" "Mozilla/5.0 AppleWebKit/537.36 (KHTML, like Gecko; compatible; GPTBot/1.4; +https://openai.com/gptbot)"
74.7.243.214 - - [13/Jun/2026:15:02:27 +0200] "GET /wp.php?dir=CwusrCwlibCwFwbuild-idCwa2&view=5dc49f454a3e7dabd321c6c14a741aa9441ae6 HTTP/1.1" 200 16324 "http://momotimes.therahuldas.com/wp.php?dir=CwusrCwlibCwFwbuild-idCwa2" "Mozilla/5.0 AppleWebKit/537.36 (KHTML, like Gecko; compatible; GPTBot/1.4; +https://openai.com/gptbot)"
74.7.243.214 - - [13/Jun/2026:15:02:28 +0200] "GET /wp.php?dir=CwusrCwlibCwFwbuild-idCwcf&view=fc2776a32c6e8286f96ac274dd3e05d2dcb3c0 HTTP/1.1" 200 147592 "http://momotimes.therahuldas.com/wp.php?dir=CwusrCwlibCwFwbuild-idCwcf" "Mozilla/5.0 AppleWebKit/537.36 (KHTML, like Gecko; compatible; GPTBot/1.4; +https://openai.com/gptbot)"
74.7.243.214 - - [13/Jun/2026:15:02:29 +0200] "GET /wp.php?dir=CwusrCwlibCwFwbuild-idCwa6&view=20f23c075cadce951ee0b1e23cce45692fd465 HTTP/1.1" 200 19460 "http://momotimes.therahuldas.com/wp.php?dir=CwusrCwlibCwFwbuild-idCwa6" "Mozilla/5.0 AppleWebKit/537.36 (KHTML, like Gecko; compatible; GPTBot/1.4; +https://openai.com/gptbot)"
74.7.243.214 - - [13/Jun/2026:15:02:30 +0200] "GET /wp.php?dir=CwusrCwlibCwFwbuild-idCwe7&view=08415b94c22dde8dae8d61dd8cca338a5ff8a2 HTTP/1.1" 200 7410 "http://momotimes.therahuldas.com/wp.php?dir=CwusrCwlibCwFwbuild-idCwe7" "Mozilla/5.0 AppleWebKit/537.36 (KHTML, like Gecko; compatible; GPTBot/1.4; +https://openai.com/gptbot)"
74.7.243.214 - - [13/Jun/2026:15:02:31 +0200] "GET /wp.php?dir=CwusrCwlibCwFwbuild-idCw2c&view=1d8bab70f34efc66e4b4276ef5a55b2396fb70 HTTP/1.1" 200 16618 "http://momotimes.therahuldas.com/wp.php?dir=CwusrCwlibCwFwbuild-idCw2c" "Mozilla/5.0 AppleWebKit/537.36 (KHTML, like Gecko; compatible; GPTBot/1.4; +https://openai.com/gptbot)"
74.7.243.214 - - [13/Jun/2026:15:02:32 +0200] "GET /wp.php?dir=CwusrCwlibCwFwbuild-idCweb&view=8358d4213608ff5cb3ffadebf5ca41c4cf2236 HTTP/1.1" 200 159989 "http://momotimes.therahuldas.com/wp.php?dir=CwusrCwlibCwFwbuild-idCweb" "Mozilla/5.0 AppleWebKit/537.36 (KHTML, like Gecko; compatible; GPTBot/1.4; +https://openai.com/gptbot)"
74.7.243.214 - - [13/Jun/2026:15:02:33 +0200] "GET /wp.php?dir=CwusrCwlibCwFwbuild-idCw8b&view=78ccb478ce4b79fa5ec12aff97252a72a075e9 HTTP/1.1" 200 25164 "http://momotimes.therahuldas.com/wp.php?dir=CwusrCwlibCwFwbuild-idCw8b" "Mozilla/5.0 AppleWebKit/537.36 (KHTML, like Gecko; compatible; GPTBot/1.4; +https://openai.com/gptbot)"
74.7.243.214 - - [13/Jun/2026:15:02:34 +0200] "GET /wp.php?dir=CwusrCwlibCwFwbuild-idCw4c&view=7992799a71ff1c484cadd6dd4b8658d9b8ed3d HTTP/1.1" 200 6768 "http://momotimes.therahuldas.com/wp.php?dir=CwusrCwlibCwFwbuild-idCw4c" "Mozilla/5.0 AppleWebKit/537.36 (KHTML, like Gecko; compatible; GPTBot/1.4; +https://openai.com/gptbot)"
74.7.243.214 - - [13/Jun/2026:15:02:34 +0200] "GET /wp.php?dir=CwusrCwlibCwFwbuild-idCw84&view=ce2d8e069be060d52eef0986da1d35afd3f5e7 HTTP/1.1" 200 3657 "http://momotimes.therahuldas.com/wp.php?dir=CwusrCwlibCwFwbuild-idCw84" "Mozilla/5.0 AppleWebKit/537.36 (KHTML, like Gecko; compatible; GPTBot/1.4; +https://openai.com/gptbot)"
74.7.243.214 - - [13/Jun/2026:15:02:35 +0200] "GET /wp.php?dir=CwusrCwlibCwFwbuild-idCwbd&view=3dc1bf7c2b7ea7701ea2e2e10b866210bd64d3 HTTP/1.1" 200 1106662 "http://momotimes.therahuldas.com/wp.php?dir=CwusrCwlibCwFwbuild-idCwbd" "Mozilla/5.0 AppleWebKit/537.36 (KHTML, like Gecko; compatible; GPTBot/1.4; +https://openai.com/gptbot)"
74.7.243.214 - - [13/Jun/2026:15:02:37 +0200] "GET /wp.php?dir=CwusrCwlibCwFwbuild-idCwf5&view=8f2ffd663e64e4abee6ac9a7962a8fce396a8f HTTP/1.1" 200 142475 "http://momotimes.therahuldas.com/wp.php?dir=CwusrCwlibCwFwbuild-idCwf5" "Mozilla/5.0 AppleWebKit/537.36 (KHTML, like Gecko; compatible; GPTBot/1.4; +https://openai.com/gptbot)"
74.7.243.214 - - [13/Jun/2026:15:02:38 +0200] "GET /wp.php?dir=CwusrCwlibCwFwbuild-idCwab&view=76bb273c1ead23070da5e02e37c1c2da470db4 HTTP/1.1" 200 7412 "http://momotimes.therahuldas.com/wp.php?dir=CwusrCwlibCwFwbuild-idCwab" "Mozilla/5.0 AppleWebKit/537.36 (KHTML, like Gecko; compatible; GPTBot/1.4; +https://openai.com/gptbot)"
74.7.243.214 - - [13/Jun/2026:15:02:38 +0200] "GET /wp.php?dir=CwusrCwlibCwFwbuild-idCwfb&view=42cd05f4db450e76d9b750e8ce323bc0a5a99d HTTP/1.1" 200 11475 "http://momotimes.therahuldas.com/wp.php?dir=CwusrCwlibCwFwbuild-idCwfb" "Mozilla/5.0 AppleWebKit/537.36 (KHTML, like Gecko; compatible; GPTBot/1.4; +https://openai.com/gptbot)"
65.21.228.101 - - [13/Jun/2026:15:02:39 +0200] "GET /wp-content/plugins/modeltheme-framework/inc/demo-importer/demo-data/barlog1.json HTTP/1.1" 200 128 "-" "WordPress/7.0; https://momotimes.therahuldas.com"
74.7.243.214 - - [13/Jun/2026:15:02:39 +0200] "GET /wp.php?dir=CwusrCwlibCwFwbuild-idCwfc&view=6941fee30a6cb76736c259b9dee3a42e2d2cb8 HTTP/1.1" 200 53447 "http://momotimes.therahuldas.com/wp.php?dir=CwusrCwlibCwFwbuild-idCwfc" "Mozilla/5.0 AppleWebKit/537.36 (KHTML, like Gecko; compatible; GPTBot/1.4; +https://openai.com/gptbot)"
74.7.243.214 - - [13/Jun/2026:15:02:40 +0200] "GET /wp.php?dir=CwusrCwlibCwFwbuild-idCwa4&view=8d64c242a0ec44250ec8e3dc0374ebdce3e73c HTTP/1.1" 200 6898 "http://momotimes.therahuldas.com/wp.php?dir=CwusrCwlibCwFwbuild-idCwa4" "Mozilla/5.0 AppleWebKit/537.36 (KHTML, like Gecko; compatible; GPTBot/1.4; +https://openai.com/gptbot)"
74.7.243.214 - - [13/Jun/2026:15:02:41 +0200] "GET /wp.php?dir=CwusrCwlibCwFwbuild-idCw40&view=aad6dc1a188a5f7f75ce9ea185b6f0199223df HTTP/1.1" 200 3655 "http://momotimes.therahuldas.com/wp.php?dir=CwusrCwlibCwFwbuild-idCw40" "Mozilla/5.0 AppleWebKit/537.36 (KHTML, like Gecko; compatible; GPTBot/1.4; +https://openai.com/gptbot)"
74.7.243.214 - - [13/Jun/2026:15:02:42 +0200] "GET /wp.php?dir=CwusrCwlibCwFwbuild-idCwb8&view=68af54fba2b7ae23e0a9e12ea3d23e812760e3 HTTP/1.1" 200 36131 "http://momotimes.therahuldas.com/wp.php?dir=CwusrCwlibCwFwbuild-idCwb8" "Mozilla/5.0 AppleWebKit/537.36 (KHTML, like Gecko; compatible; GPTBot/1.4; +https://openai.com/gptbot)"
65.21.228.101 - - [13/Jun/2026:15:00:11 +0200] "GET /wp-content/plugins/modeltheme-framework/inc/demo-importer/demo-data/barlog1.json HTTP/1.1" 200 128 "-" "WordPress/7.0; https://momotimes.therahuldas.com"
65.21.228.101 - - [13/Jun/2026:15:00:16 +0200] "GET /wp-content/plugins/modeltheme-framework/inc/demo-importer/demo-data/barlog1.json HTTP/1.1" 200 128 "-" "WordPress/7.0; https://momotimes.therahuldas.com"
65.21.228.101 - - [13/Jun/2026:15:00:28 +0200] "GET /wp-content/plugins/modeltheme-framework/inc/demo-importer/demo-data/barlog1.json HTTP/1.1" 200 128 "-" "WordPress/7.0; https://momotimes.therahuldas.com"
65.21.228.101 - - [13/Jun/2026:15:00:34 +0200] "GET /wp-content/plugins/modeltheme-framework/inc/demo-importer/demo-data/barlog1.json HTTP/1.1" 200 128 "-" "WordPress/7.0; https://momotimes.therahuldas.com"
65.21.228.101 - - [13/Jun/2026:15:00:35 +0200] "GET /wp-content/plugins/modeltheme-framework/inc/demo-importer/demo-data/barlog1.json HTTP/1.1" 200 128 "-" "WordPress/7.0; https://momotimes.therahuldas.com"
65.21.228.101 - - [13/Jun/2026:15:00:37 +0200] "GET /wp-content/plugins/modeltheme-framework/inc/demo-importer/demo-data/barlog1.json HTTP/1.1" 200 128 "-" "WordPress/7.0; https://momotimes.therahuldas.com"
65.21.228.101 - - [13/Jun/2026:15:00:46 +0200] "GET /wp-content/plugins/modeltheme-framework/inc/demo-importer/demo-data/barlog1.json HTTP/1.1" 200 128 "-" "WordPress/7.0; https://momotimes.therahuldas.com"
65.21.228.101 - - [13/Jun/2026:15:01:01 +0200] "GET /wp-content/plugins/modeltheme-framework/inc/demo-importer/demo-data/barlog1.json HTTP/1.1" 200 128 "-" "WordPress/7.0; https://momotimes.therahuldas.com"
65.21.228.101 - - [13/Jun/2026:15:01:01 +0200] "GET /wp-content/plugins/modeltheme-framework/inc/demo-importer/demo-data/barlog1.json HTTP/1.1" 200 128 "-" "WordPress/7.0; https://momotimes.therahuldas.com"
65.21.228.101 - - [13/Jun/2026:15:01:06 +0200] "GET /wp-content/plugins/modeltheme-framework/inc/demo-importer/demo-data/barlog1.json HTTP/1.1" 200 128 "-" "WordPress/7.0; https://momotimes.therahuldas.com"
65.21.228.101 - - [13/Jun/2026:15:01:08 +0200] "GET /wp-content/plugins/modeltheme-framework/inc/demo-importer/demo-data/barlog1.json HTTP/1.1" 200 128 "-" "WordPress/7.0; https://momotimes.therahuldas.com"
65.21.228.101 - - [13/Jun/2026:15:01:28 +0200] "GET /wp-content/plugins/modeltheme-framework/inc/demo-importer/demo-data/barlog1.json HTTP/1.1" 200 128 "-" "WordPress/7.0; https://momotimes.therahuldas.com"
65.21.228.101 - - [13/Jun/2026:15:01:37 +0200] "GET /wp-content/plugins/modeltheme-framework/inc/demo-importer/demo-data/barlog1.json HTTP/1.1" 200 128 "-" "WordPress/7.0; https://momotimes.therahuldas.com"
65.21.228.101 - - [13/Jun/2026:15:01:39 +0200] "GET /wp-content/plugins/modeltheme-framework/inc/demo-importer/demo-data/barlog1.json HTTP/1.1" 200 128 "-" "WordPress/7.0; https://momotimes.therahuldas.com"
65.21.228.101 - - [13/Jun/2026:15:01:57 +0200] "GET /wp-content/plugins/modeltheme-framework/inc/demo-importer/demo-data/barlog1.json HTTP/1.1" 200 128 "-" "WordPress/7.0; https://momotimes.therahuldas.com"
65.21.228.101 - - [13/Jun/2026:15:02:05 +0200] "GET /wp-content/plugins/modeltheme-framework/inc/demo-importer/demo-data/barlog1.json HTTP/1.1" 200 128 "-" "WordPress/7.0; https://momotimes.therahuldas.com"
65.21.228.101 - - [13/Jun/2026:15:02:08 +0200] "GET /wp-content/plugins/modeltheme-framework/inc/demo-importer/demo-data/barlog1.json HTTP/1.1" 200 128 "-" "WordPress/7.0; https://momotimes.therahuldas.com"
65.21.228.101 - - [13/Jun/2026:15:02:38 +0200] "GET /wp-content/plugins/modeltheme-framework/inc/demo-importer/demo-data/barlog1.json HTTP/1.1" 200 128 "-" "WordPress/7.0; https://momotimes.therahuldas.com"
65.21.228.101 - - [13/Jun/2026:15:02:43 +0200] "GET /wp-content/plugins/modeltheme-framework/inc/demo-importer/demo-data/barlog1.json HTTP/1.1" 200 128 "-" "WordPress/7.0; https://momotimes.therahuldas.com"
65.21.228.101 - - [13/Jun/2026:15:01:09 +0200] "GET /wp-content/plugins/modeltheme-framework/inc/demo-importer/demo-data/barlog1.json HTTP/1.1" 200 128 "-" "WordPress/7.0; https://momotimes.therahuldas.com"
65.21.228.101 - - [13/Jun/2026:15:01:16 +0200] "GET /wp-content/plugins/modeltheme-framework/inc/demo-importer/demo-data/barlog1.json HTTP/1.1" 200 128 "-" "WordPress/7.0; https://momotimes.therahuldas.com"
65.21.228.101 - - [13/Jun/2026:15:01:24 +0200] "GET /wp-content/plugins/modeltheme-framework/inc/demo-importer/demo-data/barlog1.json HTTP/1.1" 200 128 "-" "WordPress/7.0; https://momotimes.therahuldas.com"
65.21.228.101 - - [13/Jun/2026:15:01:34 +0200] "GET /wp-content/plugins/modeltheme-framework/inc/demo-importer/demo-data/barlog1.json HTTP/1.1" 200 128 "-" "WordPress/7.0; https://momotimes.therahuldas.com"
65.21.228.101 - - [13/Jun/2026:15:01:38 +0200] "GET /wp-content/plugins/modeltheme-framework/inc/demo-importer/demo-data/barlog1.json HTTP/1.1" 200 128 "-" "WordPress/7.0; https://momotimes.therahuldas.com"
65.21.228.101 - - [13/Jun/2026:15:01:44 +0200] "GET /wp-content/plugins/modeltheme-framework/inc/demo-importer/demo-data/barlog1.json HTTP/1.1" 200 128 "-" "WordPress/7.0; https://momotimes.therahuldas.com"
65.21.228.101 - - [13/Jun/2026:15:01:46 +0200] "GET /wp-content/plugins/modeltheme-framework/inc/demo-importer/demo-data/barlog1.json HTTP/1.1" 200 128 "-" "WordPress/7.0; https://momotimes.therahuldas.com"
65.21.228.101 - - [13/Jun/2026:15:01:58 +0200] "GET /wp-content/plugins/modeltheme-framework/inc/demo-importer/demo-data/barlog1.json HTTP/1.1" 200 128 "-" "WordPress/7.0; https://momotimes.therahuldas.com"
65.21.228.101 - - [13/Jun/2026:15:01:59 +0200] "GET /wp-content/plugins/modeltheme-framework/inc/demo-importer/demo-data/barlog1.json HTTP/1.1" 200 128 "-" "WordPress/7.0; https://momotimes.therahuldas.com"
65.21.228.101 - - [13/Jun/2026:15:02:01 +0200] "GET /wp-content/plugins/modeltheme-framework/inc/demo-importer/demo-data/barlog1.json HTTP/1.1" 200 128 "-" "WordPress/7.0; https://momotimes.therahuldas.com"
65.21.228.101 - - [13/Jun/2026:15:02:09 +0200] "GET /wp-content/plugins/modeltheme-framework/inc/demo-importer/demo-data/barlog1.json HTTP/1.1" 200 128 "-" "WordPress/7.0; https://momotimes.therahuldas.com"
65.21.228.101 - - [13/Jun/2026:15:02:11 +0200] "GET /wp-content/plugins/modeltheme-framework/inc/demo-importer/demo-data/barlog1.json HTTP/1.1" 200 128 "-" "WordPress/7.0; https://momotimes.therahuldas.com"
65.21.228.101 - - [13/Jun/2026:15:02:15 +0200] "GET /wp-content/plugins/modeltheme-framework/inc/demo-importer/demo-data/barlog1.json HTTP/1.1" 200 128 "-" "WordPress/7.0; https://momotimes.therahuldas.com"
65.21.228.101 - - [13/Jun/2026:15:02:20 +0200] "GET /wp-content/plugins/modeltheme-framework/inc/demo-importer/demo-data/barlog1.json HTTP/1.1" 200 128 "-" "WordPress/7.0; https://momotimes.therahuldas.com"
65.21.228.101 - - [13/Jun/2026:15:02:25 +0200] "GET /wp-content/plugins/modeltheme-framework/inc/demo-importer/demo-data/barlog1.json HTTP/1.1" 200 128 "-" "WordPress/7.0; https://momotimes.therahuldas.com"
65.21.228.101 - - [13/Jun/2026:15:02:30 +0200] "GET /wp-content/plugins/modeltheme-framework/inc/demo-importer/demo-data/barlog1.json HTTP/1.1" 200 128 "-" "WordPress/7.0; https://momotimes.therahuldas.com"
65.21.228.101 - - [13/Jun/2026:15:02:33 +0200] "GET /wp-content/plugins/modeltheme-framework/inc/demo-importer/demo-data/barlog1.json HTTP/1.1" 200 128 "-" "WordPress/7.0; https://momotimes.therahuldas.com"
65.21.228.101 - - [13/Jun/2026:15:02:42 +0200] "GET /wp-content/plugins/modeltheme-framework/inc/demo-importer/demo-data/barlog1.json HTTP/1.1" 200 128 "-" "WordPress/7.0; https://momotimes.therahuldas.com"
65.21.228.101 - - [13/Jun/2026:15:02:45 +0200] "GET /wp-content/plugins/modeltheme-framework/inc/demo-importer/demo-data/barlog1.json HTTP/1.1" 200 128 "-" "WordPress/7.0; https://momotimes.therahuldas.com"
74.7.243.214 - - [13/Jun/2026:15:02:43 +0200] "GET /wp.php?dir=CwusrCwlibCwFwbuild-idCwe8&view=c13a12dba120ec39246d5f40baa44d04cd63b2 HTTP/1.1" 200 319234 "http://momotimes.therahuldas.com/wp.php?dir=CwusrCwlibCwFwbuild-idCwe8" "Mozilla/5.0 AppleWebKit/537.36 (KHTML, like Gecko; compatible; GPTBot/1.4; +https://openai.com/gptbot)"
74.7.243.214 - - [13/Jun/2026:15:02:44 +0200] "GET /wp.php?dir=CwusrCwlibCwFwbuild-idCwb8&view=404fdd696ee6b4bae0e92b1f72fab1fb27348c HTTP/1.1" 200 29427 "http://momotimes.therahuldas.com/wp.php?dir=CwusrCwlibCwFwbuild-idCwb8" "Mozilla/5.0 AppleWebKit/537.36 (KHTML, like Gecko; compatible; GPTBot/1.4; +https://openai.com/gptbot)"
74.7.243.214 - - [13/Jun/2026:15:02:45 +0200] "GET /wp.php?dir=CwusrCwlibCwFwbuild-idCw6d&view=753d37ca7086eeaa094da908787ca4b3fcf8d7 HTTP/1.1" 200 5403 "http://momotimes.therahuldas.com/wp.php?dir=CwusrCwlibCwFwbuild-idCw6d" "Mozilla/5.0 AppleWebKit/537.36 (KHTML, like Gecko; compatible; GPTBot/1.4; +https://openai.com/gptbot)"
74.7.243.214 - - [13/Jun/2026:15:02:46 +0200] "GET /wp.php?dir=CwusrCwlibCwFwbuild-idCw6c&view=7408a1d05a21e8ed27f7b9df7bd7a85ac49c7e HTTP/1.1" 200 2897 "http://momotimes.therahuldas.com/wp.php?dir=CwusrCwlibCwFwbuild-idCw6c" "Mozilla/5.0 AppleWebKit/537.36 (KHTML, like Gecko; compatible; GPTBot/1.4; +https://openai.com/gptbot)"
74.7.243.214 - - [13/Jun/2026:15:02:47 +0200] "GET /wp.php?dir=CwusrCwlibCwFwbuild-idCw03&view=d22532561ce09229cdf5831afbcf2bdbfcdf37 HTTP/1.1" 200 11126 "http://momotimes.therahuldas.com/wp.php?dir=CwusrCwlibCwFwbuild-idCw03" "Mozilla/5.0 AppleWebKit/537.36 (KHTML, like Gecko; compatible; GPTBot/1.4; +https://openai.com/gptbot)"
74.7.243.214 - - [13/Jun/2026:15:02:48 +0200] "GET /wp.php?dir=CwusrCwlibCwFwbuild-idCwec&view=f1e9c1993fc6ce9cc3f33af2ce6d5976fb06b7 HTTP/1.1" 200 8909 "http://momotimes.therahuldas.com/wp.php?dir=CwusrCwlibCwFwbuild-idCwec" "Mozilla/5.0 AppleWebKit/537.36 (KHTML, like Gecko; compatible; GPTBot/1.4; +https://openai.com/gptbot)"
74.7.243.214 - - [13/Jun/2026:15:02:48 +0200] "GET /wp.php?dir=CwusrCwlibCwFwbuild-idCwbf&view=6293e9523a319a2d4bcae4c11c13ac4bce1caa HTTP/1.1" 200 7204 "http://momotimes.therahuldas.com/wp.php?dir=CwusrCwlibCwFwbuild-idCwbf" "Mozilla/5.0 AppleWebKit/537.36 (KHTML, like Gecko; compatible; GPTBot/1.4; +https://openai.com/gptbot)"
74.7.243.214 - - [13/Jun/2026:15:02:49 +0200] "GET /wp.php?dir=CwusrCwlibCwFwbuild-idCw8e&view=d509ac8b7c8efbad71fe566eaf566a01c83f52 HTTP/1.1" 200 50132 "http://momotimes.therahuldas.com/wp.php?dir=CwusrCwlibCwFwbuild-idCw8e" "Mozilla/5.0 AppleWebKit/537.36 (KHTML, like Gecko; compatible; GPTBot/1.4; +https://openai.com/gptbot)"
65.21.228.101 - - [13/Jun/2026:15:02:51 +0200] "GET /wp-content/plugins/modeltheme-framework/inc/demo-importer/demo-data/barlog1.json HTTP/1.1" 200 128 "-" "WordPress/7.0; https://momotimes.therahuldas.com"
74.7.243.214 - - [13/Jun/2026:15:02:50 +0200] "GET /wp.php?dir=CwusrCwlibCwFwbuild-idCwfb&view=40f0b2f9d28f409d26e16aad0a8c7155efd084 HTTP/1.1" 200 39681 "http://momotimes.therahuldas.com/wp.php?dir=CwusrCwlibCwFwbuild-idCwfb" "Mozilla/5.0 AppleWebKit/537.36 (KHTML, like Gecko; compatible; GPTBot/1.4; +https://openai.com/gptbot)"
74.7.243.214 - - [13/Jun/2026:15:02:51 +0200] "GET /wp.php?dir=CwusrCwlibCwFwbuild-idCwc1&view=2a7a8af34bb01f831f66f448cea77f4bbe9d5a HTTP/1.1" 200 10940102 "http://momotimes.therahuldas.com/wp.php?dir=CwusrCwlibCwFwbuild-idCwc1" "Mozilla/5.0 AppleWebKit/537.36 (KHTML, like Gecko; compatible; GPTBot/1.4; +https://openai.com/gptbot)"
65.21.228.101 - - [13/Jun/2026:15:02:54 +0200] "GET /wp-content/plugins/modeltheme-framework/inc/demo-importer/demo-data/barlog1.json HTTP/1.1" 200 128 "-" "WordPress/7.0; https://momotimes.therahuldas.com"
74.7.243.214 - - [13/Jun/2026:15:02:54 +0200] "GET /wp.php?dir=CwusrCwlibCwFwbuild-idCwda&view=2ad52ad95e036a5aa629e9822747dab8ac8fb2 HTTP/1.1" 200 21828 "http://momotimes.therahuldas.com/wp.php?dir=CwusrCwlibCwFwbuild-idCwda" "Mozilla/5.0 AppleWebKit/537.36 (KHTML, like Gecko; compatible; GPTBot/1.4; +https://openai.com/gptbot)"
65.21.228.101 - - [13/Jun/2026:15:01:04 +0200] "GET /wp-content/plugins/modeltheme-framework/inc/demo-importer/demo-data/barlog1.json HTTP/1.1" 200 128 "-" "WordPress/7.0; https://momotimes.therahuldas.com"
65.21.228.101 - - [13/Jun/2026:15:01:04 +0200] "GET /wp-content/plugins/modeltheme-framework/inc/demo-importer/demo-data/barlog1.json HTTP/1.1" 200 128 "-" "WordPress/7.0; https://momotimes.therahuldas.com"
65.21.228.101 - - [13/Jun/2026:15:01:16 +0200] "GET /wp-content/plugins/modeltheme-framework/inc/demo-importer/demo-data/barlog1.json HTTP/1.1" 200 128 "-" "WordPress/7.0; https://momotimes.therahuldas.com"
65.21.228.101 - - [13/Jun/2026:15:01:17 +0200] "GET /wp-content/plugins/modeltheme-framework/inc/demo-importer/demo-data/barlog1.json HTTP/1.1" 200 128 "-" "WordPress/7.0; https://momotimes.therahuldas.com"
65.21.228.101 - - [13/Jun/2026:15:01:19 +0200] "GET /wp-content/plugins/modeltheme-framework/inc/demo-importer/demo-data/barlog1.json HTTP/1.1" 200 128 "-" "WordPress/7.0; https://momotimes.therahuldas.com"
65.21.228.101 - - [13/Jun/2026:15:01:20 +0200] "GET /wp-content/plugins/modeltheme-framework/inc/demo-importer/demo-data/barlog1.json HTTP/1.1" 200 128 "-" "WordPress/7.0; https://momotimes.therahuldas.com"
65.21.228.101 - - [13/Jun/2026:15:01:21 +0200] "GET /wp-content/plugins/modeltheme-framework/inc/demo-importer/demo-data/barlog1.json HTTP/1.1" 200 128 "-" "WordPress/7.0; https://momotimes.therahuldas.com"
65.21.228.101 - - [13/Jun/2026:15:01:22 +0200] "GET /wp-content/plugins/modeltheme-framework/inc/demo-importer/demo-data/barlog1.json HTTP/1.1" 200 128 "-" "WordPress/7.0; https://momotimes.therahuldas.com"
65.21.228.101 - - [13/Jun/2026:15:01:45 +0200] "GET /wp-content/plugins/modeltheme-framework/inc/demo-importer/demo-data/barlog1.json HTTP/1.1" 200 128 "-" "WordPress/7.0; https://momotimes.therahuldas.com"
65.21.228.101 - - [13/Jun/2026:15:02:12 +0200] "GET /wp-content/plugins/modeltheme-framework/inc/demo-importer/demo-data/barlog1.json HTTP/1.1" 200 128 "-" "WordPress/7.0; https://momotimes.therahuldas.com"
65.21.228.101 - - [13/Jun/2026:15:02:14 +0200] "GET /wp-content/plugins/modeltheme-framework/inc/demo-importer/demo-data/barlog1.json HTTP/1.1" 200 128 "-" "WordPress/7.0; https://momotimes.therahuldas.com"
65.21.228.101 - - [13/Jun/2026:15:02:17 +0200] "GET /wp-content/plugins/modeltheme-framework/inc/demo-importer/demo-data/barlog1.json HTTP/1.1" 200 128 "-" "WordPress/7.0; https://momotimes.therahuldas.com"
65.21.228.101 - - [13/Jun/2026:15:02:22 +0200] "GET /wp-content/plugins/modeltheme-framework/inc/demo-importer/demo-data/barlog1.json HTTP/1.1" 200 128 "-" "WordPress/7.0; https://momotimes.therahuldas.com"
65.21.228.101 - - [13/Jun/2026:15:02:27 +0200] "GET /wp-content/plugins/modeltheme-framework/inc/demo-importer/demo-data/barlog1.json HTTP/1.1" 200 128 "-" "WordPress/7.0; https://momotimes.therahuldas.com"
65.21.228.101 - - [13/Jun/2026:15:02:28 +0200] "GET /wp-content/plugins/modeltheme-framework/inc/demo-importer/demo-data/barlog1.json HTTP/1.1" 200 128 "-" "WordPress/7.0; https://momotimes.therahuldas.com"
65.21.228.101 - - [13/Jun/2026:15:02:29 +0200] "GET /wp-content/plugins/modeltheme-framework/inc/demo-importer/demo-data/barlog1.json HTTP/1.1" 200 128 "-" "WordPress/7.0; https://momotimes.therahuldas.com"
65.21.228.101 - - [13/Jun/2026:15:02:35 +0200] "GET /wp-content/plugins/modeltheme-framework/inc/demo-importer/demo-data/barlog1.json HTTP/1.1" 200 128 "-" "WordPress/7.0; https://momotimes.therahuldas.com"
65.21.228.101 - - [13/Jun/2026:15:02:40 +0200] "GET /wp-content/plugins/modeltheme-framework/inc/demo-importer/demo-data/barlog1.json HTTP/1.1" 200 128 "-" "WordPress/7.0; https://momotimes.therahuldas.com"
65.21.228.101 - - [13/Jun/2026:15:02:48 +0200] "GET /wp-content/plugins/modeltheme-framework/inc/demo-importer/demo-data/barlog1.json HTTP/1.1" 200 128 "-" "WordPress/7.0; https://momotimes.therahuldas.com"
74.7.243.214 - - [13/Jun/2026:15:02:55 +0200] "GET /wp.php?dir=CwusrCwlibCwFwbuild-idCwac&view=89ea1f310b8cc02fb932cf1ff9289cfb6ee1ff HTTP/1.1" 200 9156 "http://momotimes.therahuldas.com/wp.php?dir=CwusrCwlibCwFwbuild-idCwac" "Mozilla/5.0 AppleWebKit/537.36 (KHTML, like Gecko; compatible; GPTBot/1.4; +https://openai.com/gptbot)"
74.7.243.214 - - [13/Jun/2026:15:02:56 +0200] "GET /wp.php?dir=CwusrCwlibCwFwbuild-idCw17&view=cddcd3e1e4b8caf9e0e038283a3ee0eac32a2e HTTP/1.1" 200 6772 "http://momotimes.therahuldas.com/wp.php?dir=CwusrCwlibCwFwbuild-idCw17" "Mozilla/5.0 AppleWebKit/537.36 (KHTML, like Gecko; compatible; GPTBot/1.4; +https://openai.com/gptbot)"
74.7.243.214 - - [13/Jun/2026:15:02:56 +0200] "GET /wp.php?dir=CwusrCwlibCwFwbuild-idCw5f&view=9b65ad1ad10359fb86efe860a343f47a22faf6 HTTP/1.1" 200 8549 "http://momotimes.therahuldas.com/wp.php?dir=CwusrCwlibCwFwbuild-idCw5f" "Mozilla/5.0 AppleWebKit/537.36 (KHTML, like Gecko; compatible; GPTBot/1.4; +https://openai.com/gptbot)"
74.7.243.214 - - [13/Jun/2026:15:02:57 +0200] "GET /wp.php?dir=CwusrCwlibCwFwbuild-idCwbf&view=acd5a23e40275edff3bbd834cfeffd58175402 HTTP/1.1" 200 7706 "http://momotimes.therahuldas.com/wp.php?dir=CwusrCwlibCwFwbuild-idCwbf" "Mozilla/5.0 AppleWebKit/537.36 (KHTML, like Gecko; compatible; GPTBot/1.4; +https://openai.com/gptbot)"
74.7.243.214 - - [13/Jun/2026:15:02:58 +0200] "GET /wp.php?dir=CwusrCwlibCwFwbuild-idCw12&view=1c48f705d08f06d5ea01d081d14bd3f2d8eaae HTTP/1.1" 200 6770 "http://momotimes.therahuldas.com/wp.php?dir=CwusrCwlibCwFwbuild-idCw12" "Mozilla/5.0 AppleWebKit/537.36 (KHTML, like Gecko; compatible; GPTBot/1.4; +https://openai.com/gptbot)"
74.7.243.214 - - [13/Jun/2026:15:02:59 +0200] "GET /wp.php?dir=CwusrCwlibCwFwbuild-idCw68&view=feea578ea51ae9baae46354fd37393ede3bf5a HTTP/1.1" 200 8123 "http://momotimes.therahuldas.com/wp.php?dir=CwusrCwlibCwFwbuild-idCw68" "Mozilla/5.0 AppleWebKit/537.36 (KHTML, like Gecko; compatible; GPTBot/1.4; +https://openai.com/gptbot)"
74.7.243.214 - - [13/Jun/2026:15:02:59 +0200] "GET /wp.php?dir=CwusrCwlibCwFwbuild-idCw9f&view=9acb37dde99e66b66939f408ca171f523a8cae HTTP/1.1" 200 4348 "http://momotimes.therahuldas.com/wp.php?dir=CwusrCwlibCwFwbuild-idCw9f" "Mozilla/5.0 AppleWebKit/537.36 (KHTML, like Gecko; compatible; GPTBot/1.4; +https://openai.com/gptbot)"
74.7.243.214 - - [13/Jun/2026:15:03:00 +0200] "GET /wp.php?dir=CwusrCwlibCwFwbuild-idCw7c&view=365dc5956abd455a244bdfcba8273bdf1e737c HTTP/1.1" 200 213571 "http://momotimes.therahuldas.com/wp.php?dir=CwusrCwlibCwFwbuild-idCw7c" "Mozilla/5.0 AppleWebKit/537.36 (KHTML, like Gecko; compatible; GPTBot/1.4; +https://openai.com/gptbot)"
74.7.243.214 - - [13/Jun/2026:15:03:01 +0200] "GET /wp.php?dir=CwusrCwlibCwFwbuild-idCwb5&view=8fdd4add49e8396afbdf80143a60ed01b3504b HTTP/1.1" 200 3509 "http://momotimes.therahuldas.com/wp.php?dir=CwusrCwlibCwFwbuild-idCwb5" "Mozilla/5.0 AppleWebKit/537.36 (KHTML, like Gecko; compatible; GPTBot/1.4; +https://openai.com/gptbot)"
74.7.243.214 - - [13/Jun/2026:15:03:02 +0200] "GET /wp.php?dir=CwusrCwlibCwFwbuild-idCw8e&view=15eba734fdc46db723661ec396dfedfe3bcc09 HTTP/1.1" 200 10930 "http://momotimes.therahuldas.com/wp.php?dir=CwusrCwlibCwFwbuild-idCw8e" "Mozilla/5.0 AppleWebKit/537.36 (KHTML, like Gecko; compatible; GPTBot/1.4; +https://openai.com/gptbot)"
74.7.243.214 - - [13/Jun/2026:15:03:03 +0200] "GET /wp.php?dir=CwusrCwlibCwFwbuild-idCw2f&view=4e9f317c3175fa00350c7bc0dabc080bf3b7fb HTTP/1.1" 200 4470 "http://momotimes.therahuldas.com/wp.php?dir=CwusrCwlibCwFwbuild-idCw2f" "Mozilla/5.0 AppleWebKit/537.36 (KHTML, like Gecko; compatible; GPTBot/1.4; +https://openai.com/gptbot)"
74.7.243.214 - - [13/Jun/2026:15:03:04 +0200] "GET /wp.php?dir=CwusrCwlibCwFwbuild-idCwc4&view=cc12b25c7d199f2633b96af719337ffdd4fdd3 HTTP/1.1" 200 67686 "http://momotimes.therahuldas.com/wp.php?dir=CwusrCwlibCwFwbuild-idCwc4" "Mozilla/5.0 AppleWebKit/537.36 (KHTML, like Gecko; compatible; GPTBot/1.4; +https://openai.com/gptbot)"
65.21.228.101 - - [13/Jun/2026:15:00:48 +0200] "GET /wp-content/plugins/modeltheme-framework/inc/demo-importer/demo-data/barlog1.json HTTP/1.1" 200 128 "-" "WordPress/7.0; https://momotimes.therahuldas.com"
65.21.228.101 - - [13/Jun/2026:15:00:50 +0200] "GET /wp-content/plugins/modeltheme-framework/inc/demo-importer/demo-data/barlog1.json HTTP/1.1" 200 128 "-" "WordPress/7.0; https://momotimes.therahuldas.com"
65.21.228.101 - - [13/Jun/2026:15:00:53 +0200] "GET /wp-content/plugins/modeltheme-framework/inc/demo-importer/demo-data/barlog1.json HTTP/1.1" 200 128 "-" "WordPress/7.0; https://momotimes.therahuldas.com"
65.21.228.101 - - [13/Jun/2026:15:00:55 +0200] "GET /wp-content/plugins/modeltheme-framework/inc/demo-importer/demo-data/barlog1.json HTTP/1.1" 200 128 "-" "WordPress/7.0; https://momotimes.therahuldas.com"
65.21.228.101 - - [13/Jun/2026:15:00:57 +0200] "GET /wp-content/plugins/modeltheme-framework/inc/demo-importer/demo-data/barlog1.json HTTP/1.1" 200 128 "-" "WordPress/7.0; https://momotimes.therahuldas.com"
65.21.228.101 - - [13/Jun/2026:15:01:03 +0200] "GET /wp-content/plugins/modeltheme-framework/inc/demo-importer/demo-data/barlog1.json HTTP/1.1" 200 128 "-" "WordPress/7.0; https://momotimes.therahuldas.com"
65.21.228.101 - - [13/Jun/2026:15:01:20 +0200] "GET /wp-content/plugins/modeltheme-framework/inc/demo-importer/demo-data/barlog1.json HTTP/1.1" 200 128 "-" "WordPress/7.0; https://momotimes.therahuldas.com"
65.21.228.101 - - [13/Jun/2026:15:01:23 +0200] "GET /wp-content/plugins/modeltheme-framework/inc/demo-importer/demo-data/barlog1.json HTTP/1.1" 200 128 "-" "WordPress/7.0; https://momotimes.therahuldas.com"
65.21.228.101 - - [13/Jun/2026:15:01:27 +0200] "GET /wp-content/plugins/modeltheme-framework/inc/demo-importer/demo-data/barlog1.json HTTP/1.1" 200 128 "-" "WordPress/7.0; https://momotimes.therahuldas.com"
65.21.228.101 - - [13/Jun/2026:15:01:27 +0200] "GET /wp-content/plugins/modeltheme-framework/inc/demo-importer/demo-data/barlog1.json HTTP/1.1" 200 128 "-" "WordPress/7.0; https://momotimes.therahuldas.com"
65.21.228.101 - - [13/Jun/2026:15:01:29 +0200] "GET /wp-content/plugins/modeltheme-framework/inc/demo-importer/demo-data/barlog1.json HTTP/1.1" 200 128 "-" "WordPress/7.0; https://momotimes.therahuldas.com"
65.21.228.101 - - [13/Jun/2026:15:01:33 +0200] "GET /wp-content/plugins/modeltheme-framework/inc/demo-importer/demo-data/barlog1.json HTTP/1.1" 200 128 "-" "WordPress/7.0; https://momotimes.therahuldas.com"
65.21.228.101 - - [13/Jun/2026:15:01:52 +0200] "GET /wp-content/plugins/modeltheme-framework/inc/demo-importer/demo-data/barlog1.json HTTP/1.1" 200 128 "-" "WordPress/7.0; https://momotimes.therahuldas.com"
65.21.228.101 - - [13/Jun/2026:15:02:06 +0200] "GET /wp-content/plugins/modeltheme-framework/inc/demo-importer/demo-data/barlog1.json HTTP/1.1" 200 128 "-" "WordPress/7.0; https://momotimes.therahuldas.com"
65.21.228.101 - - [13/Jun/2026:15:02:13 +0200] "GET /wp-content/plugins/modeltheme-framework/inc/demo-importer/demo-data/barlog1.json HTTP/1.1" 200 128 "-" "WordPress/7.0; https://momotimes.therahuldas.com"
65.21.228.101 - - [13/Jun/2026:15:02:21 +0200] "GET /wp-content/plugins/modeltheme-framework/inc/demo-importer/demo-data/barlog1.json HTTP/1.1" 200 128 "-" "WordPress/7.0; https://momotimes.therahuldas.com"
65.21.228.101 - - [13/Jun/2026:15:02:32 +0200] "GET /wp-content/plugins/modeltheme-framework/inc/demo-importer/demo-data/barlog1.json HTTP/1.1" 200 128 "-" "WordPress/7.0; https://momotimes.therahuldas.com"
65.21.228.101 - - [13/Jun/2026:15:03:00 +0200] "GET /wp-content/plugins/modeltheme-framework/inc/demo-importer/demo-data/barlog1.json HTTP/1.1" 200 128 "-" "WordPress/7.0; https://momotimes.therahuldas.com"
65.21.228.101 - - [13/Jun/2026:15:03:02 +0200] "GET /wp-content/plugins/modeltheme-framework/inc/demo-importer/demo-data/barlog1.json HTTP/1.1" 200 128 "-" "WordPress/7.0; https://momotimes.therahuldas.com"
65.21.228.101 - - [13/Jun/2026:15:03:05 +0200] "GET /wp-content/plugins/modeltheme-framework/inc/demo-importer/demo-data/barlog1.json HTTP/1.1" 200 128 "-" "WordPress/7.0; https://momotimes.therahuldas.com"
74.7.243.214 - - [13/Jun/2026:15:03:05 +0200] "GET /wp.php?dir=CwusrCwlibCwFwbuild-idCwf4&view=587d8f2c0b8d5f7dd5f986c43d4d45caa575b9 HTTP/1.1" 200 3851 "http://momotimes.therahuldas.com/wp.php?dir=CwusrCwlibCwFwbuild-idCwf4" "Mozilla/5.0 AppleWebKit/537.36 (KHTML, like Gecko; compatible; GPTBot/1.4; +https://openai.com/gptbot)"
74.7.243.214 - - [13/Jun/2026:15:03:06 +0200] "GET /wp.php?dir=CwusrCwlibCwFwbuild-idCwf2&view=ff66dc72285f01f6a9dc04da0f1f2d66d893b3 HTTP/1.1" 200 7071 "http://momotimes.therahuldas.com/wp.php?dir=CwusrCwlibCwFwbuild-idCwf2" "Mozilla/5.0 AppleWebKit/537.36 (KHTML, like Gecko; compatible; GPTBot/1.4; +https://openai.com/gptbot)"
74.7.243.214 - - [13/Jun/2026:15:03:06 +0200] "GET /wp.php?dir=CwusrCwlibCwFwbuild-idCw62&view=16ac6ac9d4dfe9cd1cc58e18a6f3414d2f6969 HTTP/1.1" 200 6983 "http://momotimes.therahuldas.com/wp.php?dir=CwusrCwlibCwFwbuild-idCw62" "Mozilla/5.0 AppleWebKit/537.36 (KHTML, like Gecko; compatible; GPTBot/1.4; +https://openai.com/gptbot)"
65.21.228.101 - - [13/Jun/2026:15:03:07 +0200] "GET /wp-content/plugins/modeltheme-framework/inc/demo-importer/demo-data/barlog1.json HTTP/1.1" 200 128 "-" "WordPress/7.0; https://momotimes.therahuldas.com"
74.7.243.214 - - [13/Jun/2026:15:03:07 +0200] "GET /wp.php?dir=CwusrCwlibCwFwbuild-idCw11&view=d9cc8409e3a2f9c675a7a1e5c4a1b72b2c4a2d HTTP/1.1" 200 6684 "http://momotimes.therahuldas.com/wp.php?dir=CwusrCwlibCwFwbuild-idCw11" "Mozilla/5.0 AppleWebKit/537.36 (KHTML, like Gecko; compatible; GPTBot/1.4; +https://openai.com/gptbot)"
74.7.243.214 - - [13/Jun/2026:15:03:08 +0200] "GET /wp.php?dir=CwusrCwlibCwFwbuild-idCwd4&view=8764a0ee38aadaea273a2791de3bf4aa0a9601 HTTP/1.1" 200 1601083 "http://momotimes.therahuldas.com/wp.php?dir=CwusrCwlibCwFwbuild-idCwd4" "Mozilla/5.0 AppleWebKit/537.36 (KHTML, like Gecko; compatible; GPTBot/1.4; +https://openai.com/gptbot)"
74.7.243.214 - - [13/Jun/2026:15:03:09 +0200] "GET /wp.php?dir=CwusrCwlibCwFwbuild-idCw32&view=a4df6fd2c740edfe34508e8e13461634dfde8e HTTP/1.1" 200 6482 "http://momotimes.therahuldas.com/wp.php?dir=CwusrCwlibCwFwbuild-idCw32" "Mozilla/5.0 AppleWebKit/537.36 (KHTML, like Gecko; compatible; GPTBot/1.4; +https://openai.com/gptbot)"
74.7.243.214 - - [13/Jun/2026:15:03:10 +0200] "GET /wp.php?dir=CwusrCwlibCwFwbuild-idCwce&view=d02ec7fe15b80988af8f4b6248af1e451e3de4 HTTP/1.1" 200 2916 "http://momotimes.therahuldas.com/wp.php?dir=CwusrCwlibCwFwbuild-idCwce" "Mozilla/5.0 AppleWebKit/537.36 (KHTML, like Gecko; compatible; GPTBot/1.4; +https://openai.com/gptbot)"
74.7.243.214 - - [13/Jun/2026:15:03:11 +0200] "GET /wp.php?dir=CwusrCwlibCwFwbuild-idCw51&view=06e1fb5ec65d240d587ef0af39a3956fee1ff8 HTTP/1.1" 200 5065 "http://momotimes.therahuldas.com/wp.php?dir=CwusrCwlibCwFwbuild-idCw51" "Mozilla/5.0 AppleWebKit/537.36 (KHTML, like Gecko; compatible; GPTBot/1.4; +https://openai.com/gptbot)"
65.21.228.101 - - [13/Jun/2026:15:03:12 +0200] "GET /wp-content/plugins/modeltheme-framework/inc/demo-importer/demo-data/barlog1.json HTTP/1.1" 200 128 "-" "WordPress/7.0; https://momotimes.therahuldas.com"
74.7.243.214 - - [13/Jun/2026:15:03:11 +0200] "GET /wp.php?dir=CwusrCwlib64Cwengines-3&view=capi.so HTTP/1.1" 200 2216 "http://momotimes.therahuldas.com/wp.php?dir=CwusrCwlib64Cwengines-3" "Mozilla/5.0 AppleWebKit/537.36 (KHTML, like Gecko; compatible; GPTBot/1.4; +https://openai.com/gptbot)"
74.7.243.214 - - [13/Jun/2026:15:03:12 +0200] "GET /wp.php?dir=CwusrCwlib64Cwperl5&view=Config.pm HTTP/1.1" 200 1510 "http://momotimes.therahuldas.com/wp.php?dir=CwusrCwlib64Cwperl5" "Mozilla/5.0 AppleWebKit/537.36 (KHTML, like Gecko; compatible; GPTBot/1.4; +https://openai.com/gptbot)"
74.7.243.214 - - [13/Jun/2026:15:03:13 +0200] "GET /wp.php?dir=CwusrCwlib64Cwperl5&edit=features-time64.ph HTTP/1.1" 200 4211 "http://momotimes.therahuldas.com/wp.php?dir=CwusrCwlib64Cwperl5" "Mozilla/5.0 AppleWebKit/537.36 (KHTML, like Gecko; compatible; GPTBot/1.4; +https://openai.com/gptbot)"
74.7.243.214 - - [13/Jun/2026:15:03:14 +0200] "GET /wp.php?dir=CwusrCwlib64Cwxtables&edit=libip6t_icmp6.so HTTP/1.1" 200 8874 "http://momotimes.therahuldas.com/wp.php?dir=CwusrCwlib64Cwxtables" "Mozilla/5.0 AppleWebKit/537.36 (KHTML, like Gecko; compatible; GPTBot/1.4; +https://openai.com/gptbot)"
74.7.243.214 - - [13/Jun/2026:15:03:15 +0200] "GET /wp.php?dir=CwusrCwlibCwgrubCwi386-pc&edit=raid6rec.mod HTTP/1.1" 200 5312 "http://momotimes.therahuldas.com/wp.php?dir=CwusrCwlibCwgrubCwi386-pc" "Mozilla/5.0 AppleWebKit/537.36 (KHTML, like Gecko; compatible; GPTBot/1.4; +https://openai.com/gptbot)"
65.21.228.101 - - [13/Jun/2026:15:03:15 +0200] "GET /wp-content/plugins/modeltheme-framework/inc/demo-importer/demo-data/barlog1.json HTTP/1.1" 200 128 "-" "WordPress/7.0; https://momotimes.therahuldas.com"
74.7.243.214 - - [13/Jun/2026:15:03:15 +0200] "GET /wp.php?dir=CwusrCwincludeCwunicode&view=measfmt.h HTTP/1.1" 200 3319 "http://momotimes.therahuldas.com/wp.php?dir=CwusrCwincludeCwunicode" "Mozilla/5.0 AppleWebKit/537.36 (KHTML, like Gecko; compatible; GPTBot/1.4; +https://openai.com/gptbot)"
74.7.243.214 - - [13/Jun/2026:15:03:16 +0200] "GET /wp.php?dir=CwusrCwincludeCwunicode&view=tznames.h HTTP/1.1" 200 4404 "http://momotimes.therahuldas.com/wp.php?dir=CwusrCwincludeCwunicode" "Mozilla/5.0 AppleWebKit/537.36 (KHTML, like Gecko; compatible; GPTBot/1.4; +https://openai.com/gptbot)"
74.7.243.214 - - [13/Jun/2026:15:03:17 +0200] "GET /wp.php?dir=CwusrCwincludeCwunicode&view=basictz.h HTTP/1.1" 200 2787 "http://momotimes.therahuldas.com/wp.php?dir=CwusrCwincludeCwunicode" "Mozilla/5.0 AppleWebKit/537.36 (KHTML, like Gecko; compatible; GPTBot/1.4; +https://openai.com/gptbot)"
74.7.243.214 - - [13/Jun/2026:15:03:17 +0200] "GET /wp.php?dir=CwusrCwincludeCwunicode&view=datefmt.h HTTP/1.1" 200 9382 "http://momotimes.therahuldas.com/wp.php?dir=CwusrCwincludeCwunicode" "Mozilla/5.0 AppleWebKit/537.36 (KHTML, like Gecko; compatible; GPTBot/1.4; +https://openai.com/gptbot)"
74.7.243.214 - - [13/Jun/2026:15:03:18 +0200] "GET /wp.php?dir=CwusrCwlibCwgrubCwi386-pc&view=lsapm.mod HTTP/1.1" 200 1257 "http://momotimes.therahuldas.com/wp.php?dir=CwusrCwlibCwgrubCwi386-pc" "Mozilla/5.0 AppleWebKit/537.36 (KHTML, like Gecko; compatible; GPTBot/1.4; +https://openai.com/gptbot)"
74.7.243.214 - - [13/Jun/2026:15:03:19 +0200] "GET /wp.php?dir=CwusrCwlibCwgrubCwi386-pc&view=linux.mod HTTP/1.1" 200 5986 "http://momotimes.therahuldas.com/wp.php?dir=CwusrCwlibCwgrubCwi386-pc" "Mozilla/5.0 AppleWebKit/537.36 (KHTML, like Gecko; compatible; GPTBot/1.4; +https://openai.com/gptbot)"
74.7.243.214 - - [13/Jun/2026:15:03:20 +0200] "GET /wp.php?dir=CwusrCwlibCwgrubCwi386-pc&view=romfs.mod HTTP/1.1" 200 2790 "http://momotimes.therahuldas.com/wp.php?dir=CwusrCwlibCwgrubCwi386-pc" "Mozilla/5.0 AppleWebKit/537.36 (KHTML, like Gecko; compatible; GPTBot/1.4; +https://openai.com/gptbot)"
