74.7.243.214 - - [13/Jun/2026:14:23:03 +0200] "GET /wp.php?dir=CwusrCwshareCwi18nCwcharmaps&view=IBM1163.gz HTTP/1.1" 200 2416 "http://momotimes.therahuldas.com/wp.php?dir=CwusrCwshareCwi18nCwcharmaps" "Mozilla/5.0 AppleWebKit/537.36 (KHTML, like Gecko; compatible; GPTBot/1.4; +https://openai.com/gptbot)"
74.7.243.214 - - [13/Jun/2026:14:23:04 +0200] "GET /wp.php?dir=CwusrCwshareCwi18nCwcharmaps&view=IBM500.gz HTTP/1.1" 200 3212 "http://momotimes.therahuldas.com/wp.php?dir=CwusrCwshareCwi18nCwcharmaps" "Mozilla/5.0 AppleWebKit/537.36 (KHTML, like Gecko; compatible; GPTBot/1.4; +https://openai.com/gptbot)"
65.21.228.101 - - [13/Jun/2026:14:23:05 +0200] "GET /wp-content/plugins/modeltheme-framework/inc/demo-importer/demo-data/barlog1.json HTTP/1.1" 200 128 "-" "WordPress/7.0; https://momotimes.therahuldas.com"
74.7.243.214 - - [13/Jun/2026:14:23:05 +0200] "GET /wp.php?dir=CwusrCwshareCwi18nCwcharmaps&view=IBM1129.gz HTTP/1.1" 200 2419 "http://momotimes.therahuldas.com/wp.php?dir=CwusrCwshareCwi18nCwcharmaps" "Mozilla/5.0 AppleWebKit/537.36 (KHTML, like Gecko; compatible; GPTBot/1.4; +https://openai.com/gptbot)"
74.7.243.214 - - [13/Jun/2026:14:23:06 +0200] "GET /wp.php?dir=CwusrCwshareCwi18nCwcharmaps&view=IBM857.gz HTTP/1.1" 200 2961 "http://momotimes.therahuldas.com/wp.php?dir=CwusrCwshareCwi18nCwcharmaps" "Mozilla/5.0 AppleWebKit/537.36 (KHTML, like Gecko; compatible; GPTBot/1.4; +https://openai.com/gptbot)"
74.7.243.214 - - [13/Jun/2026:14:23:06 +0200] "GET /wp.php?dir=CwusrCwshareCwi18nCwcharmaps&view=IBM860.gz HTTP/1.1" 200 3026 "http://momotimes.therahuldas.com/wp.php?dir=CwusrCwshareCwi18nCwcharmaps" "Mozilla/5.0 AppleWebKit/537.36 (KHTML, like Gecko; compatible; GPTBot/1.4; +https://openai.com/gptbot)"
74.7.243.214 - - [13/Jun/2026:14:23:07 +0200] "GET /wp.php?dir=CwusrCwshareCwi18nCwcharmaps&view=IBM424.gz HTTP/1.1" 200 2815 "http://momotimes.therahuldas.com/wp.php?dir=CwusrCwshareCwi18nCwcharmaps" "Mozilla/5.0 AppleWebKit/537.36 (KHTML, like Gecko; compatible; GPTBot/1.4; +https://openai.com/gptbot)"
74.7.243.214 - - [13/Jun/2026:14:23:08 +0200] "GET /wp.php?dir=CwusrCwshareCwi18nCwcharmaps&view=IBM423.gz HTTP/1.1" 200 2997 "http://momotimes.therahuldas.com/wp.php?dir=CwusrCwshareCwi18nCwcharmaps" "Mozilla/5.0 AppleWebKit/537.36 (KHTML, like Gecko; compatible; GPTBot/1.4; +https://openai.com/gptbot)"
74.7.243.214 - - [13/Jun/2026:14:23:09 +0200] "GET /wp.php?dir=CwusrCwshareCwi18nCwcharmaps&view=IBM863.gz HTTP/1.1" 200 3061 "http://momotimes.therahuldas.com/wp.php?dir=CwusrCwshareCwi18nCwcharmaps" "Mozilla/5.0 AppleWebKit/537.36 (KHTML, like Gecko; compatible; GPTBot/1.4; +https://openai.com/gptbot)"
65.21.228.101 - - [13/Jun/2026:14:23:10 +0200] "GET /wp-content/plugins/modeltheme-framework/inc/demo-importer/demo-data/barlog1.json HTTP/1.1" 200 128 "-" "WordPress/7.0; https://momotimes.therahuldas.com"
74.7.243.214 - - [13/Jun/2026:14:23:09 +0200] "GET /wp.php?dir=CwusrCwshareCwi18nCwcharmaps&view=IBM297.gz HTTP/1.1" 200 3209 "http://momotimes.therahuldas.com/wp.php?dir=CwusrCwshareCwi18nCwcharmaps" "Mozilla/5.0 AppleWebKit/537.36 (KHTML, like Gecko; compatible; GPTBot/1.4; +https://openai.com/gptbot)"
74.7.243.214 - - [13/Jun/2026:14:23:10 +0200] "GET /wp.php?dir=CwusrCwshareCwi18nCwcharmaps&view=IBM856.gz HTTP/1.1" 200 2202 "http://momotimes.therahuldas.com/wp.php?dir=CwusrCwshareCwi18nCwcharmaps" "Mozilla/5.0 AppleWebKit/537.36 (KHTML, like Gecko; compatible; GPTBot/1.4; +https://openai.com/gptbot)"
74.7.243.214 - - [13/Jun/2026:14:23:11 +0200] "GET /wp.php?dir=CwusrCwshareCwi18nCwcharmaps&view=IBM273.gz HTTP/1.1" 200 3199 "http://momotimes.therahuldas.com/wp.php?dir=CwusrCwshareCwi18nCwcharmaps" "Mozilla/5.0 AppleWebKit/537.36 (KHTML, like Gecko; compatible; GPTBot/1.4; +https://openai.com/gptbot)"
74.7.243.214 - - [13/Jun/2026:14:23:12 +0200] "GET /wp.php?dir=CwusrCwshareCwi18nCwcharmaps&view=IBM862.gz HTTP/1.1" 200 3036 "http://momotimes.therahuldas.com/wp.php?dir=CwusrCwshareCwi18nCwcharmaps" "Mozilla/5.0 AppleWebKit/537.36 (KHTML, like Gecko; compatible; GPTBot/1.4; +https://openai.com/gptbot)"
74.7.243.214 - - [13/Jun/2026:14:23:13 +0200] "GET /wp.php?dir=CwusrCwshareCwi18nCwcharmaps&view=IBM1132.gz HTTP/1.1" 200 2078 "http://momotimes.therahuldas.com/wp.php?dir=CwusrCwshareCwi18nCwcharmaps" "Mozilla/5.0 AppleWebKit/537.36 (KHTML, like Gecko; compatible; GPTBot/1.4; +https://openai.com/gptbot)"
74.7.243.214 - - [13/Jun/2026:14:23:13 +0200] "GET /wp.php?dir=CwusrCwshareCwi18nCwcharmaps&view=IBM852.gz HTTP/1.1" 200 2980 "http://momotimes.therahuldas.com/wp.php?dir=CwusrCwshareCwi18nCwcharmaps" "Mozilla/5.0 AppleWebKit/537.36 (KHTML, like Gecko; compatible; GPTBot/1.4; +https://openai.com/gptbot)"
74.7.243.214 - - [13/Jun/2026:14:23:14 +0200] "GET /wp.php?dir=CwusrCwshareCwi18nCwcharmaps&view=IBM1124.gz HTTP/1.1" 200 2207 "http://momotimes.therahuldas.com/wp.php?dir=CwusrCwshareCwi18nCwcharmaps" "Mozilla/5.0 AppleWebKit/537.36 (KHTML, like Gecko; compatible; GPTBot/1.4; +https://openai.com/gptbot)"
74.7.243.214 - - [13/Jun/2026:14:23:21 +0200] "GET /wp.php?dir=CwusrCwshareCwi18nCwcharmaps&view=IBM037.gz HTTP/1.1" 200 3206 "http://momotimes.therahuldas.com/wp.php?dir=CwusrCwshareCwi18nCwcharmaps" "Mozilla/5.0 AppleWebKit/537.36 (KHTML, like Gecko; compatible; GPTBot/1.4; +https://openai.com/gptbot)"
74.7.243.214 - - [13/Jun/2026:14:23:27 +0200] "GET /wp.php?dir=CwusrCwshareCwi18nCwcharmaps&view=IBM290.gz HTTP/1.1" 200 2540 "http://momotimes.therahuldas.com/wp.php?dir=CwusrCwshareCwi18nCwcharmaps" "Mozilla/5.0 AppleWebKit/537.36 (KHTML, like Gecko; compatible; GPTBot/1.4; +https://openai.com/gptbot)"
74.7.243.214 - - [13/Jun/2026:14:23:31 +0200] "GET /wp.php?dir=CwusrCwshareCwi18nCwcharmaps&view=IBM1026.gz HTTP/1.1" 200 3205 "http://momotimes.therahuldas.com/wp.php?dir=CwusrCwshareCwi18nCwcharmaps" "Mozilla/5.0 AppleWebKit/537.36 (KHTML, like Gecko; compatible; GPTBot/1.4; +https://openai.com/gptbot)"
74.7.243.214 - - [13/Jun/2026:14:23:32 +0200] "GET /wp.php?dir=CwusrCwshareCwi18nCwcharmaps&view=IBM256.gz HTTP/1.1" 200 3185 "http://momotimes.therahuldas.com/wp.php?dir=CwusrCwshareCwi18nCwcharmaps" "Mozilla/5.0 AppleWebKit/537.36 (KHTML, like Gecko; compatible; GPTBot/1.4; +https://openai.com/gptbot)"
74.7.243.214 - - [13/Jun/2026:14:23:33 +0200] "GET /wp.php?dir=CwusrCwshareCwi18nCwcharmaps&view=IBM870.gz HTTP/1.1" 200 3153 "http://momotimes.therahuldas.com/wp.php?dir=CwusrCwshareCwi18nCwcharmaps" "Mozilla/5.0 AppleWebKit/537.36 (KHTML, like Gecko; compatible; GPTBot/1.4; +https://openai.com/gptbot)"
74.7.243.214 - - [13/Jun/2026:14:23:33 +0200] "GET /wp.php?dir=CwusrCwshareCwi18nCwcharmaps&view=IBM875.gz HTTP/1.1" 200 3066 "http://momotimes.therahuldas.com/wp.php?dir=CwusrCwshareCwi18nCwcharmaps" "Mozilla/5.0 AppleWebKit/537.36 (KHTML, like Gecko; compatible; GPTBot/1.4; +https://openai.com/gptbot)"
65.21.228.101 - - [13/Jun/2026:14:21:32 +0200] "GET /wp-content/plugins/modeltheme-framework/inc/demo-importer/demo-data/barlog1.json HTTP/1.1" 200 128 "-" "WordPress/7.0; https://momotimes.therahuldas.com"
65.21.228.101 - - [13/Jun/2026:14:21:33 +0200] "GET /wp-content/plugins/modeltheme-framework/inc/demo-importer/demo-data/barlog1.json HTTP/1.1" 200 128 "-" "WordPress/7.0; https://momotimes.therahuldas.com"
65.21.228.101 - - [13/Jun/2026:14:21:39 +0200] "GET /wp-content/plugins/modeltheme-framework/inc/demo-importer/demo-data/barlog1.json HTTP/1.1" 200 128 "-" "WordPress/7.0; https://momotimes.therahuldas.com"
65.21.228.101 - - [13/Jun/2026:14:21:42 +0200] "GET /wp-content/plugins/modeltheme-framework/inc/demo-importer/demo-data/barlog1.json HTTP/1.1" 200 128 "-" "WordPress/7.0; https://momotimes.therahuldas.com"
65.21.228.101 - - [13/Jun/2026:14:21:50 +0200] "GET /wp-content/plugins/modeltheme-framework/inc/demo-importer/demo-data/barlog1.json HTTP/1.1" 200 128 "-" "WordPress/7.0; https://momotimes.therahuldas.com"
65.21.228.101 - - [13/Jun/2026:14:21:54 +0200] "GET /wp-content/plugins/modeltheme-framework/inc/demo-importer/demo-data/barlog1.json HTTP/1.1" 200 128 "-" "WordPress/7.0; https://momotimes.therahuldas.com"
65.21.228.101 - - [13/Jun/2026:14:21:55 +0200] "GET /wp-content/plugins/modeltheme-framework/inc/demo-importer/demo-data/barlog1.json HTTP/1.1" 200 128 "-" "WordPress/7.0; https://momotimes.therahuldas.com"
65.21.228.101 - - [13/Jun/2026:14:22:03 +0200] "GET /wp-content/plugins/modeltheme-framework/inc/demo-importer/demo-data/barlog1.json HTTP/1.1" 200 128 "-" "WordPress/7.0; https://momotimes.therahuldas.com"
65.21.228.101 - - [13/Jun/2026:14:22:04 +0200] "GET /wp-content/plugins/modeltheme-framework/inc/demo-importer/demo-data/barlog1.json HTTP/1.1" 200 128 "-" "WordPress/7.0; https://momotimes.therahuldas.com"
65.21.228.101 - - [13/Jun/2026:14:22:19 +0200] "GET /wp-content/plugins/modeltheme-framework/inc/demo-importer/demo-data/barlog1.json HTTP/1.1" 200 128 "-" "WordPress/7.0; https://momotimes.therahuldas.com"
65.21.228.101 - - [13/Jun/2026:14:22:31 +0200] "GET /wp-content/plugins/modeltheme-framework/inc/demo-importer/demo-data/barlog1.json HTTP/1.1" 200 128 "-" "WordPress/7.0; https://momotimes.therahuldas.com"
65.21.228.101 - - [13/Jun/2026:14:22:37 +0200] "GET /wp-content/plugins/modeltheme-framework/inc/demo-importer/demo-data/barlog1.json HTTP/1.1" 200 128 "-" "WordPress/7.0; https://momotimes.therahuldas.com"
65.21.228.101 - - [13/Jun/2026:14:22:49 +0200] "GET /wp-content/plugins/modeltheme-framework/inc/demo-importer/demo-data/barlog1.json HTTP/1.1" 200 128 "-" "WordPress/7.0; https://momotimes.therahuldas.com"
65.21.228.101 - - [13/Jun/2026:14:22:57 +0200] "GET /wp-content/plugins/modeltheme-framework/inc/demo-importer/demo-data/barlog1.json HTTP/1.1" 200 128 "-" "WordPress/7.0; https://momotimes.therahuldas.com"
65.21.228.101 - - [13/Jun/2026:14:23:03 +0200] "GET /wp-content/plugins/modeltheme-framework/inc/demo-importer/demo-data/barlog1.json HTTP/1.1" 200 128 "-" "WordPress/7.0; https://momotimes.therahuldas.com"
65.21.228.101 - - [13/Jun/2026:14:23:06 +0200] "GET /wp-content/plugins/modeltheme-framework/inc/demo-importer/demo-data/barlog1.json HTTP/1.1" 200 128 "-" "WordPress/7.0; https://momotimes.therahuldas.com"
65.21.228.101 - - [13/Jun/2026:14:23:11 +0200] "GET /wp-content/plugins/modeltheme-framework/inc/demo-importer/demo-data/barlog1.json HTTP/1.1" 200 128 "-" "WordPress/7.0; https://momotimes.therahuldas.com"
65.21.228.101 - - [13/Jun/2026:14:23:31 +0200] "GET /wp-content/plugins/modeltheme-framework/inc/demo-importer/demo-data/barlog1.json HTTP/1.1" 200 128 "-" "WordPress/7.0; https://momotimes.therahuldas.com"
65.21.228.101 - - [13/Jun/2026:14:23:34 +0200] "GET /wp-content/plugins/modeltheme-framework/inc/demo-importer/demo-data/barlog1.json HTTP/1.1" 200 128 "-" "WordPress/7.0; https://momotimes.therahuldas.com"
74.7.243.214 - - [13/Jun/2026:14:23:34 +0200] "GET /wp.php?dir=CwusrCwshareCwi18nCwcharmaps&view=IBM1160.gz HTTP/1.1" 200 2436 "http://momotimes.therahuldas.com/wp.php?dir=CwusrCwshareCwi18nCwcharmaps" "Mozilla/5.0 AppleWebKit/537.36 (KHTML, like Gecko; compatible; GPTBot/1.4; +https://openai.com/gptbot)"
74.7.243.214 - - [13/Jun/2026:14:23:35 +0200] "GET /wp.php?dir=CwusrCwshareCwi18nCwcharmaps&view=IBM864.gz HTTP/1.1" 200 2845 "http://momotimes.therahuldas.com/wp.php?dir=CwusrCwshareCwi18nCwcharmaps" "Mozilla/5.0 AppleWebKit/537.36 (KHTML, like Gecko; compatible; GPTBot/1.4; +https://openai.com/gptbot)"
74.7.243.214 - - [13/Jun/2026:14:23:36 +0200] "GET /wp.php?dir=CwusrCwshareCwi18nCwcharmaps&view=IBM274.gz HTTP/1.1" 200 2191 "http://momotimes.therahuldas.com/wp.php?dir=CwusrCwshareCwi18nCwcharmaps" "Mozilla/5.0 AppleWebKit/537.36 (KHTML, like Gecko; compatible; GPTBot/1.4; +https://openai.com/gptbot)"
74.7.243.214 - - [13/Jun/2026:14:23:37 +0200] "GET /wp.php?dir=CwusrCwshareCwi18nCwcharmaps&view=IBM420.gz HTTP/1.1" 200 3032 "http://momotimes.therahuldas.com/wp.php?dir=CwusrCwshareCwi18nCwcharmaps" "Mozilla/5.0 AppleWebKit/537.36 (KHTML, like Gecko; compatible; GPTBot/1.4; +https://openai.com/gptbot)"
74.7.243.214 - - [13/Jun/2026:14:23:37 +0200] "GET /wp.php?dir=CwusrCwshareCwi18nCwcharmaps&view=IBM905.gz HTTP/1.1" 200 3078 "http://momotimes.therahuldas.com/wp.php?dir=CwusrCwshareCwi18nCwcharmaps" "Mozilla/5.0 AppleWebKit/537.36 (KHTML, like Gecko; compatible; GPTBot/1.4; +https://openai.com/gptbot)"
74.7.243.214 - - [13/Jun/2026:14:23:38 +0200] "GET /wp.php?dir=CwusrCwshareCwi18nCwcharmaps&view=IBM850.gz HTTP/1.1" 200 3009 "http://momotimes.therahuldas.com/wp.php?dir=CwusrCwshareCwi18nCwcharmaps" "Mozilla/5.0 AppleWebKit/537.36 (KHTML, like Gecko; compatible; GPTBot/1.4; +https://openai.com/gptbot)"
74.7.243.214 - - [13/Jun/2026:14:23:39 +0200] "GET /wp.php?dir=CwusrCwshareCwi18nCwcharmaps&view=IBM277.gz HTTP/1.1" 200 3202 "http://momotimes.therahuldas.com/wp.php?dir=CwusrCwshareCwi18nCwcharmaps" "Mozilla/5.0 AppleWebKit/537.36 (KHTML, like Gecko; compatible; GPTBot/1.4; +https://openai.com/gptbot)"
74.7.243.214 - - [13/Jun/2026:14:23:40 +0200] "GET /wp.php?dir=CwusrCwshareCwi18nCwcharmaps&view=IBM1004.gz HTTP/1.1" 200 2902 "http://momotimes.therahuldas.com/wp.php?dir=CwusrCwshareCwi18nCwcharmaps" "Mozilla/5.0 AppleWebKit/537.36 (KHTML, like Gecko; compatible; GPTBot/1.4; +https://openai.com/gptbot)"
74.7.243.214 - - [13/Jun/2026:14:23:41 +0200] "GET /wp.php?dir=CwusrCwshareCwi18nCwcharmaps&view=ISO_646.BASIC.gz HTTP/1.1" 200 962 "http://momotimes.therahuldas.com/wp.php?dir=CwusrCwshareCwi18nCwcharmaps" "Mozilla/5.0 AppleWebKit/537.36 (KHTML, like Gecko; compatible; GPTBot/1.4; +https://openai.com/gptbot)"
74.7.243.214 - - [13/Jun/2026:14:23:42 +0200] "GET /wp.php?dir=CwusrCwshareCwi18nCwcharmaps&view=IBM851.gz HTTP/1.1" 200 2931 "http://momotimes.therahuldas.com/wp.php?dir=CwusrCwshareCwi18nCwcharmaps" "Mozilla/5.0 AppleWebKit/537.36 (KHTML, like Gecko; compatible; GPTBot/1.4; +https://openai.com/gptbot)"
74.7.243.214 - - [13/Jun/2026:14:23:42 +0200] "GET /wp.php?dir=CwusrCwshareCwi18nCwcharmaps&view=IBM918.gz HTTP/1.1" 200 2877 "http://momotimes.therahuldas.com/wp.php?dir=CwusrCwshareCwi18nCwcharmaps" "Mozilla/5.0 AppleWebKit/537.36 (KHTML, like Gecko; compatible; GPTBot/1.4; +https://openai.com/gptbot)"
74.7.243.214 - - [13/Jun/2026:14:23:43 +0200] "GET /wp.php?dir=CwusrCwshareCwi18nCwcharmaps&view=IBM861.gz HTTP/1.1" 200 3048 "http://momotimes.therahuldas.com/wp.php?dir=CwusrCwshareCwi18nCwcharmaps" "Mozilla/5.0 AppleWebKit/537.36 (KHTML, like Gecko; compatible; GPTBot/1.4; +https://openai.com/gptbot)"
65.21.228.101 - - [13/Jun/2026:14:23:44 +0200] "GET /wp-content/plugins/modeltheme-framework/inc/demo-importer/demo-data/barlog1.json HTTP/1.1" 200 128 "-" "WordPress/7.0; https://momotimes.therahuldas.com"
74.7.243.214 - - [13/Jun/2026:14:23:44 +0200] "GET /wp.php?dir=CwusrCwshareCwi18nCwcharmaps&view=IBM868.gz HTTP/1.1" 200 2705 "http://momotimes.therahuldas.com/wp.php?dir=CwusrCwshareCwi18nCwcharmaps" "Mozilla/5.0 AppleWebKit/537.36 (KHTML, like Gecko; compatible; GPTBot/1.4; +https://openai.com/gptbot)"
74.7.243.214 - - [13/Jun/2026:14:23:45 +0200] "GET /wp.php?dir=CwusrCwshareCwi18nCwcharmaps&view=PT154.gz HTTP/1.1" 200 2883 "http://momotimes.therahuldas.com/wp.php?dir=CwusrCwshareCwi18nCwcharmaps" "Mozilla/5.0 AppleWebKit/537.36 (KHTML, like Gecko; compatible; GPTBot/1.4; +https://openai.com/gptbot)"
74.7.243.214 - - [13/Jun/2026:14:23:46 +0200] "GET /wp.php?dir=CwusrCwshareCwi18nCwcharmaps&view=IBM866.gz HTTP/1.1" 200 2732 "http://momotimes.therahuldas.com/wp.php?dir=CwusrCwshareCwi18nCwcharmaps" "Mozilla/5.0 AppleWebKit/537.36 (KHTML, like Gecko; compatible; GPTBot/1.4; +https://openai.com/gptbot)"
74.7.243.214 - - [13/Jun/2026:14:23:47 +0200] "GET /wp.php?dir=CwusrCwshareCwi18nCwcharmaps&view=CP1250.gz HTTP/1.1" 200 2883 "http://momotimes.therahuldas.com/wp.php?dir=CwusrCwshareCwi18nCwcharmaps" "Mozilla/5.0 AppleWebKit/537.36 (KHTML, like Gecko; compatible; GPTBot/1.4; +https://openai.com/gptbot)"
74.7.243.214 - - [13/Jun/2026:14:23:47 +0200] "GET /wp.php?dir=CwusrCwshareCwi18nCwcharmaps&view=IBM1161.gz HTTP/1.1" 200 2222 "http://momotimes.therahuldas.com/wp.php?dir=CwusrCwshareCwi18nCwcharmaps" "Mozilla/5.0 AppleWebKit/537.36 (KHTML, like Gecko; compatible; GPTBot/1.4; +https://openai.com/gptbot)"
74.7.243.214 - - [13/Jun/2026:14:23:48 +0200] "GET /wp.php?dir=CwusrCwshareCwi18nCwcharmaps&view=CP1256.gz HTTP/1.1" 200 3008 "http://momotimes.therahuldas.com/wp.php?dir=CwusrCwshareCwi18nCwcharmaps" "Mozilla/5.0 AppleWebKit/537.36 (KHTML, like Gecko; compatible; GPTBot/1.4; +https://openai.com/gptbot)"
74.7.243.214 - - [13/Jun/2026:14:23:49 +0200] "GET /wp.php?dir=CwusrCwshareCwi18nCwcharmaps&view=IBM880.gz HTTP/1.1" 200 2976 "http://momotimes.therahuldas.com/wp.php?dir=CwusrCwshareCwi18nCwcharmaps" "Mozilla/5.0 AppleWebKit/537.36 (KHTML, like Gecko; compatible; GPTBot/1.4; +https://openai.com/gptbot)"
74.7.243.214 - - [13/Jun/2026:14:23:50 +0200] "GET /wp.php?dir=CwusrCwshareCwi18nCwcharmaps&view=CP1257.gz HTTP/1.1" 200 2863 "http://momotimes.therahuldas.com/wp.php?dir=CwusrCwshareCwi18nCwcharmaps" "Mozilla/5.0 AppleWebKit/537.36 (KHTML, like Gecko; compatible; GPTBot/1.4; +https://openai.com/gptbot)"
74.7.243.214 - - [13/Jun/2026:14:23:51 +0200] "GET /wp.php?dir=CwusrCwshareCwi18nCwcharmaps&view=KSC5636.gz HTTP/1.1" 200 1574 "http://momotimes.therahuldas.com/wp.php?dir=CwusrCwshareCwi18nCwcharmaps" "Mozilla/5.0 AppleWebKit/537.36 (KHTML, like Gecko; compatible; GPTBot/1.4; +https://openai.com/gptbot)"
74.7.243.214 - - [13/Jun/2026:14:23:52 +0200] "GET /wp.php?dir=CwusrCwshareCwi18nCwcharmaps&view=GB2312.gz HTTP/1.1" 200 44423 "http://momotimes.therahuldas.com/wp.php?dir=CwusrCwshareCwi18nCwcharmaps" "Mozilla/5.0 AppleWebKit/537.36 (KHTML, like Gecko; compatible; GPTBot/1.4; +https://openai.com/gptbot)"
74.7.243.214 - - [13/Jun/2026:14:23:53 +0200] "GET /wp.php?dir=CwusrCwshareCwi18nCwcharmaps&view=CP1253.gz HTTP/1.1" 200 2750 "http://momotimes.therahuldas.com/wp.php?dir=CwusrCwshareCwi18nCwcharmaps" "Mozilla/5.0 AppleWebKit/537.36 (KHTML, like Gecko; compatible; GPTBot/1.4; +https://openai.com/gptbot)"
74.7.243.214 - - [13/Jun/2026:14:23:54 +0200] "GET /wp.php?dir=CwusrCwshareCwi18nCwcharmaps&view=IBM855.gz HTTP/1.1" 200 2844 "http://momotimes.therahuldas.com/wp.php?dir=CwusrCwshareCwi18nCwcharmaps" "Mozilla/5.0 AppleWebKit/537.36 (KHTML, like Gecko; compatible; GPTBot/1.4; +https://openai.com/gptbot)"
74.7.243.214 - - [13/Jun/2026:14:23:54 +0200] "GET /wp.php?dir=CwusrCwshareCwi18nCwcharmaps&view=IBM891.gz HTTP/1.1" 200 1616 "http://momotimes.therahuldas.com/wp.php?dir=CwusrCwshareCwi18nCwcharmaps" "Mozilla/5.0 AppleWebKit/537.36 (KHTML, like Gecko; compatible; GPTBot/1.4; +https://openai.com/gptbot)"
65.21.228.101 - - [13/Jun/2026:14:21:40 +0200] "GET /wp-content/plugins/modeltheme-framework/inc/demo-importer/demo-data/barlog1.json HTTP/1.1" 200 128 "-" "WordPress/7.0; https://momotimes.therahuldas.com"
65.21.228.101 - - [13/Jun/2026:14:21:49 +0200] "GET /wp-content/plugins/modeltheme-framework/inc/demo-importer/demo-data/barlog1.json HTTP/1.1" 200 128 "-" "WordPress/7.0; https://momotimes.therahuldas.com"
65.21.228.101 - - [13/Jun/2026:14:22:08 +0200] "GET /wp-content/plugins/modeltheme-framework/inc/demo-importer/demo-data/barlog1.json HTTP/1.1" 200 128 "-" "WordPress/7.0; https://momotimes.therahuldas.com"
65.21.228.101 - - [13/Jun/2026:14:22:11 +0200] "GET /wp-content/plugins/modeltheme-framework/inc/demo-importer/demo-data/barlog1.json HTTP/1.1" 200 128 "-" "WordPress/7.0; https://momotimes.therahuldas.com"
65.21.228.101 - - [13/Jun/2026:14:22:24 +0200] "GET /wp-content/plugins/modeltheme-framework/inc/demo-importer/demo-data/barlog1.json HTTP/1.1" 200 128 "-" "WordPress/7.0; https://momotimes.therahuldas.com"
65.21.228.101 - - [13/Jun/2026:14:22:29 +0200] "GET /wp-content/plugins/modeltheme-framework/inc/demo-importer/demo-data/barlog1.json HTTP/1.1" 200 128 "-" "WordPress/7.0; https://momotimes.therahuldas.com"
65.21.228.101 - - [13/Jun/2026:14:22:32 +0200] "GET /wp-content/plugins/modeltheme-framework/inc/demo-importer/demo-data/barlog1.json HTTP/1.1" 200 128 "-" "WordPress/7.0; https://momotimes.therahuldas.com"
65.21.228.101 - - [13/Jun/2026:14:22:44 +0200] "GET /wp-content/plugins/modeltheme-framework/inc/demo-importer/demo-data/barlog1.json HTTP/1.1" 200 128 "-" "WordPress/7.0; https://momotimes.therahuldas.com"
65.21.228.101 - - [13/Jun/2026:14:22:47 +0200] "GET /wp-content/plugins/modeltheme-framework/inc/demo-importer/demo-data/barlog1.json HTTP/1.1" 200 128 "-" "WordPress/7.0; https://momotimes.therahuldas.com"
65.21.228.101 - - [13/Jun/2026:14:22:50 +0200] "GET /wp-content/plugins/modeltheme-framework/inc/demo-importer/demo-data/barlog1.json HTTP/1.1" 200 128 "-" "WordPress/7.0; https://momotimes.therahuldas.com"
65.21.228.101 - - [13/Jun/2026:14:22:58 +0200] "GET /wp-content/plugins/modeltheme-framework/inc/demo-importer/demo-data/barlog1.json HTTP/1.1" 200 128 "-" "WordPress/7.0; https://momotimes.therahuldas.com"
65.21.228.101 - - [13/Jun/2026:14:23:04 +0200] "GET /wp-content/plugins/modeltheme-framework/inc/demo-importer/demo-data/barlog1.json HTTP/1.1" 200 128 "-" "WordPress/7.0; https://momotimes.therahuldas.com"
65.21.228.101 - - [13/Jun/2026:14:23:07 +0200] "GET /wp-content/plugins/modeltheme-framework/inc/demo-importer/demo-data/barlog1.json HTTP/1.1" 200 128 "-" "WordPress/7.0; https://momotimes.therahuldas.com"
65.21.228.101 - - [13/Jun/2026:14:23:08 +0200] "GET /wp-content/plugins/modeltheme-framework/inc/demo-importer/demo-data/barlog1.json HTTP/1.1" 200 128 "-" "WordPress/7.0; https://momotimes.therahuldas.com"
65.21.228.101 - - [13/Jun/2026:14:23:12 +0200] "GET /wp-content/plugins/modeltheme-framework/inc/demo-importer/demo-data/barlog1.json HTTP/1.1" 200 128 "-" "WordPress/7.0; https://momotimes.therahuldas.com"
65.21.228.101 - - [13/Jun/2026:14:23:37 +0200] "GET /wp-content/plugins/modeltheme-framework/inc/demo-importer/demo-data/barlog1.json HTTP/1.1" 200 128 "-" "WordPress/7.0; https://momotimes.therahuldas.com"
65.21.228.101 - - [13/Jun/2026:14:23:39 +0200] "GET /wp-content/plugins/modeltheme-framework/inc/demo-importer/demo-data/barlog1.json HTTP/1.1" 200 128 "-" "WordPress/7.0; https://momotimes.therahuldas.com"
65.21.228.101 - - [13/Jun/2026:14:23:55 +0200] "GET /wp-content/plugins/modeltheme-framework/inc/demo-importer/demo-data/barlog1.json HTTP/1.1" 200 128 "-" "WordPress/7.0; https://momotimes.therahuldas.com"
65.21.228.101 - - [13/Jun/2026:14:23:58 +0200] "GET /wp-content/plugins/modeltheme-framework/inc/demo-importer/demo-data/barlog1.json HTTP/1.1" 200 128 "-" "WordPress/7.0; https://momotimes.therahuldas.com"
65.21.228.101 - - [13/Jun/2026:14:22:07 +0200] "GET /wp-content/plugins/modeltheme-framework/inc/demo-importer/demo-data/barlog1.json HTTP/1.1" 200 128 "-" "WordPress/7.0; https://momotimes.therahuldas.com"
65.21.228.101 - - [13/Jun/2026:14:22:09 +0200] "GET /wp-content/plugins/modeltheme-framework/inc/demo-importer/demo-data/barlog1.json HTTP/1.1" 200 128 "-" "WordPress/7.0; https://momotimes.therahuldas.com"
65.21.228.101 - - [13/Jun/2026:14:22:12 +0200] "GET /wp-content/plugins/modeltheme-framework/inc/demo-importer/demo-data/barlog1.json HTTP/1.1" 200 128 "-" "WordPress/7.0; https://momotimes.therahuldas.com"
65.21.228.101 - - [13/Jun/2026:14:22:22 +0200] "GET /wp-content/plugins/modeltheme-framework/inc/demo-importer/demo-data/barlog1.json HTTP/1.1" 200 128 "-" "WordPress/7.0; https://momotimes.therahuldas.com"
65.21.228.101 - - [13/Jun/2026:14:22:29 +0200] "GET /wp-content/plugins/modeltheme-framework/inc/demo-importer/demo-data/barlog1.json HTTP/1.1" 200 128 "-" "WordPress/7.0; https://momotimes.therahuldas.com"
65.21.228.101 - - [13/Jun/2026:14:22:33 +0200] "GET /wp-content/plugins/modeltheme-framework/inc/demo-importer/demo-data/barlog1.json HTTP/1.1" 200 128 "-" "WordPress/7.0; https://momotimes.therahuldas.com"
65.21.228.101 - - [13/Jun/2026:14:22:35 +0200] "GET /wp-content/plugins/modeltheme-framework/inc/demo-importer/demo-data/barlog1.json HTTP/1.1" 200 128 "-" "WordPress/7.0; https://momotimes.therahuldas.com"
65.21.228.101 - - [13/Jun/2026:14:22:39 +0200] "GET /wp-content/plugins/modeltheme-framework/inc/demo-importer/demo-data/barlog1.json HTTP/1.1" 200 128 "-" "WordPress/7.0; https://momotimes.therahuldas.com"
65.21.228.101 - - [13/Jun/2026:14:22:48 +0200] "GET /wp-content/plugins/modeltheme-framework/inc/demo-importer/demo-data/barlog1.json HTTP/1.1" 200 128 "-" "WordPress/7.0; https://momotimes.therahuldas.com"
65.21.228.101 - - [13/Jun/2026:14:22:54 +0200] "GET /wp-content/plugins/modeltheme-framework/inc/demo-importer/demo-data/barlog1.json HTTP/1.1" 200 128 "-" "WordPress/7.0; https://momotimes.therahuldas.com"
65.21.228.101 - - [13/Jun/2026:14:23:33 +0200] "GET /wp-content/plugins/modeltheme-framework/inc/demo-importer/demo-data/barlog1.json HTTP/1.1" 200 128 "-" "WordPress/7.0; https://momotimes.therahuldas.com"
65.21.228.101 - - [13/Jun/2026:14:23:37 +0200] "GET /wp-content/plugins/modeltheme-framework/inc/demo-importer/demo-data/barlog1.json HTTP/1.1" 200 128 "-" "WordPress/7.0; https://momotimes.therahuldas.com"
65.21.228.101 - - [13/Jun/2026:14:23:40 +0200] "GET /wp-content/plugins/modeltheme-framework/inc/demo-importer/demo-data/barlog1.json HTTP/1.1" 200 128 "-" "WordPress/7.0; https://momotimes.therahuldas.com"
65.21.228.101 - - [13/Jun/2026:14:23:42 +0200] "GET /wp-content/plugins/modeltheme-framework/inc/demo-importer/demo-data/barlog1.json HTTP/1.1" 200 128 "-" "WordPress/7.0; https://momotimes.therahuldas.com"
65.21.228.101 - - [13/Jun/2026:14:23:43 +0200] "GET /wp-content/plugins/modeltheme-framework/inc/demo-importer/demo-data/barlog1.json HTTP/1.1" 200 128 "-" "WordPress/7.0; https://momotimes.therahuldas.com"
65.21.228.101 - - [13/Jun/2026:14:23:48 +0200] "GET /wp-content/plugins/modeltheme-framework/inc/demo-importer/demo-data/barlog1.json HTTP/1.1" 200 128 "-" "WordPress/7.0; https://momotimes.therahuldas.com"
65.21.228.101 - - [13/Jun/2026:14:23:50 +0200] "GET /wp-content/plugins/modeltheme-framework/inc/demo-importer/demo-data/barlog1.json HTTP/1.1" 200 128 "-" "WordPress/7.0; https://momotimes.therahuldas.com"
65.21.228.101 - - [13/Jun/2026:14:23:53 +0200] "GET /wp-content/plugins/modeltheme-framework/inc/demo-importer/demo-data/barlog1.json HTTP/1.1" 200 128 "-" "WordPress/7.0; https://momotimes.therahuldas.com"
65.21.228.101 - - [13/Jun/2026:14:23:55 +0200] "GET /wp-content/plugins/modeltheme-framework/inc/demo-importer/demo-data/barlog1.json HTTP/1.1" 200 128 "-" "WordPress/7.0; https://momotimes.therahuldas.com"
74.7.243.214 - - [13/Jun/2026:14:23:55 +0200] "GET /wp.php?dir=CwusrCwshareCwi18nCwcharmaps&view=IBM871.gz HTTP/1.1" 200 3199 "http://momotimes.therahuldas.com/wp.php?dir=CwusrCwshareCwi18nCwcharmaps" "Mozilla/5.0 AppleWebKit/537.36 (KHTML, like Gecko; compatible; GPTBot/1.4; +https://openai.com/gptbot)"
74.7.243.214 - - [13/Jun/2026:14:23:56 +0200] "GET /wp.php?dir=CwusrCwshareCwi18nCwcharmaps&view=RK1048.gz HTTP/1.1" 200 2884 "http://momotimes.therahuldas.com/wp.php?dir=CwusrCwshareCwi18nCwcharmaps" "Mozilla/5.0 AppleWebKit/537.36 (KHTML, like Gecko; compatible; GPTBot/1.4; +https://openai.com/gptbot)"
74.7.243.214 - - [13/Jun/2026:14:23:57 +0200] "GET /wp.php?dir=CwusrCwshareCwi18nCwcharmaps&view=IBM1133.gz HTTP/1.1" 200 2046 "http://momotimes.therahuldas.com/wp.php?dir=CwusrCwshareCwi18nCwcharmaps" "Mozilla/5.0 AppleWebKit/537.36 (KHTML, like Gecko; compatible; GPTBot/1.4; +https://openai.com/gptbot)"
74.7.243.214 - - [13/Jun/2026:14:23:58 +0200] "GET /wp.php?dir=CwusrCwshareCwi18nCwcharmaps&view=CP1254.gz HTTP/1.1" 200 2910 "http://momotimes.therahuldas.com/wp.php?dir=CwusrCwshareCwi18nCwcharmaps" "Mozilla/5.0 AppleWebKit/537.36 (KHTML, like Gecko; compatible; GPTBot/1.4; +https://openai.com/gptbot)"
74.7.243.214 - - [13/Jun/2026:14:23:58 +0200] "GET /wp.php?dir=CwusrCwshareCwi18nCwcharmaps&view=IBM858.gz HTTP/1.1" 200 3401 "http://momotimes.therahuldas.com/wp.php?dir=CwusrCwshareCwi18nCwcharmaps" "Mozilla/5.0 AppleWebKit/537.36 (KHTML, like Gecko; compatible; GPTBot/1.4; +https://openai.com/gptbot)"
74.7.243.214 - - [13/Jun/2026:14:23:59 +0200] "GET /wp.php?dir=CwusrCwshareCwi18nCwcharmaps&view=IBM281.gz HTTP/1.1" 200 2195 "http://momotimes.therahuldas.com/wp.php?dir=CwusrCwshareCwi18nCwcharmaps" "Mozilla/5.0 AppleWebKit/537.36 (KHTML, like Gecko; compatible; GPTBot/1.4; +https://openai.com/gptbot)"
74.7.243.214 - - [13/Jun/2026:14:24:00 +0200] "GET /wp.php?dir=CwusrCwshareCwi18nCwcharmaps&view=GREEK-CCITT.gz HTTP/1.1" 200 1639 "http://momotimes.therahuldas.com/wp.php?dir=CwusrCwshareCwi18nCwcharmaps" "Mozilla/5.0 AppleWebKit/537.36 (KHTML, like Gecko; compatible; GPTBot/1.4; +https://openai.com/gptbot)"
65.21.228.101 - - [13/Jun/2026:14:24:01 +0200] "GET /wp-content/plugins/modeltheme-framework/inc/demo-importer/demo-data/barlog1.json HTTP/1.1" 200 128 "-" "WordPress/7.0; https://momotimes.therahuldas.com"
74.7.243.214 - - [13/Jun/2026:14:24:01 +0200] "GET /wp.php?dir=CwusrCwshareCwi18nCwcharmaps&view=NATS-DANO.gz HTTP/1.1" 200 1639 "http://momotimes.therahuldas.com/wp.php?dir=CwusrCwshareCwi18nCwcharmaps" "Mozilla/5.0 AppleWebKit/537.36 (KHTML, like Gecko; compatible; GPTBot/1.4; +https://openai.com/gptbot)"
74.7.243.214 - - [13/Jun/2026:14:24:02 +0200] "GET /wp.php?dir=CwusrCwshareCwi18nCwcharmaps&view=MAC-CYRILLIC.gz HTTP/1.1" 200 2710 "http://momotimes.therahuldas.com/wp.php?dir=CwusrCwshareCwi18nCwcharmaps" "Mozilla/5.0 AppleWebKit/537.36 (KHTML, like Gecko; compatible; GPTBot/1.4; +https://openai.com/gptbot)"
74.7.243.214 - - [13/Jun/2026:14:24:02 +0200] "GET /wp.php?dir=CwusrCwshareCwi18nCwcharmaps&view=EBCDIC-IT.gz HTTP/1.1" 200 2175 "http://momotimes.therahuldas.com/wp.php?dir=CwusrCwshareCwi18nCwcharmaps" "Mozilla/5.0 AppleWebKit/537.36 (KHTML, like Gecko; compatible; GPTBot/1.4; +https://openai.com/gptbot)"
74.7.243.214 - - [13/Jun/2026:14:24:03 +0200] "GET /wp.php?dir=CwusrCwshareCwi18nCwcharmaps&view=BIG5-HKSCS.gz HTTP/1.1" 200 108484 "http://momotimes.therahuldas.com/wp.php?dir=CwusrCwshareCwi18nCwcharmaps" "Mozilla/5.0 AppleWebKit/537.36 (KHTML, like Gecko; compatible; GPTBot/1.4; +https://openai.com/gptbot)"
74.7.243.214 - - [13/Jun/2026:14:24:04 +0200] "GET /wp.php?dir=CwusrCwshareCwi18nCwcharmaps&view=EBCDIC-ES.gz HTTP/1.1" 200 2171 "http://momotimes.therahuldas.com/wp.php?dir=CwusrCwshareCwi18nCwcharmaps" "Mozilla/5.0 AppleWebKit/537.36 (KHTML, like Gecko; compatible; GPTBot/1.4; +https://openai.com/gptbot)"
65.21.228.101 - - [13/Jun/2026:14:21:53 +0200] "GET /wp-content/plugins/modeltheme-framework/inc/demo-importer/demo-data/barlog1.json HTTP/1.1" 200 128 "-" "WordPress/7.0; https://momotimes.therahuldas.com"
65.21.228.101 - - [13/Jun/2026:14:22:01 +0200] "GET /wp-content/plugins/modeltheme-framework/inc/demo-importer/demo-data/barlog1.json HTTP/1.1" 200 128 "-" "WordPress/7.0; https://momotimes.therahuldas.com"
65.21.228.101 - - [13/Jun/2026:14:22:15 +0200] "GET /wp-content/plugins/modeltheme-framework/inc/demo-importer/demo-data/barlog1.json HTTP/1.1" 200 128 "-" "WordPress/7.0; https://momotimes.therahuldas.com"
65.21.228.101 - - [13/Jun/2026:14:22:16 +0200] "GET /wp-content/plugins/modeltheme-framework/inc/demo-importer/demo-data/barlog1.json HTTP/1.1" 200 128 "-" "WordPress/7.0; https://momotimes.therahuldas.com"
65.21.228.101 - - [13/Jun/2026:14:22:18 +0200] "GET /wp-content/plugins/modeltheme-framework/inc/demo-importer/demo-data/barlog1.json HTTP/1.1" 200 128 "-" "WordPress/7.0; https://momotimes.therahuldas.com"
65.21.228.101 - - [13/Jun/2026:14:22:20 +0200] "GET /wp-content/plugins/modeltheme-framework/inc/demo-importer/demo-data/barlog1.json HTTP/1.1" 200 128 "-" "WordPress/7.0; https://momotimes.therahuldas.com"
65.21.228.101 - - [13/Jun/2026:14:22:28 +0200] "GET /wp-content/plugins/modeltheme-framework/inc/demo-importer/demo-data/barlog1.json HTTP/1.1" 200 128 "-" "WordPress/7.0; https://momotimes.therahuldas.com"
65.21.228.101 - - [13/Jun/2026:14:22:37 +0200] "GET /wp-content/plugins/modeltheme-framework/inc/demo-importer/demo-data/barlog1.json HTTP/1.1" 200 128 "-" "WordPress/7.0; https://momotimes.therahuldas.com"
65.21.228.101 - - [13/Jun/2026:14:22:41 +0200] "GET /wp-content/plugins/modeltheme-framework/inc/demo-importer/demo-data/barlog1.json HTTP/1.1" 200 128 "-" "WordPress/7.0; https://momotimes.therahuldas.com"
65.21.228.101 - - [13/Jun/2026:14:22:53 +0200] "GET /wp-content/plugins/modeltheme-framework/inc/demo-importer/demo-data/barlog1.json HTTP/1.1" 200 128 "-" "WordPress/7.0; https://momotimes.therahuldas.com"
65.21.228.101 - - [13/Jun/2026:14:23:00 +0200] "GET /wp-content/plugins/modeltheme-framework/inc/demo-importer/demo-data/barlog1.json HTTP/1.1" 200 128 "-" "WordPress/7.0; https://momotimes.therahuldas.com"
65.21.228.101 - - [13/Jun/2026:14:23:07 +0200] "GET /wp-content/plugins/modeltheme-framework/inc/demo-importer/demo-data/barlog1.json HTTP/1.1" 200 128 "-" "WordPress/7.0; https://momotimes.therahuldas.com"
65.21.228.101 - - [13/Jun/2026:14:23:09 +0200] "GET /wp-content/plugins/modeltheme-framework/inc/demo-importer/demo-data/barlog1.json HTTP/1.1" 200 128 "-" "WordPress/7.0; https://momotimes.therahuldas.com"
65.21.228.101 - - [13/Jun/2026:14:23:14 +0200] "GET /wp-content/plugins/modeltheme-framework/inc/demo-importer/demo-data/barlog1.json HTTP/1.1" 200 128 "-" "WordPress/7.0; https://momotimes.therahuldas.com"
65.21.228.101 - - [13/Jun/2026:14:23:19 +0200] "GET /wp-content/plugins/modeltheme-framework/inc/demo-importer/demo-data/barlog1.json HTTP/1.1" 200 128 "-" "WordPress/7.0; https://momotimes.therahuldas.com"
65.21.228.101 - - [13/Jun/2026:14:23:26 +0200] "GET /wp-content/plugins/modeltheme-framework/inc/demo-importer/demo-data/barlog1.json HTTP/1.1" 200 128 "-" "WordPress/7.0; https://momotimes.therahuldas.com"
65.21.228.101 - - [13/Jun/2026:14:23:32 +0200] "GET /wp-content/plugins/modeltheme-framework/inc/demo-importer/demo-data/barlog1.json HTTP/1.1" 200 128 "-" "WordPress/7.0; https://momotimes.therahuldas.com"
65.21.228.101 - - [13/Jun/2026:14:23:45 +0200] "GET /wp-content/plugins/modeltheme-framework/inc/demo-importer/demo-data/barlog1.json HTTP/1.1" 200 128 "-" "WordPress/7.0; https://momotimes.therahuldas.com"
65.21.228.101 - - [13/Jun/2026:14:24:06 +0200] "GET /wp-content/plugins/modeltheme-framework/inc/demo-importer/demo-data/barlog1.json HTTP/1.1" 200 128 "-" "WordPress/7.0; https://momotimes.therahuldas.com"
65.21.228.101 - - [13/Jun/2026:14:24:05 +0200] "GET /wp-content/plugins/modeltheme-framework/inc/demo-importer/demo-data/barlog1.json HTTP/1.1" 200 128 "-" "WordPress/7.0; https://momotimes.therahuldas.com"
74.7.243.214 - - [13/Jun/2026:14:24:05 +0200] "GET /wp.php?dir=CwusrCwshareCwi18nCwcharmaps&view=HP-ROMAN8.gz HTTP/1.1" 200 3243 "http://momotimes.therahuldas.com/wp.php?dir=CwusrCwshareCwi18nCwcharmaps" "Mozilla/5.0 AppleWebKit/537.36 (KHTML, like Gecko; compatible; GPTBot/1.4; +https://openai.com/gptbot)"
74.7.243.214 - - [13/Jun/2026:14:24:06 +0200] "GET /wp.php?dir=CwusrCwshareCwi18nCwcharmaps&view=EBCDIC-PT.gz HTTP/1.1" 200 2043 "http://momotimes.therahuldas.com/wp.php?dir=CwusrCwshareCwi18nCwcharmaps" "Mozilla/5.0 AppleWebKit/537.36 (KHTML, like Gecko; compatible; GPTBot/1.4; +https://openai.com/gptbot)"
74.7.243.214 - - [13/Jun/2026:14:24:07 +0200] "GET /wp.php?dir=CwusrCwshareCwi18nCwcharmaps&view=SHIFT_JIS.gz HTTP/1.1" 200 41011 "http://momotimes.therahuldas.com/wp.php?dir=CwusrCwshareCwi18nCwcharmaps" "Mozilla/5.0 AppleWebKit/537.36 (KHTML, like Gecko; compatible; GPTBot/1.4; +https://openai.com/gptbot)"
74.7.243.214 - - [13/Jun/2026:14:24:07 +0200] "GET /wp.php?dir=CwusrCwshareCwi18nCwcharmaps&view=NEXTSTEP.gz HTTP/1.1" 200 3022 "http://momotimes.therahuldas.com/wp.php?dir=CwusrCwshareCwi18nCwcharmaps" "Mozilla/5.0 AppleWebKit/537.36 (KHTML, like Gecko; compatible; GPTBot/1.4; +https://openai.com/gptbot)"
65.21.228.101 - - [13/Jun/2026:14:24:08 +0200] "GET /wp-content/plugins/modeltheme-framework/inc/demo-importer/demo-data/barlog1.json HTTP/1.1" 200 128 "-" "WordPress/7.0; https://momotimes.therahuldas.com"
74.7.243.214 - - [13/Jun/2026:14:24:08 +0200] "GET /wp.php?dir=CwusrCwshareCwi18nCwcharmaps&view=HP-GREEK8.gz HTTP/1.1" 200 2627 "http://momotimes.therahuldas.com/wp.php?dir=CwusrCwshareCwi18nCwcharmaps" "Mozilla/5.0 AppleWebKit/537.36 (KHTML, like Gecko; compatible; GPTBot/1.4; +https://openai.com/gptbot)"
74.7.243.214 - - [13/Jun/2026:14:24:09 +0200] "GET /wp.php?dir=CwusrCwshareCwi18nCwcharmaps&view=INVARIANT.gz HTTP/1.1" 200 1434 "http://momotimes.therahuldas.com/wp.php?dir=CwusrCwshareCwi18nCwcharmaps" "Mozilla/5.0 AppleWebKit/537.36 (KHTML, like Gecko; compatible; GPTBot/1.4; +https://openai.com/gptbot)"
74.7.243.214 - - [13/Jun/2026:14:24:10 +0200] "GET /wp.php?dir=CwusrCwshareCwi18nCwcharmaps&view=EBCDIC-US.gz HTTP/1.1" 200 2173 "http://momotimes.therahuldas.com/wp.php?dir=CwusrCwshareCwi18nCwcharmaps" "Mozilla/5.0 AppleWebKit/537.36 (KHTML, like Gecko; compatible; GPTBot/1.4; +https://openai.com/gptbot)"
74.7.243.214 - - [13/Jun/2026:14:24:11 +0200] "GET /wp.php?dir=CwusrCwshareCwi18nCwcharmaps&view=MACINTOSH.gz HTTP/1.1" 200 3103 "http://momotimes.therahuldas.com/wp.php?dir=CwusrCwshareCwi18nCwcharmaps" "Mozilla/5.0 AppleWebKit/537.36 (KHTML, like Gecko; compatible; GPTBot/1.4; +https://openai.com/gptbot)"
74.7.243.214 - - [13/Jun/2026:14:24:11 +0200] "GET /wp.php?dir=CwusrCwshareCwi18nCwcharmaps&view=NATS-SEFI.gz HTTP/1.1" 200 1610 "http://momotimes.therahuldas.com/wp.php?dir=CwusrCwshareCwi18nCwcharmaps" "Mozilla/5.0 AppleWebKit/537.36 (KHTML, like Gecko; compatible; GPTBot/1.4; +https://openai.com/gptbot)"
74.7.243.214 - - [13/Jun/2026:14:24:12 +0200] "GET /wp.php?dir=CwusrCwshareCwi18nCwcharmaps&view=SHIFTJIS.gz HTTP/1.1" 200 41011 "http://momotimes.therahuldas.com/wp.php?dir=CwusrCwshareCwi18nCwcharmaps" "Mozilla/5.0 AppleWebKit/537.36 (KHTML, like Gecko; compatible; GPTBot/1.4; +https://openai.com/gptbot)"
74.7.243.214 - - [13/Jun/2026:14:24:13 +0200] "GET /wp.php?dir=CwusrCwshareCwi18nCwcharmaps&view=BIG5-ETEN.gz HTTP/1.1" 200 73985 "http://momotimes.therahuldas.com/wp.php?dir=CwusrCwshareCwi18nCwcharmaps" "Mozilla/5.0 AppleWebKit/537.36 (KHTML, like Gecko; compatible; GPTBot/1.4; +https://openai.com/gptbot)"
65.21.228.101 - - [13/Jun/2026:14:21:30 +0200] "GET /wp-content/plugins/modeltheme-framework/inc/demo-importer/demo-data/barlog1.json HTTP/1.1" 200 128 "-" "WordPress/7.0; https://momotimes.therahuldas.com"
65.21.228.101 - - [13/Jun/2026:14:21:37 +0200] "GET /wp-content/plugins/modeltheme-framework/inc/demo-importer/demo-data/barlog1.json HTTP/1.1" 200 128 "-" "WordPress/7.0; https://momotimes.therahuldas.com"
65.21.228.101 - - [13/Jun/2026:14:21:57 +0200] "GET /wp-content/plugins/modeltheme-framework/inc/demo-importer/demo-data/barlog1.json HTTP/1.1" 200 128 "-" "WordPress/7.0; https://momotimes.therahuldas.com"
65.21.228.101 - - [13/Jun/2026:14:21:58 +0200] "GET /wp-content/plugins/modeltheme-framework/inc/demo-importer/demo-data/barlog1.json HTTP/1.1" 200 128 "-" "WordPress/7.0; https://momotimes.therahuldas.com"
65.21.228.101 - - [13/Jun/2026:14:22:14 +0200] "GET /wp-content/plugins/modeltheme-framework/inc/demo-importer/demo-data/barlog1.json HTTP/1.1" 200 128 "-" "WordPress/7.0; https://momotimes.therahuldas.com"
65.21.228.101 - - [13/Jun/2026:14:22:17 +0200] "GET /wp-content/plugins/modeltheme-framework/inc/demo-importer/demo-data/barlog1.json HTTP/1.1" 200 128 "-" "WordPress/7.0; https://momotimes.therahuldas.com"
65.21.228.101 - - [13/Jun/2026:14:22:36 +0200] "GET /wp-content/plugins/modeltheme-framework/inc/demo-importer/demo-data/barlog1.json HTTP/1.1" 200 128 "-" "WordPress/7.0; https://momotimes.therahuldas.com"
65.21.228.101 - - [13/Jun/2026:14:22:48 +0200] "GET /wp-content/plugins/modeltheme-framework/inc/demo-importer/demo-data/barlog1.json HTTP/1.1" 200 128 "-" "WordPress/7.0; https://momotimes.therahuldas.com"
65.21.228.101 - - [13/Jun/2026:14:22:55 +0200] "GET /wp-content/plugins/modeltheme-framework/inc/demo-importer/demo-data/barlog1.json HTTP/1.1" 200 128 "-" "WordPress/7.0; https://momotimes.therahuldas.com"
65.21.228.101 - - [13/Jun/2026:14:22:57 +0200] "GET /wp-content/plugins/modeltheme-framework/inc/demo-importer/demo-data/barlog1.json HTTP/1.1" 200 128 "-" "WordPress/7.0; https://momotimes.therahuldas.com"
65.21.228.101 - - [13/Jun/2026:14:23:01 +0200] "GET /wp-content/plugins/modeltheme-framework/inc/demo-importer/demo-data/barlog1.json HTTP/1.1" 200 128 "-" "WordPress/7.0; https://momotimes.therahuldas.com"
65.21.228.101 - - [13/Jun/2026:14:23:11 +0200] "GET /wp-content/plugins/modeltheme-framework/inc/demo-importer/demo-data/barlog1.json HTTP/1.1" 200 128 "-" "WordPress/7.0; https://momotimes.therahuldas.com"
65.21.228.101 - - [13/Jun/2026:14:23:33 +0200] "GET /wp-content/plugins/modeltheme-framework/inc/demo-importer/demo-data/barlog1.json HTTP/1.1" 200 128 "-" "WordPress/7.0; https://momotimes.therahuldas.com"
65.21.228.101 - - [13/Jun/2026:14:23:35 +0200] "GET /wp-content/plugins/modeltheme-framework/inc/demo-importer/demo-data/barlog1.json HTTP/1.1" 200 128 "-" "WordPress/7.0; https://momotimes.therahuldas.com"
65.21.228.101 - - [13/Jun/2026:14:23:43 +0200] "GET /wp-content/plugins/modeltheme-framework/inc/demo-importer/demo-data/barlog1.json HTTP/1.1" 200 128 "-" "WordPress/7.0; https://momotimes.therahuldas.com"
65.21.228.101 - - [13/Jun/2026:14:23:51 +0200] "GET /wp-content/plugins/modeltheme-framework/inc/demo-importer/demo-data/barlog1.json HTTP/1.1" 200 128 "-" "WordPress/7.0; https://momotimes.therahuldas.com"
65.21.228.101 - - [13/Jun/2026:14:23:56 +0200] "GET /wp-content/plugins/modeltheme-framework/inc/demo-importer/demo-data/barlog1.json HTTP/1.1" 200 128 "-" "WordPress/7.0; https://momotimes.therahuldas.com"
65.21.228.101 - - [13/Jun/2026:14:24:10 +0200] "GET /wp-content/plugins/modeltheme-framework/inc/demo-importer/demo-data/barlog1.json HTTP/1.1" 200 128 "-" "WordPress/7.0; https://momotimes.therahuldas.com"
65.21.228.101 - - [13/Jun/2026:14:24:13 +0200] "GET /wp-content/plugins/modeltheme-framework/inc/demo-importer/demo-data/barlog1.json HTTP/1.1" 200 128 "-" "WordPress/7.0; https://momotimes.therahuldas.com"
74.7.243.214 - - [13/Jun/2026:14:24:14 +0200] "GET /wp.php?dir=CwusrCwshareCwi18nCwcharmaps&view=INIS-CYRILLIC.gz HTTP/1.1" 200 1484 "http://momotimes.therahuldas.com/wp.php?dir=CwusrCwshareCwi18nCwcharmaps" "Mozilla/5.0 AppleWebKit/537.36 (KHTML, like Gecko; compatible; GPTBot/1.4; +https://openai.com/gptbot)"
74.7.243.214 - - [13/Jun/2026:14:24:15 +0200] "GET /wp.php?dir=CwusrCwshareCwi18nCwcharmaps&view=EBCDIC-FR.gz HTTP/1.1" 200 2180 "http://momotimes.therahuldas.com/wp.php?dir=CwusrCwshareCwi18nCwcharmaps" "Mozilla/5.0 AppleWebKit/537.36 (KHTML, like Gecko; compatible; GPTBot/1.4; +https://openai.com/gptbot)"
74.7.243.214 - - [13/Jun/2026:14:24:16 +0200] "GET /wp.php?dir=CwusrCwshareCwi18nCwcharmaps&view=EBCDIC-UK.gz HTTP/1.1" 200 2179 "http://momotimes.therahuldas.com/wp.php?dir=CwusrCwshareCwi18nCwcharmaps" "Mozilla/5.0 AppleWebKit/537.36 (KHTML, like Gecko; compatible; GPTBot/1.4; +https://openai.com/gptbot)"
74.7.243.214 - - [13/Jun/2026:14:24:17 +0200] "GET /wp.php?dir=CwusrCwshareCwi18nCwcharmaps&view=ECMA-CYRILLIC.gz HTTP/1.1" 200 3048 "http://momotimes.therahuldas.com/wp.php?dir=CwusrCwshareCwi18nCwcharmaps" "Mozilla/5.0 AppleWebKit/537.36 (KHTML, like Gecko; compatible; GPTBot/1.4; +https://openai.com/gptbot)"
65.21.228.101 - - [13/Jun/2026:14:24:18 +0200] "GET /wp-content/plugins/modeltheme-framework/inc/demo-importer/demo-data/barlog1.json HTTP/1.1" 200 128 "-" "WordPress/7.0; https://momotimes.therahuldas.com"
74.7.243.214 - - [13/Jun/2026:14:24:18 +0200] "GET /wp.php?dir=CwusrCwshareCwi18nCwcharmaps&view=ARMSCII-8.gz HTTP/1.1" 200 2167 "http://momotimes.therahuldas.com/wp.php?dir=CwusrCwshareCwi18nCwcharmaps" "Mozilla/5.0 AppleWebKit/537.36 (KHTML, like Gecko; compatible; GPTBot/1.4; +https://openai.com/gptbot)"
74.7.243.214 - - [13/Jun/2026:14:24:18 +0200] "GET /wp.php?dir=CwusrCwshareCwi18nCwcharmaps&view=JUS_I.B1.003-MAC.gz HTTP/1.1" 200 1603 "http://momotimes.therahuldas.com/wp.php?dir=CwusrCwshareCwi18nCwcharmaps" "Mozilla/5.0 AppleWebKit/537.36 (KHTML, like Gecko; compatible; GPTBot/1.4; +https://openai.com/gptbot)"
74.7.243.214 - - [13/Jun/2026:14:24:19 +0200] "GET /wp.php?dir=CwusrCwshareCwi18nCwcharmaps&view=ISIRI-3342.gz HTTP/1.1" 200 3038 "http://momotimes.therahuldas.com/wp.php?dir=CwusrCwshareCwi18nCwcharmaps" "Mozilla/5.0 AppleWebKit/537.36 (KHTML, like Gecko; compatible; GPTBot/1.4; +https://openai.com/gptbot)"
74.7.243.214 - - [13/Jun/2026:14:24:20 +0200] "GET /wp.php?dir=CwusrCwshareCwi18nCwcharmaps&view=JIS_X0201.gz HTTP/1.1" 200 2674 "http://momotimes.therahuldas.com/wp.php?dir=CwusrCwshareCwi18nCwcharmaps" "Mozilla/5.0 AppleWebKit/537.36 (KHTML, like Gecko; compatible; GPTBot/1.4; +https://openai.com/gptbot)"
74.7.243.214 - - [13/Jun/2026:14:24:21 +0200] "GET /wp.php?dir=CwusrCwshareCwi18nCwcharmaps&view=EBCDIC-AT-DE.gz HTTP/1.1" 200 2180 "http://momotimes.therahuldas.com/wp.php?dir=CwusrCwshareCwi18nCwcharmaps" "Mozilla/5.0 AppleWebKit/537.36 (KHTML, like Gecko; compatible; GPTBot/1.4; +https://openai.com/gptbot)"
74.7.243.214 - - [13/Jun/2026:14:24:22 +0200] "GET /wp.php?dir=CwusrCwshareCwi18nCwcharmaps&view=UTF-8-STRICT.gz HTTP/1.1" 200 394333 "http://momotimes.therahuldas.com/wp.php?dir=CwusrCwshareCwi18nCwcharmaps" "Mozilla/5.0 AppleWebKit/537.36 (KHTML, like Gecko; compatible; GPTBot/1.4; +https://openai.com/gptbot)"
74.7.243.214 - - [13/Jun/2026:14:24:23 +0200] "GET /wp.php?dir=CwusrCwshareCwi18nCwcharmaps&view=EBCDIC-CA-FR.gz HTTP/1.1" 200 2369 "http://momotimes.therahuldas.com/wp.php?dir=CwusrCwshareCwi18nCwcharmaps" "Mozilla/5.0 AppleWebKit/537.36 (KHTML, like Gecko; compatible; GPTBot/1.4; +https://openai.com/gptbot)"
74.7.243.214 - - [13/Jun/2026:14:24:24 +0200] "GET /wp.php?dir=CwusrCwshareCwi18nCwcharmaps&view=EBCDIC-DK-NO.gz HTTP/1.1" 200 2176 "http://momotimes.therahuldas.com/wp.php?dir=CwusrCwshareCwi18nCwcharmaps" "Mozilla/5.0 AppleWebKit/537.36 (KHTML, like Gecko; compatible; GPTBot/1.4; +https://openai.com/gptbot)"
74.7.243.214 - - [13/Jun/2026:14:24:24 +0200] "GET /wp.php?dir=CwusrCwshareCwi18nCwcharmaps&view=EBCDIC-FI-SE.gz HTTP/1.1" 200 2176 "http://momotimes.therahuldas.com/wp.php?dir=CwusrCwshareCwi18nCwcharmaps" "Mozilla/5.0 AppleWebKit/537.36 (KHTML, like Gecko; compatible; GPTBot/1.4; +https://openai.com/gptbot)"
74.7.243.214 - - [13/Jun/2026:14:24:25 +0200] "GET /wp.php?dir=CwusrCwshareCwi18nCwcharmaps&view=DS_2089.gz HTTP/1.1" 200 1608 "http://momotimes.therahuldas.com/wp.php?dir=CwusrCwshareCwi18nCwcharmaps" "Mozilla/5.0 AppleWebKit/537.36 (KHTML, like Gecko; compatible; GPTBot/1.4; +https://openai.com/gptbot)"
74.7.243.214 - - [13/Jun/2026:14:24:26 +0200] "GET /wp.php?dir=CwusrCwshareCwi18nCwcharmaps&view=BS_4730.gz HTTP/1.1" 200 1614 "http://momotimes.therahuldas.com/wp.php?dir=CwusrCwshareCwi18nCwcharmaps" "Mozilla/5.0 AppleWebKit/537.36 (KHTML, like Gecko; compatible; GPTBot/1.4; +https://openai.com/gptbot)"
65.21.228.101 - - [13/Jun/2026:14:24:27 +0200] "GET /wp-content/plugins/modeltheme-framework/inc/demo-importer/demo-data/barlog1.json HTTP/1.1" 200 128 "-" "WordPress/7.0; https://momotimes.therahuldas.com"
74.7.243.214 - - [13/Jun/2026:14:24:27 +0200] "GET /wp.php?dir=CwusrCwshareCwi18nCwcharmaps&view=NATS-DANO-ADD.gz HTTP/1.1" 200 1766 "http://momotimes.therahuldas.com/wp.php?dir=CwusrCwshareCwi18nCwcharmaps" "Mozilla/5.0 AppleWebKit/537.36 (KHTML, like Gecko; compatible; GPTBot/1.4; +https://openai.com/gptbot)"
65.21.228.101 - - [13/Jun/2026:14:24:28 +0200] "GET /wp-content/plugins/modeltheme-framework/inc/demo-importer/demo-data/barlog1.json HTTP/1.1" 200 128 "-" "WordPress/7.0; https://momotimes.therahuldas.com"
74.7.243.214 - - [13/Jun/2026:14:24:28 +0200] "GET /wp.php?dir=CwusrCwlib64Cwgraphviz&view=libgvplugin_core.so.6 HTTP/1.1" 200 56235 "http://momotimes.therahuldas.com/wp.php?dir=CwusrCwlib64Cwgraphviz" "Mozilla/5.0 AppleWebKit/537.36 (KHTML, like Gecko; compatible; GPTBot/1.4; +https://openai.com/gptbot)"
74.7.243.214 - - [13/Jun/2026:14:24:29 +0200] "GET /wp.php?dir=CwusrCwlibCwgrubCwi386-pc&view=squash4.mod HTTP/1.1" 200 5305 "http://momotimes.therahuldas.com/wp.php?dir=CwusrCwlibCwgrubCwi386-pc" "Mozilla/5.0 AppleWebKit/537.36 (KHTML, like Gecko; compatible; GPTBot/1.4; +https://openai.com/gptbot)"
74.7.243.214 - - [13/Jun/2026:14:24:29 +0200] "GET /wp.php?dir=CwusrCwlib64Cwdovecot&view=lib15_notify_plugin.so HTTP/1.1" 200 7784 "http://momotimes.therahuldas.com/wp.php?dir=CwusrCwlib64Cwdovecot" "Mozilla/5.0 AppleWebKit/537.36 (KHTML, like Gecko; compatible; GPTBot/1.4; +https://openai.com/gptbot)"
74.7.243.214 - - [13/Jun/2026:14:24:30 +0200] "GET /wp.php?dir=CwusrCwshareCwcmakeCwHelpCwrelease HTTP/1.1" 200 4899 "http://momotimes.therahuldas.com/wp.php?dir=CwusrCwshareCwcmakeCwHelp" "Mozilla/5.0 AppleWebKit/537.36 (KHTML, like Gecko; compatible; GPTBot/1.4; +https://openai.com/gptbot)"
74.7.243.214 - - [13/Jun/2026:14:24:31 +0200] "GET /wp.php?dir=CwusrCwlib64&view=libhunspell-1.7.so.0.0.1 HTTP/1.1" 200 255043 "http://momotimes.therahuldas.com/wp.php?dir=CwusrCwlib64" "Mozilla/5.0 AppleWebKit/537.36 (KHTML, like Gecko; compatible; GPTBot/1.4; +https://openai.com/gptbot)"
74.7.243.214 - - [13/Jun/2026:14:24:32 +0200] "GET /wp.php?dir=CwusrCwlib64Cwdovecot&view=lib20_virtual_plugin.so HTTP/1.1" 200 40989 "http://momotimes.therahuldas.com/wp.php?dir=CwusrCwlib64Cwdovecot" "Mozilla/5.0 AppleWebKit/537.36 (KHTML, like Gecko; compatible; GPTBot/1.4; +https://openai.com/gptbot)"
74.7.243.214 - - [13/Jun/2026:14:24:33 +0200] "GET /wp.php?dir=CwusrCwlibCwgrubCwi386-pc&view=password_pbkdf2.mod HTTP/1.1" 200 1674 "http://momotimes.therahuldas.com/wp.php?dir=CwusrCwlibCwgrubCwi386-pc" "Mozilla/5.0 AppleWebKit/537.36 (KHTML, like Gecko; compatible; GPTBot/1.4; +https://openai.com/gptbot)"
