65.21.228.101 - - [13/Jun/2026:14:57:00 +0200] "GET /wp-content/plugins/modeltheme-framework/inc/demo-importer/demo-data/barlog1.json HTTP/1.1" 200 128 "-" "WordPress/7.0; https://momotimes.therahuldas.com"
65.21.228.101 - - [13/Jun/2026:14:57:01 +0200] "GET /wp-content/plugins/modeltheme-framework/inc/demo-importer/demo-data/barlog1.json HTTP/1.1" 200 128 "-" "WordPress/7.0; https://momotimes.therahuldas.com"
65.21.228.101 - - [13/Jun/2026:14:57:02 +0200] "GET /wp-content/plugins/modeltheme-framework/inc/demo-importer/demo-data/barlog1.json HTTP/1.1" 200 128 "-" "WordPress/7.0; https://momotimes.therahuldas.com"
65.21.228.101 - - [13/Jun/2026:14:57:14 +0200] "GET /wp-content/plugins/modeltheme-framework/inc/demo-importer/demo-data/barlog1.json HTTP/1.1" 200 128 "-" "WordPress/7.0; https://momotimes.therahuldas.com"
65.21.228.101 - - [13/Jun/2026:14:57:16 +0200] "GET /wp-content/plugins/modeltheme-framework/inc/demo-importer/demo-data/barlog1.json HTTP/1.1" 200 128 "-" "WordPress/7.0; https://momotimes.therahuldas.com"
65.21.228.101 - - [13/Jun/2026:14:57:17 +0200] "GET /wp-content/plugins/modeltheme-framework/inc/demo-importer/demo-data/barlog1.json HTTP/1.1" 200 128 "-" "WordPress/7.0; https://momotimes.therahuldas.com"
65.21.228.101 - - [13/Jun/2026:14:57:35 +0200] "GET /wp-content/plugins/modeltheme-framework/inc/demo-importer/demo-data/barlog1.json HTTP/1.1" 200 128 "-" "WordPress/7.0; https://momotimes.therahuldas.com"
65.21.228.101 - - [13/Jun/2026:14:57:40 +0200] "GET /wp-content/plugins/modeltheme-framework/inc/demo-importer/demo-data/barlog1.json HTTP/1.1" 200 128 "-" "WordPress/7.0; https://momotimes.therahuldas.com"
65.21.228.101 - - [13/Jun/2026:14:57:41 +0200] "GET /wp-content/plugins/modeltheme-framework/inc/demo-importer/demo-data/barlog1.json HTTP/1.1" 200 128 "-" "WordPress/7.0; https://momotimes.therahuldas.com"
65.21.228.101 - - [13/Jun/2026:14:57:45 +0200] "GET /wp-content/plugins/modeltheme-framework/inc/demo-importer/demo-data/barlog1.json HTTP/1.1" 200 128 "-" "WordPress/7.0; https://momotimes.therahuldas.com"
65.21.228.101 - - [13/Jun/2026:14:57:48 +0200] "GET /wp-content/plugins/modeltheme-framework/inc/demo-importer/demo-data/barlog1.json HTTP/1.1" 200 128 "-" "WordPress/7.0; https://momotimes.therahuldas.com"
65.21.228.101 - - [13/Jun/2026:14:57:49 +0200] "GET /wp-content/plugins/modeltheme-framework/inc/demo-importer/demo-data/barlog1.json HTTP/1.1" 200 128 "-" "WordPress/7.0; https://momotimes.therahuldas.com"
65.21.228.101 - - [13/Jun/2026:14:57:55 +0200] "GET /wp-content/plugins/modeltheme-framework/inc/demo-importer/demo-data/barlog1.json HTTP/1.1" 200 128 "-" "WordPress/7.0; https://momotimes.therahuldas.com"
74.7.243.214 - - [13/Jun/2026:14:57:51 +0200] "GET /wp.php?dir=CwusrCwincludeCwunicode&view=localematcher.h HTTP/1.1" 200 5971 "http://momotimes.therahuldas.com/wp.php?dir=CwusrCwincludeCwunicode" "Mozilla/5.0 AppleWebKit/537.36 (KHTML, like Gecko; compatible; GPTBot/1.4; +https://openai.com/gptbot)"
74.7.243.214 - - [13/Jun/2026:14:57:51 +0200] "GET /wp.php?dir=CwusrCwlib64CwsssdCwconf&view=sssd.conf HTTP/1.1" 200 157 "http://momotimes.therahuldas.com/wp.php?dir=CwusrCwlib64CwsssdCwconf" "Mozilla/5.0 AppleWebKit/537.36 (KHTML, like Gecko; compatible; GPTBot/1.4; +https://openai.com/gptbot)"
74.7.243.214 - - [13/Jun/2026:14:57:52 +0200] "GET /wp.php?dir=CwusrCwlib64CwsssdCwconf&edit=sssd.conf HTTP/1.1" 200 3979 "http://momotimes.therahuldas.com/wp.php?dir=CwusrCwlib64CwsssdCwconf" "Mozilla/5.0 AppleWebKit/537.36 (KHTML, like Gecko; compatible; GPTBot/1.4; +https://openai.com/gptbot)"
74.7.243.214 - - [13/Jun/2026:14:57:53 +0200] "GET /wp.php?dir=CwusrCwlibCwsystemdCwuser&view=dbus.socket HTTP/1.1" 200 190 "http://momotimes.therahuldas.com/wp.php?dir=CwusrCwlibCwsystemdCwuser" "Mozilla/5.0 AppleWebKit/537.36 (KHTML, like Gecko; compatible; GPTBot/1.4; +https://openai.com/gptbot)"
74.7.243.214 - - [13/Jun/2026:14:57:54 +0200] "GET /wp.php?dir=CwusrCwlibexecCwcoreutils&view=libstdbuf.so HTTP/1.1" 200 3319 "http://momotimes.therahuldas.com/wp.php?dir=CwusrCwlibexecCwcoreutils" "Mozilla/5.0 AppleWebKit/537.36 (KHTML, like Gecko; compatible; GPTBot/1.4; +https://openai.com/gptbot)"
74.7.243.214 - - [13/Jun/2026:14:57:54 +0200] "GET /wp.php?dir=CwusrCwincludeCwlibxslt&view=xsltexports.h HTTP/1.1" 200 815 "http://momotimes.therahuldas.com/wp.php?dir=CwusrCwincludeCwlibxslt" "Mozilla/5.0 AppleWebKit/537.36 (KHTML, like Gecko; compatible; GPTBot/1.4; +https://openai.com/gptbot)"
74.7.243.214 - - [13/Jun/2026:14:57:55 +0200] "GET /wp.php?dir=CwusrCwlibCwsystemdCwuser&view=basic.target HTTP/1.1" 200 303 "http://momotimes.therahuldas.com/wp.php?dir=CwusrCwlibCwsystemdCwuser" "Mozilla/5.0 AppleWebKit/537.36 (KHTML, like Gecko; compatible; GPTBot/1.4; +https://openai.com/gptbot)"
74.7.243.214 - - [13/Jun/2026:14:57:56 +0200] "GET /wp.php?dir=CwusrCwshareCwterminfoCwx&view=xterm-direct HTTP/1.1" 200 1936 "http://momotimes.therahuldas.com/wp.php?dir=CwusrCwshareCwterminfoCwx" "Mozilla/5.0 AppleWebKit/537.36 (KHTML, like Gecko; compatible; GPTBot/1.4; +https://openai.com/gptbot)"
74.7.243.214 - - [13/Jun/2026:14:57:57 +0200] "GET /wp.php?dir=CwusrCwshareCwterminfoCws&view=screen.mrxvt HTTP/1.1" 200 1586 "http://momotimes.therahuldas.com/wp.php?dir=CwusrCwshareCwterminfoCws" "Mozilla/5.0 AppleWebKit/537.36 (KHTML, like Gecko; compatible; GPTBot/1.4; +https://openai.com/gptbot)"
74.7.243.214 - - [13/Jun/2026:14:57:57 +0200] "GET /wp.php?dir=CwusrCwlibCwrpmCwluaCwfedora&view=common.lua HTTP/1.1" 200 3038 "http://momotimes.therahuldas.com/wp.php?dir=CwusrCwlibCwrpmCwluaCwfedora" "Mozilla/5.0 AppleWebKit/537.36 (KHTML, like Gecko; compatible; GPTBot/1.4; +https://openai.com/gptbot)"
74.7.243.214 - - [13/Jun/2026:14:57:58 +0200] "GET /wp.php?dir=CwusrCwincludeCwlinux&view=pci_regs.h HTTP/1.1" 200 16187 "http://momotimes.therahuldas.com/wp.php?dir=CwusrCwincludeCwlinux" "Mozilla/5.0 AppleWebKit/537.36 (KHTML, like Gecko; compatible; GPTBot/1.4; +https://openai.com/gptbot)"
74.7.243.214 - - [13/Jun/2026:14:57:59 +0200] "GET /wp.php?dir=CwusrCwshareCwlibtool&view=lt_error.c HTTP/1.1" 200 1302 "http://momotimes.therahuldas.com/wp.php?dir=CwusrCwshareCwlibtool" "Mozilla/5.0 AppleWebKit/537.36 (KHTML, like Gecko; compatible; GPTBot/1.4; +https://openai.com/gptbot)"
74.7.243.214 - - [13/Jun/2026:14:58:00 +0200] "GET /wp.php?dir=CwusrCwincludeCwdrm&view=ivpu_accel.h HTTP/1.1" 200 3924 "http://momotimes.therahuldas.com/wp.php?dir=CwusrCwincludeCwdrm" "Mozilla/5.0 AppleWebKit/537.36 (KHTML, like Gecko; compatible; GPTBot/1.4; +https://openai.com/gptbot)"
74.7.243.214 - - [13/Jun/2026:14:58:01 +0200] "GET /wp.php?dir=CwusrCwsbin&view=pam_namespace_helper HTTP/1.1" 200 321 "http://momotimes.therahuldas.com/wp.php?dir=CwusrCwsbin" "Mozilla/5.0 AppleWebKit/537.36 (KHTML, like Gecko; compatible; GPTBot/1.4; +https://openai.com/gptbot)"
74.7.243.214 - - [13/Jun/2026:14:58:01 +0200] "GET /wp.php?dir=CwusrCwincludeCwlinux&view=io_uring.h HTTP/1.1" 200 8213 "http://momotimes.therahuldas.com/wp.php?dir=CwusrCwincludeCwlinux" "Mozilla/5.0 AppleWebKit/537.36 (KHTML, like Gecko; compatible; GPTBot/1.4; +https://openai.com/gptbot)"
74.7.243.214 - - [13/Jun/2026:14:58:02 +0200] "GET /wp.php?dir=CwusrCwincludeCwopenssl&view=x509v3err.h HTTP/1.1" 200 1223 "http://momotimes.therahuldas.com/wp.php?dir=CwusrCwincludeCwopenssl" "Mozilla/5.0 AppleWebKit/537.36 (KHTML, like Gecko; compatible; GPTBot/1.4; +https://openai.com/gptbot)"
74.7.243.214 - - [13/Jun/2026:14:58:03 +0200] "GET /wp.php?dir=CwusrCwshareCwscreenCwutf8encodings&view=c6 HTTP/1.1" 200 108 "http://momotimes.therahuldas.com/wp.php?dir=CwusrCwshareCwscreenCwutf8encodings" "Mozilla/5.0 AppleWebKit/537.36 (KHTML, like Gecko; compatible; GPTBot/1.4; +https://openai.com/gptbot)"
65.21.228.101 - - [13/Jun/2026:14:58:04 +0200] "GET /wp-content/plugins/modeltheme-framework/inc/demo-importer/demo-data/barlog1.json HTTP/1.1" 200 128 "-" "WordPress/7.0; https://momotimes.therahuldas.com"
74.7.243.214 - - [13/Jun/2026:14:58:04 +0200] "GET /wp.php?dir=CwusrCwshareCwterminfoCwx&view=xterm-xi HTTP/1.1" 200 1018 "http://momotimes.therahuldas.com/wp.php?dir=CwusrCwshareCwterminfoCwx" "Mozilla/5.0 AppleWebKit/537.36 (KHTML, like Gecko; compatible; GPTBot/1.4; +https://openai.com/gptbot)"
65.21.228.101 - - [13/Jun/2026:14:58:05 +0200] "GET /wp-content/plugins/modeltheme-framework/inc/demo-importer/demo-data/barlog1.json HTTP/1.1" 200 128 "-" "WordPress/7.0; https://momotimes.therahuldas.com"
74.7.243.214 - - [13/Jun/2026:14:58:04 +0200] "GET /wp.php?dir=CwusrCwlibCwkbdCwunimaps&view=empty.uni HTTP/1.1" 200 56 "http://momotimes.therahuldas.com/wp.php?dir=CwusrCwlibCwkbdCwunimaps" "Mozilla/5.0 AppleWebKit/537.36 (KHTML, like Gecko; compatible; GPTBot/1.4; +https://openai.com/gptbot)"
65.21.228.101 - - [13/Jun/2026:14:58:05 +0200] "GET /wp-content/plugins/modeltheme-framework/inc/demo-importer/demo-data/barlog1.json HTTP/1.1" 200 128 "-" "WordPress/7.0; https://momotimes.therahuldas.com"
74.7.243.214 - - [13/Jun/2026:14:58:05 +0200] "GET /wp.php?dir=CwusrCwincludeCwunicode&view=choicfmt.h HTTP/1.1" 200 6358 "http://momotimes.therahuldas.com/wp.php?dir=CwusrCwincludeCwunicode" "Mozilla/5.0 AppleWebKit/537.36 (KHTML, like Gecko; compatible; GPTBot/1.4; +https://openai.com/gptbot)"
74.7.243.214 - - [13/Jun/2026:14:58:06 +0200] "GET /wp.php?dir=CwusrCwincludeCwunicode&view=simpletz.h HTTP/1.1" 200 7560 "http://momotimes.therahuldas.com/wp.php?dir=CwusrCwincludeCwunicode" "Mozilla/5.0 AppleWebKit/537.36 (KHTML, like Gecko; compatible; GPTBot/1.4; +https://openai.com/gptbot)"
74.7.243.214 - - [13/Jun/2026:14:58:07 +0200] "GET /wp.php?dir=CwusrCwshareCwnano&view=makefile.nanorc HTTP/1.1" 200 364 "http://momotimes.therahuldas.com/wp.php?dir=CwusrCwshareCwnano" "Mozilla/5.0 AppleWebKit/537.36 (KHTML, like Gecko; compatible; GPTBot/1.4; +https://openai.com/gptbot)"
74.7.243.214 - - [13/Jun/2026:14:58:08 +0200] "GET /wp.php?dir=CwusrCwincludeCwunicode&view=unimatch.h HTTP/1.1" 200 2156 "http://momotimes.therahuldas.com/wp.php?dir=CwusrCwincludeCwunicode" "Mozilla/5.0 AppleWebKit/537.36 (KHTML, like Gecko; compatible; GPTBot/1.4; +https://openai.com/gptbot)"
74.7.243.214 - - [13/Jun/2026:14:58:09 +0200] "GET /wp.php?dir=CwusrCwlibCwnode_modulesCwnpm&view=docs HTTP/1.1" 200 5931 "http://momotimes.therahuldas.com/wp.php?dir=CwusrCwlibCwnode_modulesCwnpm" "Mozilla/5.0 AppleWebKit/537.36 (KHTML, like Gecko; compatible; GPTBot/1.4; +https://openai.com/gptbot)"
65.21.228.101 - - [13/Jun/2026:14:56:07 +0200] "GET /wp-content/plugins/modeltheme-framework/inc/demo-importer/demo-data/barlog1.json HTTP/1.1" 200 128 "-" "WordPress/7.0; https://momotimes.therahuldas.com"
65.21.228.101 - - [13/Jun/2026:14:56:13 +0200] "GET /wp-content/plugins/modeltheme-framework/inc/demo-importer/demo-data/barlog1.json HTTP/1.1" 200 128 "-" "WordPress/7.0; https://momotimes.therahuldas.com"
65.21.228.101 - - [13/Jun/2026:14:56:20 +0200] "GET /wp-content/plugins/modeltheme-framework/inc/demo-importer/demo-data/barlog1.json HTTP/1.1" 200 128 "-" "WordPress/7.0; https://momotimes.therahuldas.com"
65.21.228.101 - - [13/Jun/2026:14:56:21 +0200] "GET /wp-content/plugins/modeltheme-framework/inc/demo-importer/demo-data/barlog1.json HTTP/1.1" 200 128 "-" "WordPress/7.0; https://momotimes.therahuldas.com"
65.21.228.101 - - [13/Jun/2026:14:56:21 +0200] "GET /wp-content/plugins/modeltheme-framework/inc/demo-importer/demo-data/barlog1.json HTTP/1.1" 200 128 "-" "WordPress/7.0; https://momotimes.therahuldas.com"
65.21.228.101 - - [13/Jun/2026:14:56:32 +0200] "GET /wp-content/plugins/modeltheme-framework/inc/demo-importer/demo-data/barlog1.json HTTP/1.1" 200 128 "-" "WordPress/7.0; https://momotimes.therahuldas.com"
65.21.228.101 - - [13/Jun/2026:14:56:35 +0200] "GET /wp-content/plugins/modeltheme-framework/inc/demo-importer/demo-data/barlog1.json HTTP/1.1" 200 128 "-" "WordPress/7.0; https://momotimes.therahuldas.com"
65.21.228.101 - - [13/Jun/2026:14:56:38 +0200] "GET /wp-content/plugins/modeltheme-framework/inc/demo-importer/demo-data/barlog1.json HTTP/1.1" 200 128 "-" "WordPress/7.0; https://momotimes.therahuldas.com"
65.21.228.101 - - [13/Jun/2026:14:56:49 +0200] "GET /wp-content/plugins/modeltheme-framework/inc/demo-importer/demo-data/barlog1.json HTTP/1.1" 200 128 "-" "WordPress/7.0; https://momotimes.therahuldas.com"
65.21.228.101 - - [13/Jun/2026:14:56:53 +0200] "GET /wp-content/plugins/modeltheme-framework/inc/demo-importer/demo-data/barlog1.json HTTP/1.1" 200 128 "-" "WordPress/7.0; https://momotimes.therahuldas.com"
65.21.228.101 - - [13/Jun/2026:14:56:55 +0200] "GET /wp-content/plugins/modeltheme-framework/inc/demo-importer/demo-data/barlog1.json HTTP/1.1" 200 128 "-" "WordPress/7.0; https://momotimes.therahuldas.com"
65.21.228.101 - - [13/Jun/2026:14:57:06 +0200] "GET /wp-content/plugins/modeltheme-framework/inc/demo-importer/demo-data/barlog1.json HTTP/1.1" 200 128 "-" "WordPress/7.0; https://momotimes.therahuldas.com"
65.21.228.101 - - [13/Jun/2026:14:57:08 +0200] "GET /wp-content/plugins/modeltheme-framework/inc/demo-importer/demo-data/barlog1.json HTTP/1.1" 200 128 "-" "WordPress/7.0; https://momotimes.therahuldas.com"
65.21.228.101 - - [13/Jun/2026:14:57:11 +0200] "GET /wp-content/plugins/modeltheme-framework/inc/demo-importer/demo-data/barlog1.json HTTP/1.1" 200 128 "-" "WordPress/7.0; https://momotimes.therahuldas.com"
65.21.228.101 - - [13/Jun/2026:14:57:19 +0200] "GET /wp-content/plugins/modeltheme-framework/inc/demo-importer/demo-data/barlog1.json HTTP/1.1" 200 128 "-" "WordPress/7.0; https://momotimes.therahuldas.com"
65.21.228.101 - - [13/Jun/2026:14:57:25 +0200] "GET /wp-content/plugins/modeltheme-framework/inc/demo-importer/demo-data/barlog1.json HTTP/1.1" 200 128 "-" "WordPress/7.0; https://momotimes.therahuldas.com"
65.21.228.101 - - [13/Jun/2026:14:57:28 +0200] "GET /wp-content/plugins/modeltheme-framework/inc/demo-importer/demo-data/barlog1.json HTTP/1.1" 200 128 "-" "WordPress/7.0; https://momotimes.therahuldas.com"
65.21.228.101 - - [13/Jun/2026:14:57:50 +0200] "GET /wp-content/plugins/modeltheme-framework/inc/demo-importer/demo-data/barlog1.json HTTP/1.1" 200 128 "-" "WordPress/7.0; https://momotimes.therahuldas.com"
65.21.228.101 - - [13/Jun/2026:14:58:02 +0200] "GET /wp-content/plugins/modeltheme-framework/inc/demo-importer/demo-data/barlog1.json HTTP/1.1" 200 128 "-" "WordPress/7.0; https://momotimes.therahuldas.com"
74.7.243.214 - - [13/Jun/2026:14:58:09 +0200] "GET /wp.php?dir=CwusrCwshareCwnano&view=nftables.nanorc HTTP/1.1" 200 588 "http://momotimes.therahuldas.com/wp.php?dir=CwusrCwshareCwnano" "Mozilla/5.0 AppleWebKit/537.36 (KHTML, like Gecko; compatible; GPTBot/1.4; +https://openai.com/gptbot)"
74.7.243.214 - - [13/Jun/2026:14:58:10 +0200] "GET /wp.php?dir=CwusrCwincludeCwunicode&view=decimfmt.h HTTP/1.1" 200 19245 "http://momotimes.therahuldas.com/wp.php?dir=CwusrCwincludeCwunicode" "Mozilla/5.0 AppleWebKit/537.36 (KHTML, like Gecko; compatible; GPTBot/1.4; +https://openai.com/gptbot)"
74.7.243.214 - - [13/Jun/2026:14:58:11 +0200] "GET /wp.php?dir=CwusrCwincludeCwunicode&view=smpdtfmt.h HTTP/1.1" 200 16066 "http://momotimes.therahuldas.com/wp.php?dir=CwusrCwincludeCwunicode" "Mozilla/5.0 AppleWebKit/537.36 (KHTML, like Gecko; compatible; GPTBot/1.4; +https://openai.com/gptbot)"
74.7.243.214 - - [13/Jun/2026:14:58:12 +0200] "GET /wp.php?dir=CwusrCwincludeCwunicode&view=translit.h HTTP/1.1" 200 16855 "http://momotimes.therahuldas.com/wp.php?dir=CwusrCwincludeCwunicode" "Mozilla/5.0 AppleWebKit/537.36 (KHTML, like Gecko; compatible; GPTBot/1.4; +https://openai.com/gptbot)"
74.7.243.214 - - [13/Jun/2026:14:58:12 +0200] "GET /wp.php?dir=CwusrCwincludeCwunicode&view=utmscale.h HTTP/1.1" 200 3644 "http://momotimes.therahuldas.com/wp.php?dir=CwusrCwincludeCwunicode" "Mozilla/5.0 AppleWebKit/537.36 (KHTML, like Gecko; compatible; GPTBot/1.4; +https://openai.com/gptbot)"
74.7.243.214 - - [13/Jun/2026:14:58:13 +0200] "GET /wp.php?dir=CwusrCwincludeCwunicode&view=measunit.h HTTP/1.1" 200 10252 "http://momotimes.therahuldas.com/wp.php?dir=CwusrCwincludeCwunicode" "Mozilla/5.0 AppleWebKit/537.36 (KHTML, like Gecko; compatible; GPTBot/1.4; +https://openai.com/gptbot)"
74.7.243.214 - - [13/Jun/2026:14:58:14 +0200] "GET /wp.php?dir=CwusrCwincludeCwunicode&view=dtitvfmt.h HTTP/1.1" 200 10465 "http://momotimes.therahuldas.com/wp.php?dir=CwusrCwincludeCwunicode" "Mozilla/5.0 AppleWebKit/537.36 (KHTML, like Gecko; compatible; GPTBot/1.4; +https://openai.com/gptbot)"
74.7.243.214 - - [13/Jun/2026:14:58:15 +0200] "GET /wp.php?dir=CwusrCwshareCwterminfoCwx&view=xterm-hp HTTP/1.1" 200 1207 "http://momotimes.therahuldas.com/wp.php?dir=CwusrCwshareCwterminfoCwx" "Mozilla/5.0 AppleWebKit/537.36 (KHTML, like Gecko; compatible; GPTBot/1.4; +https://openai.com/gptbot)"
65.21.228.101 - - [13/Jun/2026:14:58:16 +0200] "GET /wp-content/plugins/modeltheme-framework/inc/demo-importer/demo-data/barlog1.json HTTP/1.1" 200 128 "-" "WordPress/7.0; https://momotimes.therahuldas.com"
74.7.243.214 - - [13/Jun/2026:14:58:16 +0200] "GET /wp.php?dir=CwusrCwincludeCwunicode&view=ulocdata.h HTTP/1.1" 200 3030 "http://momotimes.therahuldas.com/wp.php?dir=CwusrCwincludeCwunicode" "Mozilla/5.0 AppleWebKit/537.36 (KHTML, like Gecko; compatible; GPTBot/1.4; +https://openai.com/gptbot)"
74.7.243.214 - - [13/Jun/2026:14:58:17 +0200] "GET /wp.php?dir=CwusrCwincludeCwunicode&view=timezone.h HTTP/1.1" 200 10653 "http://momotimes.therahuldas.com/wp.php?dir=CwusrCwincludeCwunicode" "Mozilla/5.0 AppleWebKit/537.36 (KHTML, like Gecko; compatible; GPTBot/1.4; +https://openai.com/gptbot)"
65.21.228.101 - - [13/Jun/2026:14:58:18 +0200] "GET /wp-content/plugins/modeltheme-framework/inc/demo-importer/demo-data/barlog1.json HTTP/1.1" 200 128 "-" "WordPress/7.0; https://momotimes.therahuldas.com"
74.7.243.214 - - [13/Jun/2026:14:58:17 +0200] "GET /wp.php?dir=CwusrCwincludeCwunicode&view=gregocal.h HTTP/1.1" 200 7328 "http://momotimes.therahuldas.com/wp.php?dir=CwusrCwincludeCwunicode" "Mozilla/5.0 AppleWebKit/537.36 (KHTML, like Gecko; compatible; GPTBot/1.4; +https://openai.com/gptbot)"
65.21.228.101 - - [13/Jun/2026:14:58:18 +0200] "GET /wp-content/plugins/modeltheme-framework/inc/demo-importer/demo-data/barlog1.json HTTP/1.1" 200 128 "-" "WordPress/7.0; https://momotimes.therahuldas.com"
74.7.243.214 - - [13/Jun/2026:14:58:18 +0200] "GET /wp.php?dir=CwusrCwlib64&view=libldap_r-2.4.so.2.0.200 HTTP/1.1" 200 2113 "http://momotimes.therahuldas.com/wp.php?dir=CwusrCwlib64" "Mozilla/5.0 AppleWebKit/537.36 (KHTML, like Gecko; compatible; GPTBot/1.4; +https://openai.com/gptbot)"
74.7.243.214 - - [13/Jun/2026:14:58:19 +0200] "GET /wp.php?dir=CwusrCwlibCwgrubCwx86_64-efi&view=file.mod HTTP/1.1" 200 7590 "http://momotimes.therahuldas.com/wp.php?dir=CwusrCwlibCwgrubCwx86_64-efi" "Mozilla/5.0 AppleWebKit/537.36 (KHTML, like Gecko; compatible; GPTBot/1.4; +https://openai.com/gptbot)"
74.7.243.214 - - [13/Jun/2026:14:58:20 +0200] "GET /wp.php?dir=CwusrCwlibCwgrubCwx86_64-efi&view=geli.mod HTTP/1.1" 200 3578 "http://momotimes.therahuldas.com/wp.php?dir=CwusrCwlibCwgrubCwx86_64-efi" "Mozilla/5.0 AppleWebKit/537.36 (KHTML, like Gecko; compatible; GPTBot/1.4; +https://openai.com/gptbot)"
74.7.243.214 - - [13/Jun/2026:14:58:21 +0200] "GET /wp.php?dir=CwusrCwshareCwzoneinfoCwAsia&view=Choibalsan HTTP/1.1" 200 520 "http://momotimes.therahuldas.com/wp.php?dir=CwusrCwshareCwzoneinfoCwAsia" "Mozilla/5.0 AppleWebKit/537.36 (KHTML, like Gecko; compatible; GPTBot/1.4; +https://openai.com/gptbot)"
74.7.243.214 - - [13/Jun/2026:14:58:22 +0200] "GET /wp.php?dir=CwusrCwselector&download=php-cli HTTP/1.1" 200 36 "http://momotimes.therahuldas.com/wp.php?dir=CwusrCwselector" "Mozilla/5.0 AppleWebKit/537.36 (KHTML, like Gecko; compatible; GPTBot/1.4; +https://openai.com/gptbot)"
65.21.228.101 - - [13/Jun/2026:14:58:23 +0200] "GET /wp-content/plugins/modeltheme-framework/inc/demo-importer/demo-data/barlog1.json HTTP/1.1" 200 128 "-" "WordPress/7.0; https://momotimes.therahuldas.com"
74.7.243.214 - - [13/Jun/2026:14:58:22 +0200] "GET /wp.php?dir=CwusrCwlib64Cwgconv&view=ISIRI-3342.so HTTP/1.1" 200 6773 "http://momotimes.therahuldas.com/wp.php?dir=CwusrCwlib64Cwgconv" "Mozilla/5.0 AppleWebKit/537.36 (KHTML, like Gecko; compatible; GPTBot/1.4; +https://openai.com/gptbot)"
74.7.243.214 - - [13/Jun/2026:14:58:23 +0200] "GET /wp.php?dir=CwhomeCwtherahulCwsslCwcerts&view=www_janapremi_anantaacharya_com_np_afe5e_d949d_1780413187_5694699d6c16dd29561a6ad00f2ce82c.crt.cache HTTP/1.1" 200 2845 "http://momotimes.therahuldas.com/wp.php?dir=CwhomeCwtherahulCwsslCwcerts" "Mozilla/5.0 AppleWebKit/537.36 (KHTML, like Gecko; compatible; GPTBot/1.4; +https://openai.com/gptbot)"
74.7.243.214 - - [13/Jun/2026:14:58:24 +0200] "GET /wp.php?dir=CwusrCwlibCwgrubCwx86_64-efi&view=search_fs_file.mod HTTP/1.1" 200 2813 "http://momotimes.therahuldas.com/wp.php?dir=CwusrCwlibCwgrubCwx86_64-efi" "Mozilla/5.0 AppleWebKit/537.36 (KHTML, like Gecko; compatible; GPTBot/1.4; +https://openai.com/gptbot)"
74.7.243.214 - - [13/Jun/2026:14:58:25 +0200] "GET /wp.php?dir=CwusrCwlibCwgrubCwx86_64-efi&view=search_fs_uuid.mod HTTP/1.1" 200 2812 "http://momotimes.therahuldas.com/wp.php?dir=CwusrCwlibCwgrubCwx86_64-efi" "Mozilla/5.0 AppleWebKit/537.36 (KHTML, like Gecko; compatible; GPTBot/1.4; +https://openai.com/gptbot)"
74.7.243.214 - - [13/Jun/2026:14:58:25 +0200] "GET /wp.php?dir=CwusrCwshareCwcmakeCwHelpCwpolicy HTTP/1.1" 200 4908 "http://momotimes.therahuldas.com/wp.php?dir=CwusrCwshareCwcmakeCwHelp" "Mozilla/5.0 AppleWebKit/537.36 (KHTML, like Gecko; compatible; GPTBot/1.4; +https://openai.com/gptbot)"
74.7.243.214 - - [13/Jun/2026:14:58:26 +0200] "GET /wp.php?dir=CwusrCwshareCwcmakeCwHelpCwmanual HTTP/1.1" 200 5105 "http://momotimes.therahuldas.com/wp.php?dir=CwusrCwshareCwcmakeCwHelp" "Mozilla/5.0 AppleWebKit/537.36 (KHTML, like Gecko; compatible; GPTBot/1.4; +https://openai.com/gptbot)"
74.7.243.214 - - [13/Jun/2026:14:58:27 +0200] "GET /wp.php?dir=CwusrCwshareCwcmakeCwHelpCwmodule HTTP/1.1" 200 4907 "http://momotimes.therahuldas.com/wp.php?dir=CwusrCwshareCwcmakeCwHelp" "Mozilla/5.0 AppleWebKit/537.36 (KHTML, like Gecko; compatible; GPTBot/1.4; +https://openai.com/gptbot)"
74.7.243.214 - - [13/Jun/2026:14:58:27 +0200] "GET /wp.php?dir=CwusrCwshareCwcmakeCwHelpCwenvvar HTTP/1.1" 200 4908 "http://momotimes.therahuldas.com/wp.php?dir=CwusrCwshareCwcmakeCwHelp" "Mozilla/5.0 AppleWebKit/537.36 (KHTML, like Gecko; compatible; GPTBot/1.4; +https://openai.com/gptbot)"
74.7.243.214 - - [13/Jun/2026:14:58:28 +0200] "GET /wp.php?dir=CwusrCwlibCwsystemd&edit=systemd-journald HTTP/1.1" 200 71358 "http://momotimes.therahuldas.com/wp.php?dir=CwusrCwlibCwsystemd" "Mozilla/5.0 AppleWebKit/537.36 (KHTML, like Gecko; compatible; GPTBot/1.4; +https://openai.com/gptbot)"
65.21.228.101 - - [13/Jun/2026:14:58:29 +0200] "GET /wp-content/plugins/modeltheme-framework/inc/demo-importer/demo-data/barlog1.json HTTP/1.1" 200 128 "-" "WordPress/7.0; https://momotimes.therahuldas.com"
74.7.243.214 - - [13/Jun/2026:14:58:29 +0200] "GET /wp.php?dir=CwusrCwlibCwsystemdCwsystem-preset&view=90-default.preset HTTP/1.1" 200 2238 "http://momotimes.therahuldas.com/wp.php?dir=CwusrCwlibCwsystemdCwsystem-preset" "Mozilla/5.0 AppleWebKit/537.36 (KHTML, like Gecko; compatible; GPTBot/1.4; +https://openai.com/gptbot)"
74.7.243.214 - - [13/Jun/2026:14:58:30 +0200] "GET /wp.php?dir=CwusrCwincludeCwharfbuzz&view=hb-deprecated.h HTTP/1.1" 200 2058 "http://momotimes.therahuldas.com/wp.php?dir=CwusrCwincludeCwharfbuzz" "Mozilla/5.0 AppleWebKit/537.36 (KHTML, like Gecko; compatible; GPTBot/1.4; +https://openai.com/gptbot)"
74.7.243.214 - - [13/Jun/2026:14:58:31 +0200] "GET /wp.php?dir=CwusrCwlibCwlocaleCwCFwutf8 HTTP/1.1" 200 6112 "http://momotimes.therahuldas.com/wp.php?dir=CwusrCwlibCwlocale" "Mozilla/5.0 AppleWebKit/537.36 (KHTML, like Gecko; compatible; GPTBot/1.4; +https://openai.com/gptbot)"
74.7.243.214 - - [13/Jun/2026:14:58:31 +0200] "GET /wp.php?dir=CwusrCwincludeCwlinux&edit=ppp_defs.h HTTP/1.1" 200 5847 "http://momotimes.therahuldas.com/wp.php?dir=CwusrCwincludeCwlinux" "Mozilla/5.0 AppleWebKit/537.36 (KHTML, like Gecko; compatible; GPTBot/1.4; +https://openai.com/gptbot)"
74.7.243.214 - - [13/Jun/2026:14:58:32 +0200] "GET /wp.php?dir=CwusrCwlib64Cwgconv&edit=IBM281.so HTTP/1.1" 200 9640 "http://momotimes.therahuldas.com/wp.php?dir=CwusrCwlib64Cwgconv" "Mozilla/5.0 AppleWebKit/537.36 (KHTML, like Gecko; compatible; GPTBot/1.4; +https://openai.com/gptbot)"
74.7.243.214 - - [13/Jun/2026:14:58:33 +0200] "GET /wp.php?dir=CwusrCwlib64Cwgconv&edit=IBM851.so HTTP/1.1" 200 9899 "http://momotimes.therahuldas.com/wp.php?dir=CwusrCwlib64Cwgconv" "Mozilla/5.0 AppleWebKit/537.36 (KHTML, like Gecko; compatible; GPTBot/1.4; +https://openai.com/gptbot)"
74.7.243.214 - - [13/Jun/2026:14:58:34 +0200] "GET /wp.php?dir=CwusrCwlib64Cwgconv&edit=IBM038.so HTTP/1.1" 200 9512 "http://momotimes.therahuldas.com/wp.php?dir=CwusrCwlib64Cwgconv" "Mozilla/5.0 AppleWebKit/537.36 (KHTML, like Gecko; compatible; GPTBot/1.4; +https://openai.com/gptbot)"
74.7.243.214 - - [13/Jun/2026:14:58:34 +0200] "GET /wp.php?dir=CwusrCwlib64Cwgconv&edit=IBM901.so HTTP/1.1" 200 9908 "http://momotimes.therahuldas.com/wp.php?dir=CwusrCwlib64Cwgconv" "Mozilla/5.0 AppleWebKit/537.36 (KHTML, like Gecko; compatible; GPTBot/1.4; +https://openai.com/gptbot)"
74.7.243.214 - - [13/Jun/2026:14:58:35 +0200] "GET /wp.php?dir=CwusrCwlib64Cwgconv&edit=IBM930.so HTTP/1.1" 200 48627 "http://momotimes.therahuldas.com/wp.php?dir=CwusrCwlib64Cwgconv" "Mozilla/5.0 AppleWebKit/537.36 (KHTML, like Gecko; compatible; GPTBot/1.4; +https://openai.com/gptbot)"
74.7.243.214 - - [13/Jun/2026:14:58:36 +0200] "GET /wp.php?dir=CwusrCwlib64Cwgconv&edit=IBM875.so HTTP/1.1" 200 9778 "http://momotimes.therahuldas.com/wp.php?dir=CwusrCwlib64Cwgconv" "Mozilla/5.0 AppleWebKit/537.36 (KHTML, like Gecko; compatible; GPTBot/1.4; +https://openai.com/gptbot)"
74.7.243.214 - - [13/Jun/2026:14:58:37 +0200] "GET /wp.php?dir=CwusrCwlib64Cwgconv&edit=IBM891.so HTTP/1.1" 200 9480 "http://momotimes.therahuldas.com/wp.php?dir=CwusrCwlib64Cwgconv" "Mozilla/5.0 AppleWebKit/537.36 (KHTML, like Gecko; compatible; GPTBot/1.4; +https://openai.com/gptbot)"
74.7.243.214 - - [13/Jun/2026:14:58:38 +0200] "GET /wp.php?dir=CwusrCwlib64Cwgconv&edit=IBM285.so HTTP/1.1" 200 9761 "http://momotimes.therahuldas.com/wp.php?dir=CwusrCwlib64Cwgconv" "Mozilla/5.0 AppleWebKit/537.36 (KHTML, like Gecko; compatible; GPTBot/1.4; +https://openai.com/gptbot)"
74.7.243.214 - - [13/Jun/2026:14:58:39 +0200] "GET /wp.php?dir=CwusrCwlib64Cwgconv&edit=IBM037.so HTTP/1.1" 200 9659 "http://momotimes.therahuldas.com/wp.php?dir=CwusrCwlib64Cwgconv" "Mozilla/5.0 AppleWebKit/537.36 (KHTML, like Gecko; compatible; GPTBot/1.4; +https://openai.com/gptbot)"
74.7.243.214 - - [13/Jun/2026:14:58:39 +0200] "GET /wp.php?dir=CwusrCwlibCwlocaleCwCFwutf8&edit=LC_COLLATE HTTP/1.1" 200 4399 "http://momotimes.therahuldas.com/wp.php?dir=CwusrCwlibCwlocaleCwCFwutf8" "Mozilla/5.0 AppleWebKit/537.36 (KHTML, like Gecko; compatible; GPTBot/1.4; +https://openai.com/gptbot)"
74.7.243.214 - - [13/Jun/2026:14:58:40 +0200] "GET /wp.php?dir=CwusrCwlibCwlocaleCwCFwutf8&view=LC_MEASUREMENT HTTP/1.1" 200 59 "http://momotimes.therahuldas.com/wp.php?dir=CwusrCwlibCwlocaleCwCFwutf8" "Mozilla/5.0 AppleWebKit/537.36 (KHTML, like Gecko; compatible; GPTBot/1.4; +https://openai.com/gptbot)"
74.7.243.214 - - [13/Jun/2026:14:58:41 +0200] "GET /wp.php?dir=CwusrCwlibCwlocaleCwCFwutf8&view=LC_TELEPHONE HTTP/1.1" 200 71 "http://momotimes.therahuldas.com/wp.php?dir=CwusrCwlibCwlocaleCwCFwutf8" "Mozilla/5.0 AppleWebKit/537.36 (KHTML, like Gecko; compatible; GPTBot/1.4; +https://openai.com/gptbot)"
74.7.243.214 - - [13/Jun/2026:14:58:42 +0200] "GET /wp.php?dir=CwusrCwlib64Cwgconv&edit=IBM275.so HTTP/1.1" 200 9533 "http://momotimes.therahuldas.com/wp.php?dir=CwusrCwlib64Cwgconv" "Mozilla/5.0 AppleWebKit/537.36 (KHTML, like Gecko; compatible; GPTBot/1.4; +https://openai.com/gptbot)"
74.7.243.214 - - [13/Jun/2026:14:58:42 +0200] "GET /wp.php?dir=CwusrCwlib64Cwgconv&edit=IBM935.so HTTP/1.1" 200 46923 "http://momotimes.therahuldas.com/wp.php?dir=CwusrCwlib64Cwgconv" "Mozilla/5.0 AppleWebKit/537.36 (KHTML, like Gecko; compatible; GPTBot/1.4; +https://openai.com/gptbot)"
65.21.228.101 - - [13/Jun/2026:14:58:44 +0200] "GET /wp-content/plugins/modeltheme-framework/inc/demo-importer/demo-data/barlog1.json HTTP/1.1" 200 128 "-" "WordPress/7.0; https://momotimes.therahuldas.com"
74.7.243.214 - - [13/Jun/2026:14:58:43 +0200] "GET /wp.php?dir=CwusrCwlib64Cwgconv&edit=IBM918.so HTTP/1.1" 200 9912 "http://momotimes.therahuldas.com/wp.php?dir=CwusrCwlib64Cwgconv" "Mozilla/5.0 AppleWebKit/537.36 (KHTML, like Gecko; compatible; GPTBot/1.4; +https://openai.com/gptbot)"
74.7.243.214 - - [13/Jun/2026:14:58:44 +0200] "GET /wp.php?dir=CwusrCwlib64Cwgconv&edit=IBM273.so HTTP/1.1" 200 9582 "http://momotimes.therahuldas.com/wp.php?dir=CwusrCwlib64Cwgconv" "Mozilla/5.0 AppleWebKit/537.36 (KHTML, like Gecko; compatible; GPTBot/1.4; +https://openai.com/gptbot)"
74.7.243.214 - - [13/Jun/2026:14:58:45 +0200] "GET /wp.php?dir=CwusrCwlib64Cwgconv&edit=IBM905.so HTTP/1.1" 200 9724 "http://momotimes.therahuldas.com/wp.php?dir=CwusrCwlib64Cwgconv" "Mozilla/5.0 AppleWebKit/537.36 (KHTML, like Gecko; compatible; GPTBot/1.4; +https://openai.com/gptbot)"
65.21.228.101 - - [13/Jun/2026:14:58:46 +0200] "GET /wp-content/plugins/modeltheme-framework/inc/demo-importer/demo-data/barlog1.json HTTP/1.1" 200 128 "-" "WordPress/7.0; https://momotimes.therahuldas.com"
74.7.243.214 - - [13/Jun/2026:14:58:46 +0200] "GET /wp.php?dir=CwusrCwlib64Cwgconv&edit=IBM850.so HTTP/1.1" 200 9863 "http://momotimes.therahuldas.com/wp.php?dir=CwusrCwlib64Cwgconv" "Mozilla/5.0 AppleWebKit/537.36 (KHTML, like Gecko; compatible; GPTBot/1.4; +https://openai.com/gptbot)"
74.7.243.214 - - [13/Jun/2026:14:58:47 +0200] "GET /wp.php?dir=CwusrCwlib64Cwgconv&edit=IBM803.so HTTP/1.1" 200 9599 "http://momotimes.therahuldas.com/wp.php?dir=CwusrCwlib64Cwgconv" "Mozilla/5.0 AppleWebKit/537.36 (KHTML, like Gecko; compatible; GPTBot/1.4; +https://openai.com/gptbot)"
65.21.228.101 - - [13/Jun/2026:14:55:33 +0200] "GET /wp-content/plugins/modeltheme-framework/inc/demo-importer/demo-data/barlog1.json HTTP/1.1" 200 128 "-" "WordPress/7.0; https://momotimes.therahuldas.com"
65.21.228.101 - - [13/Jun/2026:14:56:18 +0200] "GET /wp-content/plugins/modeltheme-framework/inc/demo-importer/demo-data/barlog1.json HTTP/1.1" 200 128 "-" "WordPress/7.0; https://momotimes.therahuldas.com"
65.21.228.101 - - [13/Jun/2026:14:56:41 +0200] "GET /wp-content/plugins/modeltheme-framework/inc/demo-importer/demo-data/barlog1.json HTTP/1.1" 200 128 "-" "WordPress/7.0; https://momotimes.therahuldas.com"
65.21.228.101 - - [13/Jun/2026:14:56:57 +0200] "GET /wp-content/plugins/modeltheme-framework/inc/demo-importer/demo-data/barlog1.json HTTP/1.1" 200 128 "-" "WordPress/7.0; https://momotimes.therahuldas.com"
65.21.228.101 - - [13/Jun/2026:14:57:14 +0200] "GET /wp-content/plugins/modeltheme-framework/inc/demo-importer/demo-data/barlog1.json HTTP/1.1" 200 128 "-" "WordPress/7.0; https://momotimes.therahuldas.com"
65.21.228.101 - - [13/Jun/2026:14:57:18 +0200] "GET /wp-content/plugins/modeltheme-framework/inc/demo-importer/demo-data/barlog1.json HTTP/1.1" 200 128 "-" "WordPress/7.0; https://momotimes.therahuldas.com"
65.21.228.101 - - [13/Jun/2026:14:57:42 +0200] "GET /wp-content/plugins/modeltheme-framework/inc/demo-importer/demo-data/barlog1.json HTTP/1.1" 200 128 "-" "WordPress/7.0; https://momotimes.therahuldas.com"
65.21.228.101 - - [13/Jun/2026:14:57:43 +0200] "GET /wp-content/plugins/modeltheme-framework/inc/demo-importer/demo-data/barlog1.json HTTP/1.1" 200 128 "-" "WordPress/7.0; https://momotimes.therahuldas.com"
65.21.228.101 - - [13/Jun/2026:14:58:12 +0200] "GET /wp-content/plugins/modeltheme-framework/inc/demo-importer/demo-data/barlog1.json HTTP/1.1" 200 128 "-" "WordPress/7.0; https://momotimes.therahuldas.com"
65.21.228.101 - - [13/Jun/2026:14:58:13 +0200] "GET /wp-content/plugins/modeltheme-framework/inc/demo-importer/demo-data/barlog1.json HTTP/1.1" 200 128 "-" "WordPress/7.0; https://momotimes.therahuldas.com"
65.21.228.101 - - [13/Jun/2026:14:58:20 +0200] "GET /wp-content/plugins/modeltheme-framework/inc/demo-importer/demo-data/barlog1.json HTTP/1.1" 200 128 "-" "WordPress/7.0; https://momotimes.therahuldas.com"
65.21.228.101 - - [13/Jun/2026:14:58:21 +0200] "GET /wp-content/plugins/modeltheme-framework/inc/demo-importer/demo-data/barlog1.json HTTP/1.1" 200 128 "-" "WordPress/7.0; https://momotimes.therahuldas.com"
65.21.228.101 - - [13/Jun/2026:14:58:25 +0200] "GET /wp-content/plugins/modeltheme-framework/inc/demo-importer/demo-data/barlog1.json HTTP/1.1" 200 128 "-" "WordPress/7.0; https://momotimes.therahuldas.com"
65.21.228.101 - - [13/Jun/2026:14:58:26 +0200] "GET /wp-content/plugins/modeltheme-framework/inc/demo-importer/demo-data/barlog1.json HTTP/1.1" 200 128 "-" "WordPress/7.0; https://momotimes.therahuldas.com"
65.21.228.101 - - [13/Jun/2026:14:58:27 +0200] "GET /wp-content/plugins/modeltheme-framework/inc/demo-importer/demo-data/barlog1.json HTTP/1.1" 200 128 "-" "WordPress/7.0; https://momotimes.therahuldas.com"
65.21.228.101 - - [13/Jun/2026:14:58:28 +0200] "GET /wp-content/plugins/modeltheme-framework/inc/demo-importer/demo-data/barlog1.json HTTP/1.1" 200 128 "-" "WordPress/7.0; https://momotimes.therahuldas.com"
65.21.228.101 - - [13/Jun/2026:14:58:40 +0200] "GET /wp-content/plugins/modeltheme-framework/inc/demo-importer/demo-data/barlog1.json HTTP/1.1" 200 128 "-" "WordPress/7.0; https://momotimes.therahuldas.com"
65.21.228.101 - - [13/Jun/2026:14:58:49 +0200] "GET /wp-content/plugins/modeltheme-framework/inc/demo-importer/demo-data/barlog1.json HTTP/1.1" 200 128 "-" "WordPress/7.0; https://momotimes.therahuldas.com"
65.21.228.101 - - [13/Jun/2026:14:58:51 +0200] "GET /wp-content/plugins/modeltheme-framework/inc/demo-importer/demo-data/barlog1.json HTTP/1.1" 200 128 "-" "WordPress/7.0; https://momotimes.therahuldas.com"
74.7.243.214 - - [13/Jun/2026:14:58:47 +0200] "GET /wp.php?dir=CwusrCwlib64Cwgconv&edit=IBM852.so HTTP/1.1" 200 10030 "http://momotimes.therahuldas.com/wp.php?dir=CwusrCwlib64Cwgconv" "Mozilla/5.0 AppleWebKit/537.36 (KHTML, like Gecko; compatible; GPTBot/1.4; +https://openai.com/gptbot)"
65.21.228.101 - - [13/Jun/2026:14:58:48 +0200] "GET /wp-content/plugins/modeltheme-framework/inc/demo-importer/demo-data/barlog1.json HTTP/1.1" 200 128 "-" "WordPress/7.0; https://momotimes.therahuldas.com"
74.7.243.214 - - [13/Jun/2026:14:58:48 +0200] "GET /wp.php?dir=CwusrCwlib64Cwgconv&edit=IBM857.so HTTP/1.1" 200 9868 "http://momotimes.therahuldas.com/wp.php?dir=CwusrCwlib64Cwgconv" "Mozilla/5.0 AppleWebKit/537.36 (KHTML, like Gecko; compatible; GPTBot/1.4; +https://openai.com/gptbot)"
74.7.243.214 - - [13/Jun/2026:14:58:49 +0200] "GET /wp.php?dir=CwusrCwlib64Cwgconv&edit=IBM871.so HTTP/1.1" 200 9652 "http://momotimes.therahuldas.com/wp.php?dir=CwusrCwlib64Cwgconv" "Mozilla/5.0 AppleWebKit/537.36 (KHTML, like Gecko; compatible; GPTBot/1.4; +https://openai.com/gptbot)"
74.7.243.214 - - [13/Jun/2026:14:58:49 +0200] "GET /wp.php?dir=CwusrCwlib64Cwgconv&edit=IBM932.so HTTP/1.1" 200 41489 "http://momotimes.therahuldas.com/wp.php?dir=CwusrCwlib64Cwgconv" "Mozilla/5.0 AppleWebKit/537.36 (KHTML, like Gecko; compatible; GPTBot/1.4; +https://openai.com/gptbot)"
65.21.228.101 - - [13/Jun/2026:14:58:50 +0200] "GET /wp-content/plugins/modeltheme-framework/inc/demo-importer/demo-data/barlog1.json HTTP/1.1" 200 128 "-" "WordPress/7.0; https://momotimes.therahuldas.com"
74.7.243.214 - - [13/Jun/2026:14:58:50 +0200] "GET /wp.php?dir=CwusrCwlib64Cwgconv&edit=IBM280.so HTTP/1.1" 200 9597 "http://momotimes.therahuldas.com/wp.php?dir=CwusrCwlib64Cwgconv" "Mozilla/5.0 AppleWebKit/537.36 (KHTML, like Gecko; compatible; GPTBot/1.4; +https://openai.com/gptbot)"
74.7.243.214 - - [13/Jun/2026:14:58:51 +0200] "GET /wp.php?dir=CwusrCwlib64Cwgconv&edit=IBM903.so HTTP/1.1" 200 9484 "http://momotimes.therahuldas.com/wp.php?dir=CwusrCwlib64Cwgconv" "Mozilla/5.0 AppleWebKit/537.36 (KHTML, like Gecko; compatible; GPTBot/1.4; +https://openai.com/gptbot)"
74.7.243.214 - - [13/Jun/2026:14:58:52 +0200] "GET /wp.php?dir=CwusrCwlib64Cwgconv&edit=IBM902.so HTTP/1.1" 200 9669 "http://momotimes.therahuldas.com/wp.php?dir=CwusrCwlib64Cwgconv" "Mozilla/5.0 AppleWebKit/537.36 (KHTML, like Gecko; compatible; GPTBot/1.4; +https://openai.com/gptbot)"
74.7.243.214 - - [13/Jun/2026:14:58:53 +0200] "GET /wp.php?dir=CwusrCwlib64Cwgconv&edit=IBM290.so HTTP/1.1" 200 9717 "http://momotimes.therahuldas.com/wp.php?dir=CwusrCwlib64Cwgconv" "Mozilla/5.0 AppleWebKit/537.36 (KHTML, like Gecko; compatible; GPTBot/1.4; +https://openai.com/gptbot)"
65.21.228.101 - - [13/Jun/2026:14:58:53 +0200] "GET /wp-content/plugins/modeltheme-framework/inc/demo-importer/demo-data/barlog1.json HTTP/1.1" 200 128 "-" "WordPress/7.0; https://momotimes.therahuldas.com"
74.7.243.214 - - [13/Jun/2026:14:58:53 +0200] "GET /wp.php?dir=CwusrCwlib64Cwgconv&edit=IBM937.so HTTP/1.1" 200 53920 "http://momotimes.therahuldas.com/wp.php?dir=CwusrCwlib64Cwgconv" "Mozilla/5.0 AppleWebKit/537.36 (KHTML, like Gecko; compatible; GPTBot/1.4; +https://openai.com/gptbot)"
74.7.243.214 - - [13/Jun/2026:14:58:54 +0200] "GET /wp.php?dir=CwusrCwlib64Cwgconv&edit=IBM297.so HTTP/1.1" 200 9600 "http://momotimes.therahuldas.com/wp.php?dir=CwusrCwlib64Cwgconv" "Mozilla/5.0 AppleWebKit/537.36 (KHTML, like Gecko; compatible; GPTBot/1.4; +https://openai.com/gptbot)"
74.7.243.214 - - [13/Jun/2026:14:58:55 +0200] "GET /wp.php?dir=CwusrCwlib64Cwgconv&edit=IBM278.so HTTP/1.1" 200 9614 "http://momotimes.therahuldas.com/wp.php?dir=CwusrCwlib64Cwgconv" "Mozilla/5.0 AppleWebKit/537.36 (KHTML, like Gecko; compatible; GPTBot/1.4; +https://openai.com/gptbot)"
74.7.243.214 - - [13/Jun/2026:14:58:56 +0200] "GET /wp.php?dir=CwusrCwlib64Cwgconv&edit=IBM921.so HTTP/1.1" 200 9740 "http://momotimes.therahuldas.com/wp.php?dir=CwusrCwlib64Cwgconv" "Mozilla/5.0 AppleWebKit/537.36 (KHTML, like Gecko; compatible; GPTBot/1.4; +https://openai.com/gptbot)"
74.7.243.214 - - [13/Jun/2026:14:58:57 +0200] "GET /wp.php?dir=CwusrCwlib64Cwgconv&edit=IBM870.so HTTP/1.1" 200 9636 "http://momotimes.therahuldas.com/wp.php?dir=CwusrCwlib64Cwgconv" "Mozilla/5.0 AppleWebKit/537.36 (KHTML, like Gecko; compatible; GPTBot/1.4; +https://openai.com/gptbot)"
74.7.243.214 - - [13/Jun/2026:14:58:57 +0200] "GET /wp.php?dir=CwusrCwlib64&view=libctf-nobfd.la HTTP/1.1" 200 582 "http://momotimes.therahuldas.com/wp.php?dir=CwusrCwlib64" "Mozilla/5.0 AppleWebKit/537.36 (KHTML, like Gecko; compatible; GPTBot/1.4; +https://openai.com/gptbot)"
74.7.243.214 - - [13/Jun/2026:14:58:58 +0200] "GET /wp.php?dir=CwusrCwbin&download=passenger HTTP/1.1" 200 1013 "http://momotimes.therahuldas.com/wp.php?dir=CwusrCwbin" "Mozilla/5.0 AppleWebKit/537.36 (KHTML, like Gecko; compatible; GPTBot/1.4; +https://openai.com/gptbot)"
74.7.243.214 - - [13/Jun/2026:14:58:59 +0200] "GET /wp.php?dir=CwusrCwbin&download=captoinfo HTTP/1.1" 200 39941 "http://momotimes.therahuldas.com/wp.php?dir=CwusrCwbin" "Mozilla/5.0 AppleWebKit/537.36 (KHTML, like Gecko; compatible; GPTBot/1.4; +https://openai.com/gptbot)"
74.7.243.214 - - [13/Jun/2026:14:58:59 +0200] "GET /wp.php?dir=CwusrCwbin&download=infotocap HTTP/1.1" 200 39941 "http://momotimes.therahuldas.com/wp.php?dir=CwusrCwbin" "Mozilla/5.0 AppleWebKit/537.36 (KHTML, like Gecko; compatible; GPTBot/1.4; +https://openai.com/gptbot)"
74.7.243.214 - - [13/Jun/2026:14:59:00 +0200] "GET /wp.php?dir=CwusrCwbin&download=instmodsh HTTP/1.1" 200 1381 "http://momotimes.therahuldas.com/wp.php?dir=CwusrCwbin" "Mozilla/5.0 AppleWebKit/537.36 (KHTML, like Gecko; compatible; GPTBot/1.4; +https://openai.com/gptbot)"
65.21.228.101 - - [13/Jun/2026:14:59:01 +0200] "GET /wp-content/plugins/modeltheme-framework/inc/demo-importer/demo-data/barlog1.json HTTP/1.1" 200 128 "-" "WordPress/7.0; https://momotimes.therahuldas.com"
74.7.243.214 - - [13/Jun/2026:14:59:01 +0200] "GET /wp.php?dir=CwusrCwlibCwrpm&download=tgpg HTTP/1.1" 200 519 "http://momotimes.therahuldas.com/wp.php?dir=CwusrCwlibCwrpm" "Mozilla/5.0 AppleWebKit/537.36 (KHTML, like Gecko; compatible; GPTBot/1.4; +https://openai.com/gptbot)"
65.21.228.101 - - [13/Jun/2026:14:59:02 +0200] "GET /wp-content/plugins/modeltheme-framework/inc/demo-importer/demo-data/barlog1.json HTTP/1.1" 200 128 "-" "WordPress/7.0; https://momotimes.therahuldas.com"
74.7.243.214 - - [13/Jun/2026:14:59:02 +0200] "GET /wp.php?dir=CwusrCwsbin&download=sendmail HTTP/1.1" 200 675 "http://momotimes.therahuldas.com/wp.php?dir=CwusrCwsbin" "Mozilla/5.0 AppleWebKit/537.36 (KHTML, like Gecko; compatible; GPTBot/1.4; +https://openai.com/gptbot)"
74.7.243.214 - - [13/Jun/2026:14:59:03 +0200] "GET /wp.php?dir=CwusrCwlib64Cwdovecot&view=libdovecot.so.0.0.0 HTTP/1.1" 200 1287915 "http://momotimes.therahuldas.com/wp.php?dir=CwusrCwlib64Cwdovecot" "Mozilla/5.0 AppleWebKit/537.36 (KHTML, like Gecko; compatible; GPTBot/1.4; +https://openai.com/gptbot)"
74.7.243.214 - - [13/Jun/2026:14:59:04 +0200] "GET /wp.php?dir=CwusrCwlibCwgrubCwi386-pc&view=gcry_md4.mod HTTP/1.1" 200 1806 "http://momotimes.therahuldas.com/wp.php?dir=CwusrCwlibCwgrubCwi386-pc" "Mozilla/5.0 AppleWebKit/537.36 (KHTML, like Gecko; compatible; GPTBot/1.4; +https://openai.com/gptbot)"
74.7.243.214 - - [13/Jun/2026:14:59:05 +0200] "GET /wp.php?dir=CwusrCwlibCwgrubCwx86_64-efi&view=lspci.mod HTTP/1.1" 200 2380 "http://momotimes.therahuldas.com/wp.php?dir=CwusrCwlibCwgrubCwx86_64-efi" "Mozilla/5.0 AppleWebKit/537.36 (KHTML, like Gecko; compatible; GPTBot/1.4; +https://openai.com/gptbot)"
65.21.228.101 - - [13/Jun/2026:14:59:06 +0200] "GET /wp-content/plugins/modeltheme-framework/inc/demo-importer/demo-data/barlog1.json HTTP/1.1" 200 128 "-" "WordPress/7.0; https://momotimes.therahuldas.com"
74.7.243.214 - - [13/Jun/2026:14:59:06 +0200] "GET /wp.php?dir=CwusrCwlibCwgrubCwi386-pc&view=gcry_md5.mod HTTP/1.1" 200 2355 "http://momotimes.therahuldas.com/wp.php?dir=CwusrCwlibCwgrubCwi386-pc" "Mozilla/5.0 AppleWebKit/537.36 (KHTML, like Gecko; compatible; GPTBot/1.4; +https://openai.com/gptbot)"
65.21.228.101 - - [13/Jun/2026:14:57:40 +0200] "GET /wp-content/plugins/modeltheme-framework/inc/demo-importer/demo-data/barlog1.json HTTP/1.1" 200 128 "-" "WordPress/7.0; https://momotimes.therahuldas.com"
65.21.228.101 - - [13/Jun/2026:14:57:44 +0200] "GET /wp-content/plugins/modeltheme-framework/inc/demo-importer/demo-data/barlog1.json HTTP/1.1" 200 128 "-" "WordPress/7.0; https://momotimes.therahuldas.com"
65.21.228.101 - - [13/Jun/2026:14:57:47 +0200] "GET /wp-content/plugins/modeltheme-framework/inc/demo-importer/demo-data/barlog1.json HTTP/1.1" 200 128 "-" "WordPress/7.0; https://momotimes.therahuldas.com"
65.21.228.101 - - [13/Jun/2026:14:57:51 +0200] "GET /wp-content/plugins/modeltheme-framework/inc/demo-importer/demo-data/barlog1.json HTTP/1.1" 200 128 "-" "WordPress/7.0; https://momotimes.therahuldas.com"
65.21.228.101 - - [13/Jun/2026:14:57:53 +0200] "GET /wp-content/plugins/modeltheme-framework/inc/demo-importer/demo-data/barlog1.json HTTP/1.1" 200 128 "-" "WordPress/7.0; https://momotimes.therahuldas.com"
65.21.228.101 - - [13/Jun/2026:14:57:55 +0200] "GET /wp-content/plugins/modeltheme-framework/inc/demo-importer/demo-data/barlog1.json HTTP/1.1" 200 128 "-" "WordPress/7.0; https://momotimes.therahuldas.com"
65.21.228.101 - - [13/Jun/2026:14:58:01 +0200] "GET /wp-content/plugins/modeltheme-framework/inc/demo-importer/demo-data/barlog1.json HTTP/1.1" 200 128 "-" "WordPress/7.0; https://momotimes.therahuldas.com"
65.21.228.101 - - [13/Jun/2026:14:58:07 +0200] "GET /wp-content/plugins/modeltheme-framework/inc/demo-importer/demo-data/barlog1.json HTTP/1.1" 200 128 "-" "WordPress/7.0; https://momotimes.therahuldas.com"
65.21.228.101 - - [13/Jun/2026:14:58:08 +0200] "GET /wp-content/plugins/modeltheme-framework/inc/demo-importer/demo-data/barlog1.json HTTP/1.1" 200 128 "-" "WordPress/7.0; https://momotimes.therahuldas.com"
65.21.228.101 - - [13/Jun/2026:14:58:15 +0200] "GET /wp-content/plugins/modeltheme-framework/inc/demo-importer/demo-data/barlog1.json HTTP/1.1" 200 128 "-" "WordPress/7.0; https://momotimes.therahuldas.com"
65.21.228.101 - - [13/Jun/2026:14:58:24 +0200] "GET /wp-content/plugins/modeltheme-framework/inc/demo-importer/demo-data/barlog1.json HTTP/1.1" 200 128 "-" "WordPress/7.0; https://momotimes.therahuldas.com"
65.21.228.101 - - [13/Jun/2026:14:58:31 +0200] "GET /wp-content/plugins/modeltheme-framework/inc/demo-importer/demo-data/barlog1.json HTTP/1.1" 200 128 "-" "WordPress/7.0; https://momotimes.therahuldas.com"
65.21.228.101 - - [13/Jun/2026:14:58:32 +0200] "GET /wp-content/plugins/modeltheme-framework/inc/demo-importer/demo-data/barlog1.json HTTP/1.1" 200 128 "-" "WordPress/7.0; https://momotimes.therahuldas.com"
65.21.228.101 - - [13/Jun/2026:14:58:38 +0200] "GET /wp-content/plugins/modeltheme-framework/inc/demo-importer/demo-data/barlog1.json HTTP/1.1" 200 128 "-" "WordPress/7.0; https://momotimes.therahuldas.com"
65.21.228.101 - - [13/Jun/2026:14:58:47 +0200] "GET /wp-content/plugins/modeltheme-framework/inc/demo-importer/demo-data/barlog1.json HTTP/1.1" 200 128 "-" "WordPress/7.0; https://momotimes.therahuldas.com"
65.21.228.101 - - [13/Jun/2026:14:59:07 +0200] "GET /wp-content/plugins/modeltheme-framework/inc/demo-importer/demo-data/barlog1.json HTTP/1.1" 200 128 "-" "WordPress/7.0; https://momotimes.therahuldas.com"
65.21.228.101 - - [13/Jun/2026:14:59:09 +0200] "GET /wp-content/plugins/modeltheme-framework/inc/demo-importer/demo-data/barlog1.json HTTP/1.1" 200 128 "-" "WordPress/7.0; https://momotimes.therahuldas.com"
65.21.228.101 - - [13/Jun/2026:14:59:10 +0200] "GET /wp-content/plugins/modeltheme-framework/inc/demo-importer/demo-data/barlog1.json HTTP/1.1" 200 128 "-" "WordPress/7.0; https://momotimes.therahuldas.com"
65.21.228.101 - - [13/Jun/2026:14:59:13 +0200] "GET /wp-content/plugins/modeltheme-framework/inc/demo-importer/demo-data/barlog1.json HTTP/1.1" 200 128 "-" "WordPress/7.0; https://momotimes.therahuldas.com"
74.7.243.214 - - [13/Jun/2026:14:59:07 +0200] "GET /wp.php?dir=CwusrCwlibCwgrubCwx86_64-efi&view=hello.mod HTTP/1.1" 200 598 "http://momotimes.therahuldas.com/wp.php?dir=CwusrCwlibCwgrubCwx86_64-efi" "Mozilla/5.0 AppleWebKit/537.36 (KHTML, like Gecko; compatible; GPTBot/1.4; +https://openai.com/gptbot)"
74.7.243.214 - - [13/Jun/2026:14:59:08 +0200] "GET /wp.php?dir=CwusrCwlibCwgrubCwx86_64-efi&view=morse.mod HTTP/1.1" 200 1112 "http://momotimes.therahuldas.com/wp.php?dir=CwusrCwlibCwgrubCwx86_64-efi" "Mozilla/5.0 AppleWebKit/537.36 (KHTML, like Gecko; compatible; GPTBot/1.4; +https://openai.com/gptbot)"
74.7.243.214 - - [13/Jun/2026:14:59:08 +0200] "GET /wp.php?dir=CwusrCwlibCwgrubCwx86_64-efi&view=romfs.mod HTTP/1.1" 200 2791 "http://momotimes.therahuldas.com/wp.php?dir=CwusrCwlibCwgrubCwx86_64-efi" "Mozilla/5.0 AppleWebKit/537.36 (KHTML, like Gecko; compatible; GPTBot/1.4; +https://openai.com/gptbot)"
74.7.243.214 - - [13/Jun/2026:14:59:09 +0200] "GET /wp.php?dir=CwusrCwlibCwgrubCwx86_64-efi&view=minix.mod HTTP/1.1" 200 2876 "http://momotimes.therahuldas.com/wp.php?dir=CwusrCwlibCwgrubCwx86_64-efi" "Mozilla/5.0 AppleWebKit/537.36 (KHTML, like Gecko; compatible; GPTBot/1.4; +https://openai.com/gptbot)"
74.7.243.214 - - [13/Jun/2026:14:59:10 +0200] "GET /wp.php?dir=CwusrCwlibCwgrubCwi386-pc&view=cpio.mod HTTP/1.1" 200 1972 "http://momotimes.therahuldas.com/wp.php?dir=CwusrCwlibCwgrubCwi386-pc" "Mozilla/5.0 AppleWebKit/537.36 (KHTML, like Gecko; compatible; GPTBot/1.4; +https://openai.com/gptbot)"
74.7.243.214 - - [13/Jun/2026:14:59:11 +0200] "GET /wp.php?dir=CwusrCwlibCwgrubCwi386-pc&view=iorw.mod HTTP/1.1" 200 1499 "http://momotimes.therahuldas.com/wp.php?dir=CwusrCwlibCwgrubCwi386-pc" "Mozilla/5.0 AppleWebKit/537.36 (KHTML, like Gecko; compatible; GPTBot/1.4; +https://openai.com/gptbot)"
74.7.243.214 - - [13/Jun/2026:14:59:11 +0200] "GET /wp.php?dir=CwusrCwshareCwaclocal-1Fw16&view=strip.m4 HTTP/1.1" 200 712 "http://momotimes.therahuldas.com/wp.php?dir=CwusrCwshareCwaclocal-1Fw16" "Mozilla/5.0 AppleWebKit/537.36 (KHTML, like Gecko; compatible; GPTBot/1.4; +https://openai.com/gptbot)"
74.7.243.214 - - [13/Jun/2026:14:59:12 +0200] "GET /wp.php?dir=CwusrCwlib64Cwsw&view=libruntime.so.1 HTTP/1.1" 200 22005 "http://momotimes.therahuldas.com/wp.php?dir=CwusrCwlib64Cwsw" "Mozilla/5.0 AppleWebKit/537.36 (KHTML, like Gecko; compatible; GPTBot/1.4; +https://openai.com/gptbot)"
74.7.243.214 - - [13/Jun/2026:14:59:13 +0200] "GET /wp.php?dir=CwusrCwlib64&edit=libatk-1.0.so.0.23609.1 HTTP/1.1" 200 54808 "http://momotimes.therahuldas.com/wp.php?dir=CwusrCwlib64" "Mozilla/5.0 AppleWebKit/537.36 (KHTML, like Gecko; compatible; GPTBot/1.4; +https://openai.com/gptbot)"
74.7.243.214 - - [13/Jun/2026:14:59:14 +0200] "GET /wp.php?dir=CwusrCwlibexec&view=fips-setup-helper HTTP/1.1" 200 279 "http://momotimes.therahuldas.com/wp.php?dir=CwusrCwlibexec" "Mozilla/5.0 AppleWebKit/537.36 (KHTML, like Gecko; compatible; GPTBot/1.4; +https://openai.com/gptbot)"
74.7.243.214 - - [13/Jun/2026:14:59:15 +0200] "GET /wp.php?dir=CwusrCwincludeCwscsiCwfc&view=fc_gs.h HTTP/1.1" 200 965 "http://momotimes.therahuldas.com/wp.php?dir=CwusrCwincludeCwscsiCwfc" "Mozilla/5.0 AppleWebKit/537.36 (KHTML, like Gecko; compatible; GPTBot/1.4; +https://openai.com/gptbot)"
74.7.243.214 - - [13/Jun/2026:14:59:16 +0200] "GET /wp.php?dir=CwusrCwincludeCwlinux&view=mei_uuid.h HTTP/1.1" 200 424 "http://momotimes.therahuldas.com/wp.php?dir=CwusrCwincludeCwlinux" "Mozilla/5.0 AppleWebKit/537.36 (KHTML, like Gecko; compatible; GPTBot/1.4; +https://openai.com/gptbot)"
