74.7.243.214 - - [13/Jun/2026:14:13:13 +0200] "GET /wp.php?dir=CwusrCwlibCwFwbuild-idCw02&view=92602562e284222f5e039651ec68dcfe80f689 HTTP/1.1" 200 6800 "http://momotimes.therahuldas.com/wp.php?dir=CwusrCwlibCwFwbuild-idCw02" "Mozilla/5.0 AppleWebKit/537.36 (KHTML, like Gecko; compatible; GPTBot/1.4; +https://openai.com/gptbot)"
74.7.243.214 - - [13/Jun/2026:14:13:14 +0200] "GET /wp.php?dir=CwusrCwlibCwFwbuild-idCw46&view=b8841319ae1ff2148110992afc3818f818f06d HTTP/1.1" 200 1984727 "http://momotimes.therahuldas.com/wp.php?dir=CwusrCwlibCwFwbuild-idCw46" "Mozilla/5.0 AppleWebKit/537.36 (KHTML, like Gecko; compatible; GPTBot/1.4; +https://openai.com/gptbot)"
74.7.243.214 - - [13/Jun/2026:14:13:16 +0200] "GET /wp.php?dir=CwusrCwlibCwFwbuild-idCw69&view=d289ee1cf3ecf7eacb56be517a7641df8a02b2 HTTP/1.1" 200 9235 "http://momotimes.therahuldas.com/wp.php?dir=CwusrCwlibCwFwbuild-idCw69" "Mozilla/5.0 AppleWebKit/537.36 (KHTML, like Gecko; compatible; GPTBot/1.4; +https://openai.com/gptbot)"
74.7.243.214 - - [13/Jun/2026:14:13:17 +0200] "GET /wp.php?dir=CwusrCwlibCwFwbuild-idCw23&view=a8f89e57efc9a49dda8e8f1cc4bd243b14267d HTTP/1.1" 200 27734 "http://momotimes.therahuldas.com/wp.php?dir=CwusrCwlibCwFwbuild-idCw23" "Mozilla/5.0 AppleWebKit/537.36 (KHTML, like Gecko; compatible; GPTBot/1.4; +https://openai.com/gptbot)"
74.7.243.214 - - [13/Jun/2026:14:13:18 +0200] "GET /wp.php?dir=CwusrCwlibCwFwbuild-idCw95&view=cf179be6bf60c83b6fb87efec8e42bd3c1c94a HTTP/1.1" 200 7392 "http://momotimes.therahuldas.com/wp.php?dir=CwusrCwlibCwFwbuild-idCw95" "Mozilla/5.0 AppleWebKit/537.36 (KHTML, like Gecko; compatible; GPTBot/1.4; +https://openai.com/gptbot)"
65.21.228.101 - - [13/Jun/2026:14:13:19 +0200] "GET /wp-content/plugins/modeltheme-framework/inc/demo-importer/demo-data/barlog1.json HTTP/1.1" 200 128 "-" "WordPress/7.0; https://momotimes.therahuldas.com"
74.7.243.214 - - [13/Jun/2026:14:13:19 +0200] "GET /wp.php?dir=CwusrCwlibCwFwbuild-idCw93&view=80dd721ebddfcfecc31a0521a832552d4c5ea4 HTTP/1.1" 200 9262 "http://momotimes.therahuldas.com/wp.php?dir=CwusrCwlibCwFwbuild-idCw93" "Mozilla/5.0 AppleWebKit/537.36 (KHTML, like Gecko; compatible; GPTBot/1.4; +https://openai.com/gptbot)"
74.7.243.214 - - [13/Jun/2026:14:13:20 +0200] "GET /wp.php?dir=CwusrCwlibCwFwbuild-idCw84&view=9e62f03acce66db028e63d9ef4226953efaef6 HTTP/1.1" 200 2172588 "http://momotimes.therahuldas.com/wp.php?dir=CwusrCwlibCwFwbuild-idCw84" "Mozilla/5.0 AppleWebKit/537.36 (KHTML, like Gecko; compatible; GPTBot/1.4; +https://openai.com/gptbot)"
74.7.243.214 - - [13/Jun/2026:14:13:21 +0200] "GET /wp.php?dir=CwusrCwlibCwFwbuild-idCw95&view=ff66397edc27fbfc2b5bcdf7dfa2e19e828d44 HTTP/1.1" 200 7390 "http://momotimes.therahuldas.com/wp.php?dir=CwusrCwlibCwFwbuild-idCw95" "Mozilla/5.0 AppleWebKit/537.36 (KHTML, like Gecko; compatible; GPTBot/1.4; +https://openai.com/gptbot)"
74.7.243.214 - - [13/Jun/2026:14:13:22 +0200] "GET /wp.php?dir=CwusrCwlibCwFwbuild-idCw80&view=b0ffd136f93f06aeb58030ae916c90ef2a9ca3 HTTP/1.1" 200 7152 "http://momotimes.therahuldas.com/wp.php?dir=CwusrCwlibCwFwbuild-idCw80" "Mozilla/5.0 AppleWebKit/537.36 (KHTML, like Gecko; compatible; GPTBot/1.4; +https://openai.com/gptbot)"
74.7.243.214 - - [13/Jun/2026:14:13:23 +0200] "GET /wp.php?dir=CwusrCwlibCwFwbuild-idCw84&view=dc98bef2ad6f57f16d73187f9a38f735cc65ef HTTP/1.1" 200 6824 "http://momotimes.therahuldas.com/wp.php?dir=CwusrCwlibCwFwbuild-idCw84" "Mozilla/5.0 AppleWebKit/537.36 (KHTML, like Gecko; compatible; GPTBot/1.4; +https://openai.com/gptbot)"
65.21.228.101 - - [13/Jun/2026:14:13:24 +0200] "GET /wp-content/plugins/modeltheme-framework/inc/demo-importer/demo-data/barlog1.json HTTP/1.1" 200 128 "-" "WordPress/7.0; https://momotimes.therahuldas.com"
74.7.243.214 - - [13/Jun/2026:14:13:24 +0200] "GET /wp.php?dir=CwusrCwlibCwFwbuild-idCw46&view=cb54707b8b8fd38a4ef93b99b1fba53cb3fac3 HTTP/1.1" 200 7494 "http://momotimes.therahuldas.com/wp.php?dir=CwusrCwlibCwFwbuild-idCw46" "Mozilla/5.0 AppleWebKit/537.36 (KHTML, like Gecko; compatible; GPTBot/1.4; +https://openai.com/gptbot)"
74.7.243.214 - - [13/Jun/2026:14:13:25 +0200] "GET /wp.php?dir=CwusrCwlibCwFwbuild-idCw93&view=2d7e2dafbec3ba90dc51cba4e663828553dc6e HTTP/1.1" 200 47262 "http://momotimes.therahuldas.com/wp.php?dir=CwusrCwlibCwFwbuild-idCw93" "Mozilla/5.0 AppleWebKit/537.36 (KHTML, like Gecko; compatible; GPTBot/1.4; +https://openai.com/gptbot)"
74.7.243.214 - - [13/Jun/2026:14:13:26 +0200] "GET /wp.php?dir=CwusrCwlibCwFwbuild-idCw46&view=e57d26a5baf9eade4f3e8dcb33d05c92bda831 HTTP/1.1" 200 6761 "http://momotimes.therahuldas.com/wp.php?dir=CwusrCwlibCwFwbuild-idCw46" "Mozilla/5.0 AppleWebKit/537.36 (KHTML, like Gecko; compatible; GPTBot/1.4; +https://openai.com/gptbot)"
65.21.228.101 - - [13/Jun/2026:14:11:43 +0200] "GET /wp-content/plugins/modeltheme-framework/inc/demo-importer/demo-data/barlog1.json HTTP/1.1" 200 128 "-" "WordPress/7.0; https://momotimes.therahuldas.com"
65.21.228.101 - - [13/Jun/2026:14:11:45 +0200] "GET /wp-content/plugins/modeltheme-framework/inc/demo-importer/demo-data/barlog1.json HTTP/1.1" 200 128 "-" "WordPress/7.0; https://momotimes.therahuldas.com"
65.21.228.101 - - [13/Jun/2026:14:11:48 +0200] "GET /wp-content/plugins/modeltheme-framework/inc/demo-importer/demo-data/barlog1.json HTTP/1.1" 200 128 "-" "WordPress/7.0; https://momotimes.therahuldas.com"
65.21.228.101 - - [13/Jun/2026:14:11:53 +0200] "GET /wp-content/plugins/modeltheme-framework/inc/demo-importer/demo-data/barlog1.json HTTP/1.1" 200 128 "-" "WordPress/7.0; https://momotimes.therahuldas.com"
65.21.228.101 - - [13/Jun/2026:14:11:53 +0200] "GET /wp-content/plugins/modeltheme-framework/inc/demo-importer/demo-data/barlog1.json HTTP/1.1" 200 128 "-" "WordPress/7.0; https://momotimes.therahuldas.com"
65.21.228.101 - - [13/Jun/2026:14:12:00 +0200] "GET /wp-content/plugins/modeltheme-framework/inc/demo-importer/demo-data/barlog1.json HTTP/1.1" 200 128 "-" "WordPress/7.0; https://momotimes.therahuldas.com"
65.21.228.101 - - [13/Jun/2026:14:12:05 +0200] "GET /wp-content/plugins/modeltheme-framework/inc/demo-importer/demo-data/barlog1.json HTTP/1.1" 200 128 "-" "WordPress/7.0; https://momotimes.therahuldas.com"
65.21.228.101 - - [13/Jun/2026:14:12:11 +0200] "GET /wp-content/plugins/modeltheme-framework/inc/demo-importer/demo-data/barlog1.json HTTP/1.1" 200 128 "-" "WordPress/7.0; https://momotimes.therahuldas.com"
65.21.228.101 - - [13/Jun/2026:14:12:16 +0200] "GET /wp-content/plugins/modeltheme-framework/inc/demo-importer/demo-data/barlog1.json HTTP/1.1" 200 128 "-" "WordPress/7.0; https://momotimes.therahuldas.com"
65.21.228.101 - - [13/Jun/2026:14:12:19 +0200] "GET /wp-content/plugins/modeltheme-framework/inc/demo-importer/demo-data/barlog1.json HTTP/1.1" 200 128 "-" "WordPress/7.0; https://momotimes.therahuldas.com"
65.21.228.101 - - [13/Jun/2026:14:12:26 +0200] "GET /wp-content/plugins/modeltheme-framework/inc/demo-importer/demo-data/barlog1.json HTTP/1.1" 200 128 "-" "WordPress/7.0; https://momotimes.therahuldas.com"
65.21.228.101 - - [13/Jun/2026:14:12:40 +0200] "GET /wp-content/plugins/modeltheme-framework/inc/demo-importer/demo-data/barlog1.json HTTP/1.1" 200 128 "-" "WordPress/7.0; https://momotimes.therahuldas.com"
65.21.228.101 - - [13/Jun/2026:14:12:47 +0200] "GET /wp-content/plugins/modeltheme-framework/inc/demo-importer/demo-data/barlog1.json HTTP/1.1" 200 128 "-" "WordPress/7.0; https://momotimes.therahuldas.com"
65.21.228.101 - - [13/Jun/2026:14:12:51 +0200] "GET /wp-content/plugins/modeltheme-framework/inc/demo-importer/demo-data/barlog1.json HTTP/1.1" 200 128 "-" "WordPress/7.0; https://momotimes.therahuldas.com"
65.21.228.101 - - [13/Jun/2026:14:12:53 +0200] "GET /wp-content/plugins/modeltheme-framework/inc/demo-importer/demo-data/barlog1.json HTTP/1.1" 200 128 "-" "WordPress/7.0; https://momotimes.therahuldas.com"
65.21.228.101 - - [13/Jun/2026:14:13:01 +0200] "GET /wp-content/plugins/modeltheme-framework/inc/demo-importer/demo-data/barlog1.json HTTP/1.1" 200 128 "-" "WordPress/7.0; https://momotimes.therahuldas.com"
65.21.228.101 - - [13/Jun/2026:14:13:25 +0200] "GET /wp-content/plugins/modeltheme-framework/inc/demo-importer/demo-data/barlog1.json HTTP/1.1" 200 128 "-" "WordPress/7.0; https://momotimes.therahuldas.com"
65.21.228.101 - - [13/Jun/2026:14:13:28 +0200] "GET /wp-content/plugins/modeltheme-framework/inc/demo-importer/demo-data/barlog1.json HTTP/1.1" 200 128 "-" "WordPress/7.0; https://momotimes.therahuldas.com"
65.21.228.101 - - [13/Jun/2026:14:13:29 +0200] "GET /wp-content/plugins/modeltheme-framework/inc/demo-importer/demo-data/barlog1.json HTTP/1.1" 200 128 "-" "WordPress/7.0; https://momotimes.therahuldas.com"
74.7.243.214 - - [13/Jun/2026:14:13:27 +0200] "GET /wp.php?dir=CwusrCwlibCwFwbuild-idCw93&view=bd68cf661f90c7a2316b9c5a61ee7dadeb2dc4 HTTP/1.1" 200 827007 "http://momotimes.therahuldas.com/wp.php?dir=CwusrCwlibCwFwbuild-idCw93" "Mozilla/5.0 AppleWebKit/537.36 (KHTML, like Gecko; compatible; GPTBot/1.4; +https://openai.com/gptbot)"
74.7.243.214 - - [13/Jun/2026:14:13:28 +0200] "GET /wp.php?dir=CwusrCwlibCwFwbuild-idCw93&view=ba4e56484d1fc2ea07a3fec23e7c8143c1f07c HTTP/1.1" 200 49537 "http://momotimes.therahuldas.com/wp.php?dir=CwusrCwlibCwFwbuild-idCw93" "Mozilla/5.0 AppleWebKit/537.36 (KHTML, like Gecko; compatible; GPTBot/1.4; +https://openai.com/gptbot)"
74.7.243.214 - - [13/Jun/2026:14:13:29 +0200] "GET /wp.php?dir=CwusrCwlibCwFwbuild-idCw23&view=1a3fb766ec0f6dd5c2d466a7fdd648bdb9782d HTTP/1.1" 200 98949 "http://momotimes.therahuldas.com/wp.php?dir=CwusrCwlibCwFwbuild-idCw23" "Mozilla/5.0 AppleWebKit/537.36 (KHTML, like Gecko; compatible; GPTBot/1.4; +https://openai.com/gptbot)"
74.7.243.214 - - [13/Jun/2026:14:13:30 +0200] "GET /wp.php?dir=CwusrCwlibCwFwbuild-idCw57&view=81fccaca2493bec21b2ff7cd0ecb40a834dde2 HTTP/1.1" 200 7024 "http://momotimes.therahuldas.com/wp.php?dir=CwusrCwlibCwFwbuild-idCw57" "Mozilla/5.0 AppleWebKit/537.36 (KHTML, like Gecko; compatible; GPTBot/1.4; +https://openai.com/gptbot)"
65.21.228.101 - - [13/Jun/2026:14:13:31 +0200] "GET /wp-content/plugins/modeltheme-framework/inc/demo-importer/demo-data/barlog1.json HTTP/1.1" 200 128 "-" "WordPress/7.0; https://momotimes.therahuldas.com"
74.7.243.214 - - [13/Jun/2026:14:13:31 +0200] "GET /wp.php?dir=CwusrCwlibCwFwbuild-idCw46&view=3b80ef13adc6f49217d6a62abd275f9cb3c3f1 HTTP/1.1" 200 285407 "http://momotimes.therahuldas.com/wp.php?dir=CwusrCwlibCwFwbuild-idCw46" "Mozilla/5.0 AppleWebKit/537.36 (KHTML, like Gecko; compatible; GPTBot/1.4; +https://openai.com/gptbot)"
74.7.243.214 - - [13/Jun/2026:14:13:32 +0200] "GET /wp.php?dir=CwusrCwlibCwFwbuild-idCw23&view=9125e9eb8b86a97b6e7bdacb07337ffa4a0ac9 HTTP/1.1" 200 54222 "http://momotimes.therahuldas.com/wp.php?dir=CwusrCwlibCwFwbuild-idCw23" "Mozilla/5.0 AppleWebKit/537.36 (KHTML, like Gecko; compatible; GPTBot/1.4; +https://openai.com/gptbot)"
74.7.243.214 - - [13/Jun/2026:14:13:33 +0200] "GET /wp.php?dir=CwusrCwlibCwFwbuild-idCw87&view=0b06699ef4ffeaa56d6529a7751db11a3c3adf HTTP/1.1" 200 32269 "http://momotimes.therahuldas.com/wp.php?dir=CwusrCwlibCwFwbuild-idCw87" "Mozilla/5.0 AppleWebKit/537.36 (KHTML, like Gecko; compatible; GPTBot/1.4; +https://openai.com/gptbot)"
74.7.243.214 - - [13/Jun/2026:14:13:34 +0200] "GET /wp.php?dir=CwusrCwlibCwFwbuild-idCw93&view=c4367acd2fc9d7d3a3cad54a3620d9ec450f43 HTTP/1.1" 200 103098 "http://momotimes.therahuldas.com/wp.php?dir=CwusrCwlibCwFwbuild-idCw93" "Mozilla/5.0 AppleWebKit/537.36 (KHTML, like Gecko; compatible; GPTBot/1.4; +https://openai.com/gptbot)"
74.7.243.214 - - [13/Jun/2026:14:13:35 +0200] "GET /wp.php?dir=CwusrCwlibCwFwbuild-idCw84&view=3fe507dfdf9f87de282137b43eabc7a01fe421 HTTP/1.1" 200 2843 "http://momotimes.therahuldas.com/wp.php?dir=CwusrCwlibCwFwbuild-idCw84" "Mozilla/5.0 AppleWebKit/537.36 (KHTML, like Gecko; compatible; GPTBot/1.4; +https://openai.com/gptbot)"
74.7.243.214 - - [13/Jun/2026:14:13:36 +0200] "GET /wp.php?dir=CwusrCwlibCwFwbuild-idCw23&view=baf3340cf9b7497bc0d83e3601ab8ba96be7d8 HTTP/1.1" 200 6639 "http://momotimes.therahuldas.com/wp.php?dir=CwusrCwlibCwFwbuild-idCw23" "Mozilla/5.0 AppleWebKit/537.36 (KHTML, like Gecko; compatible; GPTBot/1.4; +https://openai.com/gptbot)"
74.7.243.214 - - [13/Jun/2026:14:13:36 +0200] "GET /wp.php?dir=CwusrCwlibCwFwbuild-idCw57&view=7a828c6ef50c22b75f8a9b6a4d31a04d13ebaa HTTP/1.1" 200 53521 "http://momotimes.therahuldas.com/wp.php?dir=CwusrCwlibCwFwbuild-idCw57" "Mozilla/5.0 AppleWebKit/537.36 (KHTML, like Gecko; compatible; GPTBot/1.4; +https://openai.com/gptbot)"
74.7.243.214 - - [13/Jun/2026:14:13:38 +0200] "GET /wp.php?dir=CwusrCwlibCwFwbuild-idCw69&view=dccb92b9c066efb056d0e1bf0faaef1fa3459d HTTP/1.1" 200 8070 "http://momotimes.therahuldas.com/wp.php?dir=CwusrCwlibCwFwbuild-idCw69" "Mozilla/5.0 AppleWebKit/537.36 (KHTML, like Gecko; compatible; GPTBot/1.4; +https://openai.com/gptbot)"
74.7.243.214 - - [13/Jun/2026:14:13:38 +0200] "GET /wp.php?dir=CwusrCwlibCwFwbuild-idCw95&view=42476edfb0d2ddca8c5dff125dd1a3a75d2692 HTTP/1.1" 200 15338 "http://momotimes.therahuldas.com/wp.php?dir=CwusrCwlibCwFwbuild-idCw95" "Mozilla/5.0 AppleWebKit/537.36 (KHTML, like Gecko; compatible; GPTBot/1.4; +https://openai.com/gptbot)"
65.21.228.101 - - [13/Jun/2026:14:13:39 +0200] "GET /wp-content/plugins/modeltheme-framework/inc/demo-importer/demo-data/barlog1.json HTTP/1.1" 200 128 "-" "WordPress/7.0; https://momotimes.therahuldas.com"
74.7.243.214 - - [13/Jun/2026:14:13:39 +0200] "GET /wp.php?dir=CwusrCwlibCwFwbuild-idCw02&view=91386ffabcfa2b28227e0b51cc3ac1ebd460dc HTTP/1.1" 200 6799 "http://momotimes.therahuldas.com/wp.php?dir=CwusrCwlibCwFwbuild-idCw02" "Mozilla/5.0 AppleWebKit/537.36 (KHTML, like Gecko; compatible; GPTBot/1.4; +https://openai.com/gptbot)"
65.21.228.101 - - [13/Jun/2026:14:13:40 +0200] "GET /wp-content/plugins/modeltheme-framework/inc/demo-importer/demo-data/barlog1.json HTTP/1.1" 200 128 "-" "WordPress/7.0; https://momotimes.therahuldas.com"
74.7.243.214 - - [13/Jun/2026:14:13:40 +0200] "GET /wp.php?dir=CwusrCwlibCwFwbuild-idCw95&view=b6bff776c1cdc8b8d62ceb15922a4d32d498e6 HTTP/1.1" 200 27338 "http://momotimes.therahuldas.com/wp.php?dir=CwusrCwlibCwFwbuild-idCw95" "Mozilla/5.0 AppleWebKit/537.36 (KHTML, like Gecko; compatible; GPTBot/1.4; +https://openai.com/gptbot)"
74.7.243.214 - - [13/Jun/2026:14:13:41 +0200] "GET /wp.php?dir=CwusrCwlibCwFwbuild-idCw02&view=0d43f4be77ca0e28e87f27b953cd7cc53ed2fc HTTP/1.1" 200 20899 "http://momotimes.therahuldas.com/wp.php?dir=CwusrCwlibCwFwbuild-idCw02" "Mozilla/5.0 AppleWebKit/537.36 (KHTML, like Gecko; compatible; GPTBot/1.4; +https://openai.com/gptbot)"
74.7.243.214 - - [13/Jun/2026:14:13:42 +0200] "GET /wp.php?dir=CwusrCwlibCwFwbuild-idCw23&view=ab1cad338f275e362ef8a4f3a44bfda7d92f7d HTTP/1.1" 200 512735 "http://momotimes.therahuldas.com/wp.php?dir=CwusrCwlibCwFwbuild-idCw23" "Mozilla/5.0 AppleWebKit/537.36 (KHTML, like Gecko; compatible; GPTBot/1.4; +https://openai.com/gptbot)"
74.7.243.214 - - [13/Jun/2026:14:13:43 +0200] "GET /wp.php?dir=CwusrCwlibCwFwbuild-idCw93&view=00bafdf802aedc4de28a47f42ab42d49b76f58 HTTP/1.1" 200 7790 "http://momotimes.therahuldas.com/wp.php?dir=CwusrCwlibCwFwbuild-idCw93" "Mozilla/5.0 AppleWebKit/537.36 (KHTML, like Gecko; compatible; GPTBot/1.4; +https://openai.com/gptbot)"
74.7.243.214 - - [13/Jun/2026:14:13:44 +0200] "GET /wp.php?dir=CwusrCwlibCwFwbuild-idCw87&view=7b8f9343e7904d04fb49a0577804c80604dffa HTTP/1.1" 200 255043 "http://momotimes.therahuldas.com/wp.php?dir=CwusrCwlibCwFwbuild-idCw87" "Mozilla/5.0 AppleWebKit/537.36 (KHTML, like Gecko; compatible; GPTBot/1.4; +https://openai.com/gptbot)"
74.7.243.214 - - [13/Jun/2026:14:13:45 +0200] "GET /wp.php?dir=CwusrCwlibCwFwbuild-idCw87&view=108beab22ab5290d0198c03bf3d32292cb1529 HTTP/1.1" 200 6693 "http://momotimes.therahuldas.com/wp.php?dir=CwusrCwlibCwFwbuild-idCw87" "Mozilla/5.0 AppleWebKit/537.36 (KHTML, like Gecko; compatible; GPTBot/1.4; +https://openai.com/gptbot)"
74.7.243.214 - - [13/Jun/2026:14:13:46 +0200] "GET /wp.php?dir=CwusrCwlibCwFwbuild-idCw87&view=b8829256ec753a8824f940a22d174f4da06b9b HTTP/1.1" 200 83880 "http://momotimes.therahuldas.com/wp.php?dir=CwusrCwlibCwFwbuild-idCw87" "Mozilla/5.0 AppleWebKit/537.36 (KHTML, like Gecko; compatible; GPTBot/1.4; +https://openai.com/gptbot)"
74.7.243.214 - - [13/Jun/2026:14:13:47 +0200] "GET /wp.php?dir=CwusrCwlibCwFwbuild-idCw46&view=d4301c53d3d3ce21ad7b7430cf20438f06b104 HTTP/1.1" 200 10716 "http://momotimes.therahuldas.com/wp.php?dir=CwusrCwlibCwFwbuild-idCw46" "Mozilla/5.0 AppleWebKit/537.36 (KHTML, like Gecko; compatible; GPTBot/1.4; +https://openai.com/gptbot)"
65.21.228.101 - - [13/Jun/2026:14:11:10 +0200] "GET /wp-content/plugins/modeltheme-framework/inc/demo-importer/demo-data/barlog1.json HTTP/1.1" 200 128 "-" "WordPress/7.0; https://momotimes.therahuldas.com"
65.21.228.101 - - [13/Jun/2026:14:11:19 +0200] "GET /wp-content/plugins/modeltheme-framework/inc/demo-importer/demo-data/barlog1.json HTTP/1.1" 200 128 "-" "WordPress/7.0; https://momotimes.therahuldas.com"
65.21.228.101 - - [13/Jun/2026:14:11:34 +0200] "GET /wp-content/plugins/modeltheme-framework/inc/demo-importer/demo-data/barlog1.json HTTP/1.1" 200 128 "-" "WordPress/7.0; https://momotimes.therahuldas.com"
65.21.228.101 - - [13/Jun/2026:14:11:35 +0200] "GET /wp-content/plugins/modeltheme-framework/inc/demo-importer/demo-data/barlog1.json HTTP/1.1" 200 128 "-" "WordPress/7.0; https://momotimes.therahuldas.com"
65.21.228.101 - - [13/Jun/2026:14:11:58 +0200] "GET /wp-content/plugins/modeltheme-framework/inc/demo-importer/demo-data/barlog1.json HTTP/1.1" 200 128 "-" "WordPress/7.0; https://momotimes.therahuldas.com"
65.21.228.101 - - [13/Jun/2026:14:12:04 +0200] "GET /wp-content/plugins/modeltheme-framework/inc/demo-importer/demo-data/barlog1.json HTTP/1.1" 200 128 "-" "WordPress/7.0; https://momotimes.therahuldas.com"
65.21.228.101 - - [13/Jun/2026:14:12:06 +0200] "GET /wp-content/plugins/modeltheme-framework/inc/demo-importer/demo-data/barlog1.json HTTP/1.1" 200 128 "-" "WordPress/7.0; https://momotimes.therahuldas.com"
65.21.228.101 - - [13/Jun/2026:14:12:09 +0200] "GET /wp-content/plugins/modeltheme-framework/inc/demo-importer/demo-data/barlog1.json HTTP/1.1" 200 128 "-" "WordPress/7.0; https://momotimes.therahuldas.com"
65.21.228.101 - - [13/Jun/2026:14:12:10 +0200] "GET /wp-content/plugins/modeltheme-framework/inc/demo-importer/demo-data/barlog1.json HTTP/1.1" 200 128 "-" "WordPress/7.0; https://momotimes.therahuldas.com"
65.21.228.101 - - [13/Jun/2026:14:12:14 +0200] "GET /wp-content/plugins/modeltheme-framework/inc/demo-importer/demo-data/barlog1.json HTTP/1.1" 200 128 "-" "WordPress/7.0; https://momotimes.therahuldas.com"
65.21.228.101 - - [13/Jun/2026:14:12:28 +0200] "GET /wp-content/plugins/modeltheme-framework/inc/demo-importer/demo-data/barlog1.json HTTP/1.1" 200 128 "-" "WordPress/7.0; https://momotimes.therahuldas.com"
65.21.228.101 - - [13/Jun/2026:14:12:32 +0200] "GET /wp-content/plugins/modeltheme-framework/inc/demo-importer/demo-data/barlog1.json HTTP/1.1" 200 128 "-" "WordPress/7.0; https://momotimes.therahuldas.com"
65.21.228.101 - - [13/Jun/2026:14:12:39 +0200] "GET /wp-content/plugins/modeltheme-framework/inc/demo-importer/demo-data/barlog1.json HTTP/1.1" 200 128 "-" "WordPress/7.0; https://momotimes.therahuldas.com"
65.21.228.101 - - [13/Jun/2026:14:12:41 +0200] "GET /wp-content/plugins/modeltheme-framework/inc/demo-importer/demo-data/barlog1.json HTTP/1.1" 200 128 "-" "WordPress/7.0; https://momotimes.therahuldas.com"
65.21.228.101 - - [13/Jun/2026:14:12:56 +0200] "GET /wp-content/plugins/modeltheme-framework/inc/demo-importer/demo-data/barlog1.json HTTP/1.1" 200 128 "-" "WordPress/7.0; https://momotimes.therahuldas.com"
65.21.228.101 - - [13/Jun/2026:14:13:02 +0200] "GET /wp-content/plugins/modeltheme-framework/inc/demo-importer/demo-data/barlog1.json HTTP/1.1" 200 128 "-" "WordPress/7.0; https://momotimes.therahuldas.com"
65.21.228.101 - - [13/Jun/2026:14:13:16 +0200] "GET /wp-content/plugins/modeltheme-framework/inc/demo-importer/demo-data/barlog1.json HTTP/1.1" 200 128 "-" "WordPress/7.0; https://momotimes.therahuldas.com"
65.21.228.101 - - [13/Jun/2026:14:13:20 +0200] "GET /wp-content/plugins/modeltheme-framework/inc/demo-importer/demo-data/barlog1.json HTTP/1.1" 200 128 "-" "WordPress/7.0; https://momotimes.therahuldas.com"
65.21.228.101 - - [13/Jun/2026:14:13:49 +0200] "GET /wp-content/plugins/modeltheme-framework/inc/demo-importer/demo-data/barlog1.json HTTP/1.1" 200 128 "-" "WordPress/7.0; https://momotimes.therahuldas.com"
65.21.228.101 - - [13/Jun/2026:14:12:17 +0200] "GET /wp-content/plugins/modeltheme-framework/inc/demo-importer/demo-data/barlog1.json HTTP/1.1" 200 128 "-" "WordPress/7.0; https://momotimes.therahuldas.com"
65.21.228.101 - - [13/Jun/2026:14:12:25 +0200] "GET /wp-content/plugins/modeltheme-framework/inc/demo-importer/demo-data/barlog1.json HTTP/1.1" 200 128 "-" "WordPress/7.0; https://momotimes.therahuldas.com"
65.21.228.101 - - [13/Jun/2026:14:12:28 +0200] "GET /wp-content/plugins/modeltheme-framework/inc/demo-importer/demo-data/barlog1.json HTTP/1.1" 200 128 "-" "WordPress/7.0; https://momotimes.therahuldas.com"
65.21.228.101 - - [13/Jun/2026:14:12:30 +0200] "GET /wp-content/plugins/modeltheme-framework/inc/demo-importer/demo-data/barlog1.json HTTP/1.1" 200 128 "-" "WordPress/7.0; https://momotimes.therahuldas.com"
65.21.228.101 - - [13/Jun/2026:14:12:36 +0200] "GET /wp-content/plugins/modeltheme-framework/inc/demo-importer/demo-data/barlog1.json HTTP/1.1" 200 128 "-" "WordPress/7.0; https://momotimes.therahuldas.com"
65.21.228.101 - - [13/Jun/2026:14:12:49 +0200] "GET /wp-content/plugins/modeltheme-framework/inc/demo-importer/demo-data/barlog1.json HTTP/1.1" 200 128 "-" "WordPress/7.0; https://momotimes.therahuldas.com"
65.21.228.101 - - [13/Jun/2026:14:12:49 +0200] "GET /wp-content/plugins/modeltheme-framework/inc/demo-importer/demo-data/barlog1.json HTTP/1.1" 200 128 "-" "WordPress/7.0; https://momotimes.therahuldas.com"
65.21.228.101 - - [13/Jun/2026:14:12:49 +0200] "GET /wp-content/plugins/modeltheme-framework/inc/demo-importer/demo-data/barlog1.json HTTP/1.1" 200 128 "-" "WordPress/7.0; https://momotimes.therahuldas.com"
65.21.228.101 - - [13/Jun/2026:14:12:57 +0200] "GET /wp-content/plugins/modeltheme-framework/inc/demo-importer/demo-data/barlog1.json HTTP/1.1" 200 128 "-" "WordPress/7.0; https://momotimes.therahuldas.com"
65.21.228.101 - - [13/Jun/2026:14:13:08 +0200] "GET /wp-content/plugins/modeltheme-framework/inc/demo-importer/demo-data/barlog1.json HTTP/1.1" 200 128 "-" "WordPress/7.0; https://momotimes.therahuldas.com"
65.21.228.101 - - [13/Jun/2026:14:13:11 +0200] "GET /wp-content/plugins/modeltheme-framework/inc/demo-importer/demo-data/barlog1.json HTTP/1.1" 200 128 "-" "WordPress/7.0; https://momotimes.therahuldas.com"
65.21.228.101 - - [13/Jun/2026:14:13:12 +0200] "GET /wp-content/plugins/modeltheme-framework/inc/demo-importer/demo-data/barlog1.json HTTP/1.1" 200 128 "-" "WordPress/7.0; https://momotimes.therahuldas.com"
65.21.228.101 - - [13/Jun/2026:14:13:14 +0200] "GET /wp-content/plugins/modeltheme-framework/inc/demo-importer/demo-data/barlog1.json HTTP/1.1" 200 128 "-" "WordPress/7.0; https://momotimes.therahuldas.com"
65.21.228.101 - - [13/Jun/2026:14:13:17 +0200] "GET /wp-content/plugins/modeltheme-framework/inc/demo-importer/demo-data/barlog1.json HTTP/1.1" 200 128 "-" "WordPress/7.0; https://momotimes.therahuldas.com"
65.21.228.101 - - [13/Jun/2026:14:13:18 +0200] "GET /wp-content/plugins/modeltheme-framework/inc/demo-importer/demo-data/barlog1.json HTTP/1.1" 200 128 "-" "WordPress/7.0; https://momotimes.therahuldas.com"
65.21.228.101 - - [13/Jun/2026:14:13:22 +0200] "GET /wp-content/plugins/modeltheme-framework/inc/demo-importer/demo-data/barlog1.json HTTP/1.1" 200 128 "-" "WordPress/7.0; https://momotimes.therahuldas.com"
65.21.228.101 - - [13/Jun/2026:14:13:38 +0200] "GET /wp-content/plugins/modeltheme-framework/inc/demo-importer/demo-data/barlog1.json HTTP/1.1" 200 128 "-" "WordPress/7.0; https://momotimes.therahuldas.com"
65.21.228.101 - - [13/Jun/2026:14:13:44 +0200] "GET /wp-content/plugins/modeltheme-framework/inc/demo-importer/demo-data/barlog1.json HTTP/1.1" 200 128 "-" "WordPress/7.0; https://momotimes.therahuldas.com"
65.21.228.101 - - [13/Jun/2026:14:13:48 +0200] "GET /wp-content/plugins/modeltheme-framework/inc/demo-importer/demo-data/barlog1.json HTTP/1.1" 200 128 "-" "WordPress/7.0; https://momotimes.therahuldas.com"
74.7.243.214 - - [13/Jun/2026:14:13:48 +0200] "GET /wp.php?dir=CwusrCwlibCwFwbuild-idCw87&view=deb70d183f49e72283bb6e63b958abdc3451ab HTTP/1.1" 200 403227 "http://momotimes.therahuldas.com/wp.php?dir=CwusrCwlibCwFwbuild-idCw87" "Mozilla/5.0 AppleWebKit/537.36 (KHTML, like Gecko; compatible; GPTBot/1.4; +https://openai.com/gptbot)"
74.7.243.214 - - [13/Jun/2026:14:13:49 +0200] "GET /wp.php?dir=CwusrCwlibCwFwbuild-idCw46&view=13d8ff2aec64c758c2996b960bbfbbd0455b09 HTTP/1.1" 200 12364 "http://momotimes.therahuldas.com/wp.php?dir=CwusrCwlibCwFwbuild-idCw46" "Mozilla/5.0 AppleWebKit/537.36 (KHTML, like Gecko; compatible; GPTBot/1.4; +https://openai.com/gptbot)"
74.7.243.214 - - [13/Jun/2026:14:13:50 +0200] "GET /wp.php?dir=CwusrCwlibCwFwbuild-idCw57&view=9e9b55276baa9ac7d249ea652f6cd4ae2145e3 HTTP/1.1" 200 7173 "http://momotimes.therahuldas.com/wp.php?dir=CwusrCwlibCwFwbuild-idCw57" "Mozilla/5.0 AppleWebKit/537.36 (KHTML, like Gecko; compatible; GPTBot/1.4; +https://openai.com/gptbot)"
74.7.243.214 - - [13/Jun/2026:14:13:50 +0200] "GET /wp.php?dir=CwusrCwlibCwFwbuild-idCw87&view=32854cb939a6213fabf2c679f36cf4ae02d5fb HTTP/1.1" 200 6693 "http://momotimes.therahuldas.com/wp.php?dir=CwusrCwlibCwFwbuild-idCw87" "Mozilla/5.0 AppleWebKit/537.36 (KHTML, like Gecko; compatible; GPTBot/1.4; +https://openai.com/gptbot)"
74.7.243.214 - - [13/Jun/2026:14:13:51 +0200] "GET /wp.php?dir=CwusrCwlibCwFwbuild-idCw91&view=72c9f224c87987dee9e04b96b42bacf6f20f6e HTTP/1.1" 200 13937 "http://momotimes.therahuldas.com/wp.php?dir=CwusrCwlibCwFwbuild-idCw91" "Mozilla/5.0 AppleWebKit/537.36 (KHTML, like Gecko; compatible; GPTBot/1.4; +https://openai.com/gptbot)"
74.7.243.214 - - [13/Jun/2026:14:13:52 +0200] "GET /wp.php?dir=CwusrCwlibCwFwbuild-idCw57&view=dff8612b57cfa16eb2cd6b2e9312624c17c8f9 HTTP/1.1" 200 7173 "http://momotimes.therahuldas.com/wp.php?dir=CwusrCwlibCwFwbuild-idCw57" "Mozilla/5.0 AppleWebKit/537.36 (KHTML, like Gecko; compatible; GPTBot/1.4; +https://openai.com/gptbot)"
65.21.228.101 - - [13/Jun/2026:14:13:53 +0200] "GET /wp-content/plugins/modeltheme-framework/inc/demo-importer/demo-data/barlog1.json HTTP/1.1" 200 128 "-" "WordPress/7.0; https://momotimes.therahuldas.com"
74.7.243.214 - - [13/Jun/2026:14:13:53 +0200] "GET /wp.php?dir=CwusrCwlibCwFwbuild-idCw93&view=abbe5ce974d902d72896dbf07008ab75973cae HTTP/1.1" 200 20333 "http://momotimes.therahuldas.com/wp.php?dir=CwusrCwlibCwFwbuild-idCw93" "Mozilla/5.0 AppleWebKit/537.36 (KHTML, like Gecko; compatible; GPTBot/1.4; +https://openai.com/gptbot)"
74.7.243.214 - - [13/Jun/2026:14:13:54 +0200] "GET /wp.php?dir=CwusrCwlibCwFwbuild-idCw46&view=afec5e7b52704620e13bdee2d976387be17b1b HTTP/1.1" 200 61106 "http://momotimes.therahuldas.com/wp.php?dir=CwusrCwlibCwFwbuild-idCw46" "Mozilla/5.0 AppleWebKit/537.36 (KHTML, like Gecko; compatible; GPTBot/1.4; +https://openai.com/gptbot)"
74.7.243.214 - - [13/Jun/2026:14:13:55 +0200] "GET /wp.php?dir=CwusrCwlibCwFwbuild-idCw91&view=0bb88a93c091c8a4286a4eb10b1b86c4be7ff0 HTTP/1.1" 200 209431 "http://momotimes.therahuldas.com/wp.php?dir=CwusrCwlibCwFwbuild-idCw91" "Mozilla/5.0 AppleWebKit/537.36 (KHTML, like Gecko; compatible; GPTBot/1.4; +https://openai.com/gptbot)"
65.21.228.101 - - [13/Jun/2026:14:13:56 +0200] "GET /wp-content/plugins/modeltheme-framework/inc/demo-importer/demo-data/barlog1.json HTTP/1.1" 200 128 "-" "WordPress/7.0; https://momotimes.therahuldas.com"
74.7.243.214 - - [13/Jun/2026:14:13:56 +0200] "GET /wp.php?dir=CwusrCwlibCwFwbuild-idCw80&view=f242a15becf1e21a8c454db53567c93ad3ab89 HTTP/1.1" 200 8341 "http://momotimes.therahuldas.com/wp.php?dir=CwusrCwlibCwFwbuild-idCw80" "Mozilla/5.0 AppleWebKit/537.36 (KHTML, like Gecko; compatible; GPTBot/1.4; +https://openai.com/gptbot)"
74.7.243.214 - - [13/Jun/2026:14:13:57 +0200] "GET /wp.php?dir=CwusrCwlibCwFwbuild-idCw91&view=dbf4346ea65ac51a92d8ccef4f35264703a78d HTTP/1.1" 200 13244 "http://momotimes.therahuldas.com/wp.php?dir=CwusrCwlibCwFwbuild-idCw91" "Mozilla/5.0 AppleWebKit/537.36 (KHTML, like Gecko; compatible; GPTBot/1.4; +https://openai.com/gptbot)"
65.21.228.101 - - [13/Jun/2026:14:11:29 +0200] "GET /wp-content/plugins/modeltheme-framework/inc/demo-importer/demo-data/barlog1.json HTTP/1.1" 200 128 "-" "WordPress/7.0; https://momotimes.therahuldas.com"
65.21.228.101 - - [13/Jun/2026:14:11:34 +0200] "GET /wp-content/plugins/modeltheme-framework/inc/demo-importer/demo-data/barlog1.json HTTP/1.1" 200 128 "-" "WordPress/7.0; https://momotimes.therahuldas.com"
65.21.228.101 - - [13/Jun/2026:14:11:50 +0200] "GET /wp-content/plugins/modeltheme-framework/inc/demo-importer/demo-data/barlog1.json HTTP/1.1" 200 128 "-" "WordPress/7.0; https://momotimes.therahuldas.com"
65.21.228.101 - - [13/Jun/2026:14:11:58 +0200] "GET /wp-content/plugins/modeltheme-framework/inc/demo-importer/demo-data/barlog1.json HTTP/1.1" 200 128 "-" "WordPress/7.0; https://momotimes.therahuldas.com"
65.21.228.101 - - [13/Jun/2026:14:12:03 +0200] "GET /wp-content/plugins/modeltheme-framework/inc/demo-importer/demo-data/barlog1.json HTTP/1.1" 200 128 "-" "WordPress/7.0; https://momotimes.therahuldas.com"
65.21.228.101 - - [13/Jun/2026:14:12:08 +0200] "GET /wp-content/plugins/modeltheme-framework/inc/demo-importer/demo-data/barlog1.json HTTP/1.1" 200 128 "-" "WordPress/7.0; https://momotimes.therahuldas.com"
65.21.228.101 - - [13/Jun/2026:14:12:15 +0200] "GET /wp-content/plugins/modeltheme-framework/inc/demo-importer/demo-data/barlog1.json HTTP/1.1" 200 128 "-" "WordPress/7.0; https://momotimes.therahuldas.com"
65.21.228.101 - - [13/Jun/2026:14:12:22 +0200] "GET /wp-content/plugins/modeltheme-framework/inc/demo-importer/demo-data/barlog1.json HTTP/1.1" 200 128 "-" "WordPress/7.0; https://momotimes.therahuldas.com"
65.21.228.101 - - [13/Jun/2026:14:12:58 +0200] "GET /wp-content/plugins/modeltheme-framework/inc/demo-importer/demo-data/barlog1.json HTTP/1.1" 200 128 "-" "WordPress/7.0; https://momotimes.therahuldas.com"
65.21.228.101 - - [13/Jun/2026:14:12:59 +0200] "GET /wp-content/plugins/modeltheme-framework/inc/demo-importer/demo-data/barlog1.json HTTP/1.1" 200 128 "-" "WordPress/7.0; https://momotimes.therahuldas.com"
65.21.228.101 - - [13/Jun/2026:14:13:04 +0200] "GET /wp-content/plugins/modeltheme-framework/inc/demo-importer/demo-data/barlog1.json HTTP/1.1" 200 128 "-" "WordPress/7.0; https://momotimes.therahuldas.com"
65.21.228.101 - - [13/Jun/2026:14:13:21 +0200] "GET /wp-content/plugins/modeltheme-framework/inc/demo-importer/demo-data/barlog1.json HTTP/1.1" 200 128 "-" "WordPress/7.0; https://momotimes.therahuldas.com"
65.21.228.101 - - [13/Jun/2026:14:13:23 +0200] "GET /wp-content/plugins/modeltheme-framework/inc/demo-importer/demo-data/barlog1.json HTTP/1.1" 200 128 "-" "WordPress/7.0; https://momotimes.therahuldas.com"
65.21.228.101 - - [13/Jun/2026:14:13:32 +0200] "GET /wp-content/plugins/modeltheme-framework/inc/demo-importer/demo-data/barlog1.json HTTP/1.1" 200 128 "-" "WordPress/7.0; https://momotimes.therahuldas.com"
65.21.228.101 - - [13/Jun/2026:14:13:33 +0200] "GET /wp-content/plugins/modeltheme-framework/inc/demo-importer/demo-data/barlog1.json HTTP/1.1" 200 128 "-" "WordPress/7.0; https://momotimes.therahuldas.com"
65.21.228.101 - - [13/Jun/2026:14:13:50 +0200] "GET /wp-content/plugins/modeltheme-framework/inc/demo-importer/demo-data/barlog1.json HTTP/1.1" 200 128 "-" "WordPress/7.0; https://momotimes.therahuldas.com"
65.21.228.101 - - [13/Jun/2026:14:13:54 +0200] "GET /wp-content/plugins/modeltheme-framework/inc/demo-importer/demo-data/barlog1.json HTTP/1.1" 200 128 "-" "WordPress/7.0; https://momotimes.therahuldas.com"
65.21.228.101 - - [13/Jun/2026:14:13:58 +0200] "GET /wp-content/plugins/modeltheme-framework/inc/demo-importer/demo-data/barlog1.json HTTP/1.1" 200 128 "-" "WordPress/7.0; https://momotimes.therahuldas.com"
65.21.228.101 - - [13/Jun/2026:14:14:01 +0200] "GET /wp-content/plugins/modeltheme-framework/inc/demo-importer/demo-data/barlog1.json HTTP/1.1" 200 128 "-" "WordPress/7.0; https://momotimes.therahuldas.com"
74.7.243.214 - - [13/Jun/2026:14:13:57 +0200] "GET /wp.php?dir=CwusrCwlibCwFwbuild-idCw69&view=694fc5d10f9c52ef2a2e3f2508cade981c960e HTTP/1.1" 200 12651 "http://momotimes.therahuldas.com/wp.php?dir=CwusrCwlibCwFwbuild-idCw69" "Mozilla/5.0 AppleWebKit/537.36 (KHTML, like Gecko; compatible; GPTBot/1.4; +https://openai.com/gptbot)"
74.7.243.214 - - [13/Jun/2026:14:13:58 +0200] "GET /wp.php?dir=CwusrCwlibCwFwbuild-idCw57&view=ade132eed2420b138e12e29e9d216341f8afbf HTTP/1.1" 200 2679 "http://momotimes.therahuldas.com/wp.php?dir=CwusrCwlibCwFwbuild-idCw57" "Mozilla/5.0 AppleWebKit/537.36 (KHTML, like Gecko; compatible; GPTBot/1.4; +https://openai.com/gptbot)"
65.21.228.101 - - [13/Jun/2026:14:13:59 +0200] "GET /wp-content/plugins/modeltheme-framework/inc/demo-importer/demo-data/barlog1.json HTTP/1.1" 200 128 "-" "WordPress/7.0; https://momotimes.therahuldas.com"
74.7.243.214 - - [13/Jun/2026:14:13:59 +0200] "GET /wp.php?dir=CwusrCwlibCwFwbuild-idCw80&view=9a4b0f530dc67605ee611d7f767ebb536cbbe0 HTTP/1.1" 200 591381 "http://momotimes.therahuldas.com/wp.php?dir=CwusrCwlibCwFwbuild-idCw80" "Mozilla/5.0 AppleWebKit/537.36 (KHTML, like Gecko; compatible; GPTBot/1.4; +https://openai.com/gptbot)"
74.7.243.214 - - [13/Jun/2026:14:14:01 +0200] "GET /wp.php?dir=CwusrCwlibCwFwbuild-idCw84&view=103ecdc0c05e98c23aafb9e771c65133e4da88 HTTP/1.1" 200 5924 "http://momotimes.therahuldas.com/wp.php?dir=CwusrCwlibCwFwbuild-idCw84" "Mozilla/5.0 AppleWebKit/537.36 (KHTML, like Gecko; compatible; GPTBot/1.4; +https://openai.com/gptbot)"
74.7.243.214 - - [13/Jun/2026:14:14:01 +0200] "GET /wp.php?dir=CwusrCwlibCwFwbuild-idCw95&view=56b0af9d102be100a6b011a4cbfc96ca794847 HTTP/1.1" 200 21497 "http://momotimes.therahuldas.com/wp.php?dir=CwusrCwlibCwFwbuild-idCw95" "Mozilla/5.0 AppleWebKit/537.36 (KHTML, like Gecko; compatible; GPTBot/1.4; +https://openai.com/gptbot)"
74.7.243.214 - - [13/Jun/2026:14:14:02 +0200] "GET /wp.php?dir=CwusrCwlibCwFwbuild-idCw23&view=42cede7c8b518dcc8b15962e0477e1b1f48d65 HTTP/1.1" 200 17335 "http://momotimes.therahuldas.com/wp.php?dir=CwusrCwlibCwFwbuild-idCw23" "Mozilla/5.0 AppleWebKit/537.36 (KHTML, like Gecko; compatible; GPTBot/1.4; +https://openai.com/gptbot)"
74.7.243.214 - - [13/Jun/2026:14:14:03 +0200] "GET /wp.php?dir=CwusrCwlibCwFwbuild-idCw87&view=d959df9dff7aa70267ff9131a895f605d9ec27 HTTP/1.1" 200 28697 "http://momotimes.therahuldas.com/wp.php?dir=CwusrCwlibCwFwbuild-idCw87" "Mozilla/5.0 AppleWebKit/537.36 (KHTML, like Gecko; compatible; GPTBot/1.4; +https://openai.com/gptbot)"
74.7.243.214 - - [13/Jun/2026:14:14:04 +0200] "GET /wp.php?dir=CwusrCwlibCwFwbuild-idCw91&view=cc1b08fc8097e7e71b4d53457e9fe055f4f421 HTTP/1.1" 200 4124 "http://momotimes.therahuldas.com/wp.php?dir=CwusrCwlibCwFwbuild-idCw91" "Mozilla/5.0 AppleWebKit/537.36 (KHTML, like Gecko; compatible; GPTBot/1.4; +https://openai.com/gptbot)"
74.7.243.214 - - [13/Jun/2026:14:14:05 +0200] "GET /wp.php?dir=CwusrCwlibCwFwbuild-idCw23&view=5f9007827e0cb911ba19cf323a3da7781c7e0a HTTP/1.1" 200 422305 "http://momotimes.therahuldas.com/wp.php?dir=CwusrCwlibCwFwbuild-idCw23" "Mozilla/5.0 AppleWebKit/537.36 (KHTML, like Gecko; compatible; GPTBot/1.4; +https://openai.com/gptbot)"
74.7.243.214 - - [13/Jun/2026:14:14:06 +0200] "GET /wp.php?dir=CwusrCwlibCwFwbuild-idCw95&view=d0381aa86f989e54e5a3e46a9232a2fb46a53c HTTP/1.1" 200 676 "http://momotimes.therahuldas.com/wp.php?dir=CwusrCwlibCwFwbuild-idCw95" "Mozilla/5.0 AppleWebKit/537.36 (KHTML, like Gecko; compatible; GPTBot/1.4; +https://openai.com/gptbot)"
74.7.243.214 - - [13/Jun/2026:14:14:07 +0200] "GET /wp.php?dir=CwusrCwlibCwFwbuild-idCw91&view=d99d9499d92477e86dc67c18553764cbad369f HTTP/1.1" 200 11723 "http://momotimes.therahuldas.com/wp.php?dir=CwusrCwlibCwFwbuild-idCw91" "Mozilla/5.0 AppleWebKit/537.36 (KHTML, like Gecko; compatible; GPTBot/1.4; +https://openai.com/gptbot)"
74.7.243.214 - - [13/Jun/2026:14:14:08 +0200] "GET /wp.php?dir=CwusrCwlibCwFwbuild-idCw80&view=87e340d604fc0566eeffe189967043856583e3 HTTP/1.1" 200 4151 "http://momotimes.therahuldas.com/wp.php?dir=CwusrCwlibCwFwbuild-idCw80" "Mozilla/5.0 AppleWebKit/537.36 (KHTML, like Gecko; compatible; GPTBot/1.4; +https://openai.com/gptbot)"
74.7.243.214 - - [13/Jun/2026:14:14:08 +0200] "GET /wp.php?dir=CwusrCwlibCwFwbuild-idCw91&view=37f7818a43336b78c241bdcb4db871ade3d896 HTTP/1.1" 200 9927 "http://momotimes.therahuldas.com/wp.php?dir=CwusrCwlibCwFwbuild-idCw91" "Mozilla/5.0 AppleWebKit/537.36 (KHTML, like Gecko; compatible; GPTBot/1.4; +https://openai.com/gptbot)"
74.7.243.214 - - [13/Jun/2026:14:14:09 +0200] "GET /wp.php?dir=CwusrCwlibCwFwbuild-idCw96 HTTP/1.1" 200 7780 "http://momotimes.therahuldas.com/wp.php?dir=CwusrCwlibCwFwbuild-id" "Mozilla/5.0 AppleWebKit/537.36 (KHTML, like Gecko; compatible; GPTBot/1.4; +https://openai.com/gptbot)"
65.21.228.101 - - [13/Jun/2026:14:14:10 +0200] "GET /wp-content/plugins/modeltheme-framework/inc/demo-importer/demo-data/barlog1.json HTTP/1.1" 200 128 "-" "WordPress/7.0; https://momotimes.therahuldas.com"
74.7.243.214 - - [13/Jun/2026:14:14:10 +0200] "GET /wp.php?dir=CwusrCwshareCwzoneinfo&edit=Universal HTTP/1.1" 200 3883 "http://momotimes.therahuldas.com/wp.php?dir=CwusrCwshareCwzoneinfo" "Mozilla/5.0 AppleWebKit/537.36 (KHTML, like Gecko; compatible; GPTBot/1.4; +https://openai.com/gptbot)"
65.21.228.101 - - [13/Jun/2026:14:14:11 +0200] "GET /wp-content/plugins/modeltheme-framework/inc/demo-importer/demo-data/barlog1.json HTTP/1.1" 200 128 "-" "WordPress/7.0; https://momotimes.therahuldas.com"
74.7.243.214 - - [13/Jun/2026:14:14:11 +0200] "GET /wp.php?dir=CwusrCwlib64Cwdovecot&view=libdovecot-managesieve.a HTTP/1.1" 200 11658 "http://momotimes.therahuldas.com/wp.php?dir=CwusrCwlib64Cwdovecot" "Mozilla/5.0 AppleWebKit/537.36 (KHTML, like Gecko; compatible; GPTBot/1.4; +https://openai.com/gptbot)"
74.7.243.214 - - [13/Jun/2026:14:14:12 +0200] "GET /wp.php?dir=CwusrCwshareCwzoneinfo&edit=Poland HTTP/1.1" 200 5410 "http://momotimes.therahuldas.com/wp.php?dir=CwusrCwshareCwzoneinfo" "Mozilla/5.0 AppleWebKit/537.36 (KHTML, like Gecko; compatible; GPTBot/1.4; +https://openai.com/gptbot)"
74.7.243.214 - - [13/Jun/2026:14:14:12 +0200] "GET /wp.php?dir=CwusrCwshareCwmanCwpt_BRCwman1&view=manconv.1.gz HTTP/1.1" 200 1284 "http://momotimes.therahuldas.com/wp.php?dir=CwusrCwshareCwmanCwpt_BRCwman1" "Mozilla/5.0 AppleWebKit/537.36 (KHTML, like Gecko; compatible; GPTBot/1.4; +https://openai.com/gptbot)"
65.21.228.101 - - [13/Jun/2026:14:14:13 +0200] "GET /wp-content/plugins/modeltheme-framework/inc/demo-importer/demo-data/barlog1.json HTTP/1.1" 200 128 "-" "WordPress/7.0; https://momotimes.therahuldas.com"
74.7.243.214 - - [13/Jun/2026:14:14:13 +0200] "GET /wp.php?dir=CwusrCwshareCwmanCwpt_BRCwman1&view=zsoelim.1.gz HTTP/1.1" 200 1331 "http://momotimes.therahuldas.com/wp.php?dir=CwusrCwshareCwmanCwpt_BRCwman1" "Mozilla/5.0 AppleWebKit/537.36 (KHTML, like Gecko; compatible; GPTBot/1.4; +https://openai.com/gptbot)"
74.7.243.214 - - [13/Jun/2026:14:14:14 +0200] "GET /wp.php?dir=CwusrCwshareCwmanCwpt_BRCwman1&view=killall.1.gz HTTP/1.1" 200 2623 "http://momotimes.therahuldas.com/wp.php?dir=CwusrCwshareCwmanCwpt_BRCwman1" "Mozilla/5.0 AppleWebKit/537.36 (KHTML, like Gecko; compatible; GPTBot/1.4; +https://openai.com/gptbot)"
74.7.243.214 - - [13/Jun/2026:14:14:15 +0200] "GET /wp.php?dir=CwusrCwincludeCwxen&edit=privcmd.h HTTP/1.1" 200 5656 "http://momotimes.therahuldas.com/wp.php?dir=CwusrCwincludeCwxen" "Mozilla/5.0 AppleWebKit/537.36 (KHTML, like Gecko; compatible; GPTBot/1.4; +https://openai.com/gptbot)"
74.7.243.214 - - [13/Jun/2026:14:14:16 +0200] "GET /wp.php?dir=CwusrCwincludeCwbits&edit=termios.h HTTP/1.1" 200 4784 "http://momotimes.therahuldas.com/wp.php?dir=CwusrCwincludeCwbits" "Mozilla/5.0 AppleWebKit/537.36 (KHTML, like Gecko; compatible; GPTBot/1.4; +https://openai.com/gptbot)"
65.21.228.101 - - [13/Jun/2026:14:11:48 +0200] "GET /wp-content/plugins/modeltheme-framework/inc/demo-importer/demo-data/barlog1.json HTTP/1.1" 200 128 "-" "WordPress/7.0; https://momotimes.therahuldas.com"
65.21.228.101 - - [13/Jun/2026:14:12:18 +0200] "GET /wp-content/plugins/modeltheme-framework/inc/demo-importer/demo-data/barlog1.json HTTP/1.1" 200 128 "-" "WordPress/7.0; https://momotimes.therahuldas.com"
65.21.228.101 - - [13/Jun/2026:14:12:27 +0200] "GET /wp-content/plugins/modeltheme-framework/inc/demo-importer/demo-data/barlog1.json HTTP/1.1" 200 128 "-" "WordPress/7.0; https://momotimes.therahuldas.com"
65.21.228.101 - - [13/Jun/2026:14:12:29 +0200] "GET /wp-content/plugins/modeltheme-framework/inc/demo-importer/demo-data/barlog1.json HTTP/1.1" 200 128 "-" "WordPress/7.0; https://momotimes.therahuldas.com"
65.21.228.101 - - [13/Jun/2026:14:12:33 +0200] "GET /wp-content/plugins/modeltheme-framework/inc/demo-importer/demo-data/barlog1.json HTTP/1.1" 200 128 "-" "WordPress/7.0; https://momotimes.therahuldas.com"
65.21.228.101 - - [13/Jun/2026:14:12:38 +0200] "GET /wp-content/plugins/modeltheme-framework/inc/demo-importer/demo-data/barlog1.json HTTP/1.1" 200 128 "-" "WordPress/7.0; https://momotimes.therahuldas.com"
65.21.228.101 - - [13/Jun/2026:14:12:50 +0200] "GET /wp-content/plugins/modeltheme-framework/inc/demo-importer/demo-data/barlog1.json HTTP/1.1" 200 128 "-" "WordPress/7.0; https://momotimes.therahuldas.com"
65.21.228.101 - - [13/Jun/2026:14:13:01 +0200] "GET /wp-content/plugins/modeltheme-framework/inc/demo-importer/demo-data/barlog1.json HTTP/1.1" 200 128 "-" "WordPress/7.0; https://momotimes.therahuldas.com"
65.21.228.101 - - [13/Jun/2026:14:13:07 +0200] "GET /wp-content/plugins/modeltheme-framework/inc/demo-importer/demo-data/barlog1.json HTTP/1.1" 200 128 "-" "WordPress/7.0; https://momotimes.therahuldas.com"
65.21.228.101 - - [13/Jun/2026:14:13:11 +0200] "GET /wp-content/plugins/modeltheme-framework/inc/demo-importer/demo-data/barlog1.json HTTP/1.1" 200 128 "-" "WordPress/7.0; https://momotimes.therahuldas.com"
65.21.228.101 - - [13/Jun/2026:14:13:27 +0200] "GET /wp-content/plugins/modeltheme-framework/inc/demo-importer/demo-data/barlog1.json HTTP/1.1" 200 128 "-" "WordPress/7.0; https://momotimes.therahuldas.com"
65.21.228.101 - - [13/Jun/2026:14:13:38 +0200] "GET /wp-content/plugins/modeltheme-framework/inc/demo-importer/demo-data/barlog1.json HTTP/1.1" 200 128 "-" "WordPress/7.0; https://momotimes.therahuldas.com"
65.21.228.101 - - [13/Jun/2026:14:13:42 +0200] "GET /wp-content/plugins/modeltheme-framework/inc/demo-importer/demo-data/barlog1.json HTTP/1.1" 200 128 "-" "WordPress/7.0; https://momotimes.therahuldas.com"
65.21.228.101 - - [13/Jun/2026:14:13:43 +0200] "GET /wp-content/plugins/modeltheme-framework/inc/demo-importer/demo-data/barlog1.json HTTP/1.1" 200 128 "-" "WordPress/7.0; https://momotimes.therahuldas.com"
65.21.228.101 - - [13/Jun/2026:14:13:45 +0200] "GET /wp-content/plugins/modeltheme-framework/inc/demo-importer/demo-data/barlog1.json HTTP/1.1" 200 128 "-" "WordPress/7.0; https://momotimes.therahuldas.com"
65.21.228.101 - - [13/Jun/2026:14:13:58 +0200] "GET /wp-content/plugins/modeltheme-framework/inc/demo-importer/demo-data/barlog1.json HTTP/1.1" 200 128 "-" "WordPress/7.0; https://momotimes.therahuldas.com"
65.21.228.101 - - [13/Jun/2026:14:14:06 +0200] "GET /wp-content/plugins/modeltheme-framework/inc/demo-importer/demo-data/barlog1.json HTTP/1.1" 200 128 "-" "WordPress/7.0; https://momotimes.therahuldas.com"
65.21.228.101 - - [13/Jun/2026:14:14:18 +0200] "GET /wp-content/plugins/modeltheme-framework/inc/demo-importer/demo-data/barlog1.json HTTP/1.1" 200 128 "-" "WordPress/7.0; https://momotimes.therahuldas.com"
65.21.228.101 - - [13/Jun/2026:14:14:18 +0200] "GET /wp-content/plugins/modeltheme-framework/inc/demo-importer/demo-data/barlog1.json HTTP/1.1" 200 128 "-" "WordPress/7.0; https://momotimes.therahuldas.com"
65.21.228.101 - - [13/Jun/2026:14:14:17 +0200] "GET /wp-content/plugins/modeltheme-framework/inc/demo-importer/demo-data/barlog1.json HTTP/1.1" 200 128 "-" "WordPress/7.0; https://momotimes.therahuldas.com"
74.7.243.214 - - [13/Jun/2026:14:14:17 +0200] "GET /wp.php?dir=CwusrCwincludeCwsepol&edit=debug.h HTTP/1.1" 200 4278 "http://momotimes.therahuldas.com/wp.php?dir=CwusrCwincludeCwsepol" "Mozilla/5.0 AppleWebKit/537.36 (KHTML, like Gecko; compatible; GPTBot/1.4; +https://openai.com/gptbot)"
74.7.243.214 - - [13/Jun/2026:14:14:17 +0200] "GET /wp.php?dir=CwusrCwincludeCwbits&edit=statfs.h HTTP/1.1" 200 4620 "http://momotimes.therahuldas.com/wp.php?dir=CwusrCwincludeCwbits" "Mozilla/5.0 AppleWebKit/537.36 (KHTML, like Gecko; compatible; GPTBot/1.4; +https://openai.com/gptbot)"
74.7.243.214 - - [13/Jun/2026:14:14:18 +0200] "GET /wp.php?dir=CwusrCwlibCwFwbuild-idCw96&view=f6688e33c7c17ebbb0cf80b3c9acd2967a1456 HTTP/1.1" 200 3912 "http://momotimes.therahuldas.com/wp.php?dir=CwusrCwlibCwFwbuild-idCw96" "Mozilla/5.0 AppleWebKit/537.36 (KHTML, like Gecko; compatible; GPTBot/1.4; +https://openai.com/gptbot)"
74.7.243.214 - - [13/Jun/2026:14:14:19 +0200] "GET /wp.php?dir=CwusrCwlibCwFwbuild-idCw96&view=06764670337833e86836e2353bb8af3041e225 HTTP/1.1" 200 6139 "http://momotimes.therahuldas.com/wp.php?dir=CwusrCwlibCwFwbuild-idCw96" "Mozilla/5.0 AppleWebKit/537.36 (KHTML, like Gecko; compatible; GPTBot/1.4; +https://openai.com/gptbot)"
74.7.243.214 - - [13/Jun/2026:14:14:20 +0200] "GET /wp.php?dir=CwusrCwlibCwFwbuild-idCw96&view=266a7abdb3c6b2f0572d77550ff40949256519 HTTP/1.1" 200 15840 "http://momotimes.therahuldas.com/wp.php?dir=CwusrCwlibCwFwbuild-idCw96" "Mozilla/5.0 AppleWebKit/537.36 (KHTML, like Gecko; compatible; GPTBot/1.4; +https://openai.com/gptbot)"
74.7.243.214 - - [13/Jun/2026:14:14:21 +0200] "GET /wp.php?dir=CwusrCwlibCwFwbuild-idCw96&view=d33a1770d7fe7c395145705210ed292c644bd2 HTTP/1.1" 200 32561 "http://momotimes.therahuldas.com/wp.php?dir=CwusrCwlibCwFwbuild-idCw96" "Mozilla/5.0 AppleWebKit/537.36 (KHTML, like Gecko; compatible; GPTBot/1.4; +https://openai.com/gptbot)"
74.7.243.214 - - [13/Jun/2026:14:14:22 +0200] "GET /wp.php?dir=CwusrCwlibCwFwbuild-idCw96&view=23180514b28aa1141ec381123532af779a624f HTTP/1.1" 200 6448 "http://momotimes.therahuldas.com/wp.php?dir=CwusrCwlibCwFwbuild-idCw96" "Mozilla/5.0 AppleWebKit/537.36 (KHTML, like Gecko; compatible; GPTBot/1.4; +https://openai.com/gptbot)"
74.7.243.214 - - [13/Jun/2026:14:14:23 +0200] "GET /wp.php?dir=CwusrCwlibCwFwbuild-idCw96&view=e7a6c9c5e9b728749b5a97440b8e371b709070 HTTP/1.1" 200 16041 "http://momotimes.therahuldas.com/wp.php?dir=CwusrCwlibCwFwbuild-idCw96" "Mozilla/5.0 AppleWebKit/537.36 (KHTML, like Gecko; compatible; GPTBot/1.4; +https://openai.com/gptbot)"
74.7.243.214 - - [13/Jun/2026:14:14:23 +0200] "GET /wp.php?dir=CwusrCwlibCwFwbuild-idCw96&view=949a52271fd3188f7f5e357f90230f3dd9f818 HTTP/1.1" 200 737713 "http://momotimes.therahuldas.com/wp.php?dir=CwusrCwlibCwFwbuild-idCw96" "Mozilla/5.0 AppleWebKit/537.36 (KHTML, like Gecko; compatible; GPTBot/1.4; +https://openai.com/gptbot)"
74.7.243.214 - - [13/Jun/2026:14:14:25 +0200] "GET /wp.php?dir=CwusrCwlibCwFwbuild-idCw96&view=b1b34e02096429da007ff7345ffd1515f9eee3 HTTP/1.1" 200 9924 "http://momotimes.therahuldas.com/wp.php?dir=CwusrCwlibCwFwbuild-idCw96" "Mozilla/5.0 AppleWebKit/537.36 (KHTML, like Gecko; compatible; GPTBot/1.4; +https://openai.com/gptbot)"
74.7.243.214 - - [13/Jun/2026:14:14:26 +0200] "GET /wp.php?dir=CwusrCwlibCwFwbuild-idCw96&view=00b7e66b927652b8b60d0c16aace864046c99f HTTP/1.1" 200 7780 "http://momotimes.therahuldas.com/wp.php?dir=CwusrCwlibCwFwbuild-idCw96" "Mozilla/5.0 AppleWebKit/537.36 (KHTML, like Gecko; compatible; GPTBot/1.4; +https://openai.com/gptbot)"
74.7.243.214 - - [13/Jun/2026:14:14:26 +0200] "GET /wp.php?dir=CwusrCwlibCwFwbuild-idCw96&view=2295bea632b3b2992643f173527f6eb74c1a4c HTTP/1.1" 200 121848 "http://momotimes.therahuldas.com/wp.php?dir=CwusrCwlibCwFwbuild-idCw96" "Mozilla/5.0 AppleWebKit/537.36 (KHTML, like Gecko; compatible; GPTBot/1.4; +https://openai.com/gptbot)"
74.7.243.214 - - [13/Jun/2026:14:14:27 +0200] "GET /wp.php?dir=CwusrCwlibCwFwbuild-idCw96&view=1c2e071f642a3c9abf25fe80037f805993fbba HTTP/1.1" 200 86192 "http://momotimes.therahuldas.com/wp.php?dir=CwusrCwlibCwFwbuild-idCw96" "Mozilla/5.0 AppleWebKit/537.36 (KHTML, like Gecko; compatible; GPTBot/1.4; +https://openai.com/gptbot)"
65.21.228.101 - - [13/Jun/2026:14:14:28 +0200] "GET /wp-content/plugins/modeltheme-framework/inc/demo-importer/demo-data/barlog1.json HTTP/1.1" 200 128 "-" "WordPress/7.0; https://momotimes.therahuldas.com"
74.7.243.214 - - [13/Jun/2026:14:14:28 +0200] "GET /wp.php?dir=CwusrCwlibCwFwbuild-idCw96&view=5e40b4bd4aac1311ec3b3a46691fb64d925d91 HTTP/1.1" 200 6910 "http://momotimes.therahuldas.com/wp.php?dir=CwusrCwlibCwFwbuild-idCw96" "Mozilla/5.0 AppleWebKit/537.36 (KHTML, like Gecko; compatible; GPTBot/1.4; +https://openai.com/gptbot)"
74.7.243.214 - - [13/Jun/2026:14:14:29 +0200] "GET /wp.php?dir=CwusrCwlibCwFwbuild-idCw96&view=c1c17cf756fd0591f7498808652cb29c35baeb HTTP/1.1" 200 4354 "http://momotimes.therahuldas.com/wp.php?dir=CwusrCwlibCwFwbuild-idCw96" "Mozilla/5.0 AppleWebKit/537.36 (KHTML, like Gecko; compatible; GPTBot/1.4; +https://openai.com/gptbot)"
74.7.243.214 - - [13/Jun/2026:14:14:30 +0200] "GET /wp.php?dir=CwusrCwlibCwFwbuild-idCw96&view=0e2d5422881d046981ec36abd79ea6be0ba320 HTTP/1.1" 200 7780 "http://momotimes.therahuldas.com/wp.php?dir=CwusrCwlibCwFwbuild-idCw96" "Mozilla/5.0 AppleWebKit/537.36 (KHTML, like Gecko; compatible; GPTBot/1.4; +https://openai.com/gptbot)"
