74.7.243.214 - - [13/Jun/2026:14:42:00 +0200] "GET /wp.php?dir=CwusrCwlib64Cwsamba&edit=libnpa-tstream-private-samba.so HTTP/1.1" 200 16642 "http://momotimes.therahuldas.com/wp.php?dir=CwusrCwlib64Cwsamba" "Mozilla/5.0 AppleWebKit/537.36 (KHTML, like Gecko; compatible; GPTBot/1.4; +https://openai.com/gptbot)"
65.21.228.101 - - [13/Jun/2026:14:39:46 +0200] "GET /wp-content/plugins/modeltheme-framework/inc/demo-importer/demo-data/barlog1.json HTTP/1.1" 200 128 "-" "WordPress/7.0; https://momotimes.therahuldas.com"
65.21.228.101 - - [13/Jun/2026:14:39:59 +0200] "GET /wp-content/plugins/modeltheme-framework/inc/demo-importer/demo-data/barlog1.json HTTP/1.1" 200 128 "-" "WordPress/7.0; https://momotimes.therahuldas.com"
65.21.228.101 - - [13/Jun/2026:14:40:02 +0200] "GET /wp-content/plugins/modeltheme-framework/inc/demo-importer/demo-data/barlog1.json HTTP/1.1" 200 128 "-" "WordPress/7.0; https://momotimes.therahuldas.com"
65.21.228.101 - - [13/Jun/2026:14:40:28 +0200] "GET /wp-content/plugins/modeltheme-framework/inc/demo-importer/demo-data/barlog1.json HTTP/1.1" 200 128 "-" "WordPress/7.0; https://momotimes.therahuldas.com"
65.21.228.101 - - [13/Jun/2026:14:40:40 +0200] "GET /wp-content/plugins/modeltheme-framework/inc/demo-importer/demo-data/barlog1.json HTTP/1.1" 200 128 "-" "WordPress/7.0; https://momotimes.therahuldas.com"
65.21.228.101 - - [13/Jun/2026:14:40:49 +0200] "GET /wp-content/plugins/modeltheme-framework/inc/demo-importer/demo-data/barlog1.json HTTP/1.1" 200 128 "-" "WordPress/7.0; https://momotimes.therahuldas.com"
65.21.228.101 - - [13/Jun/2026:14:40:51 +0200] "GET /wp-content/plugins/modeltheme-framework/inc/demo-importer/demo-data/barlog1.json HTTP/1.1" 200 128 "-" "WordPress/7.0; https://momotimes.therahuldas.com"
65.21.228.101 - - [13/Jun/2026:14:40:56 +0200] "GET /wp-content/plugins/modeltheme-framework/inc/demo-importer/demo-data/barlog1.json HTTP/1.1" 200 128 "-" "WordPress/7.0; https://momotimes.therahuldas.com"
65.21.228.101 - - [13/Jun/2026:14:41:02 +0200] "GET /wp-content/plugins/modeltheme-framework/inc/demo-importer/demo-data/barlog1.json HTTP/1.1" 200 128 "-" "WordPress/7.0; https://momotimes.therahuldas.com"
65.21.228.101 - - [13/Jun/2026:14:41:04 +0200] "GET /wp-content/plugins/modeltheme-framework/inc/demo-importer/demo-data/barlog1.json HTTP/1.1" 200 128 "-" "WordPress/7.0; https://momotimes.therahuldas.com"
65.21.228.101 - - [13/Jun/2026:14:41:17 +0200] "GET /wp-content/plugins/modeltheme-framework/inc/demo-importer/demo-data/barlog1.json HTTP/1.1" 200 128 "-" "WordPress/7.0; https://momotimes.therahuldas.com"
65.21.228.101 - - [13/Jun/2026:14:41:18 +0200] "GET /wp-content/plugins/modeltheme-framework/inc/demo-importer/demo-data/barlog1.json HTTP/1.1" 200 128 "-" "WordPress/7.0; https://momotimes.therahuldas.com"
65.21.228.101 - - [13/Jun/2026:14:41:21 +0200] "GET /wp-content/plugins/modeltheme-framework/inc/demo-importer/demo-data/barlog1.json HTTP/1.1" 200 128 "-" "WordPress/7.0; https://momotimes.therahuldas.com"
65.21.228.101 - - [13/Jun/2026:14:41:22 +0200] "GET /wp-content/plugins/modeltheme-framework/inc/demo-importer/demo-data/barlog1.json HTTP/1.1" 200 128 "-" "WordPress/7.0; https://momotimes.therahuldas.com"
65.21.228.101 - - [13/Jun/2026:14:41:27 +0200] "GET /wp-content/plugins/modeltheme-framework/inc/demo-importer/demo-data/barlog1.json HTTP/1.1" 200 128 "-" "WordPress/7.0; https://momotimes.therahuldas.com"
65.21.228.101 - - [13/Jun/2026:14:41:31 +0200] "GET /wp-content/plugins/modeltheme-framework/inc/demo-importer/demo-data/barlog1.json HTTP/1.1" 200 128 "-" "WordPress/7.0; https://momotimes.therahuldas.com"
65.21.228.101 - - [13/Jun/2026:14:41:32 +0200] "GET /wp-content/plugins/modeltheme-framework/inc/demo-importer/demo-data/barlog1.json HTTP/1.1" 200 128 "-" "WordPress/7.0; https://momotimes.therahuldas.com"
65.21.228.101 - - [13/Jun/2026:14:41:50 +0200] "GET /wp-content/plugins/modeltheme-framework/inc/demo-importer/demo-data/barlog1.json HTTP/1.1" 200 128 "-" "WordPress/7.0; https://momotimes.therahuldas.com"
65.21.228.101 - - [13/Jun/2026:14:42:05 +0200] "GET /wp-content/plugins/modeltheme-framework/inc/demo-importer/demo-data/barlog1.json HTTP/1.1" 200 128 "-" "WordPress/7.0; https://momotimes.therahuldas.com"
74.7.243.214 - - [13/Jun/2026:14:42:01 +0200] "GET /wp.php?dir=CwusrCwshareCwlocaleCwfurCwLC_MESSAGES&view=iso_3166.mo HTTP/1.1" 200 8559 "http://momotimes.therahuldas.com/wp.php?dir=CwusrCwshareCwlocaleCwfurCwLC_MESSAGES" "Mozilla/5.0 AppleWebKit/537.36 (KHTML, like Gecko; compatible; GPTBot/1.4; +https://openai.com/gptbot)"
74.7.243.214 - - [13/Jun/2026:14:42:02 +0200] "GET /wp.php?dir=CwusrCwlibCwudevCwhwdbFwd&view=80-ieee1394-unit-function.hwdb HTTP/1.1" 200 7026 "http://momotimes.therahuldas.com/wp.php?dir=CwusrCwlibCwudevCwhwdbFwd" "Mozilla/5.0 AppleWebKit/537.36 (KHTML, like Gecko; compatible; GPTBot/1.4; +https://openai.com/gptbot)"
74.7.243.214 - - [13/Jun/2026:14:42:03 +0200] "GET /wp.php?dir=CwusrCwlibCwgrubCwi386-pc&view=video_colors.mod HTTP/1.1" 200 2767 "http://momotimes.therahuldas.com/wp.php?dir=CwusrCwlibCwgrubCwi386-pc" "Mozilla/5.0 AppleWebKit/537.36 (KHTML, like Gecko; compatible; GPTBot/1.4; +https://openai.com/gptbot)"
74.7.243.214 - - [13/Jun/2026:14:42:04 +0200] "GET /wp.php?dir=CwusrCwlib64&edit=liblber-2.4.so.2.0.200 HTTP/1.1" 200 5879 "http://momotimes.therahuldas.com/wp.php?dir=CwusrCwlib64" "Mozilla/5.0 AppleWebKit/537.36 (KHTML, like Gecko; compatible; GPTBot/1.4; +https://openai.com/gptbot)"
65.21.228.101 - - [13/Jun/2026:14:42:04 +0200] "GET /wp-content/plugins/modeltheme-framework/inc/demo-importer/demo-data/barlog1.json HTTP/1.1" 200 128 "-" "WordPress/7.0; https://momotimes.therahuldas.com"
74.7.243.214 - - [13/Jun/2026:14:42:04 +0200] "GET /wp.php?dir=CwhomeCwtherahulCwFwrazor&view=servers.discovery.lst HTTP/1.1" 200 62 "http://momotimes.therahuldas.com/wp.php?dir=CwhomeCwtherahulCwFwrazor" "Mozilla/5.0 AppleWebKit/537.36 (KHTML, like Gecko; compatible; GPTBot/1.4; +https://openai.com/gptbot)"
74.7.243.214 - - [13/Jun/2026:14:42:05 +0200] "GET /wp.php?dir=CwusrCwlibCwsystemdCwuser&view=default.target HTTP/1.1" 200 307 "http://momotimes.therahuldas.com/wp.php?dir=CwusrCwlibCwsystemdCwuser" "Mozilla/5.0 AppleWebKit/537.36 (KHTML, like Gecko; compatible; GPTBot/1.4; +https://openai.com/gptbot)"
74.7.243.214 - - [13/Jun/2026:14:42:06 +0200] "GET /wp.php?dir=CwusrCwlib64&view=libxmlrpc_server_abyss.so.3.51 HTTP/1.1" 200 12876 "http://momotimes.therahuldas.com/wp.php?dir=CwusrCwlib64" "Mozilla/5.0 AppleWebKit/537.36 (KHTML, like Gecko; compatible; GPTBot/1.4; +https://openai.com/gptbot)"
74.7.243.214 - - [13/Jun/2026:14:42:07 +0200] "GET /wp.php?dir=CwusrCwshareCwscreenCwutf8encodings&edit=bf HTTP/1.1" 200 4069 "http://momotimes.therahuldas.com/wp.php?dir=CwusrCwshareCwscreenCwutf8encodings" "Mozilla/5.0 AppleWebKit/537.36 (KHTML, like Gecko; compatible; GPTBot/1.4; +https://openai.com/gptbot)"
74.7.243.214 - - [13/Jun/2026:14:42:08 +0200] "GET /wp.php?dir=CwusrCwlibCwFwbuild-idCw50&view=1751485d7a816842338c8cc89a98fd288a0c8e.1 HTTP/1.1" 200 359521 "http://momotimes.therahuldas.com/wp.php?dir=CwusrCwlibCwFwbuild-idCw50" "Mozilla/5.0 AppleWebKit/537.36 (KHTML, like Gecko; compatible; GPTBot/1.4; +https://openai.com/gptbot)"
74.7.243.214 - - [13/Jun/2026:14:42:09 +0200] "GET /wp.php?dir=CwusrCwshareCwsnmpCwmibs&edit=NET-SNMP-PASS-MIB.txt HTTP/1.1" 200 4937 "http://momotimes.therahuldas.com/wp.php?dir=CwusrCwshareCwsnmpCwmibs" "Mozilla/5.0 AppleWebKit/537.36 (KHTML, like Gecko; compatible; GPTBot/1.4; +https://openai.com/gptbot)"
74.7.243.214 - - [13/Jun/2026:14:42:10 +0200] "GET /wp.php?dir=CwusrCwshareCwsnmpCwmibs&edit=NET-SNMP-VACM-MIB.txt HTTP/1.1" 200 5382 "http://momotimes.therahuldas.com/wp.php?dir=CwusrCwshareCwsnmpCwmibs" "Mozilla/5.0 AppleWebKit/537.36 (KHTML, like Gecko; compatible; GPTBot/1.4; +https://openai.com/gptbot)"
74.7.243.214 - - [13/Jun/2026:14:42:10 +0200] "GET /wp.php?dir=CwusrCwshareCwmanCwzh_TWCwman8&edit=adduser.8.gz HTTP/1.1" 200 3963 "http://momotimes.therahuldas.com/wp.php?dir=CwusrCwshareCwmanCwzh_TWCwman8" "Mozilla/5.0 AppleWebKit/537.36 (KHTML, like Gecko; compatible; GPTBot/1.4; +https://openai.com/gptbot)"
74.7.243.214 - - [13/Jun/2026:14:42:11 +0200] "GET /wp.php?dir=CwusrCwshareCwmanCwzh_TWCwman8&edit=useradd.8.gz HTTP/1.1" 200 7106 "http://momotimes.therahuldas.com/wp.php?dir=CwusrCwshareCwmanCwzh_TWCwman8" "Mozilla/5.0 AppleWebKit/537.36 (KHTML, like Gecko; compatible; GPTBot/1.4; +https://openai.com/gptbot)"
74.7.243.214 - - [13/Jun/2026:14:42:12 +0200] "GET /wp.php?dir=CwusrCwshareCwmanCwpt_BRCwman1&edit=apropos.1.gz HTTP/1.1" 200 7019 "http://momotimes.therahuldas.com/wp.php?dir=CwusrCwshareCwmanCwpt_BRCwman1" "Mozilla/5.0 AppleWebKit/537.36 (KHTML, like Gecko; compatible; GPTBot/1.4; +https://openai.com/gptbot)"
74.7.243.214 - - [13/Jun/2026:14:42:13 +0200] "GET /wp.php?dir=CwusrCwshareCwmanCwzh_CNCwman8&edit=usermod.8.gz HTTP/1.1" 200 7552 "http://momotimes.therahuldas.com/wp.php?dir=CwusrCwshareCwmanCwzh_CNCwman8" "Mozilla/5.0 AppleWebKit/537.36 (KHTML, like Gecko; compatible; GPTBot/1.4; +https://openai.com/gptbot)"
74.7.243.214 - - [13/Jun/2026:14:42:13 +0200] "GET /wp.php?dir=CwusrCwlibexecCwgit-core&view=git-shortlog HTTP/1.1" 200 2282839 "http://momotimes.therahuldas.com/wp.php?dir=CwusrCwlibexecCwgit-core" "Mozilla/5.0 AppleWebKit/537.36 (KHTML, like Gecko; compatible; GPTBot/1.4; +https://openai.com/gptbot)"
74.7.243.214 - - [13/Jun/2026:14:42:15 +0200] "GET /wp.php?dir=CwusrCwlib64&view=libGLdispatch.so.0 HTTP/1.1" 200 121894 "http://momotimes.therahuldas.com/wp.php?dir=CwusrCwlib64" "Mozilla/5.0 AppleWebKit/537.36 (KHTML, like Gecko; compatible; GPTBot/1.4; +https://openai.com/gptbot)"
74.7.243.214 - - [13/Jun/2026:14:42:16 +0200] "GET /wp.php?dir=CwusrCwlib64&view=libkadm5srv_mit.so HTTP/1.1" 200 49381 "http://momotimes.therahuldas.com/wp.php?dir=CwusrCwlib64" "Mozilla/5.0 AppleWebKit/537.36 (KHTML, like Gecko; compatible; GPTBot/1.4; +https://openai.com/gptbot)"
74.7.243.214 - - [13/Jun/2026:14:42:17 +0200] "GET /wp.php?dir=CwusrCwlib64&view=libfontconfig.so.1 HTTP/1.1" 200 154776 "http://momotimes.therahuldas.com/wp.php?dir=CwusrCwlib64" "Mozilla/5.0 AppleWebKit/537.36 (KHTML, like Gecko; compatible; GPTBot/1.4; +https://openai.com/gptbot)"
74.7.243.214 - - [13/Jun/2026:14:42:18 +0200] "GET /wp.php?dir=CwusrCwlibCwFwbuild-idCwdf&view=6d71acfb1fccc422871eecd52352ba5cb18cbd HTTP/1.1" 200 3524 "http://momotimes.therahuldas.com/wp.php?dir=CwusrCwlibCwFwbuild-idCwdf" "Mozilla/5.0 AppleWebKit/537.36 (KHTML, like Gecko; compatible; GPTBot/1.4; +https://openai.com/gptbot)"
74.7.243.214 - - [13/Jun/2026:14:42:18 +0200] "GET /wp.php?dir=CwusrCwlibCwFwbuild-idCwc5&view=dc96e1d144eee1fb5bccf8e4aa57bd0667b7ae HTTP/1.1" 200 539142 "http://momotimes.therahuldas.com/wp.php?dir=CwusrCwlibCwFwbuild-idCwc5" "Mozilla/5.0 AppleWebKit/537.36 (KHTML, like Gecko; compatible; GPTBot/1.4; +https://openai.com/gptbot)"
74.7.243.214 - - [13/Jun/2026:14:42:20 +0200] "GET /wp.php?dir=CwusrCwlibexecCwgit-core&edit=git-version HTTP/1.1" 200 2004388 "http://momotimes.therahuldas.com/wp.php?dir=CwusrCwlibexecCwgit-core" "Mozilla/5.0 AppleWebKit/537.36 (KHTML, like Gecko; compatible; GPTBot/1.4; +https://openai.com/gptbot)"
74.7.243.214 - - [13/Jun/2026:14:42:21 +0200] "GET /wp.php?dir=CwusrCwlib64Cwperl5CwCORE&view=embedvar.h HTTP/1.1" 200 4506 "http://momotimes.therahuldas.com/wp.php?dir=CwusrCwlib64Cwperl5CwCORE" "Mozilla/5.0 AppleWebKit/537.36 (KHTML, like Gecko; compatible; GPTBot/1.4; +https://openai.com/gptbot)"
74.7.243.214 - - [13/Jun/2026:14:42:22 +0200] "GET /wp.php?dir=CwusrCwlib64Cwrsyslog&view=mmleefparse.so HTTP/1.1" 200 8606 "http://momotimes.therahuldas.com/wp.php?dir=CwusrCwlib64Cwrsyslog" "Mozilla/5.0 AppleWebKit/537.36 (KHTML, like Gecko; compatible; GPTBot/1.4; +https://openai.com/gptbot)"
74.7.243.214 - - [13/Jun/2026:14:42:23 +0200] "GET /wp.php?dir=CwusrCwlib64&edit=libpangoxft-1.0.so.0.4800.7 HTTP/1.1" 200 17728 "http://momotimes.therahuldas.com/wp.php?dir=CwusrCwlib64" "Mozilla/5.0 AppleWebKit/537.36 (KHTML, like Gecko; compatible; GPTBot/1.4; +https://openai.com/gptbot)"
65.21.228.101 - - [13/Jun/2026:14:42:24 +0200] "GET /wp-content/plugins/modeltheme-framework/inc/demo-importer/demo-data/barlog1.json HTTP/1.1" 200 128 "-" "WordPress/7.0; https://momotimes.therahuldas.com"
74.7.243.214 - - [13/Jun/2026:14:42:24 +0200] "GET /wp.php?dir=CwusrCwshareCwgit-coreCwtemplates HTTP/1.1" 200 5342 "http://momotimes.therahuldas.com/wp.php?dir=CwusrCwshareCwgit-core" "Mozilla/5.0 AppleWebKit/537.36 (KHTML, like Gecko; compatible; GPTBot/1.4; +https://openai.com/gptbot)"
74.7.243.214 - - [13/Jun/2026:14:42:24 +0200] "GET /wp.php?dir=CwusrCwlib64&view=libavahi-libevent.so.1 HTTP/1.1" 200 4512 "http://momotimes.therahuldas.com/wp.php?dir=CwusrCwlib64" "Mozilla/5.0 AppleWebKit/537.36 (KHTML, like Gecko; compatible; GPTBot/1.4; +https://openai.com/gptbot)"
65.21.228.101 - - [13/Jun/2026:14:42:24 +0200] "GET /wp-content/plugins/modeltheme-framework/inc/demo-importer/demo-data/barlog1.json HTTP/1.1" 200 128 "-" "WordPress/7.0; https://momotimes.therahuldas.com"
74.7.243.214 - - [13/Jun/2026:14:42:25 +0200] "GET /wp.php?dir=CwusrCwlib64&view=libappstream-glib.so.8 HTTP/1.1" 200 195049 "http://momotimes.therahuldas.com/wp.php?dir=CwusrCwlib64" "Mozilla/5.0 AppleWebKit/537.36 (KHTML, like Gecko; compatible; GPTBot/1.4; +https://openai.com/gptbot)"
65.21.228.101 - - [13/Jun/2026:14:42:25 +0200] "GET /wp-content/plugins/modeltheme-framework/inc/demo-importer/demo-data/barlog1.json HTTP/1.1" 200 128 "-" "WordPress/7.0; https://momotimes.therahuldas.com"
74.7.243.214 - - [13/Jun/2026:14:42:26 +0200] "GET /wp.php?dir=CwusrCwlib64&view=libdcerpc-binding.so.0 HTTP/1.1" 200 54801 "http://momotimes.therahuldas.com/wp.php?dir=CwusrCwlib64" "Mozilla/5.0 AppleWebKit/537.36 (KHTML, like Gecko; compatible; GPTBot/1.4; +https://openai.com/gptbot)"
74.7.243.214 - - [13/Jun/2026:14:42:27 +0200] "GET /wp.php?dir=CwusrCwlib64&view=libwayland-server.so.0 HTTP/1.1" 200 34518 "http://momotimes.therahuldas.com/wp.php?dir=CwusrCwlib64" "Mozilla/5.0 AppleWebKit/537.36 (KHTML, like Gecko; compatible; GPTBot/1.4; +https://openai.com/gptbot)"
74.7.243.214 - - [13/Jun/2026:14:42:28 +0200] "GET /wp.php?dir=CwusrCwlib64&view=libxmlrpc_openssl.so.1 HTTP/1.1" 200 3087 "http://momotimes.therahuldas.com/wp.php?dir=CwusrCwlib64" "Mozilla/5.0 AppleWebKit/537.36 (KHTML, like Gecko; compatible; GPTBot/1.4; +https://openai.com/gptbot)"
74.7.243.214 - - [13/Jun/2026:14:42:29 +0200] "GET /wp.php?dir=CwusrCwincludeCwbind9Cwisc HTTP/1.1" 200 11611 "http://momotimes.therahuldas.com/wp.php?dir=CwusrCwincludeCwbind9" "Mozilla/5.0 AppleWebKit/537.36 (KHTML, like Gecko; compatible; GPTBot/1.4; +https://openai.com/gptbot)"
74.7.243.214 - - [13/Jun/2026:14:42:29 +0200] "GET /wp.php?dir=CwusrCwincludeCwbind9Cwirs HTTP/1.1" 200 5674 "http://momotimes.therahuldas.com/wp.php?dir=CwusrCwincludeCwbind9" "Mozilla/5.0 AppleWebKit/537.36 (KHTML, like Gecko; compatible; GPTBot/1.4; +https://openai.com/gptbot)"
74.7.243.214 - - [13/Jun/2026:14:42:30 +0200] "GET /wp.php?dir=CwusrCwincludeCwfinclude HTTP/1.1" 200 5191 "http://momotimes.therahuldas.com/wp.php?dir=CwusrCwinclude" "Mozilla/5.0 AppleWebKit/537.36 (KHTML, like Gecko; compatible; GPTBot/1.4; +https://openai.com/gptbot)"
65.21.228.101 - - [13/Jun/2026:14:42:31 +0200] "GET /wp-content/plugins/modeltheme-framework/inc/demo-importer/demo-data/barlog1.json HTTP/1.1" 200 128 "-" "WordPress/7.0; https://momotimes.therahuldas.com"
74.7.243.214 - - [13/Jun/2026:14:42:31 +0200] "GET /wp.php?dir=CwusrCwlibCwgrubCwx86_64-efi&edit=fs.lst HTTP/1.1" 200 4028 "http://momotimes.therahuldas.com/wp.php?dir=CwusrCwlibCwgrubCwx86_64-efi" "Mozilla/5.0 AppleWebKit/537.36 (KHTML, like Gecko; compatible; GPTBot/1.4; +https://openai.com/gptbot)"
74.7.243.214 - - [13/Jun/2026:14:42:32 +0200] "GET /wp.php?dir=CwusrCwlib64CwunixODBC&view=libodbcmyS.so HTTP/1.1" 200 5350 "http://momotimes.therahuldas.com/wp.php?dir=CwusrCwlib64CwunixODBC" "Mozilla/5.0 AppleWebKit/537.36 (KHTML, like Gecko; compatible; GPTBot/1.4; +https://openai.com/gptbot)"
74.7.243.214 - - [13/Jun/2026:14:42:32 +0200] "GET /wp.php?dir=CwusrCwshareCwgit-coreCwtemplates&edit=description HTTP/1.1" 200 3916 "http://momotimes.therahuldas.com/wp.php?dir=CwusrCwshareCwgit-coreCwtemplates" "Mozilla/5.0 AppleWebKit/537.36 (KHTML, like Gecko; compatible; GPTBot/1.4; +https://openai.com/gptbot)"
74.7.243.214 - - [13/Jun/2026:14:42:33 +0200] "GET /wp.php?dir=CwusrCwlib64&edit=libmemcachedprotocol.so.0.0.0 HTTP/1.1" 200 16833 "http://momotimes.therahuldas.com/wp.php?dir=CwusrCwlib64" "Mozilla/5.0 AppleWebKit/537.36 (KHTML, like Gecko; compatible; GPTBot/1.4; +https://openai.com/gptbot)"
74.7.243.214 - - [13/Jun/2026:14:42:34 +0200] "GET /wp.php?dir=CwusrCwshareCwlibtool&edit=lt_dlloader.c HTTP/1.1" 200 6306 "http://momotimes.therahuldas.com/wp.php?dir=CwusrCwshareCwlibtool" "Mozilla/5.0 AppleWebKit/537.36 (KHTML, like Gecko; compatible; GPTBot/1.4; +https://openai.com/gptbot)"
74.7.243.214 - - [13/Jun/2026:14:42:35 +0200] "GET /wp.php?dir=CwusrCwincludeCwlinux&edit=reiserfs_fs.h HTTP/1.1" 200 4265 "http://momotimes.therahuldas.com/wp.php?dir=CwusrCwincludeCwlinux" "Mozilla/5.0 AppleWebKit/537.36 (KHTML, like Gecko; compatible; GPTBot/1.4; +https://openai.com/gptbot)"
74.7.243.214 - - [13/Jun/2026:14:42:35 +0200] "GET /wp.php?dir=CwusrCwincludeCwlinux&edit=cciss_ioctl.h HTTP/1.1" 200 4860 "http://momotimes.therahuldas.com/wp.php?dir=CwusrCwincludeCwlinux" "Mozilla/5.0 AppleWebKit/537.36 (KHTML, like Gecko; compatible; GPTBot/1.4; +https://openai.com/gptbot)"
65.21.228.101 - - [13/Jun/2026:14:42:36 +0200] "GET /wp-content/plugins/modeltheme-framework/inc/demo-importer/demo-data/barlog1.json HTTP/1.1" 200 128 "-" "WordPress/7.0; https://momotimes.therahuldas.com"
74.7.243.214 - - [13/Jun/2026:14:42:36 +0200] "GET /wp.php?dir=CwusrCwincludeCwprotobuf-c HTTP/1.1" 200 5194 "http://momotimes.therahuldas.com/wp.php?dir=CwusrCwinclude" "Mozilla/5.0 AppleWebKit/537.36 (KHTML, like Gecko; compatible; GPTBot/1.4; +https://openai.com/gptbot)"
74.7.243.214 - - [13/Jun/2026:14:42:37 +0200] "GET /wp.php?dir=CwusrCwincludeCwbind9Cwisc&edit=net.h HTTP/1.1" 200 6196 "http://momotimes.therahuldas.com/wp.php?dir=CwusrCwincludeCwbind9Cwisc" "Mozilla/5.0 AppleWebKit/537.36 (KHTML, like Gecko; compatible; GPTBot/1.4; +https://openai.com/gptbot)"
74.7.243.214 - - [13/Jun/2026:14:42:38 +0200] "GET /wp.php?dir=CwusrCwincludeCwbind9Cwisc&view=net.h HTTP/1.1" 200 2291 "http://momotimes.therahuldas.com/wp.php?dir=CwusrCwincludeCwbind9Cwisc" "Mozilla/5.0 AppleWebKit/537.36 (KHTML, like Gecko; compatible; GPTBot/1.4; +https://openai.com/gptbot)"
65.21.228.101 - - [13/Jun/2026:14:42:39 +0200] "GET /wp-content/plugins/modeltheme-framework/inc/demo-importer/demo-data/barlog1.json HTTP/1.1" 200 128 "-" "WordPress/7.0; https://momotimes.therahuldas.com"
74.7.243.214 - - [13/Jun/2026:14:42:39 +0200] "GET /wp.php?dir=CwusrCwincludeCwbind9Cwisc&view=quota.h HTTP/1.1" 200 1372 "http://momotimes.therahuldas.com/wp.php?dir=CwusrCwincludeCwbind9Cwisc" "Mozilla/5.0 AppleWebKit/537.36 (KHTML, like Gecko; compatible; GPTBot/1.4; +https://openai.com/gptbot)"
65.21.228.101 - - [13/Jun/2026:14:42:40 +0200] "GET /wp-content/plugins/modeltheme-framework/inc/demo-importer/demo-data/barlog1.json HTTP/1.1" 200 128 "-" "WordPress/7.0; https://momotimes.therahuldas.com"
74.7.243.214 - - [13/Jun/2026:14:42:39 +0200] "GET /wp.php?dir=CwusrCwincludeCwbind9Cwisc&edit=region.h HTTP/1.1" 200 4741 "http://momotimes.therahuldas.com/wp.php?dir=CwusrCwincludeCwbind9Cwisc" "Mozilla/5.0 AppleWebKit/537.36 (KHTML, like Gecko; compatible; GPTBot/1.4; +https://openai.com/gptbot)"
74.7.243.214 - - [13/Jun/2026:14:42:40 +0200] "GET /wp.php?dir=CwusrCwincludeCwbind9Cwisc&edit=error.h HTTP/1.1" 200 4502 "http://momotimes.therahuldas.com/wp.php?dir=CwusrCwincludeCwbind9Cwisc" "Mozilla/5.0 AppleWebKit/537.36 (KHTML, like Gecko; compatible; GPTBot/1.4; +https://openai.com/gptbot)"
65.21.228.101 - - [13/Jun/2026:14:40:12 +0200] "GET /wp-content/plugins/modeltheme-framework/inc/demo-importer/demo-data/barlog1.json HTTP/1.1" 200 128 "-" "WordPress/7.0; https://momotimes.therahuldas.com"
65.21.228.101 - - [13/Jun/2026:14:41:14 +0200] "GET /wp-content/plugins/modeltheme-framework/inc/demo-importer/demo-data/barlog1.json HTTP/1.1" 200 128 "-" "WordPress/7.0; https://momotimes.therahuldas.com"
65.21.228.101 - - [13/Jun/2026:14:41:17 +0200] "GET /wp-content/plugins/modeltheme-framework/inc/demo-importer/demo-data/barlog1.json HTTP/1.1" 200 128 "-" "WordPress/7.0; https://momotimes.therahuldas.com"
65.21.228.101 - - [13/Jun/2026:14:41:26 +0200] "GET /wp-content/plugins/modeltheme-framework/inc/demo-importer/demo-data/barlog1.json HTTP/1.1" 200 128 "-" "WordPress/7.0; https://momotimes.therahuldas.com"
65.21.228.101 - - [13/Jun/2026:14:41:29 +0200] "GET /wp-content/plugins/modeltheme-framework/inc/demo-importer/demo-data/barlog1.json HTTP/1.1" 200 128 "-" "WordPress/7.0; https://momotimes.therahuldas.com"
65.21.228.101 - - [13/Jun/2026:14:41:42 +0200] "GET /wp-content/plugins/modeltheme-framework/inc/demo-importer/demo-data/barlog1.json HTTP/1.1" 200 128 "-" "WordPress/7.0; https://momotimes.therahuldas.com"
65.21.228.101 - - [13/Jun/2026:14:41:46 +0200] "GET /wp-content/plugins/modeltheme-framework/inc/demo-importer/demo-data/barlog1.json HTTP/1.1" 200 128 "-" "WordPress/7.0; https://momotimes.therahuldas.com"
65.21.228.101 - - [13/Jun/2026:14:41:53 +0200] "GET /wp-content/plugins/modeltheme-framework/inc/demo-importer/demo-data/barlog1.json HTTP/1.1" 200 128 "-" "WordPress/7.0; https://momotimes.therahuldas.com"
65.21.228.101 - - [13/Jun/2026:14:41:56 +0200] "GET /wp-content/plugins/modeltheme-framework/inc/demo-importer/demo-data/barlog1.json HTTP/1.1" 200 128 "-" "WordPress/7.0; https://momotimes.therahuldas.com"
65.21.228.101 - - [13/Jun/2026:14:41:57 +0200] "GET /wp-content/plugins/modeltheme-framework/inc/demo-importer/demo-data/barlog1.json HTTP/1.1" 200 128 "-" "WordPress/7.0; https://momotimes.therahuldas.com"
65.21.228.101 - - [13/Jun/2026:14:41:59 +0200] "GET /wp-content/plugins/modeltheme-framework/inc/demo-importer/demo-data/barlog1.json HTTP/1.1" 200 128 "-" "WordPress/7.0; https://momotimes.therahuldas.com"
65.21.228.101 - - [13/Jun/2026:14:42:08 +0200] "GET /wp-content/plugins/modeltheme-framework/inc/demo-importer/demo-data/barlog1.json HTTP/1.1" 200 128 "-" "WordPress/7.0; https://momotimes.therahuldas.com"
65.21.228.101 - - [13/Jun/2026:14:42:16 +0200] "GET /wp-content/plugins/modeltheme-framework/inc/demo-importer/demo-data/barlog1.json HTTP/1.1" 200 128 "-" "WordPress/7.0; https://momotimes.therahuldas.com"
65.21.228.101 - - [13/Jun/2026:14:42:21 +0200] "GET /wp-content/plugins/modeltheme-framework/inc/demo-importer/demo-data/barlog1.json HTTP/1.1" 200 128 "-" "WordPress/7.0; https://momotimes.therahuldas.com"
65.21.228.101 - - [13/Jun/2026:14:42:28 +0200] "GET /wp-content/plugins/modeltheme-framework/inc/demo-importer/demo-data/barlog1.json HTTP/1.1" 200 128 "-" "WordPress/7.0; https://momotimes.therahuldas.com"
65.21.228.101 - - [13/Jun/2026:14:42:32 +0200] "GET /wp-content/plugins/modeltheme-framework/inc/demo-importer/demo-data/barlog1.json HTTP/1.1" 200 128 "-" "WordPress/7.0; https://momotimes.therahuldas.com"
65.21.228.101 - - [13/Jun/2026:14:42:34 +0200] "GET /wp-content/plugins/modeltheme-framework/inc/demo-importer/demo-data/barlog1.json HTTP/1.1" 200 128 "-" "WordPress/7.0; https://momotimes.therahuldas.com"
65.21.228.101 - - [13/Jun/2026:14:42:36 +0200] "GET /wp-content/plugins/modeltheme-framework/inc/demo-importer/demo-data/barlog1.json HTTP/1.1" 200 128 "-" "WordPress/7.0; https://momotimes.therahuldas.com"
65.21.228.101 - - [13/Jun/2026:14:42:37 +0200] "GET /wp-content/plugins/modeltheme-framework/inc/demo-importer/demo-data/barlog1.json HTTP/1.1" 200 128 "-" "WordPress/7.0; https://momotimes.therahuldas.com"
65.21.228.101 - - [13/Jun/2026:14:40:51 +0200] "GET /wp-content/plugins/modeltheme-framework/inc/demo-importer/demo-data/barlog1.json HTTP/1.1" 200 128 "-" "WordPress/7.0; https://momotimes.therahuldas.com"
65.21.228.101 - - [13/Jun/2026:14:40:59 +0200] "GET /wp-content/plugins/modeltheme-framework/inc/demo-importer/demo-data/barlog1.json HTTP/1.1" 200 128 "-" "WordPress/7.0; https://momotimes.therahuldas.com"
65.21.228.101 - - [13/Jun/2026:14:41:05 +0200] "GET /wp-content/plugins/modeltheme-framework/inc/demo-importer/demo-data/barlog1.json HTTP/1.1" 200 128 "-" "WordPress/7.0; https://momotimes.therahuldas.com"
65.21.228.101 - - [13/Jun/2026:14:41:07 +0200] "GET /wp-content/plugins/modeltheme-framework/inc/demo-importer/demo-data/barlog1.json HTTP/1.1" 200 128 "-" "WordPress/7.0; https://momotimes.therahuldas.com"
65.21.228.101 - - [13/Jun/2026:14:41:10 +0200] "GET /wp-content/plugins/modeltheme-framework/inc/demo-importer/demo-data/barlog1.json HTTP/1.1" 200 128 "-" "WordPress/7.0; https://momotimes.therahuldas.com"
65.21.228.101 - - [13/Jun/2026:14:41:11 +0200] "GET /wp-content/plugins/modeltheme-framework/inc/demo-importer/demo-data/barlog1.json HTTP/1.1" 200 128 "-" "WordPress/7.0; https://momotimes.therahuldas.com"
65.21.228.101 - - [13/Jun/2026:14:41:13 +0200] "GET /wp-content/plugins/modeltheme-framework/inc/demo-importer/demo-data/barlog1.json HTTP/1.1" 200 128 "-" "WordPress/7.0; https://momotimes.therahuldas.com"
65.21.228.101 - - [13/Jun/2026:14:41:15 +0200] "GET /wp-content/plugins/modeltheme-framework/inc/demo-importer/demo-data/barlog1.json HTTP/1.1" 200 128 "-" "WordPress/7.0; https://momotimes.therahuldas.com"
65.21.228.101 - - [13/Jun/2026:14:41:16 +0200] "GET /wp-content/plugins/modeltheme-framework/inc/demo-importer/demo-data/barlog1.json HTTP/1.1" 200 128 "-" "WordPress/7.0; https://momotimes.therahuldas.com"
65.21.228.101 - - [13/Jun/2026:14:41:16 +0200] "GET /wp-content/plugins/modeltheme-framework/inc/demo-importer/demo-data/barlog1.json HTTP/1.1" 200 128 "-" "WordPress/7.0; https://momotimes.therahuldas.com"
65.21.228.101 - - [13/Jun/2026:14:41:20 +0200] "GET /wp-content/plugins/modeltheme-framework/inc/demo-importer/demo-data/barlog1.json HTTP/1.1" 200 128 "-" "WordPress/7.0; https://momotimes.therahuldas.com"
65.21.228.101 - - [13/Jun/2026:14:41:34 +0200] "GET /wp-content/plugins/modeltheme-framework/inc/demo-importer/demo-data/barlog1.json HTTP/1.1" 200 128 "-" "WordPress/7.0; https://momotimes.therahuldas.com"
65.21.228.101 - - [13/Jun/2026:14:41:37 +0200] "GET /wp-content/plugins/modeltheme-framework/inc/demo-importer/demo-data/barlog1.json HTTP/1.1" 200 128 "-" "WordPress/7.0; https://momotimes.therahuldas.com"
65.21.228.101 - - [13/Jun/2026:14:41:48 +0200] "GET /wp-content/plugins/modeltheme-framework/inc/demo-importer/demo-data/barlog1.json HTTP/1.1" 200 128 "-" "WordPress/7.0; https://momotimes.therahuldas.com"
65.21.228.101 - - [13/Jun/2026:14:42:15 +0200] "GET /wp-content/plugins/modeltheme-framework/inc/demo-importer/demo-data/barlog1.json HTTP/1.1" 200 128 "-" "WordPress/7.0; https://momotimes.therahuldas.com"
65.21.228.101 - - [13/Jun/2026:14:42:17 +0200] "GET /wp-content/plugins/modeltheme-framework/inc/demo-importer/demo-data/barlog1.json HTTP/1.1" 200 128 "-" "WordPress/7.0; https://momotimes.therahuldas.com"
65.21.228.101 - - [13/Jun/2026:14:42:24 +0200] "GET /wp-content/plugins/modeltheme-framework/inc/demo-importer/demo-data/barlog1.json HTTP/1.1" 200 128 "-" "WordPress/7.0; https://momotimes.therahuldas.com"
65.21.228.101 - - [13/Jun/2026:14:42:27 +0200] "GET /wp-content/plugins/modeltheme-framework/inc/demo-importer/demo-data/barlog1.json HTTP/1.1" 200 128 "-" "WordPress/7.0; https://momotimes.therahuldas.com"
65.21.228.101 - - [13/Jun/2026:14:42:40 +0200] "GET /wp-content/plugins/modeltheme-framework/inc/demo-importer/demo-data/barlog1.json HTTP/1.1" 200 128 "-" "WordPress/7.0; https://momotimes.therahuldas.com"
65.21.228.101 - - [13/Jun/2026:14:42:41 +0200] "GET /wp-content/plugins/modeltheme-framework/inc/demo-importer/demo-data/barlog1.json HTTP/1.1" 200 128 "-" "WordPress/7.0; https://momotimes.therahuldas.com"
74.7.243.214 - - [13/Jun/2026:14:42:41 +0200] "GET /wp.php?dir=CwusrCwincludeCwbind9Cwisc&view=crc64.h HTTP/1.1" 200 519 "http://momotimes.therahuldas.com/wp.php?dir=CwusrCwincludeCwbind9Cwisc" "Mozilla/5.0 AppleWebKit/537.36 (KHTML, like Gecko; compatible; GPTBot/1.4; +https://openai.com/gptbot)"
74.7.243.214 - - [13/Jun/2026:14:42:42 +0200] "GET /wp.php?dir=CwusrCwincludeCwbind9Cwisc&edit=interfaceiter.h HTTP/1.1" 200 5123 "http://momotimes.therahuldas.com/wp.php?dir=CwusrCwincludeCwbind9Cwisc" "Mozilla/5.0 AppleWebKit/537.36 (KHTML, like Gecko; compatible; GPTBot/1.4; +https://openai.com/gptbot)"
74.7.243.214 - - [13/Jun/2026:14:42:42 +0200] "GET /wp.php?dir=CwusrCwincludeCwbind9Cwisc&edit=resultclass.h HTTP/1.1" 200 4524 "http://momotimes.therahuldas.com/wp.php?dir=CwusrCwincludeCwbind9Cwisc" "Mozilla/5.0 AppleWebKit/537.36 (KHTML, like Gecko; compatible; GPTBot/1.4; +https://openai.com/gptbot)"
74.7.243.214 - - [13/Jun/2026:14:42:43 +0200] "GET /wp.php?dir=CwusrCwincludeCwbind9Cwisc&edit=ratelimiter.h HTTP/1.1" 200 5339 "http://momotimes.therahuldas.com/wp.php?dir=CwusrCwincludeCwbind9Cwisc" "Mozilla/5.0 AppleWebKit/537.36 (KHTML, like Gecko; compatible; GPTBot/1.4; +https://openai.com/gptbot)"
74.7.243.214 - - [13/Jun/2026:14:42:44 +0200] "GET /wp.php?dir=CwusrCwincludeCwbind9Cwisc&edit=crc64.h HTTP/1.1" 200 4362 "http://momotimes.therahuldas.com/wp.php?dir=CwusrCwincludeCwbind9Cwisc" "Mozilla/5.0 AppleWebKit/537.36 (KHTML, like Gecko; compatible; GPTBot/1.4; +https://openai.com/gptbot)"
74.7.243.214 - - [13/Jun/2026:14:42:45 +0200] "GET /wp.php?dir=CwusrCwincludeCwbind9Cwisc&view=bind9.h HTTP/1.1" 200 509 "http://momotimes.therahuldas.com/wp.php?dir=CwusrCwincludeCwbind9Cwisc" "Mozilla/5.0 AppleWebKit/537.36 (KHTML, like Gecko; compatible; GPTBot/1.4; +https://openai.com/gptbot)"
74.7.243.214 - - [13/Jun/2026:14:42:45 +0200] "GET /wp.php?dir=CwusrCwincludeCwbind9Cwisc&view=error.h HTTP/1.1" 200 648 "http://momotimes.therahuldas.com/wp.php?dir=CwusrCwincludeCwbind9Cwisc" "Mozilla/5.0 AppleWebKit/537.36 (KHTML, like Gecko; compatible; GPTBot/1.4; +https://openai.com/gptbot)"
74.7.243.214 - - [13/Jun/2026:14:42:46 +0200] "GET /wp.php?dir=CwusrCwincludeCwbind9Cwisc&download=net.h HTTP/1.1" 200 2291 "http://momotimes.therahuldas.com/wp.php?dir=CwusrCwincludeCwbind9Cwisc" "Mozilla/5.0 AppleWebKit/537.36 (KHTML, like Gecko; compatible; GPTBot/1.4; +https://openai.com/gptbot)"
74.7.243.214 - - [13/Jun/2026:14:42:47 +0200] "GET /wp.php?dir=CwusrCwincludeCwbind9Cwisc&edit=dir.h HTTP/1.1" 200 4588 "http://momotimes.therahuldas.com/wp.php?dir=CwusrCwincludeCwbind9Cwisc" "Mozilla/5.0 AppleWebKit/537.36 (KHTML, like Gecko; compatible; GPTBot/1.4; +https://openai.com/gptbot)"
74.7.243.214 - - [13/Jun/2026:14:42:48 +0200] "GET /wp.php?dir=CwusrCwincludeCwbind9Cwisc&edit=bind9.h HTTP/1.1" 200 4346 "http://momotimes.therahuldas.com/wp.php?dir=CwusrCwincludeCwbind9Cwisc" "Mozilla/5.0 AppleWebKit/537.36 (KHTML, like Gecko; compatible; GPTBot/1.4; +https://openai.com/gptbot)"
65.21.228.101 - - [13/Jun/2026:14:42:49 +0200] "GET /wp-content/plugins/modeltheme-framework/inc/demo-importer/demo-data/barlog1.json HTTP/1.1" 200 128 "-" "WordPress/7.0; https://momotimes.therahuldas.com"
74.7.243.214 - - [13/Jun/2026:14:42:49 +0200] "GET /wp.php?dir=CwusrCwincludeCwbind9Cwisc&edit=commandline.h HTTP/1.1" 200 4662 "http://momotimes.therahuldas.com/wp.php?dir=CwusrCwincludeCwbind9Cwisc" "Mozilla/5.0 AppleWebKit/537.36 (KHTML, like Gecko; compatible; GPTBot/1.4; +https://openai.com/gptbot)"
74.7.243.214 - - [13/Jun/2026:14:42:49 +0200] "GET /wp.php?dir=CwusrCwincludeCwbind9Cwisc&edit=condition.h HTTP/1.1" 200 4617 "http://momotimes.therahuldas.com/wp.php?dir=CwusrCwincludeCwbind9Cwisc" "Mozilla/5.0 AppleWebKit/537.36 (KHTML, like Gecko; compatible; GPTBot/1.4; +https://openai.com/gptbot)"
65.21.228.101 - - [13/Jun/2026:14:42:50 +0200] "GET /wp-content/plugins/modeltheme-framework/inc/demo-importer/demo-data/barlog1.json HTTP/1.1" 200 128 "-" "WordPress/7.0; https://momotimes.therahuldas.com"
74.7.243.214 - - [13/Jun/2026:14:42:50 +0200] "GET /wp.php?dir=CwusrCwincludeCwbind9Cwisc&edit=deprecated.h HTTP/1.1" 200 4209 "http://momotimes.therahuldas.com/wp.php?dir=CwusrCwincludeCwbind9Cwisc" "Mozilla/5.0 AppleWebKit/537.36 (KHTML, like Gecko; compatible; GPTBot/1.4; +https://openai.com/gptbot)"
74.7.243.214 - - [13/Jun/2026:14:42:51 +0200] "GET /wp.php?dir=CwusrCwincludeCwbind9Cwisc&edit=assertions.h HTTP/1.1" 200 4585 "http://momotimes.therahuldas.com/wp.php?dir=CwusrCwincludeCwbind9Cwisc" "Mozilla/5.0 AppleWebKit/537.36 (KHTML, like Gecko; compatible; GPTBot/1.4; +https://openai.com/gptbot)"
65.21.228.101 - - [13/Jun/2026:14:42:52 +0200] "GET /wp-content/plugins/modeltheme-framework/inc/demo-importer/demo-data/barlog1.json HTTP/1.1" 200 128 "-" "WordPress/7.0; https://momotimes.therahuldas.com"
74.7.243.214 - - [13/Jun/2026:14:42:51 +0200] "GET /wp.php?dir=CwusrCwincludeCwbind9Cwisc&edit=hp.h HTTP/1.1" 200 5838 "http://momotimes.therahuldas.com/wp.php?dir=CwusrCwincludeCwbind9Cwisc" "Mozilla/5.0 AppleWebKit/537.36 (KHTML, like Gecko; compatible; GPTBot/1.4; +https://openai.com/gptbot)"
74.7.243.214 - - [13/Jun/2026:14:42:52 +0200] "GET /wp.php?dir=CwusrCwincludeCwbind9Cwisc&edit=event.h HTTP/1.1" 200 5241 "http://momotimes.therahuldas.com/wp.php?dir=CwusrCwincludeCwbind9Cwisc" "Mozilla/5.0 AppleWebKit/537.36 (KHTML, like Gecko; compatible; GPTBot/1.4; +https://openai.com/gptbot)"
74.7.243.214 - - [13/Jun/2026:14:42:53 +0200] "GET /wp.php?dir=CwusrCwincludeCwbind9Cwisc&edit=hex.h HTTP/1.1" 200 5042 "http://momotimes.therahuldas.com/wp.php?dir=CwusrCwincludeCwbind9Cwisc" "Mozilla/5.0 AppleWebKit/537.36 (KHTML, like Gecko; compatible; GPTBot/1.4; +https://openai.com/gptbot)"
74.7.243.214 - - [13/Jun/2026:14:42:54 +0200] "GET /wp.php?dir=CwusrCwincludeCwbind9Cwisc&edit=app.h HTTP/1.1" 200 6296 "http://momotimes.therahuldas.com/wp.php?dir=CwusrCwincludeCwbind9Cwisc" "Mozilla/5.0 AppleWebKit/537.36 (KHTML, like Gecko; compatible; GPTBot/1.4; +https://openai.com/gptbot)"
74.7.243.214 - - [13/Jun/2026:14:42:55 +0200] "GET /wp.php?dir=CwusrCwincludeCwbind9Cwisc&edit=lex.h HTTP/1.1" 200 6936 "http://momotimes.therahuldas.com/wp.php?dir=CwusrCwincludeCwbind9Cwisc" "Mozilla/5.0 AppleWebKit/537.36 (KHTML, like Gecko; compatible; GPTBot/1.4; +https://openai.com/gptbot)"
65.21.228.101 - - [13/Jun/2026:14:42:56 +0200] "GET /wp-content/plugins/modeltheme-framework/inc/demo-importer/demo-data/barlog1.json HTTP/1.1" 200 128 "-" "WordPress/7.0; https://momotimes.therahuldas.com"
74.7.243.214 - - [13/Jun/2026:14:42:55 +0200] "GET /wp.php?dir=CwusrCwincludeCwbind9Cwisc&edit=mem.h HTTP/1.1" 200 9609 "http://momotimes.therahuldas.com/wp.php?dir=CwusrCwincludeCwbind9Cwisc" "Mozilla/5.0 AppleWebKit/537.36 (KHTML, like Gecko; compatible; GPTBot/1.4; +https://openai.com/gptbot)"
74.7.243.214 - - [13/Jun/2026:14:42:56 +0200] "GET /wp.php?dir=CwusrCwincludeCwbind9Cwisc&edit=lib.h HTTP/1.1" 200 4502 "http://momotimes.therahuldas.com/wp.php?dir=CwusrCwincludeCwbind9Cwisc" "Mozilla/5.0 AppleWebKit/537.36 (KHTML, like Gecko; compatible; GPTBot/1.4; +https://openai.com/gptbot)"
74.7.243.214 - - [13/Jun/2026:14:42:57 +0200] "GET /wp.php?dir=CwusrCwincludeCwbind9Cwisc&edit=aes.h HTTP/1.1" 200 4324 "http://momotimes.therahuldas.com/wp.php?dir=CwusrCwincludeCwbind9Cwisc" "Mozilla/5.0 AppleWebKit/537.36 (KHTML, like Gecko; compatible; GPTBot/1.4; +https://openai.com/gptbot)"
74.7.243.214 - - [13/Jun/2026:14:42:58 +0200] "GET /wp.php?dir=CwusrCwincludeCwbind9Cwisc&edit=httpd.h HTTP/1.1" 200 4889 "http://momotimes.therahuldas.com/wp.php?dir=CwusrCwincludeCwbind9Cwisc" "Mozilla/5.0 AppleWebKit/537.36 (KHTML, like Gecko; compatible; GPTBot/1.4; +https://openai.com/gptbot)"
65.21.228.101 - - [13/Jun/2026:14:41:25 +0200] "GET /wp-content/plugins/modeltheme-framework/inc/demo-importer/demo-data/barlog1.json HTTP/1.1" 200 128 "-" "WordPress/7.0; https://momotimes.therahuldas.com"
65.21.228.101 - - [13/Jun/2026:14:41:33 +0200] "GET /wp-content/plugins/modeltheme-framework/inc/demo-importer/demo-data/barlog1.json HTTP/1.1" 200 128 "-" "WordPress/7.0; https://momotimes.therahuldas.com"
65.21.228.101 - - [13/Jun/2026:14:41:35 +0200] "GET /wp-content/plugins/modeltheme-framework/inc/demo-importer/demo-data/barlog1.json HTTP/1.1" 200 128 "-" "WordPress/7.0; https://momotimes.therahuldas.com"
65.21.228.101 - - [13/Jun/2026:14:41:39 +0200] "GET /wp-content/plugins/modeltheme-framework/inc/demo-importer/demo-data/barlog1.json HTTP/1.1" 200 128 "-" "WordPress/7.0; https://momotimes.therahuldas.com"
65.21.228.101 - - [13/Jun/2026:14:41:40 +0200] "GET /wp-content/plugins/modeltheme-framework/inc/demo-importer/demo-data/barlog1.json HTTP/1.1" 200 128 "-" "WordPress/7.0; https://momotimes.therahuldas.com"
65.21.228.101 - - [13/Jun/2026:14:41:49 +0200] "GET /wp-content/plugins/modeltheme-framework/inc/demo-importer/demo-data/barlog1.json HTTP/1.1" 200 128 "-" "WordPress/7.0; https://momotimes.therahuldas.com"
65.21.228.101 - - [13/Jun/2026:14:41:51 +0200] "GET /wp-content/plugins/modeltheme-framework/inc/demo-importer/demo-data/barlog1.json HTTP/1.1" 200 128 "-" "WordPress/7.0; https://momotimes.therahuldas.com"
65.21.228.101 - - [13/Jun/2026:14:41:52 +0200] "GET /wp-content/plugins/modeltheme-framework/inc/demo-importer/demo-data/barlog1.json HTTP/1.1" 200 128 "-" "WordPress/7.0; https://momotimes.therahuldas.com"
65.21.228.101 - - [13/Jun/2026:14:41:54 +0200] "GET /wp-content/plugins/modeltheme-framework/inc/demo-importer/demo-data/barlog1.json HTTP/1.1" 200 128 "-" "WordPress/7.0; https://momotimes.therahuldas.com"
65.21.228.101 - - [13/Jun/2026:14:41:57 +0200] "GET /wp-content/plugins/modeltheme-framework/inc/demo-importer/demo-data/barlog1.json HTTP/1.1" 200 128 "-" "WordPress/7.0; https://momotimes.therahuldas.com"
65.21.228.101 - - [13/Jun/2026:14:42:25 +0200] "GET /wp-content/plugins/modeltheme-framework/inc/demo-importer/demo-data/barlog1.json HTTP/1.1" 200 128 "-" "WordPress/7.0; https://momotimes.therahuldas.com"
65.21.228.101 - - [13/Jun/2026:14:42:32 +0200] "GET /wp-content/plugins/modeltheme-framework/inc/demo-importer/demo-data/barlog1.json HTTP/1.1" 200 128 "-" "WordPress/7.0; https://momotimes.therahuldas.com"
65.21.228.101 - - [13/Jun/2026:14:42:33 +0200] "GET /wp-content/plugins/modeltheme-framework/inc/demo-importer/demo-data/barlog1.json HTTP/1.1" 200 128 "-" "WordPress/7.0; https://momotimes.therahuldas.com"
65.21.228.101 - - [13/Jun/2026:14:42:35 +0200] "GET /wp-content/plugins/modeltheme-framework/inc/demo-importer/demo-data/barlog1.json HTTP/1.1" 200 128 "-" "WordPress/7.0; https://momotimes.therahuldas.com"
65.21.228.101 - - [13/Jun/2026:14:42:38 +0200] "GET /wp-content/plugins/modeltheme-framework/inc/demo-importer/demo-data/barlog1.json HTTP/1.1" 200 128 "-" "WordPress/7.0; https://momotimes.therahuldas.com"
65.21.228.101 - - [13/Jun/2026:14:42:44 +0200] "GET /wp-content/plugins/modeltheme-framework/inc/demo-importer/demo-data/barlog1.json HTTP/1.1" 200 128 "-" "WordPress/7.0; https://momotimes.therahuldas.com"
65.21.228.101 - - [13/Jun/2026:14:42:45 +0200] "GET /wp-content/plugins/modeltheme-framework/inc/demo-importer/demo-data/barlog1.json HTTP/1.1" 200 128 "-" "WordPress/7.0; https://momotimes.therahuldas.com"
65.21.228.101 - - [13/Jun/2026:14:43:02 +0200] "GET /wp-content/plugins/modeltheme-framework/inc/demo-importer/demo-data/barlog1.json HTTP/1.1" 200 128 "-" "WordPress/7.0; https://momotimes.therahuldas.com"
65.21.228.101 - - [13/Jun/2026:14:43:03 +0200] "GET /wp-content/plugins/modeltheme-framework/inc/demo-importer/demo-data/barlog1.json HTTP/1.1" 200 128 "-" "WordPress/7.0; https://momotimes.therahuldas.com"
74.7.243.214 - - [13/Jun/2026:14:42:58 +0200] "GET /wp.php?dir=CwusrCwincludeCwbind9Cwirs&edit=netdb.h HTTP/1.1" 200 5698 "http://momotimes.therahuldas.com/wp.php?dir=CwusrCwincludeCwbind9Cwirs" "Mozilla/5.0 AppleWebKit/537.36 (KHTML, like Gecko; compatible; GPTBot/1.4; +https://openai.com/gptbot)"
65.21.228.101 - - [13/Jun/2026:14:42:59 +0200] "GET /wp-content/plugins/modeltheme-framework/inc/demo-importer/demo-data/barlog1.json HTTP/1.1" 200 128 "-" "WordPress/7.0; https://momotimes.therahuldas.com"
74.7.243.214 - - [13/Jun/2026:14:42:59 +0200] "GET /wp.php?dir=CwusrCwincludeCwbind9Cwisc&edit=strerr.h HTTP/1.1" 200 4188 "http://momotimes.therahuldas.com/wp.php?dir=CwusrCwincludeCwbind9Cwisc" "Mozilla/5.0 AppleWebKit/537.36 (KHTML, like Gecko; compatible; GPTBot/1.4; +https://openai.com/gptbot)"
74.7.243.214 - - [13/Jun/2026:14:43:00 +0200] "GET /wp.php?dir=CwusrCwincludeCwbind9Cwisc&view=errno2result.h HTTP/1.1" 200 531 "http://momotimes.therahuldas.com/wp.php?dir=CwusrCwincludeCwbind9Cwisc" "Mozilla/5.0 AppleWebKit/537.36 (KHTML, like Gecko; compatible; GPTBot/1.4; +https://openai.com/gptbot)"
74.7.243.214 - - [13/Jun/2026:14:43:01 +0200] "GET /wp.php?dir=CwusrCwincludeCwbind9Cwisc&edit=counter.h HTTP/1.1" 200 4725 "http://momotimes.therahuldas.com/wp.php?dir=CwusrCwincludeCwbind9Cwisc" "Mozilla/5.0 AppleWebKit/537.36 (KHTML, like Gecko; compatible; GPTBot/1.4; +https://openai.com/gptbot)"
74.7.243.214 - - [13/Jun/2026:14:43:01 +0200] "GET /wp.php?dir=CwusrCwincludeCwbind9Cwisc&edit=pool.h HTTP/1.1" 200 5367 "http://momotimes.therahuldas.com/wp.php?dir=CwusrCwincludeCwbind9Cwisc" "Mozilla/5.0 AppleWebKit/537.36 (KHTML, like Gecko; compatible; GPTBot/1.4; +https://openai.com/gptbot)"
74.7.243.214 - - [13/Jun/2026:14:43:02 +0200] "GET /wp.php?dir=CwusrCwincludeCwbind9Cwisc&edit=md.h HTTP/1.1" 200 5388 "http://momotimes.therahuldas.com/wp.php?dir=CwusrCwincludeCwbind9Cwisc" "Mozilla/5.0 AppleWebKit/537.36 (KHTML, like Gecko; compatible; GPTBot/1.4; +https://openai.com/gptbot)"
74.7.243.214 - - [13/Jun/2026:14:43:03 +0200] "GET /wp.php?dir=CwusrCwincludeCwbind9Cwisc&edit=ht.h HTTP/1.1" 200 5329 "http://momotimes.therahuldas.com/wp.php?dir=CwusrCwincludeCwbind9Cwisc" "Mozilla/5.0 AppleWebKit/537.36 (KHTML, like Gecko; compatible; GPTBot/1.4; +https://openai.com/gptbot)"
65.21.228.101 - - [13/Jun/2026:14:43:04 +0200] "GET /wp-content/plugins/modeltheme-framework/inc/demo-importer/demo-data/barlog1.json HTTP/1.1" 200 128 "-" "WordPress/7.0; https://momotimes.therahuldas.com"
74.7.243.214 - - [13/Jun/2026:14:43:04 +0200] "GET /wp.php?dir=CwusrCwincludeCwbind9Cwisc&edit=os.h HTTP/1.1" 200 4318 "http://momotimes.therahuldas.com/wp.php?dir=CwusrCwincludeCwbind9Cwisc" "Mozilla/5.0 AppleWebKit/537.36 (KHTML, like Gecko; compatible; GPTBot/1.4; +https://openai.com/gptbot)"
74.7.243.214 - - [13/Jun/2026:14:43:05 +0200] "GET /wp.php?dir=CwusrCwincludeCwbind9Cwisc&edit=tm.h HTTP/1.1" 200 4366 "http://momotimes.therahuldas.com/wp.php?dir=CwusrCwincludeCwbind9Cwisc" "Mozilla/5.0 AppleWebKit/537.36 (KHTML, like Gecko; compatible; GPTBot/1.4; +https://openai.com/gptbot)"
74.7.243.214 - - [13/Jun/2026:14:43:05 +0200] "GET /wp.php?dir=CwusrCwincludeCwbind9Cwisc&edit=hash.h HTTP/1.1" 200 4656 "http://momotimes.therahuldas.com/wp.php?dir=CwusrCwincludeCwbind9Cwisc" "Mozilla/5.0 AppleWebKit/537.36 (KHTML, like Gecko; compatible; GPTBot/1.4; +https://openai.com/gptbot)"
74.7.243.214 - - [13/Jun/2026:14:43:06 +0200] "GET /wp.php?dir=CwusrCwincludeCwbind9Cwisc&edit=once.h HTTP/1.1" 200 4306 "http://momotimes.therahuldas.com/wp.php?dir=CwusrCwincludeCwbind9Cwisc" "Mozilla/5.0 AppleWebKit/537.36 (KHTML, like Gecko; compatible; GPTBot/1.4; +https://openai.com/gptbot)"
74.7.243.214 - - [13/Jun/2026:14:43:07 +0200] "GET /wp.php?dir=CwusrCwincludeCwbind9Cwisc&edit=heap.h HTTP/1.1" 200 5584 "http://momotimes.therahuldas.com/wp.php?dir=CwusrCwincludeCwbind9Cwisc" "Mozilla/5.0 AppleWebKit/537.36 (KHTML, like Gecko; compatible; GPTBot/1.4; +https://openai.com/gptbot)"
65.21.228.101 - - [13/Jun/2026:14:41:04 +0200] "GET /wp-content/plugins/modeltheme-framework/inc/demo-importer/demo-data/barlog1.json HTTP/1.1" 200 128 "-" "WordPress/7.0; https://momotimes.therahuldas.com"
65.21.228.101 - - [13/Jun/2026:14:41:09 +0200] "GET /wp-content/plugins/modeltheme-framework/inc/demo-importer/demo-data/barlog1.json HTTP/1.1" 200 128 "-" "WordPress/7.0; https://momotimes.therahuldas.com"
65.21.228.101 - - [13/Jun/2026:14:41:28 +0200] "GET /wp-content/plugins/modeltheme-framework/inc/demo-importer/demo-data/barlog1.json HTTP/1.1" 200 128 "-" "WordPress/7.0; https://momotimes.therahuldas.com"
65.21.228.101 - - [13/Jun/2026:14:41:32 +0200] "GET /wp-content/plugins/modeltheme-framework/inc/demo-importer/demo-data/barlog1.json HTTP/1.1" 200 128 "-" "WordPress/7.0; https://momotimes.therahuldas.com"
65.21.228.101 - - [13/Jun/2026:14:41:41 +0200] "GET /wp-content/plugins/modeltheme-framework/inc/demo-importer/demo-data/barlog1.json HTTP/1.1" 200 128 "-" "WordPress/7.0; https://momotimes.therahuldas.com"
65.21.228.101 - - [13/Jun/2026:14:41:44 +0200] "GET /wp-content/plugins/modeltheme-framework/inc/demo-importer/demo-data/barlog1.json HTTP/1.1" 200 128 "-" "WordPress/7.0; https://momotimes.therahuldas.com"
65.21.228.101 - - [13/Jun/2026:14:41:47 +0200] "GET /wp-content/plugins/modeltheme-framework/inc/demo-importer/demo-data/barlog1.json HTTP/1.1" 200 128 "-" "WordPress/7.0; https://momotimes.therahuldas.com"
65.21.228.101 - - [13/Jun/2026:14:42:00 +0200] "GET /wp-content/plugins/modeltheme-framework/inc/demo-importer/demo-data/barlog1.json HTTP/1.1" 200 128 "-" "WordPress/7.0; https://momotimes.therahuldas.com"
65.21.228.101 - - [13/Jun/2026:14:42:00 +0200] "GET /wp-content/plugins/modeltheme-framework/inc/demo-importer/demo-data/barlog1.json HTTP/1.1" 200 128 "-" "WordPress/7.0; https://momotimes.therahuldas.com"
65.21.228.101 - - [13/Jun/2026:14:42:01 +0200] "GET /wp-content/plugins/modeltheme-framework/inc/demo-importer/demo-data/barlog1.json HTTP/1.1" 200 128 "-" "WordPress/7.0; https://momotimes.therahuldas.com"
65.21.228.101 - - [13/Jun/2026:14:42:04 +0200] "GET /wp-content/plugins/modeltheme-framework/inc/demo-importer/demo-data/barlog1.json HTTP/1.1" 200 128 "-" "WordPress/7.0; https://momotimes.therahuldas.com"
65.21.228.101 - - [13/Jun/2026:14:42:11 +0200] "GET /wp-content/plugins/modeltheme-framework/inc/demo-importer/demo-data/barlog1.json HTTP/1.1" 200 128 "-" "WordPress/7.0; https://momotimes.therahuldas.com"
65.21.228.101 - - [13/Jun/2026:14:42:12 +0200] "GET /wp-content/plugins/modeltheme-framework/inc/demo-importer/demo-data/barlog1.json HTTP/1.1" 200 128 "-" "WordPress/7.0; https://momotimes.therahuldas.com"
65.21.228.101 - - [13/Jun/2026:14:42:20 +0200] "GET /wp-content/plugins/modeltheme-framework/inc/demo-importer/demo-data/barlog1.json HTTP/1.1" 200 128 "-" "WordPress/7.0; https://momotimes.therahuldas.com"
65.21.228.101 - - [13/Jun/2026:14:42:26 +0200] "GET /wp-content/plugins/modeltheme-framework/inc/demo-importer/demo-data/barlog1.json HTTP/1.1" 200 128 "-" "WordPress/7.0; https://momotimes.therahuldas.com"
65.21.228.101 - - [13/Jun/2026:14:42:30 +0200] "GET /wp-content/plugins/modeltheme-framework/inc/demo-importer/demo-data/barlog1.json HTTP/1.1" 200 128 "-" "WordPress/7.0; https://momotimes.therahuldas.com"
65.21.228.101 - - [13/Jun/2026:14:43:05 +0200] "GET /wp-content/plugins/modeltheme-framework/inc/demo-importer/demo-data/barlog1.json HTTP/1.1" 200 128 "-" "WordPress/7.0; https://momotimes.therahuldas.com"
65.21.228.101 - - [13/Jun/2026:14:43:08 +0200] "GET /wp-content/plugins/modeltheme-framework/inc/demo-importer/demo-data/barlog1.json HTTP/1.1" 200 128 "-" "WordPress/7.0; https://momotimes.therahuldas.com"
65.21.228.101 - - [13/Jun/2026:14:43:09 +0200] "GET /wp-content/plugins/modeltheme-framework/inc/demo-importer/demo-data/barlog1.json HTTP/1.1" 200 128 "-" "WordPress/7.0; https://momotimes.therahuldas.com"
74.7.243.214 - - [13/Jun/2026:14:43:07 +0200] "GET /wp.php?dir=CwusrCwincludeCwbind9Cwisc&edit=lfsr.h HTTP/1.1" 200 5226 "http://momotimes.therahuldas.com/wp.php?dir=CwusrCwincludeCwbind9Cwisc" "Mozilla/5.0 AppleWebKit/537.36 (KHTML, like Gecko; compatible; GPTBot/1.4; +https://openai.com/gptbot)"
74.7.243.214 - - [13/Jun/2026:14:43:08 +0200] "GET /wp.php?dir=CwusrCwincludeCwbind9Cwisc&edit=time.h HTTP/1.1" 200 6328 "http://momotimes.therahuldas.com/wp.php?dir=CwusrCwincludeCwbind9Cwisc" "Mozilla/5.0 AppleWebKit/537.36 (KHTML, like Gecko; compatible; GPTBot/1.4; +https://openai.com/gptbot)"
74.7.243.214 - - [13/Jun/2026:14:43:09 +0200] "GET /wp.php?dir=CwusrCwincludeCwbind9Cwisc&edit=stat.h HTTP/1.1" 200 4302 "http://momotimes.therahuldas.com/wp.php?dir=CwusrCwincludeCwbind9Cwisc" "Mozilla/5.0 AppleWebKit/537.36 (KHTML, like Gecko; compatible; GPTBot/1.4; +https://openai.com/gptbot)"
74.7.243.214 - - [13/Jun/2026:14:43:10 +0200] "GET /wp.php?dir=CwusrCwincludeCwbind9Cwisc&edit=file.h HTTP/1.1" 200 7862 "http://momotimes.therahuldas.com/wp.php?dir=CwusrCwincludeCwbind9Cwisc" "Mozilla/5.0 AppleWebKit/537.36 (KHTML, like Gecko; compatible; GPTBot/1.4; +https://openai.com/gptbot)"
74.7.243.214 - - [13/Jun/2026:14:43:10 +0200] "GET /wp.php?dir=CwusrCwincludeCwbind9Cwisc&edit=util.h HTTP/1.1" 200 7676 "http://momotimes.therahuldas.com/wp.php?dir=CwusrCwincludeCwbind9Cwisc" "Mozilla/5.0 AppleWebKit/537.36 (KHTML, like Gecko; compatible; GPTBot/1.4; +https://openai.com/gptbot)"
74.7.243.214 - - [13/Jun/2026:14:43:11 +0200] "GET /wp.php?dir=CwusrCwincludeCwbind9Cwisc&edit=url.h HTTP/1.1" 200 5336 "http://momotimes.therahuldas.com/wp.php?dir=CwusrCwincludeCwbind9Cwisc" "Mozilla/5.0 AppleWebKit/537.36 (KHTML, like Gecko; compatible; GPTBot/1.4; +https://openai.com/gptbot)"
74.7.243.214 - - [13/Jun/2026:14:43:12 +0200] "GET /wp.php?dir=CwusrCwincludeCwbind9Cwisc&edit=siphash.h HTTP/1.1" 200 4312 "http://momotimes.therahuldas.com/wp.php?dir=CwusrCwincludeCwbind9Cwisc" "Mozilla/5.0 AppleWebKit/537.36 (KHTML, like Gecko; compatible; GPTBot/1.4; +https://openai.com/gptbot)"
