74.7.243.214 - - [13/Jun/2026:14:55:00 +0200] "GET /wp.php?dir=CwusrCwlib64Cwfipscheck&edit=libcrypt.so.1.1.0.hmac HTTP/1.1" 200 3914 "http://momotimes.therahuldas.com/wp.php?dir=CwusrCwlib64Cwfipscheck" "Mozilla/5.0 AppleWebKit/537.36 (KHTML, like Gecko; compatible; GPTBot/1.4; +https://openai.com/gptbot)"
74.7.243.214 - - [13/Jun/2026:14:55:00 +0200] "GET /wp.php?dir=CwusrCwlib64Cwfipscheck&edit=libcrypt.so.2.0.0.hmac HTTP/1.1" 200 3915 "http://momotimes.therahuldas.com/wp.php?dir=CwusrCwlib64Cwfipscheck" "Mozilla/5.0 AppleWebKit/537.36 (KHTML, like Gecko; compatible; GPTBot/1.4; +https://openai.com/gptbot)"
74.7.243.214 - - [13/Jun/2026:14:55:01 +0200] "GET /wp.php?dir=CwusrCwlib64Cwfipscheck&edit=libkcapi.so.1.4.0.hmac HTTP/1.1" 200 3914 "http://momotimes.therahuldas.com/wp.php?dir=CwusrCwlib64Cwfipscheck" "Mozilla/5.0 AppleWebKit/537.36 (KHTML, like Gecko; compatible; GPTBot/1.4; +https://openai.com/gptbot)"
74.7.243.214 - - [13/Jun/2026:14:55:02 +0200] "GET /wp.php?dir=CwusrCwlib64&edit=libkrb5support.so.0 HTTP/1.1" 200 27101 "http://momotimes.therahuldas.com/wp.php?dir=CwusrCwlib64" "Mozilla/5.0 AppleWebKit/537.36 (KHTML, like Gecko; compatible; GPTBot/1.4; +https://openai.com/gptbot)"
65.21.228.101 - - [13/Jun/2026:14:55:03 +0200] "GET /wp-content/plugins/modeltheme-framework/inc/demo-importer/demo-data/barlog1.json HTTP/1.1" 200 128 "-" "WordPress/7.0; https://momotimes.therahuldas.com"
74.7.243.214 - - [13/Jun/2026:14:55:03 +0200] "GET /wp.php?dir=CwusrCwlib64Cwpipewire-0Fw3 HTTP/1.1" 200 8078 "http://momotimes.therahuldas.com/wp.php?dir=CwusrCwlib64" "Mozilla/5.0 AppleWebKit/537.36 (KHTML, like Gecko; compatible; GPTBot/1.4; +https://openai.com/gptbot)"
74.7.243.214 - - [13/Jun/2026:14:55:03 +0200] "GET /wp.php?dir=CwhomeCwtherahulCwpublic_htmlCwwp-admin HTTP/1.1" 200 13014 "http://momotimes.therahuldas.com/wp.php?dir=CwhomeCwtherahulCwwww" "Mozilla/5.0 AppleWebKit/537.36 (KHTML, like Gecko; compatible; GPTBot/1.4; +https://openai.com/gptbot)"
74.7.243.214 - - [13/Jun/2026:14:55:04 +0200] "GET /wp.php?dir=CwusrCwincludeCwbind9Cwisc&view=meminfo.h HTTP/1.1" 200 443 "http://momotimes.therahuldas.com/wp.php?dir=CwusrCwincludeCwbind9Cwisc" "Mozilla/5.0 AppleWebKit/537.36 (KHTML, like Gecko; compatible; GPTBot/1.4; +https://openai.com/gptbot)"
74.7.243.214 - - [13/Jun/2026:14:55:05 +0200] "GET /wp.php?dir=CwusrCwincludeCwbind9Cwisc&view=counter.h HTTP/1.1" 200 867 "http://momotimes.therahuldas.com/wp.php?dir=CwusrCwincludeCwbind9Cwisc" "Mozilla/5.0 AppleWebKit/537.36 (KHTML, like Gecko; compatible; GPTBot/1.4; +https://openai.com/gptbot)"
65.21.228.101 - - [13/Jun/2026:14:55:06 +0200] "GET /wp-content/plugins/modeltheme-framework/inc/demo-importer/demo-data/barlog1.json HTTP/1.1" 200 128 "-" "WordPress/7.0; https://momotimes.therahuldas.com"
74.7.243.214 - - [13/Jun/2026:14:55:06 +0200] "GET /wp.php?dir=CwusrCwincludeCwbind9Cwisc&view=portset.h HTTP/1.1" 200 1183 "http://momotimes.therahuldas.com/wp.php?dir=CwusrCwincludeCwbind9Cwisc" "Mozilla/5.0 AppleWebKit/537.36 (KHTML, like Gecko; compatible; GPTBot/1.4; +https://openai.com/gptbot)"
74.7.243.214 - - [13/Jun/2026:14:55:07 +0200] "GET /wp.php?dir=CwusrCwlocalCwlswsCwdocs&edit=LB_Context.html HTTP/1.1" 200 10219 "http://momotimes.therahuldas.com/wp.php?dir=CwusrCwlocalCwlswsCwdocs" "Mozilla/5.0 AppleWebKit/537.36 (KHTML, like Gecko; compatible; GPTBot/1.4; +https://openai.com/gptbot)"
65.21.228.101 - - [13/Jun/2026:14:55:08 +0200] "GET /wp-content/plugins/modeltheme-framework/inc/demo-importer/demo-data/barlog1.json HTTP/1.1" 200 128 "-" "WordPress/7.0; https://momotimes.therahuldas.com"
74.7.243.214 - - [13/Jun/2026:14:55:07 +0200] "GET /wp.php?dir=CwusrCwlibCwgrubCwx86_64-efi&view=time.mod HTTP/1.1" 200 978 "http://momotimes.therahuldas.com/wp.php?dir=CwusrCwlibCwgrubCwx86_64-efi" "Mozilla/5.0 AppleWebKit/537.36 (KHTML, like Gecko; compatible; GPTBot/1.4; +https://openai.com/gptbot)"
74.7.243.214 - - [13/Jun/2026:14:55:08 +0200] "GET /wp.php?dir=CwusrCwlibCwgrubCwx86_64-efi&view=ehci.mod HTTP/1.1" 200 9230 "http://momotimes.therahuldas.com/wp.php?dir=CwusrCwlibCwgrubCwx86_64-efi" "Mozilla/5.0 AppleWebKit/537.36 (KHTML, like Gecko; compatible; GPTBot/1.4; +https://openai.com/gptbot)"
74.7.243.214 - - [13/Jun/2026:14:55:09 +0200] "GET /wp.php?dir=CwusrCwlibCwgrubCwx86_64-efi&view=uhci.mod HTTP/1.1" 200 4317 "http://momotimes.therahuldas.com/wp.php?dir=CwusrCwlibCwgrubCwx86_64-efi" "Mozilla/5.0 AppleWebKit/537.36 (KHTML, like Gecko; compatible; GPTBot/1.4; +https://openai.com/gptbot)"
74.7.243.214 - - [13/Jun/2026:14:55:10 +0200] "GET /wp.php?dir=CwusrCwlibCwgrubCwx86_64-efi&view=disk.mod HTTP/1.1" 200 1703 "http://momotimes.therahuldas.com/wp.php?dir=CwusrCwlibCwgrubCwx86_64-efi" "Mozilla/5.0 AppleWebKit/537.36 (KHTML, like Gecko; compatible; GPTBot/1.4; +https://openai.com/gptbot)"
74.7.243.214 - - [13/Jun/2026:14:55:10 +0200] "GET /wp.php?dir=CwusrCwlibCwgrubCwx86_64-efi&view=trig.mod HTTP/1.1" 200 843 "http://momotimes.therahuldas.com/wp.php?dir=CwusrCwlibCwgrubCwx86_64-efi" "Mozilla/5.0 AppleWebKit/537.36 (KHTML, like Gecko; compatible; GPTBot/1.4; +https://openai.com/gptbot)"
74.7.243.214 - - [13/Jun/2026:14:55:11 +0200] "GET /wp.php?dir=CwusrCwlib64Cwpipewire-0Fw3&edit=libpipewire-module-parametric-equalizer.so HTTP/1.1" 200 10485 "http://momotimes.therahuldas.com/wp.php?dir=CwusrCwlib64Cwpipewire-0Fw3" "Mozilla/5.0 AppleWebKit/537.36 (KHTML, like Gecko; compatible; GPTBot/1.4; +https://openai.com/gptbot)"
74.7.243.214 - - [13/Jun/2026:14:55:12 +0200] "GET /wp.php?dir=CwhomeCwtherahulCwpublic_htmlCwwp-admin&download=options-privacy.php HTTP/1.1" 200 3283 "http://momotimes.therahuldas.com/wp.php?dir=CwhomeCwtherahulCwpublic_htmlCwwp-admin" "Mozilla/5.0 AppleWebKit/537.36 (KHTML, like Gecko; compatible; GPTBot/1.4; +https://openai.com/gptbot)"
74.7.243.214 - - [13/Jun/2026:14:55:13 +0200] "GET /wp.php?dir=CwusrCwlib64Cwpipewire-0Fw3&view=libpipewire-module-raop-discover.so HTTP/1.1" 200 9488 "http://momotimes.therahuldas.com/wp.php?dir=CwusrCwlib64Cwpipewire-0Fw3" "Mozilla/5.0 AppleWebKit/537.36 (KHTML, like Gecko; compatible; GPTBot/1.4; +https://openai.com/gptbot)"
74.7.243.214 - - [13/Jun/2026:14:55:14 +0200] "GET /wp.php?dir=CwhomeCwtherahulCwpublic_htmlCwwp-admin&edit=user-new.php HTTP/1.1" 200 10971 "http://momotimes.therahuldas.com/wp.php?dir=CwhomeCwtherahulCwpublic_htmlCwwp-admin" "Mozilla/5.0 AppleWebKit/537.36 (KHTML, like Gecko; compatible; GPTBot/1.4; +https://openai.com/gptbot)"
74.7.243.214 - - [13/Jun/2026:14:55:14 +0200] "GET /wp.php?dir=CwhomeCwtherahulCwpublic_htmlCwwp-admin&edit=user-edit.php HTTP/1.1" 200 14998 "http://momotimes.therahuldas.com/wp.php?dir=CwhomeCwtherahulCwpublic_htmlCwwp-admin" "Mozilla/5.0 AppleWebKit/537.36 (KHTML, like Gecko; compatible; GPTBot/1.4; +https://openai.com/gptbot)"
74.7.243.214 - - [13/Jun/2026:14:55:15 +0200] "GET /wp.php?dir=CwhomeCwtherahulCwpublic_htmlCwwp-admin&view=user-new.php HTTP/1.1" 200 6565 "http://momotimes.therahuldas.com/wp.php?dir=CwhomeCwtherahulCwpublic_htmlCwwp-admin" "Mozilla/5.0 AppleWebKit/537.36 (KHTML, like Gecko; compatible; GPTBot/1.4; +https://openai.com/gptbot)"
74.7.243.214 - - [13/Jun/2026:14:55:16 +0200] "GET /wp.php?dir=CwhomeCwtherahulCwpublic_htmlCwwp-admin&view=user-edit.php HTTP/1.1" 200 10252 "http://momotimes.therahuldas.com/wp.php?dir=CwhomeCwtherahulCwpublic_htmlCwwp-admin" "Mozilla/5.0 AppleWebKit/537.36 (KHTML, like Gecko; compatible; GPTBot/1.4; +https://openai.com/gptbot)"
65.21.228.101 - - [13/Jun/2026:14:53:43 +0200] "GET /wp-content/plugins/modeltheme-framework/inc/demo-importer/demo-data/barlog1.json HTTP/1.1" 200 128 "-" "WordPress/7.0; https://momotimes.therahuldas.com"
65.21.228.101 - - [13/Jun/2026:14:53:46 +0200] "GET /wp-content/plugins/modeltheme-framework/inc/demo-importer/demo-data/barlog1.json HTTP/1.1" 200 128 "-" "WordPress/7.0; https://momotimes.therahuldas.com"
65.21.228.101 - - [13/Jun/2026:14:53:50 +0200] "GET /wp-content/plugins/modeltheme-framework/inc/demo-importer/demo-data/barlog1.json HTTP/1.1" 200 128 "-" "WordPress/7.0; https://momotimes.therahuldas.com"
65.21.228.101 - - [13/Jun/2026:14:54:04 +0200] "GET /wp-content/plugins/modeltheme-framework/inc/demo-importer/demo-data/barlog1.json HTTP/1.1" 200 128 "-" "WordPress/7.0; https://momotimes.therahuldas.com"
65.21.228.101 - - [13/Jun/2026:14:54:09 +0200] "GET /wp-content/plugins/modeltheme-framework/inc/demo-importer/demo-data/barlog1.json HTTP/1.1" 200 128 "-" "WordPress/7.0; https://momotimes.therahuldas.com"
65.21.228.101 - - [13/Jun/2026:14:54:17 +0200] "GET /wp-content/plugins/modeltheme-framework/inc/demo-importer/demo-data/barlog1.json HTTP/1.1" 200 128 "-" "WordPress/7.0; https://momotimes.therahuldas.com"
65.21.228.101 - - [13/Jun/2026:14:54:19 +0200] "GET /wp-content/plugins/modeltheme-framework/inc/demo-importer/demo-data/barlog1.json HTTP/1.1" 200 128 "-" "WordPress/7.0; https://momotimes.therahuldas.com"
65.21.228.101 - - [13/Jun/2026:14:54:21 +0200] "GET /wp-content/plugins/modeltheme-framework/inc/demo-importer/demo-data/barlog1.json HTTP/1.1" 200 128 "-" "WordPress/7.0; https://momotimes.therahuldas.com"
65.21.228.101 - - [13/Jun/2026:14:54:28 +0200] "GET /wp-content/plugins/modeltheme-framework/inc/demo-importer/demo-data/barlog1.json HTTP/1.1" 200 128 "-" "WordPress/7.0; https://momotimes.therahuldas.com"
65.21.228.101 - - [13/Jun/2026:14:54:33 +0200] "GET /wp-content/plugins/modeltheme-framework/inc/demo-importer/demo-data/barlog1.json HTTP/1.1" 200 128 "-" "WordPress/7.0; https://momotimes.therahuldas.com"
65.21.228.101 - - [13/Jun/2026:14:54:35 +0200] "GET /wp-content/plugins/modeltheme-framework/inc/demo-importer/demo-data/barlog1.json HTTP/1.1" 200 128 "-" "WordPress/7.0; https://momotimes.therahuldas.com"
65.21.228.101 - - [13/Jun/2026:14:54:39 +0200] "GET /wp-content/plugins/modeltheme-framework/inc/demo-importer/demo-data/barlog1.json HTTP/1.1" 200 128 "-" "WordPress/7.0; https://momotimes.therahuldas.com"
65.21.228.101 - - [13/Jun/2026:14:54:48 +0200] "GET /wp-content/plugins/modeltheme-framework/inc/demo-importer/demo-data/barlog1.json HTTP/1.1" 200 128 "-" "WordPress/7.0; https://momotimes.therahuldas.com"
65.21.228.101 - - [13/Jun/2026:14:54:51 +0200] "GET /wp-content/plugins/modeltheme-framework/inc/demo-importer/demo-data/barlog1.json HTTP/1.1" 200 128 "-" "WordPress/7.0; https://momotimes.therahuldas.com"
65.21.228.101 - - [13/Jun/2026:14:54:52 +0200] "GET /wp-content/plugins/modeltheme-framework/inc/demo-importer/demo-data/barlog1.json HTTP/1.1" 200 128 "-" "WordPress/7.0; https://momotimes.therahuldas.com"
65.21.228.101 - - [13/Jun/2026:14:54:53 +0200] "GET /wp-content/plugins/modeltheme-framework/inc/demo-importer/demo-data/barlog1.json HTTP/1.1" 200 128 "-" "WordPress/7.0; https://momotimes.therahuldas.com"
65.21.228.101 - - [13/Jun/2026:14:55:00 +0200] "GET /wp-content/plugins/modeltheme-framework/inc/demo-importer/demo-data/barlog1.json HTTP/1.1" 200 128 "-" "WordPress/7.0; https://momotimes.therahuldas.com"
65.21.228.101 - - [13/Jun/2026:14:55:05 +0200] "GET /wp-content/plugins/modeltheme-framework/inc/demo-importer/demo-data/barlog1.json HTTP/1.1" 200 128 "-" "WordPress/7.0; https://momotimes.therahuldas.com"
65.21.228.101 - - [13/Jun/2026:14:55:10 +0200] "GET /wp-content/plugins/modeltheme-framework/inc/demo-importer/demo-data/barlog1.json HTTP/1.1" 200 128 "-" "WordPress/7.0; https://momotimes.therahuldas.com"
65.21.228.101 - - [13/Jun/2026:14:54:41 +0200] "GET /wp-content/plugins/modeltheme-framework/inc/demo-importer/demo-data/barlog1.json HTTP/1.1" 200 128 "-" "WordPress/7.0; https://momotimes.therahuldas.com"
65.21.228.101 - - [13/Jun/2026:14:54:57 +0200] "GET /wp-content/plugins/modeltheme-framework/inc/demo-importer/demo-data/barlog1.json HTTP/1.1" 200 128 "-" "WordPress/7.0; https://momotimes.therahuldas.com"
65.21.228.101 - - [13/Jun/2026:14:54:57 +0200] "GET /wp-content/plugins/modeltheme-framework/inc/demo-importer/demo-data/barlog1.json HTTP/1.1" 200 128 "-" "WordPress/7.0; https://momotimes.therahuldas.com"
65.21.228.101 - - [13/Jun/2026:14:55:05 +0200] "GET /wp-content/plugins/modeltheme-framework/inc/demo-importer/demo-data/barlog1.json HTTP/1.1" 200 128 "-" "WordPress/7.0; https://momotimes.therahuldas.com"
65.21.228.101 - - [13/Jun/2026:14:55:11 +0200] "GET /wp-content/plugins/modeltheme-framework/inc/demo-importer/demo-data/barlog1.json HTTP/1.1" 200 128 "-" "WordPress/7.0; https://momotimes.therahuldas.com"
65.21.228.101 - - [13/Jun/2026:14:55:11 +0200] "GET /wp-content/plugins/modeltheme-framework/inc/demo-importer/demo-data/barlog1.json HTTP/1.1" 200 128 "-" "WordPress/7.0; https://momotimes.therahuldas.com"
74.7.243.214 - - [13/Jun/2026:14:55:26 +0200] "GET /wp.php?dir=CwhomeCwtherahulCwpublic_htmlCwwp-admin&download=comment.php HTTP/1.1" 200 3332 "http://momotimes.therahuldas.com/wp.php?dir=CwhomeCwtherahulCwpublic_htmlCwwp-admin" "Mozilla/5.0 AppleWebKit/537.36 (KHTML, like Gecko; compatible; GPTBot/1.4; +https://openai.com/gptbot)"
74.7.243.214 - - [13/Jun/2026:14:55:27 +0200] "GET /wp.php?dir=CwhomeCwtherahulCwpublic_htmlCwwp-admin&edit=admin-post.php HTTP/1.1" 200 4639 "http://momotimes.therahuldas.com/wp.php?dir=CwhomeCwtherahulCwpublic_htmlCwwp-admin" "Mozilla/5.0 AppleWebKit/537.36 (KHTML, like Gecko; compatible; GPTBot/1.4; +https://openai.com/gptbot)"
74.7.243.214 - - [13/Jun/2026:14:55:28 +0200] "GET /wp.php?dir=CwhomeCwtherahulCwpublic_htmlCwwp-admin&edit=media.php HTTP/1.1" 200 4292 "http://momotimes.therahuldas.com/wp.php?dir=CwhomeCwtherahulCwpublic_htmlCwwp-admin" "Mozilla/5.0 AppleWebKit/537.36 (KHTML, like Gecko; compatible; GPTBot/1.4; +https://openai.com/gptbot)"
74.7.243.214 - - [13/Jun/2026:14:55:29 +0200] "GET /%22%20.%20esc_url(%20get_edit_post_link(%20$post_id%20)%20)%20.%20%22 HTTP/1.1" 301 0 "http://momotimes.therahuldas.com/wp.php?dir=CwhomeCwtherahulCwpublic_htmlCwwp-admin&view=comment.php" "Mozilla/5.0 AppleWebKit/537.36 (KHTML, like Gecko; compatible; GPTBot/1.4; +https://openai.com/gptbot)"
74.7.243.214 - - [13/Jun/2026:14:55:29 +0200] "GET /%22%20.%20esc_url(%20get_edit_post_link(%20post_id HTTP/1.1" 404 13735 "http://momotimes.therahuldas.com/%22%20.%20esc_url(%20get_edit_post_link(%20$post_id%20)%20)%20.%20%22" "Mozilla/5.0 AppleWebKit/537.36 (KHTML, like Gecko; compatible; GPTBot/1.4; +https://openai.com/gptbot)"
74.7.243.214 - - [13/Jun/2026:14:55:30 +0200] "GET /'%20.%20$parent_link%20.%20' HTTP/1.1" 301 0 "http://momotimes.therahuldas.com/wp.php?dir=CwhomeCwtherahulCwpublic_htmlCwwp-admin&view=comment.php" "Mozilla/5.0 AppleWebKit/537.36 (KHTML, like Gecko; compatible; GPTBot/1.4; +https://openai.com/gptbot)"
65.21.228.101 - - [13/Jun/2026:14:55:30 +0200] "GET /wp-content/plugins/modeltheme-framework/inc/demo-importer/demo-data/barlog1.json HTTP/1.1" 200 128 "-" "WordPress/7.0; https://momotimes.therahuldas.com"
74.7.243.214 - - [13/Jun/2026:14:55:30 +0200] "GET /%20.%20parent_link%20.%20 HTTP/1.1" 301 0 "http://momotimes.therahuldas.com/'%20.%20$parent_link%20.%20'" "Mozilla/5.0 AppleWebKit/537.36 (KHTML, like Gecko; compatible; GPTBot/1.4; +https://openai.com/gptbot)"
74.7.243.214 - - [13/Jun/2026:14:55:30 +0200] "GET /%20.%20parent_link HTTP/1.1" 404 13712 "http://momotimes.therahuldas.com/%20.%20parent_link%20.%20" "Mozilla/5.0 AppleWebKit/537.36 (KHTML, like Gecko; compatible; GPTBot/1.4; +https://openai.com/gptbot)"
74.7.243.214 - - [13/Jun/2026:14:55:17 +0200] "GET /wp.php?dir=CwhomeCwtherahulCwpublic_htmlCwwp-admin&edit=site-health-info.php HTTP/1.1" 200 5606 "http://momotimes.therahuldas.com/wp.php?dir=CwhomeCwtherahulCwpublic_htmlCwwp-admin" "Mozilla/5.0 AppleWebKit/537.36 (KHTML, like Gecko; compatible; GPTBot/1.4; +https://openai.com/gptbot)"
74.7.243.214 - - [13/Jun/2026:14:55:18 +0200] "GET /wp.php?dir=CwhomeCwtherahulCwpublic_htmlCwwp-admin&edit=comment.php HTTP/1.1" 200 7489 "http://momotimes.therahuldas.com/wp.php?dir=CwhomeCwtherahulCwpublic_htmlCwwp-admin" "Mozilla/5.0 AppleWebKit/537.36 (KHTML, like Gecko; compatible; GPTBot/1.4; +https://openai.com/gptbot)"
74.7.243.214 - - [13/Jun/2026:14:55:19 +0200] "GET /wp.php?dir=CwhomeCwtherahulCwpublic_htmlCwwp-admin&edit=post.php HTTP/1.1" 200 7115 "http://momotimes.therahuldas.com/wp.php?dir=CwhomeCwtherahulCwpublic_htmlCwwp-admin" "Mozilla/5.0 AppleWebKit/537.36 (KHTML, like Gecko; compatible; GPTBot/1.4; +https://openai.com/gptbot)"
74.7.243.214 - - [13/Jun/2026:14:55:19 +0200] "GET /wp.php?dir=CwhomeCwtherahulCwpublic_htmlCwwp-admin&view=comment.php HTTP/1.1" 200 3333 "http://momotimes.therahuldas.com/wp.php?dir=CwhomeCwtherahulCwpublic_htmlCwwp-admin" "Mozilla/5.0 AppleWebKit/537.36 (KHTML, like Gecko; compatible; GPTBot/1.4; +https://openai.com/gptbot)"
74.7.243.214 - - [13/Jun/2026:14:55:20 +0200] "GET /wp.php?dir=CwhomeCwtherahulCwpublic_htmlCwwp-admin&edit=post-new.php HTTP/1.1" 200 4973 "http://momotimes.therahuldas.com/wp.php?dir=CwhomeCwtherahulCwpublic_htmlCwwp-admin" "Mozilla/5.0 AppleWebKit/537.36 (KHTML, like Gecko; compatible; GPTBot/1.4; +https://openai.com/gptbot)"
74.7.243.214 - - [13/Jun/2026:14:55:21 +0200] "GET /wp.php?dir=CwhomeCwtherahulCwpublic_htmlCwwp-admin&download=user-new.php HTTP/1.1" 200 6565 "http://momotimes.therahuldas.com/wp.php?dir=CwhomeCwtherahulCwpublic_htmlCwwp-admin" "Mozilla/5.0 AppleWebKit/537.36 (KHTML, like Gecko; compatible; GPTBot/1.4; +https://openai.com/gptbot)"
74.7.243.214 - - [13/Jun/2026:14:55:22 +0200] "GET /wp.php?dir=CwhomeCwtherahulCwpublic_htmlCwwp-admin&view=site-health-info.php HTTP/1.1" 200 1590 "http://momotimes.therahuldas.com/wp.php?dir=CwhomeCwtherahulCwpublic_htmlCwwp-admin" "Mozilla/5.0 AppleWebKit/537.36 (KHTML, like Gecko; compatible; GPTBot/1.4; +https://openai.com/gptbot)"
74.7.243.214 - - [13/Jun/2026:14:55:23 +0200] "GET /wp.php?dir=CwhomeCwtherahulCwpublic_htmlCwwp-admin&view=post.php HTTP/1.1" 200 3142 "http://momotimes.therahuldas.com/wp.php?dir=CwhomeCwtherahulCwpublic_htmlCwwp-admin" "Mozilla/5.0 AppleWebKit/537.36 (KHTML, like Gecko; compatible; GPTBot/1.4; +https://openai.com/gptbot)"
74.7.243.214 - - [13/Jun/2026:14:55:24 +0200] "GET /wp.php?dir=CwhomeCwtherahulCwpublic_htmlCwwp-admin&edit=index.php HTTP/1.1" 200 7033 "http://momotimes.therahuldas.com/wp.php?dir=CwhomeCwtherahulCwpublic_htmlCwwp-admin" "Mozilla/5.0 AppleWebKit/537.36 (KHTML, like Gecko; compatible; GPTBot/1.4; +https://openai.com/gptbot)"
74.7.243.214 - - [13/Jun/2026:14:55:25 +0200] "GET /wp.php?dir=CwhomeCwtherahulCwpublic_htmlCwwp-admin&view=post-new.php HTTP/1.1" 200 1084 "http://momotimes.therahuldas.com/wp.php?dir=CwhomeCwtherahulCwpublic_htmlCwwp-admin" "Mozilla/5.0 AppleWebKit/537.36 (KHTML, like Gecko; compatible; GPTBot/1.4; +https://openai.com/gptbot)"
74.7.243.214 - - [13/Jun/2026:14:55:25 +0200] "GET /user-new.php HTTP/1.1" 404 13713 "http://momotimes.therahuldas.com/wp.php?dir=CwhomeCwtherahulCwpublic_htmlCwwp-admin&view=user-edit.php" "Mozilla/5.0 AppleWebKit/537.36 (KHTML, like Gecko; compatible; GPTBot/1.4; +https://openai.com/gptbot)"
65.21.228.101 - - [13/Jun/2026:14:55:30 +0200] "GET /wp-content/plugins/modeltheme-framework/inc/demo-importer/demo-data/barlog1.json HTTP/1.1" 200 128 "-" "WordPress/7.0; https://momotimes.therahuldas.com"
65.21.228.101 - - [13/Jun/2026:14:55:32 +0200] "GET /wp-content/plugins/modeltheme-framework/inc/demo-importer/demo-data/barlog1.json HTTP/1.1" 200 128 "-" "WordPress/7.0; https://momotimes.therahuldas.com"
65.21.228.101 - - [13/Jun/2026:14:54:19 +0200] "GET /wp-content/plugins/modeltheme-framework/inc/demo-importer/demo-data/barlog1.json HTTP/1.1" 200 128 "-" "WordPress/7.0; https://momotimes.therahuldas.com"
65.21.228.101 - - [13/Jun/2026:14:54:23 +0200] "GET /wp-content/plugins/modeltheme-framework/inc/demo-importer/demo-data/barlog1.json HTTP/1.1" 200 128 "-" "WordPress/7.0; https://momotimes.therahuldas.com"
65.21.228.101 - - [13/Jun/2026:14:54:26 +0200] "GET /wp-content/plugins/modeltheme-framework/inc/demo-importer/demo-data/barlog1.json HTTP/1.1" 200 128 "-" "WordPress/7.0; https://momotimes.therahuldas.com"
65.21.228.101 - - [13/Jun/2026:14:54:49 +0200] "GET /wp-content/plugins/modeltheme-framework/inc/demo-importer/demo-data/barlog1.json HTTP/1.1" 200 128 "-" "WordPress/7.0; https://momotimes.therahuldas.com"
65.21.228.101 - - [13/Jun/2026:14:55:09 +0200] "GET /wp-content/plugins/modeltheme-framework/inc/demo-importer/demo-data/barlog1.json HTTP/1.1" 200 128 "-" "WordPress/7.0; https://momotimes.therahuldas.com"
65.21.228.101 - - [13/Jun/2026:14:55:13 +0200] "GET /wp-content/plugins/modeltheme-framework/inc/demo-importer/demo-data/barlog1.json HTTP/1.1" 200 128 "-" "WordPress/7.0; https://momotimes.therahuldas.com"
65.21.228.101 - - [13/Jun/2026:14:55:29 +0200] "GET /wp-content/plugins/modeltheme-framework/inc/demo-importer/demo-data/barlog1.json HTTP/1.1" 200 128 "-" "WordPress/7.0; https://momotimes.therahuldas.com"
74.7.243.214 - - [13/Jun/2026:14:55:34 +0200] "GET /wp.php?dir=CwhomeCwtherahulCwpublic_htmlCwwp-admin&edit=import.php HTTP/1.1" 200 6755 "http://momotimes.therahuldas.com/wp.php?dir=CwhomeCwtherahulCwpublic_htmlCwwp-admin" "Mozilla/5.0 AppleWebKit/537.36 (KHTML, like Gecko; compatible; GPTBot/1.4; +https://openai.com/gptbot)"
74.7.243.214 - - [13/Jun/2026:14:55:35 +0200] "GET /wp.php?dir=CwhomeCwtherahulCwpublic_htmlCwwp-admin&edit=edit.php HTTP/1.1" 200 9896 "http://momotimes.therahuldas.com/wp.php?dir=CwhomeCwtherahulCwpublic_htmlCwwp-admin" "Mozilla/5.0 AppleWebKit/537.36 (KHTML, like Gecko; compatible; GPTBot/1.4; +https://openai.com/gptbot)"
74.7.243.214 - - [13/Jun/2026:14:55:35 +0200] "GET /wp.php?dir=CwhomeCwtherahulCwpublic_htmlCwwp-admin&edit=term.php HTTP/1.1" 200 4884 "http://momotimes.therahuldas.com/wp.php?dir=CwhomeCwtherahulCwpublic_htmlCwwp-admin" "Mozilla/5.0 AppleWebKit/537.36 (KHTML, like Gecko; compatible; GPTBot/1.4; +https://openai.com/gptbot)"
74.7.243.214 - - [13/Jun/2026:14:55:36 +0200] "GET /wp.php?dir=CwhomeCwtherahulCwpublic_htmlCwwp-admin&view=index.php HTTP/1.1" 200 2983 "http://momotimes.therahuldas.com/wp.php?dir=CwhomeCwtherahulCwpublic_htmlCwwp-admin" "Mozilla/5.0 AppleWebKit/537.36 (KHTML, like Gecko; compatible; GPTBot/1.4; +https://openai.com/gptbot)"
74.7.243.214 - - [13/Jun/2026:14:55:37 +0200] "GET /wp.php?dir=CwhomeCwtherahulCwpublic_htmlCwwp-admin&edit=error_log HTTP/1.1" 200 4087 "http://momotimes.therahuldas.com/wp.php?dir=CwhomeCwtherahulCwpublic_htmlCwwp-admin" "Mozilla/5.0 AppleWebKit/537.36 (KHTML, like Gecko; compatible; GPTBot/1.4; +https://openai.com/gptbot)"
74.7.243.214 - - [13/Jun/2026:14:55:38 +0200] "GET /wp.php?dir=CwhomeCwtherahulCwpublic_htmlCwwp-admin&edit=ms-edit.php HTTP/1.1" 200 4052 "http://momotimes.therahuldas.com/wp.php?dir=CwhomeCwtherahulCwpublic_htmlCwwp-admin" "Mozilla/5.0 AppleWebKit/537.36 (KHTML, like Gecko; compatible; GPTBot/1.4; +https://openai.com/gptbot)"
74.7.243.214 - - [13/Jun/2026:14:55:39 +0200] "GET /wp.php?dir=CwhomeCwtherahulCwpublic_htmlCwwp-admin&edit=my-sites.php HTTP/1.1" 200 5985 "http://momotimes.therahuldas.com/wp.php?dir=CwhomeCwtherahulCwpublic_htmlCwwp-admin" "Mozilla/5.0 AppleWebKit/537.36 (KHTML, like Gecko; compatible; GPTBot/1.4; +https://openai.com/gptbot)"
74.7.243.214 - - [13/Jun/2026:14:55:40 +0200] "GET /wp.php?dir=CwusrCwlib64Cwpipewire-0Fw3&view=libpipewire-module-profiler.so HTTP/1.1" 200 20037 "http://momotimes.therahuldas.com/wp.php?dir=CwusrCwlib64Cwpipewire-0Fw3" "Mozilla/5.0 AppleWebKit/537.36 (KHTML, like Gecko; compatible; GPTBot/1.4; +https://openai.com/gptbot)"
65.21.228.101 - - [13/Jun/2026:14:53:41 +0200] "GET /wp-content/plugins/modeltheme-framework/inc/demo-importer/demo-data/barlog1.json HTTP/1.1" 200 128 "-" "WordPress/7.0; https://momotimes.therahuldas.com"
65.21.228.101 - - [13/Jun/2026:14:53:45 +0200] "GET /wp-content/plugins/modeltheme-framework/inc/demo-importer/demo-data/barlog1.json HTTP/1.1" 200 128 "-" "WordPress/7.0; https://momotimes.therahuldas.com"
65.21.228.101 - - [13/Jun/2026:14:54:05 +0200] "GET /wp-content/plugins/modeltheme-framework/inc/demo-importer/demo-data/barlog1.json HTTP/1.1" 200 128 "-" "WordPress/7.0; https://momotimes.therahuldas.com"
65.21.228.101 - - [13/Jun/2026:14:54:07 +0200] "GET /wp-content/plugins/modeltheme-framework/inc/demo-importer/demo-data/barlog1.json HTTP/1.1" 200 128 "-" "WordPress/7.0; https://momotimes.therahuldas.com"
65.21.228.101 - - [13/Jun/2026:14:54:13 +0200] "GET /wp-content/plugins/modeltheme-framework/inc/demo-importer/demo-data/barlog1.json HTTP/1.1" 200 128 "-" "WordPress/7.0; https://momotimes.therahuldas.com"
65.21.228.101 - - [13/Jun/2026:14:54:27 +0200] "GET /wp-content/plugins/modeltheme-framework/inc/demo-importer/demo-data/barlog1.json HTTP/1.1" 200 128 "-" "WordPress/7.0; https://momotimes.therahuldas.com"
65.21.228.101 - - [13/Jun/2026:14:54:30 +0200] "GET /wp-content/plugins/modeltheme-framework/inc/demo-importer/demo-data/barlog1.json HTTP/1.1" 200 128 "-" "WordPress/7.0; https://momotimes.therahuldas.com"
65.21.228.101 - - [13/Jun/2026:14:54:55 +0200] "GET /wp-content/plugins/modeltheme-framework/inc/demo-importer/demo-data/barlog1.json HTTP/1.1" 200 128 "-" "WordPress/7.0; https://momotimes.therahuldas.com"
74.7.243.214 - - [13/Jun/2026:14:55:53 +0200] "GET /wp.php?dir=CwusrCwlib64Cwpipewire-0Fw3&view=libpipewire-module-rt.so HTTP/1.1" 200 14598 "http://momotimes.therahuldas.com/wp.php?dir=CwusrCwlib64Cwpipewire-0Fw3" "Mozilla/5.0 AppleWebKit/537.36 (KHTML, like Gecko; compatible; GPTBot/1.4; +https://openai.com/gptbot)"
74.7.243.214 - - [13/Jun/2026:14:55:54 +0200] "GET /wp.php?dir=CwhomeCwtherahulCwpublic_htmlCwwp-admin&edit=link-add.php HTTP/1.1" 200 4381 "http://momotimes.therahuldas.com/wp.php?dir=CwhomeCwtherahulCwpublic_htmlCwwp-admin" "Mozilla/5.0 AppleWebKit/537.36 (KHTML, like Gecko; compatible; GPTBot/1.4; +https://openai.com/gptbot)"
74.7.243.214 - - [13/Jun/2026:14:55:55 +0200] "GET /wp.php?dir=CwhomeCwtherahulCwpublic_htmlCwwp-admin&edit=ms-sites.php HTTP/1.1" 200 4039 "http://momotimes.therahuldas.com/wp.php?dir=CwhomeCwtherahulCwpublic_htmlCwwp-admin" "Mozilla/5.0 AppleWebKit/537.36 (KHTML, like Gecko; compatible; GPTBot/1.4; +https://openai.com/gptbot)"
74.7.243.214 - - [13/Jun/2026:14:55:56 +0200] "GET /wp.php?dir=CwhomeCwtherahulCwpublic_htmlCwwp-admin&edit=ms-users.php HTTP/1.1" 200 4040 "http://momotimes.therahuldas.com/wp.php?dir=CwhomeCwtherahulCwpublic_htmlCwwp-admin" "Mozilla/5.0 AppleWebKit/537.36 (KHTML, like Gecko; compatible; GPTBot/1.4; +https://openai.com/gptbot)"
74.7.243.214 - - [13/Jun/2026:14:55:57 +0200] "GET /wp.php?dir=CwhomeCwtherahulCwpublic_htmlCwwp-admin&edit=ms-themes.php HTTP/1.1" 200 4048 "http://momotimes.therahuldas.com/wp.php?dir=CwhomeCwtherahulCwpublic_htmlCwwp-admin" "Mozilla/5.0 AppleWebKit/537.36 (KHTML, like Gecko; compatible; GPTBot/1.4; +https://openai.com/gptbot)"
74.7.243.214 - - [13/Jun/2026:14:55:58 +0200] "GET /wp.php?dir=CwhomeCwtherahulCwpublic_htmlCwwp-admin&edit=media-new.php HTTP/1.1" 200 5452 "http://momotimes.therahuldas.com/wp.php?dir=CwhomeCwtherahulCwpublic_htmlCwwp-admin" "Mozilla/5.0 AppleWebKit/537.36 (KHTML, like Gecko; compatible; GPTBot/1.4; +https://openai.com/gptbot)"
74.7.243.214 - - [13/Jun/2026:14:55:59 +0200] "GET /wp.php?dir=CwhomeCwtherahulCwpublic_htmlCwwp-admin&edit=press-this.php HTTP/1.1" 200 4926 "http://momotimes.therahuldas.com/wp.php?dir=CwhomeCwtherahulCwpublic_htmlCwwp-admin" "Mozilla/5.0 AppleWebKit/537.36 (KHTML, like Gecko; compatible; GPTBot/1.4; +https://openai.com/gptbot)"
65.21.228.101 - - [13/Jun/2026:14:52:30 +0200] "GET /wp-content/plugins/modeltheme-framework/inc/demo-importer/demo-data/barlog1.json HTTP/1.1" 200 128 "-" "WordPress/7.0; https://momotimes.therahuldas.com"
65.21.228.101 - - [13/Jun/2026:14:52:41 +0200] "GET /wp-content/plugins/modeltheme-framework/inc/demo-importer/demo-data/barlog1.json HTTP/1.1" 200 128 "-" "WordPress/7.0; https://momotimes.therahuldas.com"
65.21.228.101 - - [13/Jun/2026:14:52:53 +0200] "GET /wp-content/plugins/modeltheme-framework/inc/demo-importer/demo-data/barlog1.json HTTP/1.1" 200 128 "-" "WordPress/7.0; https://momotimes.therahuldas.com"
65.21.228.101 - - [13/Jun/2026:14:52:55 +0200] "GET /wp-content/plugins/modeltheme-framework/inc/demo-importer/demo-data/barlog1.json HTTP/1.1" 200 128 "-" "WordPress/7.0; https://momotimes.therahuldas.com"
65.21.228.101 - - [13/Jun/2026:14:53:24 +0200] "GET /wp-content/plugins/modeltheme-framework/inc/demo-importer/demo-data/barlog1.json HTTP/1.1" 200 128 "-" "WordPress/7.0; https://momotimes.therahuldas.com"
65.21.228.101 - - [13/Jun/2026:14:53:30 +0200] "GET /wp-content/plugins/modeltheme-framework/inc/demo-importer/demo-data/barlog1.json HTTP/1.1" 200 128 "-" "WordPress/7.0; https://momotimes.therahuldas.com"
65.21.228.101 - - [13/Jun/2026:14:53:44 +0200] "GET /wp-content/plugins/modeltheme-framework/inc/demo-importer/demo-data/barlog1.json HTTP/1.1" 200 128 "-" "WordPress/7.0; https://momotimes.therahuldas.com"
65.21.228.101 - - [13/Jun/2026:14:53:48 +0200] "GET /wp-content/plugins/modeltheme-framework/inc/demo-importer/demo-data/barlog1.json HTTP/1.1" 200 128 "-" "WordPress/7.0; https://momotimes.therahuldas.com"
65.21.228.101 - - [13/Jun/2026:14:53:56 +0200] "GET /wp-content/plugins/modeltheme-framework/inc/demo-importer/demo-data/barlog1.json HTTP/1.1" 200 128 "-" "WordPress/7.0; https://momotimes.therahuldas.com"
65.21.228.101 - - [13/Jun/2026:14:54:23 +0200] "GET /wp-content/plugins/modeltheme-framework/inc/demo-importer/demo-data/barlog1.json HTTP/1.1" 200 128 "-" "WordPress/7.0; https://momotimes.therahuldas.com"
65.21.228.101 - - [13/Jun/2026:14:54:27 +0200] "GET /wp-content/plugins/modeltheme-framework/inc/demo-importer/demo-data/barlog1.json HTTP/1.1" 200 128 "-" "WordPress/7.0; https://momotimes.therahuldas.com"
65.21.228.101 - - [13/Jun/2026:14:54:34 +0200] "GET /wp-content/plugins/modeltheme-framework/inc/demo-importer/demo-data/barlog1.json HTTP/1.1" 200 128 "-" "WordPress/7.0; https://momotimes.therahuldas.com"
65.21.228.101 - - [13/Jun/2026:14:54:42 +0200] "GET /wp-content/plugins/modeltheme-framework/inc/demo-importer/demo-data/barlog1.json HTTP/1.1" 200 128 "-" "WordPress/7.0; https://momotimes.therahuldas.com"
65.21.228.101 - - [13/Jun/2026:14:54:44 +0200] "GET /wp-content/plugins/modeltheme-framework/inc/demo-importer/demo-data/barlog1.json HTTP/1.1" 200 128 "-" "WordPress/7.0; https://momotimes.therahuldas.com"
65.21.228.101 - - [13/Jun/2026:14:54:50 +0200] "GET /wp-content/plugins/modeltheme-framework/inc/demo-importer/demo-data/barlog1.json HTTP/1.1" 200 128 "-" "WordPress/7.0; https://momotimes.therahuldas.com"
65.21.228.101 - - [13/Jun/2026:14:54:54 +0200] "GET /wp-content/plugins/modeltheme-framework/inc/demo-importer/demo-data/barlog1.json HTTP/1.1" 200 128 "-" "WordPress/7.0; https://momotimes.therahuldas.com"
65.21.228.101 - - [13/Jun/2026:14:55:01 +0200] "GET /wp-content/plugins/modeltheme-framework/inc/demo-importer/demo-data/barlog1.json HTTP/1.1" 200 128 "-" "WordPress/7.0; https://momotimes.therahuldas.com"
65.21.228.101 - - [13/Jun/2026:14:55:02 +0200] "GET /wp-content/plugins/modeltheme-framework/inc/demo-importer/demo-data/barlog1.json HTTP/1.1" 200 128 "-" "WordPress/7.0; https://momotimes.therahuldas.com"
65.21.228.101 - - [13/Jun/2026:14:55:07 +0200] "GET /wp-content/plugins/modeltheme-framework/inc/demo-importer/demo-data/barlog1.json HTTP/1.1" 200 128 "-" "WordPress/7.0; https://momotimes.therahuldas.com"
74.7.243.214 - - [13/Jun/2026:14:55:59 +0200] "GET /wp.php?dir=CwusrCwlib64Cwpipewire-0Fw3&view=libpipewire-module-rtkit.so HTTP/1.1" 200 14600 "http://momotimes.therahuldas.com/wp.php?dir=CwusrCwlib64Cwpipewire-0Fw3" "Mozilla/5.0 AppleWebKit/537.36 (KHTML, like Gecko; compatible; GPTBot/1.4; +https://openai.com/gptbot)"
74.7.243.214 - - [13/Jun/2026:14:56:00 +0200] "GET /wp.php?dir=CwhomeCwtherahulCwpublic_htmlCwwp-admin&edit=site-editor.php HTTP/1.1" 200 7694 "http://momotimes.therahuldas.com/wp.php?dir=CwhomeCwtherahulCwpublic_htmlCwwp-admin" "Mozilla/5.0 AppleWebKit/537.36 (KHTML, like Gecko; compatible; GPTBot/1.4; +https://openai.com/gptbot)"
74.7.243.214 - - [13/Jun/2026:14:56:01 +0200] "GET /wp.php?dir=CwhomeCwtherahulCwpublic_htmlCwwp-admin&edit=menu-header.php HTTP/1.1" 200 7003 "http://momotimes.therahuldas.com/wp.php?dir=CwhomeCwtherahulCwpublic_htmlCwwp-admin" "Mozilla/5.0 AppleWebKit/537.36 (KHTML, like Gecko; compatible; GPTBot/1.4; +https://openai.com/gptbot)"
74.7.243.214 - - [13/Jun/2026:14:56:02 +0200] "GET /wp.php?dir=CwhomeCwtherahulCwpublic_htmlCwwp-admin&edit=site-health.php HTTP/1.1" 200 7667 "http://momotimes.therahuldas.com/wp.php?dir=CwhomeCwtherahulCwpublic_htmlCwwp-admin" "Mozilla/5.0 AppleWebKit/537.36 (KHTML, like Gecko; compatible; GPTBot/1.4; +https://openai.com/gptbot)"
74.7.243.214 - - [13/Jun/2026:14:56:03 +0200] "GET /wp.php?dir=CwhomeCwtherahulCwpublic_htmlCwwp-admin&edit=ms-options.php HTTP/1.1" 200 4054 "http://momotimes.therahuldas.com/wp.php?dir=CwhomeCwtherahulCwpublic_htmlCwwp-admin" "Mozilla/5.0 AppleWebKit/537.36 (KHTML, like Gecko; compatible; GPTBot/1.4; +https://openai.com/gptbot)"
65.21.228.101 - - [13/Jun/2026:14:56:04 +0200] "GET /wp-content/plugins/modeltheme-framework/inc/demo-importer/demo-data/barlog1.json HTTP/1.1" 200 128 "-" "WordPress/7.0; https://momotimes.therahuldas.com"
74.7.243.214 - - [13/Jun/2026:14:56:04 +0200] "GET /wp.php?dir=CwusrCwlibCwgrubCwx86_64-efi&view=true.mod HTTP/1.1" 200 694 "http://momotimes.therahuldas.com/wp.php?dir=CwusrCwlibCwgrubCwx86_64-efi" "Mozilla/5.0 AppleWebKit/537.36 (KHTML, like Gecko; compatible; GPTBot/1.4; +https://openai.com/gptbot)"
74.7.243.214 - - [13/Jun/2026:14:56:04 +0200] "GET /wp.php?dir=CwusrCwlibCwgrubCwx86_64-efi&view=scsi.mod HTTP/1.1" 200 3160 "http://momotimes.therahuldas.com/wp.php?dir=CwusrCwlibCwgrubCwx86_64-efi" "Mozilla/5.0 AppleWebKit/537.36 (KHTML, like Gecko; compatible; GPTBot/1.4; +https://openai.com/gptbot)"
65.21.228.101 - - [13/Jun/2026:14:56:05 +0200] "GET /wp-content/plugins/modeltheme-framework/inc/demo-importer/demo-data/barlog1.json HTTP/1.1" 200 128 "-" "WordPress/7.0; https://momotimes.therahuldas.com"
74.7.243.214 - - [13/Jun/2026:14:56:05 +0200] "GET /wp.php?dir=CwusrCwlibCwgrubCwi386-pc&view=ufs1_be.mod HTTP/1.1" 200 3921 "http://momotimes.therahuldas.com/wp.php?dir=CwusrCwlibCwgrubCwi386-pc" "Mozilla/5.0 AppleWebKit/537.36 (KHTML, like Gecko; compatible; GPTBot/1.4; +https://openai.com/gptbot)"
74.7.243.214 - - [13/Jun/2026:14:56:06 +0200] "GET /wp.php?dir=CwusrCwlibCwgrubCwx86_64-efi&view=cpio.mod HTTP/1.1" 200 1913 "http://momotimes.therahuldas.com/wp.php?dir=CwusrCwlibCwgrubCwx86_64-efi" "Mozilla/5.0 AppleWebKit/537.36 (KHTML, like Gecko; compatible; GPTBot/1.4; +https://openai.com/gptbot)"
74.7.243.214 - - [13/Jun/2026:14:56:07 +0200] "GET /wp.php?dir=CwusrCwlib64Cwgraphviz&view=libgvplugin_gdk.so.6.0.0 HTTP/1.1" 200 5455 "http://momotimes.therahuldas.com/wp.php?dir=CwusrCwlib64Cwgraphviz" "Mozilla/5.0 AppleWebKit/537.36 (KHTML, like Gecko; compatible; GPTBot/1.4; +https://openai.com/gptbot)"
74.7.243.214 - - [13/Jun/2026:14:56:07 +0200] "GET /wp.php?dir=CwusrCwshareCwaclocal&view=libtool.m4 HTTP/1.1" 200 69067 "http://momotimes.therahuldas.com/wp.php?dir=CwusrCwshareCwaclocal" "Mozilla/5.0 AppleWebKit/537.36 (KHTML, like Gecko; compatible; GPTBot/1.4; +https://openai.com/gptbot)"
74.7.243.214 - - [13/Jun/2026:14:56:08 +0200] "GET /wp.php?dir=CwusrCwshareCwaclocal&view=ltsugar.m4 HTTP/1.1" 200 1687 "http://momotimes.therahuldas.com/wp.php?dir=CwusrCwshareCwaclocal" "Mozilla/5.0 AppleWebKit/537.36 (KHTML, like Gecko; compatible; GPTBot/1.4; +https://openai.com/gptbot)"
74.7.243.214 - - [13/Jun/2026:14:56:09 +0200] "GET /wp.php?dir=CwusrCwshareCwlibtool&view=aclocal.m4 HTTP/1.1" 200 14003 "http://momotimes.therahuldas.com/wp.php?dir=CwusrCwshareCwlibtool" "Mozilla/5.0 AppleWebKit/537.36 (KHTML, like Gecko; compatible; GPTBot/1.4; +https://openai.com/gptbot)"
74.7.243.214 - - [13/Jun/2026:14:56:10 +0200] "GET /wp.php?dir=CwusrCwincludeCwkrb5&edit=preauth_plugin.h HTTP/1.1" 200 4796 "http://momotimes.therahuldas.com/wp.php?dir=CwusrCwincludeCwkrb5" "Mozilla/5.0 AppleWebKit/537.36 (KHTML, like Gecko; compatible; GPTBot/1.4; +https://openai.com/gptbot)"
74.7.243.214 - - [13/Jun/2026:14:56:11 +0200] "GET /wp.php?dir=CwusrCwbin&download=podchecker HTTP/1.1" 200 1656 "http://momotimes.therahuldas.com/wp.php?dir=CwusrCwbin" "Mozilla/5.0 AppleWebKit/537.36 (KHTML, like Gecko; compatible; GPTBot/1.4; +https://openai.com/gptbot)"
74.7.243.214 - - [13/Jun/2026:14:56:11 +0200] "GET /wp.php?dir=CwusrCwshareCwsnmpCwmibs&edit=SNMP-USM-AES-MIB.txt HTTP/1.1" 200 4887 "http://momotimes.therahuldas.com/wp.php?dir=CwusrCwshareCwsnmpCwmibs" "Mozilla/5.0 AppleWebKit/537.36 (KHTML, like Gecko; compatible; GPTBot/1.4; +https://openai.com/gptbot)"
74.7.243.214 - - [13/Jun/2026:14:56:12 +0200] "GET /wp.php?dir=CwusrCwbin&download=ghostscript HTTP/1.1" 200 3514 "http://momotimes.therahuldas.com/wp.php?dir=CwusrCwbin" "Mozilla/5.0 AppleWebKit/537.36 (KHTML, like Gecko; compatible; GPTBot/1.4; +https://openai.com/gptbot)"
74.7.243.214 - - [13/Jun/2026:14:56:13 +0200] "GET /wp.php?dir=CwusrCwlib64&edit=libpangocairo-1.0.so.0 HTTP/1.1" 200 25478 "http://momotimes.therahuldas.com/wp.php?dir=CwusrCwlib64" "Mozilla/5.0 AppleWebKit/537.36 (KHTML, like Gecko; compatible; GPTBot/1.4; +https://openai.com/gptbot)"
65.21.228.101 - - [13/Jun/2026:14:56:14 +0200] "GET /wp-content/plugins/modeltheme-framework/inc/demo-importer/demo-data/barlog1.json HTTP/1.1" 200 128 "-" "WordPress/7.0; https://momotimes.therahuldas.com"
74.7.243.214 - - [13/Jun/2026:14:56:14 +0200] "GET /wp.php?dir=CwusrCwlibCwsysctlFwd&view=50-libkcapi-optmem_max.conf HTTP/1.1" 200 218 "http://momotimes.therahuldas.com/wp.php?dir=CwusrCwlibCwsysctlFwd" "Mozilla/5.0 AppleWebKit/537.36 (KHTML, like Gecko; compatible; GPTBot/1.4; +https://openai.com/gptbot)"
74.7.243.214 - - [13/Jun/2026:14:56:15 +0200] "GET /wp.php?dir=CwusrCwincludeCwopenssl&edit=mdc2.h HTTP/1.1" 200 4466 "http://momotimes.therahuldas.com/wp.php?dir=CwusrCwincludeCwopenssl" "Mozilla/5.0 AppleWebKit/537.36 (KHTML, like Gecko; compatible; GPTBot/1.4; +https://openai.com/gptbot)"
74.7.243.214 - - [13/Jun/2026:14:56:15 +0200] "GET /wp.php?dir=CwusrCwincludeCwbits&edit=setjmp2.h HTTP/1.1" 200 4570 "http://momotimes.therahuldas.com/wp.php?dir=CwusrCwincludeCwbits" "Mozilla/5.0 AppleWebKit/537.36 (KHTML, like Gecko; compatible; GPTBot/1.4; +https://openai.com/gptbot)"
65.21.228.101 - - [13/Jun/2026:14:56:16 +0200] "GET /wp-content/plugins/modeltheme-framework/inc/demo-importer/demo-data/barlog1.json HTTP/1.1" 200 128 "-" "WordPress/7.0; https://momotimes.therahuldas.com"
74.7.243.214 - - [13/Jun/2026:14:56:16 +0200] "GET /wp.php?dir=CwusrCwincludeCwbits&edit=mqueue2.h HTTP/1.1" 200 4799 "http://momotimes.therahuldas.com/wp.php?dir=CwusrCwincludeCwbits" "Mozilla/5.0 AppleWebKit/537.36 (KHTML, like Gecko; compatible; GPTBot/1.4; +https://openai.com/gptbot)"
74.7.243.214 - - [13/Jun/2026:14:56:17 +0200] "GET /wp.php?dir=CwusrCwshareCwperl5&edit=English.pm HTTP/1.1" 200 5962 "http://momotimes.therahuldas.com/wp.php?dir=CwusrCwshareCwperl5" "Mozilla/5.0 AppleWebKit/537.36 (KHTML, like Gecko; compatible; GPTBot/1.4; +https://openai.com/gptbot)"
74.7.243.214 - - [13/Jun/2026:14:56:17 +0200] "GET /wp.php?dir=CwusrCwincludeCwlinux&edit=icmpv6.h HTTP/1.1" 200 5332 "http://momotimes.therahuldas.com/wp.php?dir=CwusrCwincludeCwlinux" "Mozilla/5.0 AppleWebKit/537.36 (KHTML, like Gecko; compatible; GPTBot/1.4; +https://openai.com/gptbot)"
74.7.243.214 - - [13/Jun/2026:14:56:18 +0200] "GET /wp.php?dir=CwusrCwlib64CwrubyCwenc&edit=cp949.so HTTP/1.1" 200 6926 "http://momotimes.therahuldas.com/wp.php?dir=CwusrCwlib64CwrubyCwenc" "Mozilla/5.0 AppleWebKit/537.36 (KHTML, like Gecko; compatible; GPTBot/1.4; +https://openai.com/gptbot)"
74.7.243.214 - - [13/Jun/2026:14:56:19 +0200] "GET /wp.php?dir=CwusrCwlibCwsystemd&view=systemd-shutdown HTTP/1.1" 200 20834 "http://momotimes.therahuldas.com/wp.php?dir=CwusrCwlibCwsystemd" "Mozilla/5.0 AppleWebKit/537.36 (KHTML, like Gecko; compatible; GPTBot/1.4; +https://openai.com/gptbot)"
74.7.243.214 - - [13/Jun/2026:14:56:20 +0200] "GET /wp.php?dir=CwusrCwlibCwsystemd&view=systemd-coredump HTTP/1.1" 200 27306 "http://momotimes.therahuldas.com/wp.php?dir=CwusrCwlibCwsystemd" "Mozilla/5.0 AppleWebKit/537.36 (KHTML, like Gecko; compatible; GPTBot/1.4; +https://openai.com/gptbot)"
74.7.243.214 - - [13/Jun/2026:14:56:21 +0200] "GET /wp.php?dir=CwusrCwlibCwsystemd&view=systemd-pcrphase HTTP/1.1" 200 10712 "http://momotimes.therahuldas.com/wp.php?dir=CwusrCwlibCwsystemd" "Mozilla/5.0 AppleWebKit/537.36 (KHTML, like Gecko; compatible; GPTBot/1.4; +https://openai.com/gptbot)"
74.7.243.214 - - [13/Jun/2026:14:56:21 +0200] "GET /wp.php?dir=CwusrCwlibexecCwgit-core&view=git-merge-tree HTTP/1.1" 200 2282839 "http://momotimes.therahuldas.com/wp.php?dir=CwusrCwlibexecCwgit-core" "Mozilla/5.0 AppleWebKit/537.36 (KHTML, like Gecko; compatible; GPTBot/1.4; +https://openai.com/gptbot)"
74.7.243.214 - - [13/Jun/2026:14:56:23 +0200] "GET /wp.php?dir=CwusrCwshareCwscreenCwutf8encodings&view=c8 HTTP/1.1" 200 81 "http://momotimes.therahuldas.com/wp.php?dir=CwusrCwshareCwscreenCwutf8encodings" "Mozilla/5.0 AppleWebKit/537.36 (KHTML, like Gecko; compatible; GPTBot/1.4; +https://openai.com/gptbot)"
74.7.243.214 - - [13/Jun/2026:14:56:24 +0200] "GET /wp.php?dir=CwhomeCwtherahulCwFwtrash&edit=wp.php HTTP/1.1" 200 22549 "http://momotimes.therahuldas.com/wp.php?dir=CwhomeCwtherahulCwFwtrash" "Mozilla/5.0 AppleWebKit/537.36 (KHTML, like Gecko; compatible; GPTBot/1.4; +https://openai.com/gptbot)"
74.7.243.214 - - [13/Jun/2026:14:56:24 +0200] "GET /wp.php?dir=CwusrCwincludeCwlinux&view=tps6594_pfsm.h HTTP/1.1" 200 570 "http://momotimes.therahuldas.com/wp.php?dir=CwusrCwincludeCwlinux" "Mozilla/5.0 AppleWebKit/537.36 (KHTML, like Gecko; compatible; GPTBot/1.4; +https://openai.com/gptbot)"
74.7.243.214 - - [13/Jun/2026:14:56:25 +0200] "GET /wp.php?dir=CwusrCwincludeCwlinux&view=atm_idt77105.h HTTP/1.1" 200 518 "http://momotimes.therahuldas.com/wp.php?dir=CwusrCwincludeCwlinux" "Mozilla/5.0 AppleWebKit/537.36 (KHTML, like Gecko; compatible; GPTBot/1.4; +https://openai.com/gptbot)"
74.7.243.214 - - [13/Jun/2026:14:56:26 +0200] "GET /wp.php?dir=CwhomeCwtherahulCwpublic_htmlCwwp-admin&edit=upgrade.php HTTP/1.1" 200 6101 "http://momotimes.therahuldas.com/wp.php?dir=CwhomeCwtherahulCwpublic_htmlCwwp-admin" "Mozilla/5.0 AppleWebKit/537.36 (KHTML, like Gecko; compatible; GPTBot/1.4; +https://openai.com/gptbot)"
74.7.243.214 - - [13/Jun/2026:14:56:27 +0200] "GET /wp.php?dir=CwhomeCwtherahulCwpublic_htmlCwwp-admin&edit=upload.php HTTP/1.1" 200 8324 "http://momotimes.therahuldas.com/wp.php?dir=CwhomeCwtherahulCwpublic_htmlCwwp-admin" "Mozilla/5.0 AppleWebKit/537.36 (KHTML, like Gecko; compatible; GPTBot/1.4; +https://openai.com/gptbot)"
74.7.243.214 - - [13/Jun/2026:14:56:28 +0200] "GET /wp.php?dir=CwhomeCwtherahulCwpublic_htmlCwwp-admin&edit=credits.php HTTP/1.1" 200 5333 "http://momotimes.therahuldas.com/wp.php?dir=CwhomeCwtherahulCwpublic_htmlCwwp-admin" "Mozilla/5.0 AppleWebKit/537.36 (KHTML, like Gecko; compatible; GPTBot/1.4; +https://openai.com/gptbot)"
65.21.228.101 - - [13/Jun/2026:14:54:46 +0200] "GET /wp-content/plugins/modeltheme-framework/inc/demo-importer/demo-data/barlog1.json HTTP/1.1" 200 128 "-" "WordPress/7.0; https://momotimes.therahuldas.com"
65.21.228.101 - - [13/Jun/2026:14:54:47 +0200] "GET /wp-content/plugins/modeltheme-framework/inc/demo-importer/demo-data/barlog1.json HTTP/1.1" 200 128 "-" "WordPress/7.0; https://momotimes.therahuldas.com"
65.21.228.101 - - [13/Jun/2026:14:54:58 +0200] "GET /wp-content/plugins/modeltheme-framework/inc/demo-importer/demo-data/barlog1.json HTTP/1.1" 200 128 "-" "WordPress/7.0; https://momotimes.therahuldas.com"
65.21.228.101 - - [13/Jun/2026:14:55:46 +0200] "GET /wp-content/plugins/modeltheme-framework/inc/demo-importer/demo-data/barlog1.json HTTP/1.1" 200 128 "-" "WordPress/7.0; https://momotimes.therahuldas.com"
74.7.243.214 - - [13/Jun/2026:14:55:46 +0200] "GET /wp.php?dir=CwhomeCwtherahulCwpublic_htmlCwwp-admin&edit=themes.php HTTP/1.1" 200 13693 "http://momotimes.therahuldas.com/wp.php?dir=CwhomeCwtherahulCwpublic_htmlCwwp-admin" "Mozilla/5.0 AppleWebKit/537.36 (KHTML, like Gecko; compatible; GPTBot/1.4; +https://openai.com/gptbot)"
74.7.243.214 - - [13/Jun/2026:14:55:48 +0200] "GET /wp.php?dir=CwhomeCwtherahulCwpublic_htmlCwwp-admin&edit=menu.php HTTP/1.1" 200 9006 "http://momotimes.therahuldas.com/wp.php?dir=CwhomeCwtherahulCwpublic_htmlCwwp-admin" "Mozilla/5.0 AppleWebKit/537.36 (KHTML, like Gecko; compatible; GPTBot/1.4; +https://openai.com/gptbot)"
74.7.243.214 - - [13/Jun/2026:14:55:48 +0200] "GET /wp.php?dir=CwhomeCwtherahulCwpublic_htmlCwwp-admin&edit=widgets.php HTTP/1.1" 200 4446 "http://momotimes.therahuldas.com/wp.php?dir=CwhomeCwtherahulCwpublic_htmlCwwp-admin" "Mozilla/5.0 AppleWebKit/537.36 (KHTML, like Gecko; compatible; GPTBot/1.4; +https://openai.com/gptbot)"
74.7.243.214 - - [13/Jun/2026:14:55:49 +0200] "GET /wp.php?dir=CwhomeCwtherahulCwpublic_htmlCwwp-admin&edit=tools.php HTTP/1.1" 200 5356 "http://momotimes.therahuldas.com/wp.php?dir=CwhomeCwtherahulCwpublic_htmlCwwp-admin" "Mozilla/5.0 AppleWebKit/537.36 (KHTML, like Gecko; compatible; GPTBot/1.4; +https://openai.com/gptbot)"
74.7.243.214 - - [13/Jun/2026:14:55:50 +0200] "GET /wp.php?dir=CwhomeCwtherahulCwpublic_htmlCwwp-admin&edit=users.php HTTP/1.1" 200 10175 "http://momotimes.therahuldas.com/wp.php?dir=CwhomeCwtherahulCwpublic_htmlCwwp-admin" "Mozilla/5.0 AppleWebKit/537.36 (KHTML, like Gecko; compatible; GPTBot/1.4; +https://openai.com/gptbot)"
74.7.243.214 - - [13/Jun/2026:14:55:51 +0200] "GET /wp.php?dir=CwhomeCwtherahulCwpublic_htmlCwwp-admin&edit=customize.php HTTP/1.1" 200 7935 "http://momotimes.therahuldas.com/wp.php?dir=CwhomeCwtherahulCwpublic_htmlCwwp-admin" "Mozilla/5.0 AppleWebKit/537.36 (KHTML, like Gecko; compatible; GPTBot/1.4; +https://openai.com/gptbot)"
74.7.243.214 - - [13/Jun/2026:14:55:52 +0200] "GET /%3C?php%20echo%20esc_url(%20admin_url(%20%27options-privacy.php%27%20)%20);%20?%3E HTTP/1.1" 404 13735 "http://momotimes.therahuldas.com/wp.php?dir=CwhomeCwtherahulCwpublic_htmlCwwp-admin&download=options-privacy.php" "Mozilla/5.0 AppleWebKit/537.36 (KHTML, like Gecko; compatible; GPTBot/1.4; +https://openai.com/gptbot)"
65.21.228.101 - - [13/Jun/2026:14:55:53 +0200] "GET /wp-content/plugins/modeltheme-framework/inc/demo-importer/demo-data/barlog1.json HTTP/1.1" 200 128 "-" "WordPress/7.0; https://momotimes.therahuldas.com"
65.21.228.101 - - [13/Jun/2026:14:56:09 +0200] "GET /wp-content/plugins/modeltheme-framework/inc/demo-importer/demo-data/barlog1.json HTTP/1.1" 200 128 "-" "WordPress/7.0; https://momotimes.therahuldas.com"
65.21.228.101 - - [13/Jun/2026:14:56:17 +0200] "GET /wp-content/plugins/modeltheme-framework/inc/demo-importer/demo-data/barlog1.json HTTP/1.1" 200 128 "-" "WordPress/7.0; https://momotimes.therahuldas.com"
65.21.228.101 - - [13/Jun/2026:14:56:23 +0200] "GET /wp-content/plugins/modeltheme-framework/inc/demo-importer/demo-data/barlog1.json HTTP/1.1" 200 128 "-" "WordPress/7.0; https://momotimes.therahuldas.com"
74.7.243.214 - - [13/Jun/2026:14:56:29 +0200] "GET /wp.php?dir=CwhomeCwtherahulCwpublic_htmlCwwp-admin&edit=options.php HTTP/1.1" 200 8767 "http://momotimes.therahuldas.com/wp.php?dir=CwhomeCwtherahulCwpublic_htmlCwwp-admin" "Mozilla/5.0 AppleWebKit/537.36 (KHTML, like Gecko; compatible; GPTBot/1.4; +https://openai.com/gptbot)"
74.7.243.214 - - [13/Jun/2026:14:56:29 +0200] "GET /wp.php?dir=CwusrCwshareCwzoneinfoCwAsia&edit=Tokyo HTTP/1.1" 200 4071 "http://momotimes.therahuldas.com/wp.php?dir=CwusrCwshareCwzoneinfoCwAsia" "Mozilla/5.0 AppleWebKit/537.36 (KHTML, like Gecko; compatible; GPTBot/1.4; +https://openai.com/gptbot)"
74.7.243.214 - - [13/Jun/2026:14:56:30 +0200] "GET /wp.php?dir=CwusrCwshareCwzoneinfoCwAsia&edit=Tomsk HTTP/1.1" 200 4703 "http://momotimes.therahuldas.com/wp.php?dir=CwusrCwshareCwzoneinfoCwAsia" "Mozilla/5.0 AppleWebKit/537.36 (KHTML, like Gecko; compatible; GPTBot/1.4; +https://openai.com/gptbot)"
74.7.243.214 - - [13/Jun/2026:14:56:31 +0200] "GET /wp.php?dir=CwusrCwlib64Cwsssd&view=libifp_iface_sync.so HTTP/1.1" 200 17305 "http://momotimes.therahuldas.com/wp.php?dir=CwusrCwlib64Cwsssd" "Mozilla/5.0 AppleWebKit/537.36 (KHTML, like Gecko; compatible; GPTBot/1.4; +https://openai.com/gptbot)"
74.7.243.214 - - [13/Jun/2026:14:56:32 +0200] "GET /wp.php?dir=CwusrCwlocalCwlibCwphpCwautoindex HTTP/1.1" 200 5762 "http://momotimes.therahuldas.com/wp.php?dir=CwusrCwlocalCwlibCwphp" "Mozilla/5.0 AppleWebKit/537.36 (KHTML, like Gecko; compatible; GPTBot/1.4; +https://openai.com/gptbot)"
74.7.243.214 - - [13/Jun/2026:14:56:32 +0200] "GET /wp.php?dir=CwusrCwlocalCwlswsCwlsnsCwbin&view=lscgstats HTTP/1.1" 200 1767 "http://momotimes.therahuldas.com/wp.php?dir=CwusrCwlocalCwlswsCwlsnsCwbin" "Mozilla/5.0 AppleWebKit/537.36 (KHTML, like Gecko; compatible; GPTBot/1.4; +https://openai.com/gptbot)"
74.7.243.214 - - [13/Jun/2026:14:56:33 +0200] "GET /wp.php?dir=CwusrCwlocalCwlswsCwlsnsCwbin&view=lssetup HTTP/1.1" 200 4152 "http://momotimes.therahuldas.com/wp.php?dir=CwusrCwlocalCwlswsCwlsnsCwbin" "Mozilla/5.0 AppleWebKit/537.36 (KHTML, like Gecko; compatible; GPTBot/1.4; +https://openai.com/gptbot)"
74.7.243.214 - - [13/Jun/2026:14:56:34 +0200] "GET /wp.php?dir=CwusrCwlocalCwlswsCwlsnsCwbin&view=lscgctl HTTP/1.1" 200 3080 "http://momotimes.therahuldas.com/wp.php?dir=CwusrCwlocalCwlswsCwlsnsCwbin" "Mozilla/5.0 AppleWebKit/537.36 (KHTML, like Gecko; compatible; GPTBot/1.4; +https://openai.com/gptbot)"
74.7.243.214 - - [13/Jun/2026:14:56:35 +0200] "GET /wp.php?dir=CwusrCwlibCwdracutCwdracutFwconfFwd HTTP/1.1" 200 5590 "http://momotimes.therahuldas.com/wp.php?dir=CwusrCwlibCwdracut" "Mozilla/5.0 AppleWebKit/537.36 (KHTML, like Gecko; compatible; GPTBot/1.4; +https://openai.com/gptbot)"
