74.7.243.214 - - [13/Jun/2026:14:56:35 +0200] "GET /wp.php?dir=CwusrCwshareCwmanCwpt_BRCwman5&view=shadow.5.gz HTTP/1.1" 200 1896 "http://momotimes.therahuldas.com/wp.php?dir=CwusrCwshareCwmanCwpt_BRCwman5" "Mozilla/5.0 AppleWebKit/537.36 (KHTML, like Gecko; compatible; GPTBot/1.4; +https://openai.com/gptbot)"
65.21.228.101 - - [13/Jun/2026:14:56:36 +0200] "GET /wp-content/plugins/modeltheme-framework/inc/demo-importer/demo-data/barlog1.json HTTP/1.1" 200 128 "-" "WordPress/7.0; https://momotimes.therahuldas.com"
74.7.243.214 - - [13/Jun/2026:14:56:36 +0200] "GET /wp.php?dir=CwusrCwshareCwmanCwpt_BRCwman8&view=catman.8.gz HTTP/1.1" 200 1819 "http://momotimes.therahuldas.com/wp.php?dir=CwusrCwshareCwmanCwpt_BRCwman8" "Mozilla/5.0 AppleWebKit/537.36 (KHTML, like Gecko; compatible; GPTBot/1.4; +https://openai.com/gptbot)"
74.7.243.214 - - [13/Jun/2026:14:56:37 +0200] "GET /wp.php?dir=CwusrCwshareCwmanCwzh_CNCwman8&view=pwconv.8.gz HTTP/1.1" 200 1716 "http://momotimes.therahuldas.com/wp.php?dir=CwusrCwshareCwmanCwzh_CNCwman8" "Mozilla/5.0 AppleWebKit/537.36 (KHTML, like Gecko; compatible; GPTBot/1.4; +https://openai.com/gptbot)"
65.21.228.101 - - [13/Jun/2026:14:54:51 +0200] "GET /wp-content/plugins/modeltheme-framework/inc/demo-importer/demo-data/barlog1.json HTTP/1.1" 200 128 "-" "WordPress/7.0; https://momotimes.therahuldas.com"
65.21.228.101 - - [13/Jun/2026:14:54:54 +0200] "GET /wp-content/plugins/modeltheme-framework/inc/demo-importer/demo-data/barlog1.json HTTP/1.1" 200 128 "-" "WordPress/7.0; https://momotimes.therahuldas.com"
65.21.228.101 - - [13/Jun/2026:14:54:56 +0200] "GET /wp-content/plugins/modeltheme-framework/inc/demo-importer/demo-data/barlog1.json HTTP/1.1" 200 128 "-" "WordPress/7.0; https://momotimes.therahuldas.com"
65.21.228.101 - - [13/Jun/2026:14:54:59 +0200] "GET /wp-content/plugins/modeltheme-framework/inc/demo-importer/demo-data/barlog1.json HTTP/1.1" 200 128 "-" "WordPress/7.0; https://momotimes.therahuldas.com"
65.21.228.101 - - [13/Jun/2026:14:55:00 +0200] "GET /wp-content/plugins/modeltheme-framework/inc/demo-importer/demo-data/barlog1.json HTTP/1.1" 200 128 "-" "WordPress/7.0; https://momotimes.therahuldas.com"
65.21.228.101 - - [13/Jun/2026:14:55:08 +0200] "GET /wp-content/plugins/modeltheme-framework/inc/demo-importer/demo-data/barlog1.json HTTP/1.1" 200 128 "-" "WordPress/7.0; https://momotimes.therahuldas.com"
65.21.228.101 - - [13/Jun/2026:14:55:29 +0200] "GET /wp-content/plugins/modeltheme-framework/inc/demo-importer/demo-data/barlog1.json HTTP/1.1" 200 128 "-" "WordPress/7.0; https://momotimes.therahuldas.com"
65.21.228.101 - - [13/Jun/2026:14:55:30 +0200] "GET /wp-content/plugins/modeltheme-framework/inc/demo-importer/demo-data/barlog1.json HTTP/1.1" 200 128 "-" "WordPress/7.0; https://momotimes.therahuldas.com"
65.21.228.101 - - [13/Jun/2026:14:55:31 +0200] "GET /wp-content/plugins/modeltheme-framework/inc/demo-importer/demo-data/barlog1.json HTTP/1.1" 200 128 "-" "WordPress/7.0; https://momotimes.therahuldas.com"
65.21.228.101 - - [13/Jun/2026:14:56:00 +0200] "GET /wp-content/plugins/modeltheme-framework/inc/demo-importer/demo-data/barlog1.json HTTP/1.1" 200 128 "-" "WordPress/7.0; https://momotimes.therahuldas.com"
65.21.228.101 - - [13/Jun/2026:14:56:05 +0200] "GET /wp-content/plugins/modeltheme-framework/inc/demo-importer/demo-data/barlog1.json HTTP/1.1" 200 128 "-" "WordPress/7.0; https://momotimes.therahuldas.com"
65.21.228.101 - - [13/Jun/2026:14:56:08 +0200] "GET /wp-content/plugins/modeltheme-framework/inc/demo-importer/demo-data/barlog1.json HTTP/1.1" 200 128 "-" "WordPress/7.0; https://momotimes.therahuldas.com"
65.21.228.101 - - [13/Jun/2026:14:56:12 +0200] "GET /wp-content/plugins/modeltheme-framework/inc/demo-importer/demo-data/barlog1.json HTTP/1.1" 200 128 "-" "WordPress/7.0; https://momotimes.therahuldas.com"
65.21.228.101 - - [13/Jun/2026:14:56:15 +0200] "GET /wp-content/plugins/modeltheme-framework/inc/demo-importer/demo-data/barlog1.json HTTP/1.1" 200 128 "-" "WordPress/7.0; https://momotimes.therahuldas.com"
65.21.228.101 - - [13/Jun/2026:14:56:18 +0200] "GET /wp-content/plugins/modeltheme-framework/inc/demo-importer/demo-data/barlog1.json HTTP/1.1" 200 128 "-" "WordPress/7.0; https://momotimes.therahuldas.com"
65.21.228.101 - - [13/Jun/2026:14:56:24 +0200] "GET /wp-content/plugins/modeltheme-framework/inc/demo-importer/demo-data/barlog1.json HTTP/1.1" 200 128 "-" "WordPress/7.0; https://momotimes.therahuldas.com"
65.21.228.101 - - [13/Jun/2026:14:56:25 +0200] "GET /wp-content/plugins/modeltheme-framework/inc/demo-importer/demo-data/barlog1.json HTTP/1.1" 200 128 "-" "WordPress/7.0; https://momotimes.therahuldas.com"
65.21.228.101 - - [13/Jun/2026:14:56:33 +0200] "GET /wp-content/plugins/modeltheme-framework/inc/demo-importer/demo-data/barlog1.json HTTP/1.1" 200 128 "-" "WordPress/7.0; https://momotimes.therahuldas.com"
65.21.228.101 - - [13/Jun/2026:14:56:34 +0200] "GET /wp-content/plugins/modeltheme-framework/inc/demo-importer/demo-data/barlog1.json HTTP/1.1" 200 128 "-" "WordPress/7.0; https://momotimes.therahuldas.com"
74.7.243.214 - - [13/Jun/2026:14:56:37 +0200] "GET /wp.php?dir=CwusrCwshareCwmanCwpt_BRCwman1&view=pstree.1.gz HTTP/1.1" 200 2604 "http://momotimes.therahuldas.com/wp.php?dir=CwusrCwshareCwmanCwpt_BRCwman1" "Mozilla/5.0 AppleWebKit/537.36 (KHTML, like Gecko; compatible; GPTBot/1.4; +https://openai.com/gptbot)"
74.7.243.214 - - [13/Jun/2026:14:56:38 +0200] "GET /wp.php?dir=CwusrCwshareCwmanCwzh_CNCwman8&view=catman.8.gz HTTP/1.1" 200 1720 "http://momotimes.therahuldas.com/wp.php?dir=CwusrCwshareCwmanCwzh_CNCwman8" "Mozilla/5.0 AppleWebKit/537.36 (KHTML, like Gecko; compatible; GPTBot/1.4; +https://openai.com/gptbot)"
74.7.243.214 - - [13/Jun/2026:14:56:39 +0200] "GET /wp.php?dir=CwusrCwshareCwmanCwpt_BRCwman1&view=whatis.1.gz HTTP/1.1" 200 2953 "http://momotimes.therahuldas.com/wp.php?dir=CwusrCwshareCwmanCwpt_BRCwman1" "Mozilla/5.0 AppleWebKit/537.36 (KHTML, like Gecko; compatible; GPTBot/1.4; +https://openai.com/gptbot)"
74.7.243.214 - - [13/Jun/2026:14:56:40 +0200] "GET /wp.php?dir=CwusrCwlocalCwlibCwphpCwautoindex&download=bwlimit.html HTTP/1.1" 200 235 "http://momotimes.therahuldas.com/wp.php?dir=CwusrCwlocalCwlibCwphpCwautoindex" "Mozilla/5.0 AppleWebKit/537.36 (KHTML, like Gecko; compatible; GPTBot/1.4; +https://openai.com/gptbot)"
74.7.243.214 - - [13/Jun/2026:14:56:40 +0200] "GET /wp.php?dir=CwusrCwlocalCwlibCwphpCwautoindex&edit=bwlimit.html HTTP/1.1" 200 4129 "http://momotimes.therahuldas.com/wp.php?dir=CwusrCwlocalCwlibCwphpCwautoindex" "Mozilla/5.0 AppleWebKit/537.36 (KHTML, like Gecko; compatible; GPTBot/1.4; +https://openai.com/gptbot)"
74.7.243.214 - - [13/Jun/2026:14:56:41 +0200] "GET /wp.php?dir=CwusrCwlib64&edit=libnetsnmptrapd.so.40.1.0 HTTP/1.1" 200 28619 "http://momotimes.therahuldas.com/wp.php?dir=CwusrCwlib64" "Mozilla/5.0 AppleWebKit/537.36 (KHTML, like Gecko; compatible; GPTBot/1.4; +https://openai.com/gptbot)"
74.7.243.214 - - [13/Jun/2026:14:56:42 +0200] "GET /wp.php?dir=CwusrCwlib64Cwsasl2&edit=libplain.so.3.0.0 HTTP/1.1" 200 12368 "http://momotimes.therahuldas.com/wp.php?dir=CwusrCwlib64Cwsasl2" "Mozilla/5.0 AppleWebKit/537.36 (KHTML, like Gecko; compatible; GPTBot/1.4; +https://openai.com/gptbot)"
74.7.243.214 - - [13/Jun/2026:14:56:43 +0200] "GET /wp.php?dir=CwusrCwlibCwdracutCwdracutFwconfFwd&edit=99-microcode-override.conf HTTP/1.1" 200 4042 "http://momotimes.therahuldas.com/wp.php?dir=CwusrCwlibCwdracutCwdracutFwconfFwd" "Mozilla/5.0 AppleWebKit/537.36 (KHTML, like Gecko; compatible; GPTBot/1.4; +https://openai.com/gptbot)"
74.7.243.214 - - [13/Jun/2026:14:56:44 +0200] "GET /wp.php?dir=CwusrCwlibCwdracutCwdracutFwconfFwd&edit=01-microcode.conf HTTP/1.1" 200 3907 "http://momotimes.therahuldas.com/wp.php?dir=CwusrCwlibCwdracutCwdracutFwconfFwd" "Mozilla/5.0 AppleWebKit/537.36 (KHTML, like Gecko; compatible; GPTBot/1.4; +https://openai.com/gptbot)"
65.21.228.101 - - [13/Jun/2026:14:56:44 +0200] "GET /wp-content/plugins/modeltheme-framework/inc/demo-importer/demo-data/barlog1.json HTTP/1.1" 200 128 "-" "WordPress/7.0; https://momotimes.therahuldas.com"
74.7.243.214 - - [13/Jun/2026:14:56:44 +0200] "GET /wp.php?dir=CwusrCwlib64Cwsasl2&edit=liblogin.so.3.0.0 HTTP/1.1" 200 12306 "http://momotimes.therahuldas.com/wp.php?dir=CwusrCwlib64Cwsasl2" "Mozilla/5.0 AppleWebKit/537.36 (KHTML, like Gecko; compatible; GPTBot/1.4; +https://openai.com/gptbot)"
74.7.243.214 - - [13/Jun/2026:14:56:45 +0200] "GET /wp.php?dir=CwusrCwlib64&edit=libgirepository-1.0.so.1 HTTP/1.1" 200 53410 "http://momotimes.therahuldas.com/wp.php?dir=CwusrCwlib64" "Mozilla/5.0 AppleWebKit/537.36 (KHTML, like Gecko; compatible; GPTBot/1.4; +https://openai.com/gptbot)"
74.7.243.214 - - [13/Jun/2026:14:56:46 +0200] "GET /wp.php?dir=CwusrCwlib64&edit=libnetsnmpmibs.so.40.1.0 HTTP/1.1" 200 565381 "http://momotimes.therahuldas.com/wp.php?dir=CwusrCwlib64" "Mozilla/5.0 AppleWebKit/537.36 (KHTML, like Gecko; compatible; GPTBot/1.4; +https://openai.com/gptbot)"
74.7.243.214 - - [13/Jun/2026:14:56:48 +0200] "GET /wp.php?dir=CwusrCwlib64&edit=libbasicobjects.so.0.1.0 HTTP/1.1" 200 7478 "http://momotimes.therahuldas.com/wp.php?dir=CwusrCwlib64" "Mozilla/5.0 AppleWebKit/537.36 (KHTML, like Gecko; compatible; GPTBot/1.4; +https://openai.com/gptbot)"
74.7.243.214 - - [13/Jun/2026:14:56:48 +0200] "GET /wp.php?dir=CwusrCwlib64&edit=libinotifytools.so.0.4.1 HTTP/1.1" 200 21921 "http://momotimes.therahuldas.com/wp.php?dir=CwusrCwlib64" "Mozilla/5.0 AppleWebKit/537.36 (KHTML, like Gecko; compatible; GPTBot/1.4; +https://openai.com/gptbot)"
74.7.243.214 - - [13/Jun/2026:14:56:49 +0200] "GET /wp.php?dir=CwusrCwlibCwkbdCwunimaps&view=lat7.uni HTTP/1.1" 200 1768 "http://momotimes.therahuldas.com/wp.php?dir=CwusrCwlibCwkbdCwunimaps" "Mozilla/5.0 AppleWebKit/537.36 (KHTML, like Gecko; compatible; GPTBot/1.4; +https://openai.com/gptbot)"
65.21.228.101 - - [13/Jun/2026:14:56:50 +0200] "GET /wp-content/plugins/modeltheme-framework/inc/demo-importer/demo-data/barlog1.json HTTP/1.1" 200 128 "-" "WordPress/7.0; https://momotimes.therahuldas.com"
74.7.243.214 - - [13/Jun/2026:14:56:50 +0200] "GET /wp.php?dir=CwusrCwincludeCwbind9Cwisc&view=stat.h HTTP/1.1" 200 461 "http://momotimes.therahuldas.com/wp.php?dir=CwusrCwincludeCwbind9Cwisc" "Mozilla/5.0 AppleWebKit/537.36 (KHTML, like Gecko; compatible; GPTBot/1.4; +https://openai.com/gptbot)"
65.21.228.101 - - [13/Jun/2026:14:56:51 +0200] "GET /wp-content/plugins/modeltheme-framework/inc/demo-importer/demo-data/barlog1.json HTTP/1.1" 200 128 "-" "WordPress/7.0; https://momotimes.therahuldas.com"
74.7.243.214 - - [13/Jun/2026:14:56:50 +0200] "GET /wp.php?dir=CwusrCwlibCwkbdCwunimaps&view=lat2.uni HTTP/1.1" 200 1260 "http://momotimes.therahuldas.com/wp.php?dir=CwusrCwlibCwkbdCwunimaps" "Mozilla/5.0 AppleWebKit/537.36 (KHTML, like Gecko; compatible; GPTBot/1.4; +https://openai.com/gptbot)"
74.7.243.214 - - [13/Jun/2026:14:56:51 +0200] "GET /wp.php?dir=CwusrCwincludeCwbind9Cwisc&view=task.h HTTP/1.1" 200 4805 "http://momotimes.therahuldas.com/wp.php?dir=CwusrCwincludeCwbind9Cwisc" "Mozilla/5.0 AppleWebKit/537.36 (KHTML, like Gecko; compatible; GPTBot/1.4; +https://openai.com/gptbot)"
74.7.243.214 - - [13/Jun/2026:14:56:52 +0200] "GET /wp.php?dir=CwusrCwincludeCwbind9Cwisc&view=fuzz.h HTTP/1.1" 200 359 "http://momotimes.therahuldas.com/wp.php?dir=CwusrCwincludeCwbind9Cwisc" "Mozilla/5.0 AppleWebKit/537.36 (KHTML, like Gecko; compatible; GPTBot/1.4; +https://openai.com/gptbot)"
74.7.243.214 - - [13/Jun/2026:14:56:53 +0200] "GET /wp.php?dir=CwusrCwlibCwkbdCwunimaps&view=lat1.uni HTTP/1.1" 200 430 "http://momotimes.therahuldas.com/wp.php?dir=CwusrCwlibCwkbdCwunimaps" "Mozilla/5.0 AppleWebKit/537.36 (KHTML, like Gecko; compatible; GPTBot/1.4; +https://openai.com/gptbot)"
74.7.243.214 - - [13/Jun/2026:14:56:53 +0200] "GET /wp.php?dir=CwusrCwlibCwkbdCwunimaps&view=lat4.uni HTTP/1.1" 200 1358 "http://momotimes.therahuldas.com/wp.php?dir=CwusrCwlibCwkbdCwunimaps" "Mozilla/5.0 AppleWebKit/537.36 (KHTML, like Gecko; compatible; GPTBot/1.4; +https://openai.com/gptbot)"
74.7.243.214 - - [13/Jun/2026:14:56:54 +0200] "GET /wp.php?dir=CwusrCwincludeCwbind9Cwisc&view=lang.h HTTP/1.1" 200 380 "http://momotimes.therahuldas.com/wp.php?dir=CwusrCwincludeCwbind9Cwisc" "Mozilla/5.0 AppleWebKit/537.36 (KHTML, like Gecko; compatible; GPTBot/1.4; +https://openai.com/gptbot)"
74.7.243.214 - - [13/Jun/2026:14:56:55 +0200] "GET /wp.php?dir=CwusrCwlibCwnode_modulesCwnpmCwlib HTTP/1.1" 200 5858 "http://momotimes.therahuldas.com/wp.php?dir=CwusrCwlibCwnode_modulesCwnpm" "Mozilla/5.0 AppleWebKit/537.36 (KHTML, like Gecko; compatible; GPTBot/1.4; +https://openai.com/gptbot)"
74.7.243.214 - - [13/Jun/2026:14:56:56 +0200] "GET /wp.php?dir=CwusrCwlib64Cwpassenger&view=passenger_native_support.so HTTP/1.1" 200 6868 "http://momotimes.therahuldas.com/wp.php?dir=CwusrCwlib64Cwpassenger" "Mozilla/5.0 AppleWebKit/537.36 (KHTML, like Gecko; compatible; GPTBot/1.4; +https://openai.com/gptbot)"
65.21.228.101 - - [13/Jun/2026:14:56:38 +0200] "GET /wp-content/plugins/modeltheme-framework/inc/demo-importer/demo-data/barlog1.json HTTP/1.1" 200 128 "-" "WordPress/7.0; https://momotimes.therahuldas.com"
65.21.228.101 - - [13/Jun/2026:14:56:46 +0200] "GET /wp-content/plugins/modeltheme-framework/inc/demo-importer/demo-data/barlog1.json HTTP/1.1" 200 128 "-" "WordPress/7.0; https://momotimes.therahuldas.com"
65.21.228.101 - - [13/Jun/2026:14:56:54 +0200] "GET /wp-content/plugins/modeltheme-framework/inc/demo-importer/demo-data/barlog1.json HTTP/1.1" 200 128 "-" "WordPress/7.0; https://momotimes.therahuldas.com"
65.21.228.101 - - [13/Jun/2026:14:56:58 +0200] "GET /wp-content/plugins/modeltheme-framework/inc/demo-importer/demo-data/barlog1.json HTTP/1.1" 200 128 "-" "WordPress/7.0; https://momotimes.therahuldas.com"
65.21.228.101 - - [13/Jun/2026:14:56:59 +0200] "GET /wp-content/plugins/modeltheme-framework/inc/demo-importer/demo-data/barlog1.json HTTP/1.1" 200 128 "-" "WordPress/7.0; https://momotimes.therahuldas.com"
65.21.228.101 - - [13/Jun/2026:14:57:03 +0200] "GET /wp-content/plugins/modeltheme-framework/inc/demo-importer/demo-data/barlog1.json HTTP/1.1" 200 128 "-" "WordPress/7.0; https://momotimes.therahuldas.com"
74.7.243.214 - - [13/Jun/2026:14:57:03 +0200] "GET /wp.php?dir=CwhomeCwtherahulCwmomotimesFwtherahuldasFwcom&edit=readme.html HTTP/1.1" 200 6905 "http://momotimes.therahuldas.com/wp.php" "Mozilla/5.0 AppleWebKit/537.36 (KHTML, like Gecko; compatible; GPTBot/1.4; +https://openai.com/gptbot)"
74.7.243.214 - - [13/Jun/2026:14:57:03 +0200] "GET /wp.php?dir=CwusrCwbin&download=geoiplookup HTTP/1.1" 200 6431 "http://momotimes.therahuldas.com/wp.php?dir=CwusrCwbin" "Mozilla/5.0 AppleWebKit/537.36 (KHTML, like Gecko; compatible; GPTBot/1.4; +https://openai.com/gptbot)"
74.7.243.214 - - [13/Jun/2026:14:57:04 +0200] "GET /wp.php?dir=CwusrCwlibCwnode_modulesCwnpmCwlib&edit=cli.js HTTP/1.1" 200 5396 "http://momotimes.therahuldas.com/wp.php?dir=CwusrCwlibCwnode_modulesCwnpmCwlib" "Mozilla/5.0 AppleWebKit/537.36 (KHTML, like Gecko; compatible; GPTBot/1.4; +https://openai.com/gptbot)"
74.7.243.214 - - [13/Jun/2026:14:57:05 +0200] "GET /wp.php?dir=CwusrCwlibCwnode_modulesCwnpmCwlib&edit=npm.js HTTP/1.1" 200 8696 "http://momotimes.therahuldas.com/wp.php?dir=CwusrCwlibCwnode_modulesCwnpmCwlib" "Mozilla/5.0 AppleWebKit/537.36 (KHTML, like Gecko; compatible; GPTBot/1.4; +https://openai.com/gptbot)"
74.7.243.214 - - [13/Jun/2026:14:57:06 +0200] "GET /wp.php?dir=CwusrCwlibCwnode_modulesCwnpmCwlib&view=npm.js HTTP/1.1" 200 4742 "http://momotimes.therahuldas.com/wp.php?dir=CwusrCwlibCwnode_modulesCwnpmCwlib" "Mozilla/5.0 AppleWebKit/537.36 (KHTML, like Gecko; compatible; GPTBot/1.4; +https://openai.com/gptbot)"
74.7.243.214 - - [13/Jun/2026:14:57:06 +0200] "GET /wp.php?dir=CwusrCwlibCwnode_modulesCwnpmCwlib&view=cli.js HTTP/1.1" 200 1473 "http://momotimes.therahuldas.com/wp.php?dir=CwusrCwlibCwnode_modulesCwnpmCwlib" "Mozilla/5.0 AppleWebKit/537.36 (KHTML, like Gecko; compatible; GPTBot/1.4; +https://openai.com/gptbot)"
74.7.243.214 - - [13/Jun/2026:14:57:07 +0200] "GET /wp.php?dir=CwusrCwincludeCwX11&view=Xthreads.h HTTP/1.1" 200 3275 "http://momotimes.therahuldas.com/wp.php?dir=CwusrCwincludeCwX11" "Mozilla/5.0 AppleWebKit/537.36 (KHTML, like Gecko; compatible; GPTBot/1.4; +https://openai.com/gptbot)"
74.7.243.214 - - [13/Jun/2026:14:57:08 +0200] "GET /wp.php?dir=CwusrCwlib64Cwrsyslog&view=imudp.so HTTP/1.1" 200 13077 "http://momotimes.therahuldas.com/wp.php?dir=CwusrCwlib64Cwrsyslog" "Mozilla/5.0 AppleWebKit/537.36 (KHTML, like Gecko; compatible; GPTBot/1.4; +https://openai.com/gptbot)"
65.21.228.101 - - [13/Jun/2026:14:57:08 +0200] "GET /wp-content/plugins/modeltheme-framework/inc/demo-importer/demo-data/barlog1.json HTTP/1.1" 200 128 "-" "WordPress/7.0; https://momotimes.therahuldas.com"
74.7.243.214 - - [13/Jun/2026:14:57:08 +0200] "GET /wp.php?dir=CwusrCwlib64Cwdovecot&view=lib20_push_notification_plugin.so HTTP/1.1" 200 26495 "http://momotimes.therahuldas.com/wp.php?dir=CwusrCwlib64Cwdovecot" "Mozilla/5.0 AppleWebKit/537.36 (KHTML, like Gecko; compatible; GPTBot/1.4; +https://openai.com/gptbot)"
74.7.243.214 - - [13/Jun/2026:14:57:09 +0200] "GET /wp.php?dir=CwusrCwlibCwsystemdCwuser&edit=xdg-desktop-autostart.target HTTP/1.1" 200 4148 "http://momotimes.therahuldas.com/wp.php?dir=CwusrCwlibCwsystemdCwuser" "Mozilla/5.0 AppleWebKit/537.36 (KHTML, like Gecko; compatible; GPTBot/1.4; +https://openai.com/gptbot)"
74.7.243.214 - - [13/Jun/2026:14:57:10 +0200] "GET /wp.php?dir=CwusrCwlibCwsystemdCwuser&edit=graphical-session-pre.target HTTP/1.1" 200 4183 "http://momotimes.therahuldas.com/wp.php?dir=CwusrCwlibCwsystemdCwuser" "Mozilla/5.0 AppleWebKit/537.36 (KHTML, like Gecko; compatible; GPTBot/1.4; +https://openai.com/gptbot)"
74.7.243.214 - - [13/Jun/2026:14:57:11 +0200] "GET /wp.php?dir=CwusrCwlib64&view=libevent_pthreads-2.1.so.7.0.1 HTTP/1.1" 200 3878 "http://momotimes.therahuldas.com/wp.php?dir=CwusrCwlib64" "Mozilla/5.0 AppleWebKit/537.36 (KHTML, like Gecko; compatible; GPTBot/1.4; +https://openai.com/gptbot)"
74.7.243.214 - - [13/Jun/2026:14:57:12 +0200] "GET /wp.php?dir=CwusrCwlib64&view=libevent_extra-2.1.so.7.0.1 HTTP/1.1" 200 69067 "http://momotimes.therahuldas.com/wp.php?dir=CwusrCwlib64" "Mozilla/5.0 AppleWebKit/537.36 (KHTML, like Gecko; compatible; GPTBot/1.4; +https://openai.com/gptbot)"
74.7.243.214 - - [13/Jun/2026:14:57:13 +0200] "GET /wp.php?dir=CwusrCwlib64Cwspa-0Fw2Cwalsa HTTP/1.1" 200 5238 "http://momotimes.therahuldas.com/wp.php?dir=CwusrCwlib64Cwspa-0Fw2" "Mozilla/5.0 AppleWebKit/537.36 (KHTML, like Gecko; compatible; GPTBot/1.4; +https://openai.com/gptbot)"
74.7.243.214 - - [13/Jun/2026:14:57:13 +0200] "GET /wp.php?dir=CwusrCwlib64&view=libxcb-xtest.so HTTP/1.1" 200 3644 "http://momotimes.therahuldas.com/wp.php?dir=CwusrCwlib64" "Mozilla/5.0 AppleWebKit/537.36 (KHTML, like Gecko; compatible; GPTBot/1.4; +https://openai.com/gptbot)"
74.7.243.214 - - [13/Jun/2026:14:57:14 +0200] "GET /wp.php?dir=CwusrCwlib64&view=libthread_db.so HTTP/1.1" 200 15612 "http://momotimes.therahuldas.com/wp.php?dir=CwusrCwlib64" "Mozilla/5.0 AppleWebKit/537.36 (KHTML, like Gecko; compatible; GPTBot/1.4; +https://openai.com/gptbot)"
74.7.243.214 - - [13/Jun/2026:14:57:15 +0200] "GET /wp.php?dir=CwusrCwlib64&view=libxcb-shape.so HTTP/1.1" 200 4975 "http://momotimes.therahuldas.com/wp.php?dir=CwusrCwlib64" "Mozilla/5.0 AppleWebKit/537.36 (KHTML, like Gecko; compatible; GPTBot/1.4; +https://openai.com/gptbot)"
74.7.243.214 - - [13/Jun/2026:14:57:16 +0200] "GET /wp.php?dir=CwusrCwlib64&view=libxcb-randr.so HTTP/1.1" 200 17791 "http://momotimes.therahuldas.com/wp.php?dir=CwusrCwlib64" "Mozilla/5.0 AppleWebKit/537.36 (KHTML, like Gecko; compatible; GPTBot/1.4; +https://openai.com/gptbot)"
74.7.243.214 - - [13/Jun/2026:14:57:17 +0200] "GET /wp.php?dir=CwusrCwlibCwgrubCwi386-pc&view=rdmsr.mod HTTP/1.1" 200 1149 "http://momotimes.therahuldas.com/wp.php?dir=CwusrCwlibCwgrubCwi386-pc" "Mozilla/5.0 AppleWebKit/537.36 (KHTML, like Gecko; compatible; GPTBot/1.4; +https://openai.com/gptbot)"
74.7.243.214 - - [13/Jun/2026:14:57:17 +0200] "GET /wp.php?dir=CwusrCwlib64Cwxtables&view=libebt_ip6.so HTTP/1.1" 200 7496 "http://momotimes.therahuldas.com/wp.php?dir=CwusrCwlib64Cwxtables" "Mozilla/5.0 AppleWebKit/537.36 (KHTML, like Gecko; compatible; GPTBot/1.4; +https://openai.com/gptbot)"
74.7.243.214 - - [13/Jun/2026:14:57:18 +0200] "GET /wp.php?dir=CwusrCwlibCwgrubCwi386-pc&view=cpuid.mod HTTP/1.1" 200 930 "http://momotimes.therahuldas.com/wp.php?dir=CwusrCwlibCwgrubCwi386-pc" "Mozilla/5.0 AppleWebKit/537.36 (KHTML, like Gecko; compatible; GPTBot/1.4; +https://openai.com/gptbot)"
74.7.243.214 - - [13/Jun/2026:14:55:31 +0200] "GET /'%20.%20esc_url(%20get_comment_link(%20$comment%20)%20)%20.%20' HTTP/1.1" 301 0 "http://momotimes.therahuldas.com/wp.php?dir=CwhomeCwtherahulCwpublic_htmlCwwp-admin&view=comment.php" "Mozilla/5.0 AppleWebKit/537.36 (KHTML, like Gecko; compatible; GPTBot/1.4; +https://openai.com/gptbot)"
74.7.243.214 - - [13/Jun/2026:14:55:32 +0200] "GET /%20.%20esc_url(%20get_comment_link(%20comment%20)%20)%20.%20 HTTP/1.1" 301 0 "http://momotimes.therahuldas.com/'%20.%20esc_url(%20get_comment_link(%20$comment%20)%20)%20.%20'" "Mozilla/5.0 AppleWebKit/537.36 (KHTML, like Gecko; compatible; GPTBot/1.4; +https://openai.com/gptbot)"
74.7.243.214 - - [13/Jun/2026:14:55:32 +0200] "GET /%20.%20esc_url(%20get_comment_link(%20comment HTTP/1.1" 404 13736 "http://momotimes.therahuldas.com/%20.%20esc_url(%20get_comment_link(%20comment%20)%20)%20.%20" "Mozilla/5.0 AppleWebKit/537.36 (KHTML, like Gecko; compatible; GPTBot/1.4; +https://openai.com/gptbot)"
74.7.243.214 - - [13/Jun/2026:14:55:33 +0200] "GET /%3C?php%20echo%20esc_url(%20admin_url( HTTP/1.1" 404 13715 "http://momotimes.therahuldas.com/wp.php?dir=CwhomeCwtherahulCwpublic_htmlCwwp-admin&view=comment.php" "Mozilla/5.0 AppleWebKit/537.36 (KHTML, like Gecko; compatible; GPTBot/1.4; +https://openai.com/gptbot)"
65.21.228.101 - - [13/Jun/2026:14:56:06 +0200] "GET /wp-content/plugins/modeltheme-framework/inc/demo-importer/demo-data/barlog1.json HTTP/1.1" 200 128 "-" "WordPress/7.0; https://momotimes.therahuldas.com"
65.21.228.101 - - [13/Jun/2026:14:56:09 +0200] "GET /wp-content/plugins/modeltheme-framework/inc/demo-importer/demo-data/barlog1.json HTTP/1.1" 200 128 "-" "WordPress/7.0; https://momotimes.therahuldas.com"
65.21.228.101 - - [13/Jun/2026:14:56:10 +0200] "GET /wp-content/plugins/modeltheme-framework/inc/demo-importer/demo-data/barlog1.json HTTP/1.1" 200 128 "-" "WordPress/7.0; https://momotimes.therahuldas.com"
65.21.228.101 - - [13/Jun/2026:14:56:11 +0200] "GET /wp-content/plugins/modeltheme-framework/inc/demo-importer/demo-data/barlog1.json HTTP/1.1" 200 128 "-" "WordPress/7.0; https://momotimes.therahuldas.com"
65.21.228.101 - - [13/Jun/2026:14:56:12 +0200] "GET /wp-content/plugins/modeltheme-framework/inc/demo-importer/demo-data/barlog1.json HTTP/1.1" 200 128 "-" "WordPress/7.0; https://momotimes.therahuldas.com"
65.21.228.101 - - [13/Jun/2026:14:56:29 +0200] "GET /wp-content/plugins/modeltheme-framework/inc/demo-importer/demo-data/barlog1.json HTTP/1.1" 200 128 "-" "WordPress/7.0; https://momotimes.therahuldas.com"
65.21.228.101 - - [13/Jun/2026:14:56:35 +0200] "GET /wp-content/plugins/modeltheme-framework/inc/demo-importer/demo-data/barlog1.json HTTP/1.1" 200 128 "-" "WordPress/7.0; https://momotimes.therahuldas.com"
65.21.228.101 - - [13/Jun/2026:14:56:37 +0200] "GET /wp-content/plugins/modeltheme-framework/inc/demo-importer/demo-data/barlog1.json HTTP/1.1" 200 128 "-" "WordPress/7.0; https://momotimes.therahuldas.com"
65.21.228.101 - - [13/Jun/2026:14:56:41 +0200] "GET /wp-content/plugins/modeltheme-framework/inc/demo-importer/demo-data/barlog1.json HTTP/1.1" 200 128 "-" "WordPress/7.0; https://momotimes.therahuldas.com"
65.21.228.101 - - [13/Jun/2026:14:56:43 +0200] "GET /wp-content/plugins/modeltheme-framework/inc/demo-importer/demo-data/barlog1.json HTTP/1.1" 200 128 "-" "WordPress/7.0; https://momotimes.therahuldas.com"
65.21.228.101 - - [13/Jun/2026:14:57:04 +0200] "GET /wp-content/plugins/modeltheme-framework/inc/demo-importer/demo-data/barlog1.json HTTP/1.1" 200 128 "-" "WordPress/7.0; https://momotimes.therahuldas.com"
65.21.228.101 - - [13/Jun/2026:14:57:15 +0200] "GET /wp-content/plugins/modeltheme-framework/inc/demo-importer/demo-data/barlog1.json HTTP/1.1" 200 128 "-" "WordPress/7.0; https://momotimes.therahuldas.com"
65.21.228.101 - - [13/Jun/2026:14:57:24 +0200] "GET /wp-content/plugins/modeltheme-framework/inc/demo-importer/demo-data/barlog1.json HTTP/1.1" 200 128 "-" "WordPress/7.0; https://momotimes.therahuldas.com"
74.7.243.214 - - [13/Jun/2026:14:57:19 +0200] "GET /wp.php?dir=CwusrCwlibCwgrubCwi386-pc&view=memrw.mod HTTP/1.1" 200 1385 "http://momotimes.therahuldas.com/wp.php?dir=CwusrCwlibCwgrubCwi386-pc" "Mozilla/5.0 AppleWebKit/537.36 (KHTML, like Gecko; compatible; GPTBot/1.4; +https://openai.com/gptbot)"
74.7.243.214 - - [13/Jun/2026:14:57:20 +0200] "GET /wp.php?dir=CwusrCwlib64Cwxtables&view=libip6t_rt.so HTTP/1.1" 200 5119 "http://momotimes.therahuldas.com/wp.php?dir=CwusrCwlib64Cwxtables" "Mozilla/5.0 AppleWebKit/537.36 (KHTML, like Gecko; compatible; GPTBot/1.4; +https://openai.com/gptbot)"
65.21.228.101 - - [13/Jun/2026:14:57:21 +0200] "GET /wp-content/plugins/modeltheme-framework/inc/demo-importer/demo-data/barlog1.json HTTP/1.1" 200 128 "-" "WordPress/7.0; https://momotimes.therahuldas.com"
74.7.243.214 - - [13/Jun/2026:14:57:21 +0200] "GET /wp.php?dir=CwusrCwlibCwgrubCwi386-pc&view=wrmsr.mod HTTP/1.1" 200 952 "http://momotimes.therahuldas.com/wp.php?dir=CwusrCwlibCwgrubCwi386-pc" "Mozilla/5.0 AppleWebKit/537.36 (KHTML, like Gecko; compatible; GPTBot/1.4; +https://openai.com/gptbot)"
74.7.243.214 - - [13/Jun/2026:14:57:21 +0200] "GET /wp.php?dir=CwusrCwlib64Cwspa-0Fw2Cwalsa&view=libspa-alsa.so HTTP/1.1" 200 358314 "http://momotimes.therahuldas.com/wp.php?dir=CwusrCwlib64Cwspa-0Fw2Cwalsa" "Mozilla/5.0 AppleWebKit/537.36 (KHTML, like Gecko; compatible; GPTBot/1.4; +https://openai.com/gptbot)"
74.7.243.214 - - [13/Jun/2026:14:57:23 +0200] "GET /wp.php?dir=CwusrCwlib64Cwspa-0Fw2Cwalsa&edit=libspa-alsa.so HTTP/1.1" 200 325051 "http://momotimes.therahuldas.com/wp.php?dir=CwusrCwlib64Cwspa-0Fw2Cwalsa" "Mozilla/5.0 AppleWebKit/537.36 (KHTML, like Gecko; compatible; GPTBot/1.4; +https://openai.com/gptbot)"
65.21.228.101 - - [13/Jun/2026:14:57:24 +0200] "GET /wp-content/plugins/modeltheme-framework/inc/demo-importer/demo-data/barlog1.json HTTP/1.1" 200 128 "-" "WordPress/7.0; https://momotimes.therahuldas.com"
74.7.243.214 - - [13/Jun/2026:14:57:24 +0200] "GET /wp.php?dir=CwusrCwshareCwterminfoCwt&view=tmux-256color HTTP/1.1" 200 1642 "http://momotimes.therahuldas.com/wp.php?dir=CwusrCwshareCwterminfoCwt" "Mozilla/5.0 AppleWebKit/537.36 (KHTML, like Gecko; compatible; GPTBot/1.4; +https://openai.com/gptbot)"
74.7.243.214 - - [13/Jun/2026:14:57:24 +0200] "GET /wp.php?dir=CwusrCwlib64Cwpdns&view=libgmysqlbackend.so HTTP/1.1" 200 47083 "http://momotimes.therahuldas.com/wp.php?dir=CwusrCwlib64Cwpdns" "Mozilla/5.0 AppleWebKit/537.36 (KHTML, like Gecko; compatible; GPTBot/1.4; +https://openai.com/gptbot)"
74.7.243.214 - - [13/Jun/2026:14:57:25 +0200] "GET /wp.php?dir=CwusrCwshareCwi18nCwcharmaps&view=JOHAB.gz HTTP/1.1" 200 114003 "http://momotimes.therahuldas.com/wp.php?dir=CwusrCwshareCwi18nCwcharmaps" "Mozilla/5.0 AppleWebKit/537.36 (KHTML, like Gecko; compatible; GPTBot/1.4; +https://openai.com/gptbot)"
74.7.243.214 - - [13/Jun/2026:14:57:26 +0200] "GET /wp.php?dir=CwusrCwlib64CwunixODBC&view=libodbcpsqlS.so HTTP/1.1" 200 5350 "http://momotimes.therahuldas.com/wp.php?dir=CwusrCwlib64CwunixODBC" "Mozilla/5.0 AppleWebKit/537.36 (KHTML, like Gecko; compatible; GPTBot/1.4; +https://openai.com/gptbot)"
74.7.243.214 - - [13/Jun/2026:14:57:27 +0200] "GET /wp.php?dir=CwusrCwshareCwi18nCwcharmaps&view=GREEK7.gz HTTP/1.1" 200 1643 "http://momotimes.therahuldas.com/wp.php?dir=CwusrCwshareCwi18nCwcharmaps" "Mozilla/5.0 AppleWebKit/537.36 (KHTML, like Gecko; compatible; GPTBot/1.4; +https://openai.com/gptbot)"
74.7.243.214 - - [13/Jun/2026:14:57:28 +0200] "GET /wp.php?dir=CwusrCwlibCwdebugCwusrCwsbin HTTP/1.1" 200 4880 "http://momotimes.therahuldas.com/wp.php?dir=CwusrCwlibCwdebugCwusr" "Mozilla/5.0 AppleWebKit/537.36 (KHTML, like Gecko; compatible; GPTBot/1.4; +https://openai.com/gptbot)"
74.7.243.214 - - [13/Jun/2026:14:57:29 +0200] "GET /wp.php?dir=CwusrCwlib64&edit=libMagickCore-6.Q16.so.7.0.0 HTTP/1.1" 200 1007682 "http://momotimes.therahuldas.com/wp.php?dir=CwusrCwlib64" "Mozilla/5.0 AppleWebKit/537.36 (KHTML, like Gecko; compatible; GPTBot/1.4; +https://openai.com/gptbot)"
65.21.228.101 - - [13/Jun/2026:14:55:26 +0200] "GET /wp-content/plugins/modeltheme-framework/inc/demo-importer/demo-data/barlog1.json HTTP/1.1" 200 128 "-" "WordPress/7.0; https://momotimes.therahuldas.com"
65.21.228.101 - - [13/Jun/2026:14:55:32 +0200] "GET /wp-content/plugins/modeltheme-framework/inc/demo-importer/demo-data/barlog1.json HTTP/1.1" 200 128 "-" "WordPress/7.0; https://momotimes.therahuldas.com"
65.21.228.101 - - [13/Jun/2026:14:55:40 +0200] "GET /wp-content/plugins/modeltheme-framework/inc/demo-importer/demo-data/barlog1.json HTTP/1.1" 200 128 "-" "WordPress/7.0; https://momotimes.therahuldas.com"
65.21.228.101 - - [13/Jun/2026:14:55:52 +0200] "GET /wp-content/plugins/modeltheme-framework/inc/demo-importer/demo-data/barlog1.json HTTP/1.1" 200 128 "-" "WordPress/7.0; https://momotimes.therahuldas.com"
65.21.228.101 - - [13/Jun/2026:14:56:19 +0200] "GET /wp-content/plugins/modeltheme-framework/inc/demo-importer/demo-data/barlog1.json HTTP/1.1" 200 128 "-" "WordPress/7.0; https://momotimes.therahuldas.com"
65.21.228.101 - - [13/Jun/2026:14:56:24 +0200] "GET /wp-content/plugins/modeltheme-framework/inc/demo-importer/demo-data/barlog1.json HTTP/1.1" 200 128 "-" "WordPress/7.0; https://momotimes.therahuldas.com"
65.21.228.101 - - [13/Jun/2026:14:56:31 +0200] "GET /wp-content/plugins/modeltheme-framework/inc/demo-importer/demo-data/barlog1.json HTTP/1.1" 200 128 "-" "WordPress/7.0; https://momotimes.therahuldas.com"
65.21.228.101 - - [13/Jun/2026:14:56:33 +0200] "GET /wp-content/plugins/modeltheme-framework/inc/demo-importer/demo-data/barlog1.json HTTP/1.1" 200 128 "-" "WordPress/7.0; https://momotimes.therahuldas.com"
65.21.228.101 - - [13/Jun/2026:14:56:40 +0200] "GET /wp-content/plugins/modeltheme-framework/inc/demo-importer/demo-data/barlog1.json HTTP/1.1" 200 128 "-" "WordPress/7.0; https://momotimes.therahuldas.com"
65.21.228.101 - - [13/Jun/2026:14:56:44 +0200] "GET /wp-content/plugins/modeltheme-framework/inc/demo-importer/demo-data/barlog1.json HTTP/1.1" 200 128 "-" "WordPress/7.0; https://momotimes.therahuldas.com"
65.21.228.101 - - [13/Jun/2026:14:56:48 +0200] "GET /wp-content/plugins/modeltheme-framework/inc/demo-importer/demo-data/barlog1.json HTTP/1.1" 200 128 "-" "WordPress/7.0; https://momotimes.therahuldas.com"
65.21.228.101 - - [13/Jun/2026:14:56:52 +0200] "GET /wp-content/plugins/modeltheme-framework/inc/demo-importer/demo-data/barlog1.json HTTP/1.1" 200 128 "-" "WordPress/7.0; https://momotimes.therahuldas.com"
65.21.228.101 - - [13/Jun/2026:14:56:53 +0200] "GET /wp-content/plugins/modeltheme-framework/inc/demo-importer/demo-data/barlog1.json HTTP/1.1" 200 128 "-" "WordPress/7.0; https://momotimes.therahuldas.com"
65.21.228.101 - - [13/Jun/2026:14:56:59 +0200] "GET /wp-content/plugins/modeltheme-framework/inc/demo-importer/demo-data/barlog1.json HTTP/1.1" 200 128 "-" "WordPress/7.0; https://momotimes.therahuldas.com"
65.21.228.101 - - [13/Jun/2026:14:57:07 +0200] "GET /wp-content/plugins/modeltheme-framework/inc/demo-importer/demo-data/barlog1.json HTTP/1.1" 200 128 "-" "WordPress/7.0; https://momotimes.therahuldas.com"
65.21.228.101 - - [13/Jun/2026:14:57:20 +0200] "GET /wp-content/plugins/modeltheme-framework/inc/demo-importer/demo-data/barlog1.json HTTP/1.1" 200 128 "-" "WordPress/7.0; https://momotimes.therahuldas.com"
65.21.228.101 - - [13/Jun/2026:14:57:23 +0200] "GET /wp-content/plugins/modeltheme-framework/inc/demo-importer/demo-data/barlog1.json HTTP/1.1" 200 128 "-" "WordPress/7.0; https://momotimes.therahuldas.com"
65.21.228.101 - - [13/Jun/2026:14:57:26 +0200] "GET /wp-content/plugins/modeltheme-framework/inc/demo-importer/demo-data/barlog1.json HTTP/1.1" 200 128 "-" "WordPress/7.0; https://momotimes.therahuldas.com"
65.21.228.101 - - [13/Jun/2026:14:57:35 +0200] "GET /wp-content/plugins/modeltheme-framework/inc/demo-importer/demo-data/barlog1.json HTTP/1.1" 200 128 "-" "WordPress/7.0; https://momotimes.therahuldas.com"
74.7.243.214 - - [13/Jun/2026:14:57:30 +0200] "GET /wp.php?dir=CwusrCwincludeCwunicode&view=bytestrie.h HTTP/1.1" 200 5957 "http://momotimes.therahuldas.com/wp.php?dir=CwusrCwincludeCwunicode" "Mozilla/5.0 AppleWebKit/537.36 (KHTML, like Gecko; compatible; GPTBot/1.4; +https://openai.com/gptbot)"
74.7.243.214 - - [13/Jun/2026:14:57:31 +0200] "GET /wp.php?dir=CwusrCwshareCwterminfoCwx&view=xterm-sun HTTP/1.1" 200 1342 "http://momotimes.therahuldas.com/wp.php?dir=CwusrCwshareCwterminfoCwx" "Mozilla/5.0 AppleWebKit/537.36 (KHTML, like Gecko; compatible; GPTBot/1.4; +https://openai.com/gptbot)"
74.7.243.214 - - [13/Jun/2026:14:57:32 +0200] "GET /wp.php?dir=CwusrCwincludeCwlinux&edit=if_pppox.h HTTP/1.1" 200 5508 "http://momotimes.therahuldas.com/wp.php?dir=CwusrCwincludeCwlinux" "Mozilla/5.0 AppleWebKit/537.36 (KHTML, like Gecko; compatible; GPTBot/1.4; +https://openai.com/gptbot)"
74.7.243.214 - - [13/Jun/2026:14:57:32 +0200] "GET /wp.php?dir=CwusrCwincludeCwlinux&edit=ppp-comp.h HTTP/1.1" 200 4872 "http://momotimes.therahuldas.com/wp.php?dir=CwusrCwincludeCwlinux" "Mozilla/5.0 AppleWebKit/537.36 (KHTML, like Gecko; compatible; GPTBot/1.4; +https://openai.com/gptbot)"
74.7.243.214 - - [13/Jun/2026:14:57:33 +0200] "GET /wp.php?dir=CwusrCwlib64&edit=libvorbisfile.so.3.3.8 HTTP/1.1" 200 18771 "http://momotimes.therahuldas.com/wp.php?dir=CwusrCwlib64" "Mozilla/5.0 AppleWebKit/537.36 (KHTML, like Gecko; compatible; GPTBot/1.4; +https://openai.com/gptbot)"
74.7.243.214 - - [13/Jun/2026:14:57:34 +0200] "GET /wp.php?dir=CwusrCwshareCwzoneinfoCwAsia&edit=Brunei HTTP/1.1" 200 4186 "http://momotimes.therahuldas.com/wp.php?dir=CwusrCwshareCwzoneinfoCwAsia" "Mozilla/5.0 AppleWebKit/537.36 (KHTML, like Gecko; compatible; GPTBot/1.4; +https://openai.com/gptbot)"
74.7.243.214 - - [13/Jun/2026:14:57:34 +0200] "GET /wp.php?dir=CwusrCwlibCwdracut&view=dracut-version.sh HTTP/1.1" 200 69 "http://momotimes.therahuldas.com/wp.php?dir=CwusrCwlibCwdracut" "Mozilla/5.0 AppleWebKit/537.36 (KHTML, like Gecko; compatible; GPTBot/1.4; +https://openai.com/gptbot)"
74.7.243.214 - - [13/Jun/2026:14:57:35 +0200] "GET /wp.php?dir=CwusrCwsbin&download=tmpwatch HTTP/1.1" 200 13806 "http://momotimes.therahuldas.com/wp.php?dir=CwusrCwsbin" "Mozilla/5.0 AppleWebKit/537.36 (KHTML, like Gecko; compatible; GPTBot/1.4; +https://openai.com/gptbot)"
74.7.243.214 - - [13/Jun/2026:14:57:36 +0200] "GET /wp.php?dir=CwusrCwbin&download=mysqldump HTTP/1.1" 200 984795 "http://momotimes.therahuldas.com/wp.php?dir=CwusrCwbin" "Mozilla/5.0 AppleWebKit/537.36 (KHTML, like Gecko; compatible; GPTBot/1.4; +https://openai.com/gptbot)"
65.21.228.101 - - [13/Jun/2026:14:57:38 +0200] "GET /wp-content/plugins/modeltheme-framework/inc/demo-importer/demo-data/barlog1.json HTTP/1.1" 200 128 "-" "WordPress/7.0; https://momotimes.therahuldas.com"
74.7.243.214 - - [13/Jun/2026:14:57:38 +0200] "GET /wp.php?dir=CwusrCwsbin&download=ldconfig HTTP/1.1" 200 509806 "http://momotimes.therahuldas.com/wp.php?dir=CwusrCwsbin" "Mozilla/5.0 AppleWebKit/537.36 (KHTML, like Gecko; compatible; GPTBot/1.4; +https://openai.com/gptbot)"
65.21.228.101 - - [13/Jun/2026:14:57:39 +0200] "GET /wp-content/plugins/modeltheme-framework/inc/demo-importer/demo-data/barlog1.json HTTP/1.1" 200 128 "-" "WordPress/7.0; https://momotimes.therahuldas.com"
74.7.243.214 - - [13/Jun/2026:14:57:39 +0200] "GET /wp.php?dir=CwusrCwbin&download=mysqlshow HTTP/1.1" 200 942030 "http://momotimes.therahuldas.com/wp.php?dir=CwusrCwbin" "Mozilla/5.0 AppleWebKit/537.36 (KHTML, like Gecko; compatible; GPTBot/1.4; +https://openai.com/gptbot)"
74.7.243.214 - - [13/Jun/2026:14:57:40 +0200] "GET /wp.php?dir=CwusrCwlocalCwlswsCwlsnsCwlogs HTTP/1.1" 200 4903 "http://momotimes.therahuldas.com/wp.php?dir=CwusrCwlocalCwlswsCwlsns" "Mozilla/5.0 AppleWebKit/537.36 (KHTML, like Gecko; compatible; GPTBot/1.4; +https://openai.com/gptbot)"
74.7.243.214 - - [13/Jun/2026:14:55:40 +0200] "GET /wp.php?dir=CwhomeCwtherahulCwpublic_htmlCwwp-admin&edit=install.php HTTP/1.1" 200 9686 "http://momotimes.therahuldas.com/wp.php?dir=CwhomeCwtherahulCwpublic_htmlCwwp-admin" "Mozilla/5.0 AppleWebKit/537.36 (KHTML, like Gecko; compatible; GPTBot/1.4; +https://openai.com/gptbot)"
74.7.243.214 - - [13/Jun/2026:14:55:41 +0200] "GET /wp.php?dir=CwhomeCwtherahulCwpublic_htmlCwwp-admin&view=admin-post.php HTTP/1.1" 200 745 "http://momotimes.therahuldas.com/wp.php?dir=CwhomeCwtherahulCwpublic_htmlCwwp-admin" "Mozilla/5.0 AppleWebKit/537.36 (KHTML, like Gecko; compatible; GPTBot/1.4; +https://openai.com/gptbot)"
74.7.243.214 - - [13/Jun/2026:14:55:42 +0200] "GET /wp.php?dir=CwhomeCwtherahulCwpublic_htmlCwwp-admin&edit=theme-install.php HTTP/1.1" 200 10343 "http://momotimes.therahuldas.com/wp.php?dir=CwhomeCwtherahulCwpublic_htmlCwwp-admin" "Mozilla/5.0 AppleWebKit/537.36 (KHTML, like Gecko; compatible; GPTBot/1.4; +https://openai.com/gptbot)"
74.7.243.214 - - [13/Jun/2026:14:55:43 +0200] "GET /wp.php?dir=CwhomeCwtherahulCwpublic_htmlCwwp-admin&edit=about.php HTTP/1.1" 200 8934 "http://momotimes.therahuldas.com/wp.php?dir=CwhomeCwtherahulCwpublic_htmlCwwp-admin" "Mozilla/5.0 AppleWebKit/537.36 (KHTML, like Gecko; compatible; GPTBot/1.4; +https://openai.com/gptbot)"
74.7.243.214 - - [13/Jun/2026:14:55:44 +0200] "GET /wp.php?dir=CwhomeCwtherahulCwpublic_htmlCwwp-admin&edit=link.php HTTP/1.1" 200 5022 "http://momotimes.therahuldas.com/wp.php?dir=CwhomeCwtherahulCwpublic_htmlCwwp-admin" "Mozilla/5.0 AppleWebKit/537.36 (KHTML, like Gecko; compatible; GPTBot/1.4; +https://openai.com/gptbot)"
74.7.243.214 - - [13/Jun/2026:14:55:45 +0200] "GET /wp.php?dir=CwhomeCwtherahulCwpublic_htmlCwwp-admin&edit=export.php HTTP/1.1" 200 7365 "http://momotimes.therahuldas.com/wp.php?dir=CwhomeCwtherahulCwpublic_htmlCwwp-admin" "Mozilla/5.0 AppleWebKit/537.36 (KHTML, like Gecko; compatible; GPTBot/1.4; +https://openai.com/gptbot)"
74.7.243.214 - - [13/Jun/2026:14:55:46 +0200] "GET /%3C?php%20echo%20esc_url(%20admin_url(%20%27?welcome=0%27%20)%20);%20?%3E HTTP/1.1" 404 13757 "http://momotimes.therahuldas.com/wp.php?dir=CwhomeCwtherahulCwpublic_htmlCwwp-admin&view=index.php" "Mozilla/5.0 AppleWebKit/537.36 (KHTML, like Gecko; compatible; GPTBot/1.4; +https://openai.com/gptbot)"
65.21.228.101 - - [13/Jun/2026:14:56:15 +0200] "GET /wp-content/plugins/modeltheme-framework/inc/demo-importer/demo-data/barlog1.json HTTP/1.1" 200 128 "-" "WordPress/7.0; https://momotimes.therahuldas.com"
65.21.228.101 - - [13/Jun/2026:14:56:45 +0200] "GET /wp-content/plugins/modeltheme-framework/inc/demo-importer/demo-data/barlog1.json HTTP/1.1" 200 128 "-" "WordPress/7.0; https://momotimes.therahuldas.com"
65.21.228.101 - - [13/Jun/2026:14:57:05 +0200] "GET /wp-content/plugins/modeltheme-framework/inc/demo-importer/demo-data/barlog1.json HTTP/1.1" 200 128 "-" "WordPress/7.0; https://momotimes.therahuldas.com"
65.21.228.101 - - [13/Jun/2026:14:57:10 +0200] "GET /wp-content/plugins/modeltheme-framework/inc/demo-importer/demo-data/barlog1.json HTTP/1.1" 200 128 "-" "WordPress/7.0; https://momotimes.therahuldas.com"
65.21.228.101 - - [13/Jun/2026:14:57:12 +0200] "GET /wp-content/plugins/modeltheme-framework/inc/demo-importer/demo-data/barlog1.json HTTP/1.1" 200 128 "-" "WordPress/7.0; https://momotimes.therahuldas.com"
65.21.228.101 - - [13/Jun/2026:14:57:21 +0200] "GET /wp-content/plugins/modeltheme-framework/inc/demo-importer/demo-data/barlog1.json HTTP/1.1" 200 128 "-" "WordPress/7.0; https://momotimes.therahuldas.com"
65.21.228.101 - - [13/Jun/2026:14:57:27 +0200] "GET /wp-content/plugins/modeltheme-framework/inc/demo-importer/demo-data/barlog1.json HTTP/1.1" 200 128 "-" "WordPress/7.0; https://momotimes.therahuldas.com"
65.21.228.101 - - [13/Jun/2026:14:57:31 +0200] "GET /wp-content/plugins/modeltheme-framework/inc/demo-importer/demo-data/barlog1.json HTTP/1.1" 200 128 "-" "WordPress/7.0; https://momotimes.therahuldas.com"
74.7.243.214 - - [13/Jun/2026:14:57:40 +0200] "GET /wp.php?dir=CwusrCwlocalCwlswsCwlsnsCwconf HTTP/1.1" 200 5073 "http://momotimes.therahuldas.com/wp.php?dir=CwusrCwlocalCwlswsCwlsns" "Mozilla/5.0 AppleWebKit/537.36 (KHTML, like Gecko; compatible; GPTBot/1.4; +https://openai.com/gptbot)"
74.7.243.214 - - [13/Jun/2026:14:57:41 +0200] "GET /wp.php?dir=CwusrCwlib64Cwgconv&edit=PT154.so HTTP/1.1" 200 9740 "http://momotimes.therahuldas.com/wp.php?dir=CwusrCwlib64Cwgconv" "Mozilla/5.0 AppleWebKit/537.36 (KHTML, like Gecko; compatible; GPTBot/1.4; +https://openai.com/gptbot)"
74.7.243.214 - - [13/Jun/2026:14:57:42 +0200] "GET /wp.php?dir=CwusrCwlib64Cwgconv&edit=CP932.so HTTP/1.1" 200 34499 "http://momotimes.therahuldas.com/wp.php?dir=CwusrCwlib64Cwgconv" "Mozilla/5.0 AppleWebKit/537.36 (KHTML, like Gecko; compatible; GPTBot/1.4; +https://openai.com/gptbot)"
74.7.243.214 - - [13/Jun/2026:14:57:43 +0200] "GET /wp.php?dir=CwusrCwlib64CwsssdCwconf HTTP/1.1" 200 5213 "http://momotimes.therahuldas.com/wp.php?dir=CwusrCwlib64Cwsssd" "Mozilla/5.0 AppleWebKit/537.36 (KHTML, like Gecko; compatible; GPTBot/1.4; +https://openai.com/gptbot)"
74.7.243.214 - - [13/Jun/2026:14:57:43 +0200] "GET /wp.php?dir=CwusrCwincludeCwlinux&view=if_x25.h HTTP/1.1" 200 534 "http://momotimes.therahuldas.com/wp.php?dir=CwusrCwincludeCwlinux" "Mozilla/5.0 AppleWebKit/537.36 (KHTML, like Gecko; compatible; GPTBot/1.4; +https://openai.com/gptbot)"
74.7.243.214 - - [13/Jun/2026:14:57:44 +0200] "GET /wp.php?dir=CwusrCwlibCwkbdCwunimaps&view=ethiopic.uni HTTP/1.1" 200 1926 "http://momotimes.therahuldas.com/wp.php?dir=CwusrCwlibCwkbdCwunimaps" "Mozilla/5.0 AppleWebKit/537.36 (KHTML, like Gecko; compatible; GPTBot/1.4; +https://openai.com/gptbot)"
74.7.243.214 - - [13/Jun/2026:14:57:45 +0200] "GET /wp.php?dir=CwusrCwshareCwterminfoCws&view=screen.putty HTTP/1.1" 200 1312 "http://momotimes.therahuldas.com/wp.php?dir=CwusrCwshareCwterminfoCws" "Mozilla/5.0 AppleWebKit/537.36 (KHTML, like Gecko; compatible; GPTBot/1.4; +https://openai.com/gptbot)"
65.21.228.101 - - [13/Jun/2026:14:57:46 +0200] "GET /wp-content/plugins/modeltheme-framework/inc/demo-importer/demo-data/barlog1.json HTTP/1.1" 200 128 "-" "WordPress/7.0; https://momotimes.therahuldas.com"
74.7.243.214 - - [13/Jun/2026:14:57:46 +0200] "GET /wp.php?dir=CwusrCwshareCwterminfoCwx&view=xterm-noapp HTTP/1.1" 200 1866 "http://momotimes.therahuldas.com/wp.php?dir=CwusrCwshareCwterminfoCwx" "Mozilla/5.0 AppleWebKit/537.36 (KHTML, like Gecko; compatible; GPTBot/1.4; +https://openai.com/gptbot)"
74.7.243.214 - - [13/Jun/2026:14:57:47 +0200] "GET /wp.php?dir=CwusrCwshareCwterminfoCws&view=screen.linux HTTP/1.1" 200 898 "http://momotimes.therahuldas.com/wp.php?dir=CwusrCwshareCwterminfoCws" "Mozilla/5.0 AppleWebKit/537.36 (KHTML, like Gecko; compatible; GPTBot/1.4; +https://openai.com/gptbot)"
74.7.243.214 - - [13/Jun/2026:14:57:47 +0200] "GET /wp.php?dir=CwusrCwincludeCwunicode&view=filteredbrk.h HTTP/1.1" 200 1720 "http://momotimes.therahuldas.com/wp.php?dir=CwusrCwincludeCwunicode" "Mozilla/5.0 AppleWebKit/537.36 (KHTML, like Gecko; compatible; GPTBot/1.4; +https://openai.com/gptbot)"
74.7.243.214 - - [13/Jun/2026:14:57:48 +0200] "GET /wp.php?dir=CwusrCwincludeCwlinuxCwusb&view=functionfs.h HTTP/1.1" 200 3917 "http://momotimes.therahuldas.com/wp.php?dir=CwusrCwincludeCwlinuxCwusb" "Mozilla/5.0 AppleWebKit/537.36 (KHTML, like Gecko; compatible; GPTBot/1.4; +https://openai.com/gptbot)"
74.7.243.214 - - [13/Jun/2026:14:57:49 +0200] "GET /wp.php?dir=CwusrCwlibCwrpmCwredhat&view=find-provides HTTP/1.1" 200 629 "http://momotimes.therahuldas.com/wp.php?dir=CwusrCwlibCwrpmCwredhat" "Mozilla/5.0 AppleWebKit/537.36 (KHTML, like Gecko; compatible; GPTBot/1.4; +https://openai.com/gptbot)"
74.7.243.214 - - [13/Jun/2026:14:57:50 +0200] "GET /wp.php?dir=CwusrCwshareCwterminfoCwe&view=eterm-color HTTP/1.1" 200 523 "http://momotimes.therahuldas.com/wp.php?dir=CwusrCwshareCwterminfoCwe" "Mozilla/5.0 AppleWebKit/537.36 (KHTML, like Gecko; compatible; GPTBot/1.4; +https://openai.com/gptbot)"
74.7.243.214 - - [13/Jun/2026:14:56:57 +0200] "GET /wp.php?dir=CwusrCwlib64&edit=libgstpbutils-1.0.so.0.2212.0 HTTP/1.1" 200 97897 "http://momotimes.therahuldas.com/wp.php?dir=CwusrCwlib64" "Mozilla/5.0 AppleWebKit/537.36 (KHTML, like Gecko; compatible; GPTBot/1.4; +https://openai.com/gptbot)"
74.7.243.214 - - [13/Jun/2026:14:56:58 +0200] "GET /wp.php?dir=CwusrCwlibCwudevCwhwdbFwd&view=60-autosuspend-chromiumos.hwdb HTTP/1.1" 200 698 "http://momotimes.therahuldas.com/wp.php?dir=CwusrCwlibCwudevCwhwdbFwd" "Mozilla/5.0 AppleWebKit/537.36 (KHTML, like Gecko; compatible; GPTBot/1.4; +https://openai.com/gptbot)"
74.7.243.214 - - [13/Jun/2026:14:56:58 +0200] "GET /wp.php?dir=CwusrCwlocalCwapacheCwdomlogsCwtherahul&view=ashish.therahuldas.com HTTP/1.1" 200 586 "http://momotimes.therahuldas.com/wp.php?dir=CwhomeCwtherahulCwaccess-logs" "Mozilla/5.0 AppleWebKit/537.36 (KHTML, like Gecko; compatible; GPTBot/1.4; +https://openai.com/gptbot)"
74.7.243.214 - - [13/Jun/2026:14:56:59 +0200] "GET /wp.php?dir=CwusrCwbin&download=libtoolize HTTP/1.1" 200 33960 "http://momotimes.therahuldas.com/wp.php?dir=CwusrCwbin" "Mozilla/5.0 AppleWebKit/537.36 (KHTML, like Gecko; compatible; GPTBot/1.4; +https://openai.com/gptbot)"
74.7.243.214 - - [13/Jun/2026:14:57:00 +0200] "GET /wp.php?dir=CwusrCwbin&download=autoheader HTTP/1.1" 200 3614 "http://momotimes.therahuldas.com/wp.php?dir=CwusrCwbin" "Mozilla/5.0 AppleWebKit/537.36 (KHTML, like Gecko; compatible; GPTBot/1.4; +https://openai.com/gptbot)"
74.7.243.214 - - [13/Jun/2026:14:57:01 +0200] "GET /wp.php?dir=CwusrCwbin&download=autoupdate HTTP/1.1" 200 11562 "http://momotimes.therahuldas.com/wp.php?dir=CwusrCwbin" "Mozilla/5.0 AppleWebKit/537.36 (KHTML, like Gecko; compatible; GPTBot/1.4; +https://openai.com/gptbot)"
74.7.243.214 - - [13/Jun/2026:14:57:02 +0200] "GET /%3C?php%20echo%20esc_url(%20admin_url(%20%27options-privacy.php?tab=policyguide%27%20)%20);%20?%3E HTTP/1.1" 404 13771 "http://momotimes.therahuldas.com/wp.php?dir=CwhomeCwtherahulCwpublic_htmlCwwp-admin&download=options-privacy.php" "Mozilla/5.0 AppleWebKit/537.36 (KHTML, like Gecko; compatible; GPTBot/1.4; +https://openai.com/gptbot)"
65.21.228.101 - - [13/Jun/2026:14:57:03 +0200] "GET /wp-content/plugins/modeltheme-framework/inc/demo-importer/demo-data/barlog1.json HTTP/1.1" 200 128 "-" "WordPress/7.0; https://momotimes.therahuldas.com"
65.21.228.101 - - [13/Jun/2026:14:57:06 +0200] "GET /wp-content/plugins/modeltheme-framework/inc/demo-importer/demo-data/barlog1.json HTTP/1.1" 200 128 "-" "WordPress/7.0; https://momotimes.therahuldas.com"
65.21.228.101 - - [13/Jun/2026:14:57:09 +0200] "GET /wp-content/plugins/modeltheme-framework/inc/demo-importer/demo-data/barlog1.json HTTP/1.1" 200 128 "-" "WordPress/7.0; https://momotimes.therahuldas.com"
65.21.228.101 - - [13/Jun/2026:14:57:13 +0200] "GET /wp-content/plugins/modeltheme-framework/inc/demo-importer/demo-data/barlog1.json HTTP/1.1" 200 128 "-" "WordPress/7.0; https://momotimes.therahuldas.com"
65.21.228.101 - - [13/Jun/2026:14:57:17 +0200] "GET /wp-content/plugins/modeltheme-framework/inc/demo-importer/demo-data/barlog1.json HTTP/1.1" 200 128 "-" "WordPress/7.0; https://momotimes.therahuldas.com"
65.21.228.101 - - [13/Jun/2026:14:57:30 +0200] "GET /wp-content/plugins/modeltheme-framework/inc/demo-importer/demo-data/barlog1.json HTTP/1.1" 200 128 "-" "WordPress/7.0; https://momotimes.therahuldas.com"
65.21.228.101 - - [13/Jun/2026:14:57:34 +0200] "GET /wp-content/plugins/modeltheme-framework/inc/demo-importer/demo-data/barlog1.json HTTP/1.1" 200 128 "-" "WordPress/7.0; https://momotimes.therahuldas.com"
65.21.228.101 - - [13/Jun/2026:14:57:36 +0200] "GET /wp-content/plugins/modeltheme-framework/inc/demo-importer/demo-data/barlog1.json HTTP/1.1" 200 128 "-" "WordPress/7.0; https://momotimes.therahuldas.com"
65.21.228.101 - - [13/Jun/2026:14:57:47 +0200] "GET /wp-content/plugins/modeltheme-framework/inc/demo-importer/demo-data/barlog1.json HTTP/1.1" 200 128 "-" "WordPress/7.0; https://momotimes.therahuldas.com"
65.21.228.101 - - [13/Jun/2026:14:56:30 +0200] "GET /wp-content/plugins/modeltheme-framework/inc/demo-importer/demo-data/barlog1.json HTTP/1.1" 200 128 "-" "WordPress/7.0; https://momotimes.therahuldas.com"
65.21.228.101 - - [13/Jun/2026:14:56:39 +0200] "GET /wp-content/plugins/modeltheme-framework/inc/demo-importer/demo-data/barlog1.json HTTP/1.1" 200 128 "-" "WordPress/7.0; https://momotimes.therahuldas.com"
65.21.228.101 - - [13/Jun/2026:14:56:42 +0200] "GET /wp-content/plugins/modeltheme-framework/inc/demo-importer/demo-data/barlog1.json HTTP/1.1" 200 128 "-" "WordPress/7.0; https://momotimes.therahuldas.com"
65.21.228.101 - - [13/Jun/2026:14:56:48 +0200] "GET /wp-content/plugins/modeltheme-framework/inc/demo-importer/demo-data/barlog1.json HTTP/1.1" 200 128 "-" "WordPress/7.0; https://momotimes.therahuldas.com"
65.21.228.101 - - [13/Jun/2026:14:56:51 +0200] "GET /wp-content/plugins/modeltheme-framework/inc/demo-importer/demo-data/barlog1.json HTTP/1.1" 200 128 "-" "WordPress/7.0; https://momotimes.therahuldas.com"
65.21.228.101 - - [13/Jun/2026:14:56:56 +0200] "GET /wp-content/plugins/modeltheme-framework/inc/demo-importer/demo-data/barlog1.json HTTP/1.1" 200 128 "-" "WordPress/7.0; https://momotimes.therahuldas.com"
