65.21.228.101 - - [13/Jun/2026:14:33:14 +0200] "GET /wp-content/plugins/modeltheme-framework/inc/demo-importer/demo-data/barlog1.json HTTP/1.1" 200 128 "-" "WordPress/7.0; https://momotimes.therahuldas.com"
65.21.228.101 - - [13/Jun/2026:14:33:19 +0200] "GET /wp-content/plugins/modeltheme-framework/inc/demo-importer/demo-data/barlog1.json HTTP/1.1" 200 128 "-" "WordPress/7.0; https://momotimes.therahuldas.com"
65.21.228.101 - - [13/Jun/2026:14:33:20 +0200] "GET /wp-content/plugins/modeltheme-framework/inc/demo-importer/demo-data/barlog1.json HTTP/1.1" 200 128 "-" "WordPress/7.0; https://momotimes.therahuldas.com"
65.21.228.101 - - [13/Jun/2026:14:33:28 +0200] "GET /wp-content/plugins/modeltheme-framework/inc/demo-importer/demo-data/barlog1.json HTTP/1.1" 200 128 "-" "WordPress/7.0; https://momotimes.therahuldas.com"
65.21.228.101 - - [13/Jun/2026:14:33:30 +0200] "GET /wp-content/plugins/modeltheme-framework/inc/demo-importer/demo-data/barlog1.json HTTP/1.1" 200 128 "-" "WordPress/7.0; https://momotimes.therahuldas.com"
65.21.228.101 - - [13/Jun/2026:14:33:45 +0200] "GET /wp-content/plugins/modeltheme-framework/inc/demo-importer/demo-data/barlog1.json HTTP/1.1" 200 128 "-" "WordPress/7.0; https://momotimes.therahuldas.com"
65.21.228.101 - - [13/Jun/2026:14:33:46 +0200] "GET /wp-content/plugins/modeltheme-framework/inc/demo-importer/demo-data/barlog1.json HTTP/1.1" 200 128 "-" "WordPress/7.0; https://momotimes.therahuldas.com"
65.21.228.101 - - [13/Jun/2026:14:33:50 +0200] "GET /wp-content/plugins/modeltheme-framework/inc/demo-importer/demo-data/barlog1.json HTTP/1.1" 200 128 "-" "WordPress/7.0; https://momotimes.therahuldas.com"
65.21.228.101 - - [13/Jun/2026:14:34:03 +0200] "GET /wp-content/plugins/modeltheme-framework/inc/demo-importer/demo-data/barlog1.json HTTP/1.1" 200 128 "-" "WordPress/7.0; https://momotimes.therahuldas.com"
65.21.228.101 - - [13/Jun/2026:14:34:03 +0200] "GET /wp-content/plugins/modeltheme-framework/inc/demo-importer/demo-data/barlog1.json HTTP/1.1" 200 128 "-" "WordPress/7.0; https://momotimes.therahuldas.com"
65.21.228.101 - - [13/Jun/2026:14:34:10 +0200] "GET /wp-content/plugins/modeltheme-framework/inc/demo-importer/demo-data/barlog1.json HTTP/1.1" 200 128 "-" "WordPress/7.0; https://momotimes.therahuldas.com"
65.21.228.101 - - [13/Jun/2026:14:34:15 +0200] "GET /wp-content/plugins/modeltheme-framework/inc/demo-importer/demo-data/barlog1.json HTTP/1.1" 200 128 "-" "WordPress/7.0; https://momotimes.therahuldas.com"
74.7.243.214 - - [13/Jun/2026:14:34:14 +0200] "GET /wp.php?dir=CwusrCwlibCwgrubCwx86_64-efi&edit=hfs.mod HTTP/1.1" 200 8951 "http://momotimes.therahuldas.com/wp.php?dir=CwusrCwlibCwgrubCwx86_64-efi" "Mozilla/5.0 AppleWebKit/537.36 (KHTML, like Gecko; compatible; GPTBot/1.4; +https://openai.com/gptbot)"
74.7.243.214 - - [13/Jun/2026:14:34:15 +0200] "GET /wp.php?dir=CwusrCwlibCwgrubCwx86_64-efi&edit=cmp.mod HTTP/1.1" 200 5082 "http://momotimes.therahuldas.com/wp.php?dir=CwusrCwlibCwgrubCwx86_64-efi" "Mozilla/5.0 AppleWebKit/537.36 (KHTML, like Gecko; compatible; GPTBot/1.4; +https://openai.com/gptbot)"
74.7.243.214 - - [13/Jun/2026:14:34:16 +0200] "GET /wp.php?dir=CwusrCwlibCwgrubCwx86_64-efi&edit=xnu.mod HTTP/1.1" 200 19116 "http://momotimes.therahuldas.com/wp.php?dir=CwusrCwlibCwgrubCwx86_64-efi" "Mozilla/5.0 AppleWebKit/537.36 (KHTML, like Gecko; compatible; GPTBot/1.4; +https://openai.com/gptbot)"
74.7.243.214 - - [13/Jun/2026:14:34:17 +0200] "GET /wp.php?dir=CwusrCwlibCwgrubCwx86_64-efi&edit=odc.mod HTTP/1.1" 200 5802 "http://momotimes.therahuldas.com/wp.php?dir=CwusrCwlibCwgrubCwx86_64-efi" "Mozilla/5.0 AppleWebKit/537.36 (KHTML, like Gecko; compatible; GPTBot/1.4; +https://openai.com/gptbot)"
74.7.243.214 - - [13/Jun/2026:14:34:18 +0200] "GET /wp.php?dir=CwusrCwlibCwgrubCwx86_64-efi&edit=xfs.mod HTTP/1.1" 200 9809 "http://momotimes.therahuldas.com/wp.php?dir=CwusrCwlibCwgrubCwx86_64-efi" "Mozilla/5.0 AppleWebKit/537.36 (KHTML, like Gecko; compatible; GPTBot/1.4; +https://openai.com/gptbot)"
74.7.243.214 - - [13/Jun/2026:14:34:18 +0200] "GET /wp.php?dir=CwusrCwlibCwgrubCwx86_64-efi&edit=png.mod HTTP/1.1" 200 9126 "http://momotimes.therahuldas.com/wp.php?dir=CwusrCwlibCwgrubCwx86_64-efi" "Mozilla/5.0 AppleWebKit/537.36 (KHTML, like Gecko; compatible; GPTBot/1.4; +https://openai.com/gptbot)"
74.7.243.214 - - [13/Jun/2026:14:34:19 +0200] "GET /wp.php?dir=CwusrCwlibCwgrubCwx86_64-efi&view=gcry_dsa.mod HTTP/1.1" 200 1918 "http://momotimes.therahuldas.com/wp.php?dir=CwusrCwlibCwgrubCwx86_64-efi" "Mozilla/5.0 AppleWebKit/537.36 (KHTML, like Gecko; compatible; GPTBot/1.4; +https://openai.com/gptbot)"
74.7.243.214 - - [13/Jun/2026:14:34:20 +0200] "GET /wp.php?dir=CwusrCwlibCwgrubCwx86_64-efi&view=ctz_test.mod HTTP/1.1" 200 1021 "http://momotimes.therahuldas.com/wp.php?dir=CwusrCwlibCwgrubCwx86_64-efi" "Mozilla/5.0 AppleWebKit/537.36 (KHTML, like Gecko; compatible; GPTBot/1.4; +https://openai.com/gptbot)"
65.21.228.101 - - [13/Jun/2026:14:34:21 +0200] "GET /wp-content/plugins/modeltheme-framework/inc/demo-importer/demo-data/barlog1.json HTTP/1.1" 200 128 "-" "WordPress/7.0; https://momotimes.therahuldas.com"
74.7.243.214 - - [13/Jun/2026:14:34:21 +0200] "GET /wp.php?dir=CwusrCwlibCwgrubCwx86_64-efi&edit=halt.mod HTTP/1.1" 200 6521 "http://momotimes.therahuldas.com/wp.php?dir=CwusrCwlibCwgrubCwx86_64-efi" "Mozilla/5.0 AppleWebKit/537.36 (KHTML, like Gecko; compatible; GPTBot/1.4; +https://openai.com/gptbot)"
74.7.243.214 - - [13/Jun/2026:14:34:21 +0200] "GET /wp.php?dir=CwusrCwlibCwgrubCwx86_64-efi&edit=aout.mod HTTP/1.1" 200 4485 "http://momotimes.therahuldas.com/wp.php?dir=CwusrCwlibCwgrubCwx86_64-efi" "Mozilla/5.0 AppleWebKit/537.36 (KHTML, like Gecko; compatible; GPTBot/1.4; +https://openai.com/gptbot)"
65.21.228.101 - - [13/Jun/2026:14:34:22 +0200] "GET /wp-content/plugins/modeltheme-framework/inc/demo-importer/demo-data/barlog1.json HTTP/1.1" 200 128 "-" "WordPress/7.0; https://momotimes.therahuldas.com"
74.7.243.214 - - [13/Jun/2026:14:34:22 +0200] "GET /wp.php?dir=CwusrCwlibCwgrubCwx86_64-efi&edit=echo.mod HTTP/1.1" 200 5023 "http://momotimes.therahuldas.com/wp.php?dir=CwusrCwlibCwgrubCwx86_64-efi" "Mozilla/5.0 AppleWebKit/537.36 (KHTML, like Gecko; compatible; GPTBot/1.4; +https://openai.com/gptbot)"
74.7.243.214 - - [13/Jun/2026:14:34:23 +0200] "GET /wp.php?dir=CwusrCwlibCwgrubCwx86_64-efi&edit=affs.mod HTTP/1.1" 200 7412 "http://momotimes.therahuldas.com/wp.php?dir=CwusrCwlibCwgrubCwx86_64-efi" "Mozilla/5.0 AppleWebKit/537.36 (KHTML, like Gecko; compatible; GPTBot/1.4; +https://openai.com/gptbot)"
74.7.243.214 - - [13/Jun/2026:14:34:24 +0200] "GET /wp.php?dir=CwusrCwlibCwgrubCwx86_64-efi&edit=cbls.mod HTTP/1.1" 200 5414 "http://momotimes.therahuldas.com/wp.php?dir=CwusrCwlibCwgrubCwx86_64-efi" "Mozilla/5.0 AppleWebKit/537.36 (KHTML, like Gecko; compatible; GPTBot/1.4; +https://openai.com/gptbot)"
74.7.243.214 - - [13/Jun/2026:14:34:24 +0200] "GET /wp.php?dir=CwusrCwlibCwgrubCwx86_64-efi&edit=font.mod HTTP/1.1" 200 12552 "http://momotimes.therahuldas.com/wp.php?dir=CwusrCwlibCwgrubCwx86_64-efi" "Mozilla/5.0 AppleWebKit/537.36 (KHTML, like Gecko; compatible; GPTBot/1.4; +https://openai.com/gptbot)"
74.7.243.214 - - [13/Jun/2026:14:34:25 +0200] "GET /wp.php?dir=CwusrCwlibCwgrubCwx86_64-efi&edit=newc.mod HTTP/1.1" 200 5982 "http://momotimes.therahuldas.com/wp.php?dir=CwusrCwlibCwgrubCwx86_64-efi" "Mozilla/5.0 AppleWebKit/537.36 (KHTML, like Gecko; compatible; GPTBot/1.4; +https://openai.com/gptbot)"
65.21.228.101 - - [13/Jun/2026:14:34:26 +0200] "GET /wp-content/plugins/modeltheme-framework/inc/demo-importer/demo-data/barlog1.json HTTP/1.1" 200 128 "-" "WordPress/7.0; https://momotimes.therahuldas.com"
74.7.243.214 - - [13/Jun/2026:14:34:26 +0200] "GET /wp.php?dir=CwusrCwlibCwgrubCwx86_64-efi&edit=eval.mod HTTP/1.1" 200 4715 "http://momotimes.therahuldas.com/wp.php?dir=CwusrCwlibCwgrubCwx86_64-efi" "Mozilla/5.0 AppleWebKit/537.36 (KHTML, like Gecko; compatible; GPTBot/1.4; +https://openai.com/gptbot)"
74.7.243.214 - - [13/Jun/2026:14:34:27 +0200] "GET /wp.php?dir=CwusrCwlibCwgrubCwx86_64-efi&edit=config.h HTTP/1.1" 200 6096 "http://momotimes.therahuldas.com/wp.php?dir=CwusrCwlibCwgrubCwx86_64-efi" "Mozilla/5.0 AppleWebKit/537.36 (KHTML, like Gecko; compatible; GPTBot/1.4; +https://openai.com/gptbot)"
65.21.228.101 - - [13/Jun/2026:14:34:27 +0200] "GET /wp-content/plugins/modeltheme-framework/inc/demo-importer/demo-data/barlog1.json HTTP/1.1" 200 128 "-" "WordPress/7.0; https://momotimes.therahuldas.com"
74.7.243.214 - - [13/Jun/2026:14:34:27 +0200] "GET /wp.php?dir=CwusrCwlibCwgrubCwx86_64-efi&edit=luks.mod HTTP/1.1" 200 6387 "http://momotimes.therahuldas.com/wp.php?dir=CwusrCwlibCwgrubCwx86_64-efi" "Mozilla/5.0 AppleWebKit/537.36 (KHTML, like Gecko; compatible; GPTBot/1.4; +https://openai.com/gptbot)"
74.7.243.214 - - [13/Jun/2026:14:34:28 +0200] "GET /wp.php?dir=CwusrCwlibCwgrubCwx86_64-efi&edit=ntfs.mod HTTP/1.1" 200 11818 "http://momotimes.therahuldas.com/wp.php?dir=CwusrCwlibCwgrubCwx86_64-efi" "Mozilla/5.0 AppleWebKit/537.36 (KHTML, like Gecko; compatible; GPTBot/1.4; +https://openai.com/gptbot)"
65.21.228.101 - - [13/Jun/2026:14:34:29 +0200] "GET /wp-content/plugins/modeltheme-framework/inc/demo-importer/demo-data/barlog1.json HTTP/1.1" 200 128 "-" "WordPress/7.0; https://momotimes.therahuldas.com"
74.7.243.214 - - [13/Jun/2026:14:34:29 +0200] "GET /wp.php?dir=CwusrCwlibCwgrubCwx86_64-efi&edit=pata.mod HTTP/1.1" 200 7390 "http://momotimes.therahuldas.com/wp.php?dir=CwusrCwlibCwgrubCwx86_64-efi" "Mozilla/5.0 AppleWebKit/537.36 (KHTML, like Gecko; compatible; GPTBot/1.4; +https://openai.com/gptbot)"
74.7.243.214 - - [13/Jun/2026:14:34:29 +0200] "GET /wp.php?dir=CwusrCwlibCwgrubCwx86_64-efi&edit=zstd.mod HTTP/1.1" 200 42072 "http://momotimes.therahuldas.com/wp.php?dir=CwusrCwlibCwgrubCwx86_64-efi" "Mozilla/5.0 AppleWebKit/537.36 (KHTML, like Gecko; compatible; GPTBot/1.4; +https://openai.com/gptbot)"
74.7.243.214 - - [13/Jun/2026:14:34:31 +0200] "GET /wp.php?dir=CwusrCwlibCwgrubCwx86_64-efi&edit=acpi.mod HTTP/1.1" 200 9355 "http://momotimes.therahuldas.com/wp.php?dir=CwusrCwlibCwgrubCwx86_64-efi" "Mozilla/5.0 AppleWebKit/537.36 (KHTML, like Gecko; compatible; GPTBot/1.4; +https://openai.com/gptbot)"
74.7.243.214 - - [13/Jun/2026:14:34:31 +0200] "GET /wp.php?dir=CwusrCwlibCwgrubCwx86_64-efi&edit=ahci.mod HTTP/1.1" 200 10981 "http://momotimes.therahuldas.com/wp.php?dir=CwusrCwlibCwgrubCwx86_64-efi" "Mozilla/5.0 AppleWebKit/537.36 (KHTML, like Gecko; compatible; GPTBot/1.4; +https://openai.com/gptbot)"
74.7.243.214 - - [13/Jun/2026:14:34:32 +0200] "GET /wp.php?dir=CwusrCwlibCwgrubCwx86_64-efi&edit=cbfs.mod HTTP/1.1" 200 6229 "http://momotimes.therahuldas.com/wp.php?dir=CwusrCwlibCwgrubCwx86_64-efi" "Mozilla/5.0 AppleWebKit/537.36 (KHTML, like Gecko; compatible; GPTBot/1.4; +https://openai.com/gptbot)"
74.7.243.214 - - [13/Jun/2026:14:34:33 +0200] "GET /wp.php?dir=CwusrCwlibCwgrubCwx86_64-efi&edit=play.mod HTTP/1.1" 200 5611 "http://momotimes.therahuldas.com/wp.php?dir=CwusrCwlibCwgrubCwx86_64-efi" "Mozilla/5.0 AppleWebKit/537.36 (KHTML, like Gecko; compatible; GPTBot/1.4; +https://openai.com/gptbot)"
74.7.243.214 - - [13/Jun/2026:14:34:34 +0200] "GET /wp.php?dir=CwusrCwlibCwgrubCwx86_64-efi&edit=test_asn1.mod HTTP/1.1" 200 9980 "http://momotimes.therahuldas.com/wp.php?dir=CwusrCwlibCwgrubCwx86_64-efi" "Mozilla/5.0 AppleWebKit/537.36 (KHTML, like Gecko; compatible; GPTBot/1.4; +https://openai.com/gptbot)"
65.21.228.101 - - [13/Jun/2026:14:34:34 +0200] "GET /wp-content/plugins/modeltheme-framework/inc/demo-importer/demo-data/barlog1.json HTTP/1.1" 200 128 "-" "WordPress/7.0; https://momotimes.therahuldas.com"
74.7.243.214 - - [13/Jun/2026:14:34:34 +0200] "GET /wp.php?dir=CwusrCwlibCwgrubCwx86_64-efi&edit=gcry_dsa.mod HTTP/1.1" 200 5672 "http://momotimes.therahuldas.com/wp.php?dir=CwusrCwlibCwgrubCwx86_64-efi" "Mozilla/5.0 AppleWebKit/537.36 (KHTML, like Gecko; compatible; GPTBot/1.4; +https://openai.com/gptbot)"
74.7.243.214 - - [13/Jun/2026:14:34:35 +0200] "GET /wp.php?dir=CwusrCwlibCwgrubCwx86_64-efi&view=dm_nv.mod HTTP/1.1" 200 1185 "http://momotimes.therahuldas.com/wp.php?dir=CwusrCwlibCwgrubCwx86_64-efi" "Mozilla/5.0 AppleWebKit/537.36 (KHTML, like Gecko; compatible; GPTBot/1.4; +https://openai.com/gptbot)"
65.21.228.101 - - [13/Jun/2026:14:34:36 +0200] "GET /wp-content/plugins/modeltheme-framework/inc/demo-importer/demo-data/barlog1.json HTTP/1.1" 200 128 "-" "WordPress/7.0; https://momotimes.therahuldas.com"
74.7.243.214 - - [13/Jun/2026:14:34:36 +0200] "GET /wp.php?dir=CwusrCwlibCwgrubCwx86_64-efi&view=luks2.mod HTTP/1.1" 200 8144 "http://momotimes.therahuldas.com/wp.php?dir=CwusrCwlibCwgrubCwx86_64-efi" "Mozilla/5.0 AppleWebKit/537.36 (KHTML, like Gecko; compatible; GPTBot/1.4; +https://openai.com/gptbot)"
74.7.243.214 - - [13/Jun/2026:14:34:37 +0200] "GET /wp.php?dir=CwusrCwlibCwgrubCwx86_64-efi&edit=ls.mod HTTP/1.1" 200 5986 "http://momotimes.therahuldas.com/wp.php?dir=CwusrCwlibCwgrubCwx86_64-efi" "Mozilla/5.0 AppleWebKit/537.36 (KHTML, like Gecko; compatible; GPTBot/1.4; +https://openai.com/gptbot)"
74.7.243.214 - - [13/Jun/2026:14:34:37 +0200] "GET /wp.php?dir=CwusrCwlibCwgrubCwx86_64-efi&view=syslinuxcfg.mod HTTP/1.1" 200 10431 "http://momotimes.therahuldas.com/wp.php?dir=CwusrCwlibCwgrubCwx86_64-efi" "Mozilla/5.0 AppleWebKit/537.36 (KHTML, like Gecko; compatible; GPTBot/1.4; +https://openai.com/gptbot)"
74.7.243.214 - - [13/Jun/2026:14:34:38 +0200] "GET /wp.php?dir=CwusrCwlibCwgrubCwx86_64-efi&view=ufs2.mod HTTP/1.1" 200 3581 "http://momotimes.therahuldas.com/wp.php?dir=CwusrCwlibCwgrubCwx86_64-efi" "Mozilla/5.0 AppleWebKit/537.36 (KHTML, like Gecko; compatible; GPTBot/1.4; +https://openai.com/gptbot)"
74.7.243.214 - - [13/Jun/2026:14:34:39 +0200] "GET /wp.php?dir=CwusrCwlibCwgrubCwx86_64-efi&view=ufs1.mod HTTP/1.1" 200 3612 "http://momotimes.therahuldas.com/wp.php?dir=CwusrCwlibCwgrubCwx86_64-efi" "Mozilla/5.0 AppleWebKit/537.36 (KHTML, like Gecko; compatible; GPTBot/1.4; +https://openai.com/gptbot)"
74.7.243.214 - - [13/Jun/2026:14:34:40 +0200] "GET /wp.php?dir=CwusrCwlibCwgrubCwx86_64-efi&view=f2fs.mod HTTP/1.1" 200 5622 "http://momotimes.therahuldas.com/wp.php?dir=CwusrCwlibCwgrubCwx86_64-efi" "Mozilla/5.0 AppleWebKit/537.36 (KHTML, like Gecko; compatible; GPTBot/1.4; +https://openai.com/gptbot)"
74.7.243.214 - - [13/Jun/2026:14:34:40 +0200] "GET /wp.php?dir=CwusrCwlibCwgrubCwx86_64-efi&edit=video.mod HTTP/1.1" 200 7290 "http://momotimes.therahuldas.com/wp.php?dir=CwusrCwlibCwgrubCwx86_64-efi" "Mozilla/5.0 AppleWebKit/537.36 (KHTML, like Gecko; compatible; GPTBot/1.4; +https://openai.com/gptbot)"
74.7.243.214 - - [13/Jun/2026:14:34:41 +0200] "GET /wp.php?dir=CwusrCwlibCwgrubCwx86_64-efi&view=macho.mod HTTP/1.1" 200 4676 "http://momotimes.therahuldas.com/wp.php?dir=CwusrCwlibCwgrubCwx86_64-efi" "Mozilla/5.0 AppleWebKit/537.36 (KHTML, like Gecko; compatible; GPTBot/1.4; +https://openai.com/gptbot)"
74.7.243.214 - - [13/Jun/2026:14:34:42 +0200] "GET /wp.php?dir=CwusrCwlibCwgrubCwx86_64-efi&view=exfat.mod HTTP/1.1" 200 4589 "http://momotimes.therahuldas.com/wp.php?dir=CwusrCwlibCwgrubCwx86_64-efi" "Mozilla/5.0 AppleWebKit/537.36 (KHTML, like Gecko; compatible; GPTBot/1.4; +https://openai.com/gptbot)"
74.7.243.214 - - [13/Jun/2026:14:34:43 +0200] "GET /wp.php?dir=CwusrCwlibCwgrubCwx86_64-efi&view=chain.mod HTTP/1.1" 200 8065 "http://momotimes.therahuldas.com/wp.php?dir=CwusrCwlibCwgrubCwx86_64-efi" "Mozilla/5.0 AppleWebKit/537.36 (KHTML, like Gecko; compatible; GPTBot/1.4; +https://openai.com/gptbot)"
74.7.243.214 - - [13/Jun/2026:14:34:44 +0200] "GET /wp.php?dir=CwusrCwlibCwgrubCwx86_64-efi&view=crc64.mod HTTP/1.1" 200 937 "http://momotimes.therahuldas.com/wp.php?dir=CwusrCwlibCwgrubCwx86_64-efi" "Mozilla/5.0 AppleWebKit/537.36 (KHTML, like Gecko; compatible; GPTBot/1.4; +https://openai.com/gptbot)"
74.7.243.214 - - [13/Jun/2026:14:34:44 +0200] "GET /wp.php?dir=CwusrCwlibCwgrubCwx86_64-efi&edit=gcry_sm4.mod HTTP/1.1" 200 8962 "http://momotimes.therahuldas.com/wp.php?dir=CwusrCwlibCwgrubCwx86_64-efi" "Mozilla/5.0 AppleWebKit/537.36 (KHTML, like Gecko; compatible; GPTBot/1.4; +https://openai.com/gptbot)"
74.7.243.214 - - [13/Jun/2026:14:34:45 +0200] "GET /wp.php?dir=CwusrCwlibCwgrubCwx86_64-efi&view=json.mod HTTP/1.1" 200 2753 "http://momotimes.therahuldas.com/wp.php?dir=CwusrCwlibCwgrubCwx86_64-efi" "Mozilla/5.0 AppleWebKit/537.36 (KHTML, like Gecko; compatible; GPTBot/1.4; +https://openai.com/gptbot)"
74.7.243.214 - - [13/Jun/2026:14:34:46 +0200] "GET /wp.php?dir=CwusrCwlibCwgrubCwx86_64-efi&view=cbls.mod HTTP/1.1" 200 1590 "http://momotimes.therahuldas.com/wp.php?dir=CwusrCwlibCwgrubCwx86_64-efi" "Mozilla/5.0 AppleWebKit/537.36 (KHTML, like Gecko; compatible; GPTBot/1.4; +https://openai.com/gptbot)"
74.7.243.214 - - [13/Jun/2026:14:34:47 +0200] "GET /wp.php?dir=CwusrCwlibCwgrubCwx86_64-efi&view=test.mod HTTP/1.1" 200 3057 "http://momotimes.therahuldas.com/wp.php?dir=CwusrCwlibCwgrubCwx86_64-efi" "Mozilla/5.0 AppleWebKit/537.36 (KHTML, like Gecko; compatible; GPTBot/1.4; +https://openai.com/gptbot)"
74.7.243.214 - - [13/Jun/2026:14:34:48 +0200] "GET /wp.php?dir=CwusrCwlibCwgrubCwx86_64-efi&view=mmap.mod HTTP/1.1" 200 4199 "http://momotimes.therahuldas.com/wp.php?dir=CwusrCwlibCwgrubCwx86_64-efi" "Mozilla/5.0 AppleWebKit/537.36 (KHTML, like Gecko; compatible; GPTBot/1.4; +https://openai.com/gptbot)"
65.21.228.101 - - [13/Jun/2026:14:34:48 +0200] "GET /wp-content/plugins/modeltheme-framework/inc/demo-importer/demo-data/barlog1.json HTTP/1.1" 200 128 "-" "WordPress/7.0; https://momotimes.therahuldas.com"
74.7.243.214 - - [13/Jun/2026:14:34:48 +0200] "GET /wp.php?dir=CwusrCwlibCwgrubCwx86_64-efi&view=gzio.mod HTTP/1.1" 200 6203 "http://momotimes.therahuldas.com/wp.php?dir=CwusrCwlibCwgrubCwx86_64-efi" "Mozilla/5.0 AppleWebKit/537.36 (KHTML, like Gecko; compatible; GPTBot/1.4; +https://openai.com/gptbot)"
74.7.243.214 - - [13/Jun/2026:14:34:49 +0200] "GET /wp.php?dir=CwusrCwlibCwgrubCwx86_64-efi&view=cbfs.mod HTTP/1.1" 200 2447 "http://momotimes.therahuldas.com/wp.php?dir=CwusrCwlibCwgrubCwx86_64-efi" "Mozilla/5.0 AppleWebKit/537.36 (KHTML, like Gecko; compatible; GPTBot/1.4; +https://openai.com/gptbot)"
74.7.243.214 - - [13/Jun/2026:14:34:50 +0200] "GET /wp.php?dir=CwusrCwlibCwgrubCwx86_64-efi&view=luks.mod HTTP/1.1" 200 2557 "http://momotimes.therahuldas.com/wp.php?dir=CwusrCwlibCwgrubCwx86_64-efi" "Mozilla/5.0 AppleWebKit/537.36 (KHTML, like Gecko; compatible; GPTBot/1.4; +https://openai.com/gptbot)"
65.21.228.101 - - [13/Jun/2026:14:34:51 +0200] "GET /wp-content/plugins/modeltheme-framework/inc/demo-importer/demo-data/barlog1.json HTTP/1.1" 200 128 "-" "WordPress/7.0; https://momotimes.therahuldas.com"
65.21.228.101 - - [13/Jun/2026:14:32:29 +0200] "GET /wp-content/plugins/modeltheme-framework/inc/demo-importer/demo-data/barlog1.json HTTP/1.1" 200 128 "-" "WordPress/7.0; https://momotimes.therahuldas.com"
65.21.228.101 - - [13/Jun/2026:14:32:40 +0200] "GET /wp-content/plugins/modeltheme-framework/inc/demo-importer/demo-data/barlog1.json HTTP/1.1" 200 128 "-" "WordPress/7.0; https://momotimes.therahuldas.com"
65.21.228.101 - - [13/Jun/2026:14:32:42 +0200] "GET /wp-content/plugins/modeltheme-framework/inc/demo-importer/demo-data/barlog1.json HTTP/1.1" 200 128 "-" "WordPress/7.0; https://momotimes.therahuldas.com"
65.21.228.101 - - [13/Jun/2026:14:32:54 +0200] "GET /wp-content/plugins/modeltheme-framework/inc/demo-importer/demo-data/barlog1.json HTTP/1.1" 200 128 "-" "WordPress/7.0; https://momotimes.therahuldas.com"
65.21.228.101 - - [13/Jun/2026:14:33:06 +0200] "GET /wp-content/plugins/modeltheme-framework/inc/demo-importer/demo-data/barlog1.json HTTP/1.1" 200 128 "-" "WordPress/7.0; https://momotimes.therahuldas.com"
65.21.228.101 - - [13/Jun/2026:14:33:12 +0200] "GET /wp-content/plugins/modeltheme-framework/inc/demo-importer/demo-data/barlog1.json HTTP/1.1" 200 128 "-" "WordPress/7.0; https://momotimes.therahuldas.com"
65.21.228.101 - - [13/Jun/2026:14:33:22 +0200] "GET /wp-content/plugins/modeltheme-framework/inc/demo-importer/demo-data/barlog1.json HTTP/1.1" 200 128 "-" "WordPress/7.0; https://momotimes.therahuldas.com"
65.21.228.101 - - [13/Jun/2026:14:33:34 +0200] "GET /wp-content/plugins/modeltheme-framework/inc/demo-importer/demo-data/barlog1.json HTTP/1.1" 200 128 "-" "WordPress/7.0; https://momotimes.therahuldas.com"
65.21.228.101 - - [13/Jun/2026:14:33:42 +0200] "GET /wp-content/plugins/modeltheme-framework/inc/demo-importer/demo-data/barlog1.json HTTP/1.1" 200 128 "-" "WordPress/7.0; https://momotimes.therahuldas.com"
65.21.228.101 - - [13/Jun/2026:14:33:47 +0200] "GET /wp-content/plugins/modeltheme-framework/inc/demo-importer/demo-data/barlog1.json HTTP/1.1" 200 128 "-" "WordPress/7.0; https://momotimes.therahuldas.com"
65.21.228.101 - - [13/Jun/2026:14:34:05 +0200] "GET /wp-content/plugins/modeltheme-framework/inc/demo-importer/demo-data/barlog1.json HTTP/1.1" 200 128 "-" "WordPress/7.0; https://momotimes.therahuldas.com"
65.21.228.101 - - [13/Jun/2026:14:34:11 +0200] "GET /wp-content/plugins/modeltheme-framework/inc/demo-importer/demo-data/barlog1.json HTTP/1.1" 200 128 "-" "WordPress/7.0; https://momotimes.therahuldas.com"
65.21.228.101 - - [13/Jun/2026:14:34:12 +0200] "GET /wp-content/plugins/modeltheme-framework/inc/demo-importer/demo-data/barlog1.json HTTP/1.1" 200 128 "-" "WordPress/7.0; https://momotimes.therahuldas.com"
65.21.228.101 - - [13/Jun/2026:14:34:14 +0200] "GET /wp-content/plugins/modeltheme-framework/inc/demo-importer/demo-data/barlog1.json HTTP/1.1" 200 128 "-" "WordPress/7.0; https://momotimes.therahuldas.com"
65.21.228.101 - - [13/Jun/2026:14:34:20 +0200] "GET /wp-content/plugins/modeltheme-framework/inc/demo-importer/demo-data/barlog1.json HTTP/1.1" 200 128 "-" "WordPress/7.0; https://momotimes.therahuldas.com"
65.21.228.101 - - [13/Jun/2026:14:34:27 +0200] "GET /wp-content/plugins/modeltheme-framework/inc/demo-importer/demo-data/barlog1.json HTTP/1.1" 200 128 "-" "WordPress/7.0; https://momotimes.therahuldas.com"
65.21.228.101 - - [13/Jun/2026:14:34:37 +0200] "GET /wp-content/plugins/modeltheme-framework/inc/demo-importer/demo-data/barlog1.json HTTP/1.1" 200 128 "-" "WordPress/7.0; https://momotimes.therahuldas.com"
65.21.228.101 - - [13/Jun/2026:14:34:46 +0200] "GET /wp-content/plugins/modeltheme-framework/inc/demo-importer/demo-data/barlog1.json HTTP/1.1" 200 128 "-" "WordPress/7.0; https://momotimes.therahuldas.com"
65.21.228.101 - - [13/Jun/2026:14:34:49 +0200] "GET /wp-content/plugins/modeltheme-framework/inc/demo-importer/demo-data/barlog1.json HTTP/1.1" 200 128 "-" "WordPress/7.0; https://momotimes.therahuldas.com"
74.7.243.214 - - [13/Jun/2026:14:34:50 +0200] "GET /wp.php?dir=CwusrCwlibCwgrubCwx86_64-efi&view=ohci.mod HTTP/1.1" 200 6707 "http://momotimes.therahuldas.com/wp.php?dir=CwusrCwlibCwgrubCwx86_64-efi" "Mozilla/5.0 AppleWebKit/537.36 (KHTML, like Gecko; compatible; GPTBot/1.4; +https://openai.com/gptbot)"
74.7.243.214 - - [13/Jun/2026:14:34:51 +0200] "GET /wp.php?dir=CwusrCwlibCwgrubCwx86_64-efi&view=acpi.mod HTTP/1.1" 200 5728 "http://momotimes.therahuldas.com/wp.php?dir=CwusrCwlibCwgrubCwx86_64-efi" "Mozilla/5.0 AppleWebKit/537.36 (KHTML, like Gecko; compatible; GPTBot/1.4; +https://openai.com/gptbot)"
65.21.228.101 - - [13/Jun/2026:14:34:52 +0200] "GET /wp-content/plugins/modeltheme-framework/inc/demo-importer/demo-data/barlog1.json HTTP/1.1" 200 128 "-" "WordPress/7.0; https://momotimes.therahuldas.com"
74.7.243.214 - - [13/Jun/2026:14:34:52 +0200] "GET /wp.php?dir=CwusrCwlibCwgrubCwx86_64-efi&view=config.h HTTP/1.1" 200 2189 "http://momotimes.therahuldas.com/wp.php?dir=CwusrCwlibCwgrubCwx86_64-efi" "Mozilla/5.0 AppleWebKit/537.36 (KHTML, like Gecko; compatible; GPTBot/1.4; +https://openai.com/gptbot)"
74.7.243.214 - - [13/Jun/2026:14:34:53 +0200] "GET /wp.php?dir=CwusrCwlibCwgrubCwx86_64-efi&view=http.mod HTTP/1.1" 200 3916 "http://momotimes.therahuldas.com/wp.php?dir=CwusrCwlibCwgrubCwx86_64-efi" "Mozilla/5.0 AppleWebKit/537.36 (KHTML, like Gecko; compatible; GPTBot/1.4; +https://openai.com/gptbot)"
74.7.243.214 - - [13/Jun/2026:14:34:53 +0200] "GET /wp.php?dir=CwusrCwlibCwgrubCwx86_64-efi&view=xzio.mod HTTP/1.1" 200 11065 "http://momotimes.therahuldas.com/wp.php?dir=CwusrCwlibCwgrubCwx86_64-efi" "Mozilla/5.0 AppleWebKit/537.36 (KHTML, like Gecko; compatible; GPTBot/1.4; +https://openai.com/gptbot)"
74.7.243.214 - - [13/Jun/2026:14:34:54 +0200] "GET /wp.php?dir=CwusrCwlibCwgrubCwx86_64-efi&view=affs.mod HTTP/1.1" 200 3776 "http://momotimes.therahuldas.com/wp.php?dir=CwusrCwlibCwgrubCwx86_64-efi" "Mozilla/5.0 AppleWebKit/537.36 (KHTML, like Gecko; compatible; GPTBot/1.4; +https://openai.com/gptbot)"
74.7.243.214 - - [13/Jun/2026:14:34:55 +0200] "GET /wp.php?dir=CwusrCwlibCwgrubCwx86_64-efi&view=tftp.mod HTTP/1.1" 200 3227 "http://momotimes.therahuldas.com/wp.php?dir=CwusrCwlibCwgrubCwx86_64-efi" "Mozilla/5.0 AppleWebKit/537.36 (KHTML, like Gecko; compatible; GPTBot/1.4; +https://openai.com/gptbot)"
74.7.243.214 - - [13/Jun/2026:14:34:56 +0200] "GET /wp.php?dir=CwusrCwlibCwgrubCwx86_64-efi&view=jpeg.mod HTTP/1.1" 200 5500 "http://momotimes.therahuldas.com/wp.php?dir=CwusrCwlibCwgrubCwx86_64-efi" "Mozilla/5.0 AppleWebKit/537.36 (KHTML, like Gecko; compatible; GPTBot/1.4; +https://openai.com/gptbot)"
74.7.243.214 - - [13/Jun/2026:14:34:56 +0200] "GET /wp.php?dir=CwusrCwlibCwgrubCwx86_64-efi&view=eval.mod HTTP/1.1" 200 866 "http://momotimes.therahuldas.com/wp.php?dir=CwusrCwlibCwgrubCwx86_64-efi" "Mozilla/5.0 AppleWebKit/537.36 (KHTML, like Gecko; compatible; GPTBot/1.4; +https://openai.com/gptbot)"
74.7.243.214 - - [13/Jun/2026:14:34:57 +0200] "GET /wp.php?dir=CwusrCwlibCwgrubCwx86_64-efi&view=boot.mod HTTP/1.1" 200 1435 "http://momotimes.therahuldas.com/wp.php?dir=CwusrCwlibCwgrubCwx86_64-efi" "Mozilla/5.0 AppleWebKit/537.36 (KHTML, like Gecko; compatible; GPTBot/1.4; +https://openai.com/gptbot)"
74.7.243.214 - - [13/Jun/2026:14:34:58 +0200] "GET /wp.php?dir=CwusrCwlibCwgrubCwx86_64-efi&view=echo.mod HTTP/1.1" 200 1179 "http://momotimes.therahuldas.com/wp.php?dir=CwusrCwlibCwgrubCwx86_64-efi" "Mozilla/5.0 AppleWebKit/537.36 (KHTML, like Gecko; compatible; GPTBot/1.4; +https://openai.com/gptbot)"
74.7.243.214 - - [13/Jun/2026:14:34:59 +0200] "GET /wp.php?dir=CwusrCwlibCwgrubCwx86_64-efi&view=gcry_md4.mod HTTP/1.1" 200 1956 "http://momotimes.therahuldas.com/wp.php?dir=CwusrCwlibCwgrubCwx86_64-efi" "Mozilla/5.0 AppleWebKit/537.36 (KHTML, like Gecko; compatible; GPTBot/1.4; +https://openai.com/gptbot)"
74.7.243.214 - - [13/Jun/2026:14:34:59 +0200] "GET /wp.php?dir=CwusrCwlibCwgrubCwx86_64-efi&view=gcry_sm4.mod HTTP/1.1" 200 5700 "http://momotimes.therahuldas.com/wp.php?dir=CwusrCwlibCwgrubCwx86_64-efi" "Mozilla/5.0 AppleWebKit/537.36 (KHTML, like Gecko; compatible; GPTBot/1.4; +https://openai.com/gptbot)"
74.7.243.214 - - [13/Jun/2026:14:35:00 +0200] "GET /wp.php?dir=CwusrCwlibCwgrubCwx86_64-efi&view=lssal.mod HTTP/1.1" 200 1690 "http://momotimes.therahuldas.com/wp.php?dir=CwusrCwlibCwgrubCwx86_64-efi" "Mozilla/5.0 AppleWebKit/537.36 (KHTML, like Gecko; compatible; GPTBot/1.4; +https://openai.com/gptbot)"
74.7.243.214 - - [13/Jun/2026:14:35:01 +0200] "GET /wp.php?dir=CwusrCwlibCwgrubCwx86_64-efi&view=btrfs.mod HTTP/1.1" 200 16954 "http://momotimes.therahuldas.com/wp.php?dir=CwusrCwlibCwgrubCwx86_64-efi" "Mozilla/5.0 AppleWebKit/537.36 (KHTML, like Gecko; compatible; GPTBot/1.4; +https://openai.com/gptbot)"
65.21.228.101 - - [13/Jun/2026:14:35:02 +0200] "GET /wp-content/plugins/modeltheme-framework/inc/demo-importer/demo-data/barlog1.json HTTP/1.1" 200 128 "-" "WordPress/7.0; https://momotimes.therahuldas.com"
74.7.243.214 - - [13/Jun/2026:14:35:02 +0200] "GET /wp.php?dir=CwusrCwlibCwgrubCwx86_64-efi&view=linux.mod HTTP/1.1" 200 8673 "http://momotimes.therahuldas.com/wp.php?dir=CwusrCwlibCwgrubCwx86_64-efi" "Mozilla/5.0 AppleWebKit/537.36 (KHTML, like Gecko; compatible; GPTBot/1.4; +https://openai.com/gptbot)"
74.7.243.214 - - [13/Jun/2026:14:35:02 +0200] "GET /wp.php?dir=CwusrCwlibCwgrubCwx86_64-efi&edit=dm_nv.mod HTTP/1.1" 200 5016 "http://momotimes.therahuldas.com/wp.php?dir=CwusrCwlibCwgrubCwx86_64-efi" "Mozilla/5.0 AppleWebKit/537.36 (KHTML, like Gecko; compatible; GPTBot/1.4; +https://openai.com/gptbot)"
74.7.243.214 - - [13/Jun/2026:14:35:03 +0200] "GET /wp.php?dir=CwusrCwlibCwgrubCwx86_64-efi&view=ldm.mod HTTP/1.1" 200 4470 "http://momotimes.therahuldas.com/wp.php?dir=CwusrCwlibCwgrubCwx86_64-efi" "Mozilla/5.0 AppleWebKit/537.36 (KHTML, like Gecko; compatible; GPTBot/1.4; +https://openai.com/gptbot)"
65.21.228.101 - - [13/Jun/2026:14:35:04 +0200] "GET /wp-content/plugins/modeltheme-framework/inc/demo-importer/demo-data/barlog1.json HTTP/1.1" 200 128 "-" "WordPress/7.0; https://momotimes.therahuldas.com"
74.7.243.214 - - [13/Jun/2026:14:35:04 +0200] "GET /wp.php?dir=CwusrCwlibCwgrubCwx86_64-efi&view=xfs.mod HTTP/1.1" 200 6225 "http://momotimes.therahuldas.com/wp.php?dir=CwusrCwlibCwgrubCwx86_64-efi" "Mozilla/5.0 AppleWebKit/537.36 (KHTML, like Gecko; compatible; GPTBot/1.4; +https://openai.com/gptbot)"
74.7.243.214 - - [13/Jun/2026:14:35:05 +0200] "GET /wp.php?dir=CwusrCwlibCwgrubCwx86_64-efi&view=elf.mod HTTP/1.1" 200 2552 "http://momotimes.therahuldas.com/wp.php?dir=CwusrCwlibCwgrubCwx86_64-efi" "Mozilla/5.0 AppleWebKit/537.36 (KHTML, like Gecko; compatible; GPTBot/1.4; +https://openai.com/gptbot)"
74.7.243.214 - - [13/Jun/2026:14:35:06 +0200] "GET /wp.php?dir=CwusrCwlibCwgrubCwx86_64-efi&view=bfs.mod HTTP/1.1" 200 4946 "http://momotimes.therahuldas.com/wp.php?dir=CwusrCwlibCwgrubCwx86_64-efi" "Mozilla/5.0 AppleWebKit/537.36 (KHTML, like Gecko; compatible; GPTBot/1.4; +https://openai.com/gptbot)"
74.7.243.214 - - [13/Jun/2026:14:35:06 +0200] "GET /wp.php?dir=CwusrCwlibCwgrubCwx86_64-efi&view=lvm.mod HTTP/1.1" 200 5298 "http://momotimes.therahuldas.com/wp.php?dir=CwusrCwlibCwgrubCwx86_64-efi" "Mozilla/5.0 AppleWebKit/537.36 (KHTML, like Gecko; compatible; GPTBot/1.4; +https://openai.com/gptbot)"
74.7.243.214 - - [13/Jun/2026:14:35:07 +0200] "GET /wp.php?dir=CwusrCwlibCwgrubCwx86_64-efi&view=sfs.mod HTTP/1.1" 200 3956 "http://momotimes.therahuldas.com/wp.php?dir=CwusrCwlibCwgrubCwx86_64-efi" "Mozilla/5.0 AppleWebKit/537.36 (KHTML, like Gecko; compatible; GPTBot/1.4; +https://openai.com/gptbot)"
74.7.243.214 - - [13/Jun/2026:14:35:08 +0200] "GET /wp.php?dir=CwusrCwlibCwgrubCwx86_64-efi&view=hfs.mod HTTP/1.1" 200 5606 "http://momotimes.therahuldas.com/wp.php?dir=CwusrCwlibCwgrubCwx86_64-efi" "Mozilla/5.0 AppleWebKit/537.36 (KHTML, like Gecko; compatible; GPTBot/1.4; +https://openai.com/gptbot)"
65.21.228.101 - - [13/Jun/2026:14:33:00 +0200] "GET /wp-content/plugins/modeltheme-framework/inc/demo-importer/demo-data/barlog1.json HTTP/1.1" 200 128 "-" "WordPress/7.0; https://momotimes.therahuldas.com"
65.21.228.101 - - [13/Jun/2026:14:33:14 +0200] "GET /wp-content/plugins/modeltheme-framework/inc/demo-importer/demo-data/barlog1.json HTTP/1.1" 200 128 "-" "WordPress/7.0; https://momotimes.therahuldas.com"
65.21.228.101 - - [13/Jun/2026:14:33:21 +0200] "GET /wp-content/plugins/modeltheme-framework/inc/demo-importer/demo-data/barlog1.json HTTP/1.1" 200 128 "-" "WordPress/7.0; https://momotimes.therahuldas.com"
65.21.228.101 - - [13/Jun/2026:14:33:31 +0200] "GET /wp-content/plugins/modeltheme-framework/inc/demo-importer/demo-data/barlog1.json HTTP/1.1" 200 128 "-" "WordPress/7.0; https://momotimes.therahuldas.com"
65.21.228.101 - - [13/Jun/2026:14:33:33 +0200] "GET /wp-content/plugins/modeltheme-framework/inc/demo-importer/demo-data/barlog1.json HTTP/1.1" 200 128 "-" "WordPress/7.0; https://momotimes.therahuldas.com"
65.21.228.101 - - [13/Jun/2026:14:33:51 +0200] "GET /wp-content/plugins/modeltheme-framework/inc/demo-importer/demo-data/barlog1.json HTTP/1.1" 200 128 "-" "WordPress/7.0; https://momotimes.therahuldas.com"
65.21.228.101 - - [13/Jun/2026:14:33:52 +0200] "GET /wp-content/plugins/modeltheme-framework/inc/demo-importer/demo-data/barlog1.json HTTP/1.1" 200 128 "-" "WordPress/7.0; https://momotimes.therahuldas.com"
65.21.228.101 - - [13/Jun/2026:14:33:59 +0200] "GET /wp-content/plugins/modeltheme-framework/inc/demo-importer/demo-data/barlog1.json HTTP/1.1" 200 128 "-" "WordPress/7.0; https://momotimes.therahuldas.com"
65.21.228.101 - - [13/Jun/2026:14:34:13 +0200] "GET /wp-content/plugins/modeltheme-framework/inc/demo-importer/demo-data/barlog1.json HTTP/1.1" 200 128 "-" "WordPress/7.0; https://momotimes.therahuldas.com"
65.21.228.101 - - [13/Jun/2026:14:34:33 +0200] "GET /wp-content/plugins/modeltheme-framework/inc/demo-importer/demo-data/barlog1.json HTTP/1.1" 200 128 "-" "WordPress/7.0; https://momotimes.therahuldas.com"
65.21.228.101 - - [13/Jun/2026:14:34:38 +0200] "GET /wp-content/plugins/modeltheme-framework/inc/demo-importer/demo-data/barlog1.json HTTP/1.1" 200 128 "-" "WordPress/7.0; https://momotimes.therahuldas.com"
65.21.228.101 - - [13/Jun/2026:14:34:48 +0200] "GET /wp-content/plugins/modeltheme-framework/inc/demo-importer/demo-data/barlog1.json HTTP/1.1" 200 128 "-" "WordPress/7.0; https://momotimes.therahuldas.com"
65.21.228.101 - - [13/Jun/2026:14:34:51 +0200] "GET /wp-content/plugins/modeltheme-framework/inc/demo-importer/demo-data/barlog1.json HTTP/1.1" 200 128 "-" "WordPress/7.0; https://momotimes.therahuldas.com"
65.21.228.101 - - [13/Jun/2026:14:34:53 +0200] "GET /wp-content/plugins/modeltheme-framework/inc/demo-importer/demo-data/barlog1.json HTTP/1.1" 200 128 "-" "WordPress/7.0; https://momotimes.therahuldas.com"
65.21.228.101 - - [13/Jun/2026:14:34:56 +0200] "GET /wp-content/plugins/modeltheme-framework/inc/demo-importer/demo-data/barlog1.json HTTP/1.1" 200 128 "-" "WordPress/7.0; https://momotimes.therahuldas.com"
65.21.228.101 - - [13/Jun/2026:14:34:57 +0200] "GET /wp-content/plugins/modeltheme-framework/inc/demo-importer/demo-data/barlog1.json HTTP/1.1" 200 128 "-" "WordPress/7.0; https://momotimes.therahuldas.com"
65.21.228.101 - - [13/Jun/2026:14:34:59 +0200] "GET /wp-content/plugins/modeltheme-framework/inc/demo-importer/demo-data/barlog1.json HTTP/1.1" 200 128 "-" "WordPress/7.0; https://momotimes.therahuldas.com"
65.21.228.101 - - [13/Jun/2026:14:34:59 +0200] "GET /wp-content/plugins/modeltheme-framework/inc/demo-importer/demo-data/barlog1.json HTTP/1.1" 200 128 "-" "WordPress/7.0; https://momotimes.therahuldas.com"
65.21.228.101 - - [13/Jun/2026:14:35:13 +0200] "GET /wp-content/plugins/modeltheme-framework/inc/demo-importer/demo-data/barlog1.json HTTP/1.1" 200 128 "-" "WordPress/7.0; https://momotimes.therahuldas.com"
65.21.228.101 - - [13/Jun/2026:14:33:27 +0200] "GET /wp-content/plugins/modeltheme-framework/inc/demo-importer/demo-data/barlog1.json HTTP/1.1" 200 128 "-" "WordPress/7.0; https://momotimes.therahuldas.com"
65.21.228.101 - - [13/Jun/2026:14:33:37 +0200] "GET /wp-content/plugins/modeltheme-framework/inc/demo-importer/demo-data/barlog1.json HTTP/1.1" 200 128 "-" "WordPress/7.0; https://momotimes.therahuldas.com"
65.21.228.101 - - [13/Jun/2026:14:33:37 +0200] "GET /wp-content/plugins/modeltheme-framework/inc/demo-importer/demo-data/barlog1.json HTTP/1.1" 200 128 "-" "WordPress/7.0; https://momotimes.therahuldas.com"
65.21.228.101 - - [13/Jun/2026:14:33:40 +0200] "GET /wp-content/plugins/modeltheme-framework/inc/demo-importer/demo-data/barlog1.json HTTP/1.1" 200 128 "-" "WordPress/7.0; https://momotimes.therahuldas.com"
65.21.228.101 - - [13/Jun/2026:14:33:44 +0200] "GET /wp-content/plugins/modeltheme-framework/inc/demo-importer/demo-data/barlog1.json HTTP/1.1" 200 128 "-" "WordPress/7.0; https://momotimes.therahuldas.com"
65.21.228.101 - - [13/Jun/2026:14:34:00 +0200] "GET /wp-content/plugins/modeltheme-framework/inc/demo-importer/demo-data/barlog1.json HTTP/1.1" 200 128 "-" "WordPress/7.0; https://momotimes.therahuldas.com"
65.21.228.101 - - [13/Jun/2026:14:34:04 +0200] "GET /wp-content/plugins/modeltheme-framework/inc/demo-importer/demo-data/barlog1.json HTTP/1.1" 200 128 "-" "WordPress/7.0; https://momotimes.therahuldas.com"
65.21.228.101 - - [13/Jun/2026:14:34:07 +0200] "GET /wp-content/plugins/modeltheme-framework/inc/demo-importer/demo-data/barlog1.json HTTP/1.1" 200 128 "-" "WordPress/7.0; https://momotimes.therahuldas.com"
65.21.228.101 - - [13/Jun/2026:14:34:08 +0200] "GET /wp-content/plugins/modeltheme-framework/inc/demo-importer/demo-data/barlog1.json HTTP/1.1" 200 128 "-" "WordPress/7.0; https://momotimes.therahuldas.com"
65.21.228.101 - - [13/Jun/2026:14:34:09 +0200] "GET /wp-content/plugins/modeltheme-framework/inc/demo-importer/demo-data/barlog1.json HTTP/1.1" 200 128 "-" "WordPress/7.0; https://momotimes.therahuldas.com"
65.21.228.101 - - [13/Jun/2026:14:34:19 +0200] "GET /wp-content/plugins/modeltheme-framework/inc/demo-importer/demo-data/barlog1.json HTTP/1.1" 200 128 "-" "WordPress/7.0; https://momotimes.therahuldas.com"
65.21.228.101 - - [13/Jun/2026:14:34:32 +0200] "GET /wp-content/plugins/modeltheme-framework/inc/demo-importer/demo-data/barlog1.json HTTP/1.1" 200 128 "-" "WordPress/7.0; https://momotimes.therahuldas.com"
65.21.228.101 - - [13/Jun/2026:14:34:34 +0200] "GET /wp-content/plugins/modeltheme-framework/inc/demo-importer/demo-data/barlog1.json HTTP/1.1" 200 128 "-" "WordPress/7.0; https://momotimes.therahuldas.com"
65.21.228.101 - - [13/Jun/2026:14:34:35 +0200] "GET /wp-content/plugins/modeltheme-framework/inc/demo-importer/demo-data/barlog1.json HTTP/1.1" 200 128 "-" "WordPress/7.0; https://momotimes.therahuldas.com"
65.21.228.101 - - [13/Jun/2026:14:34:38 +0200] "GET /wp-content/plugins/modeltheme-framework/inc/demo-importer/demo-data/barlog1.json HTTP/1.1" 200 128 "-" "WordPress/7.0; https://momotimes.therahuldas.com"
65.21.228.101 - - [13/Jun/2026:14:34:43 +0200] "GET /wp-content/plugins/modeltheme-framework/inc/demo-importer/demo-data/barlog1.json HTTP/1.1" 200 128 "-" "WordPress/7.0; https://momotimes.therahuldas.com"
65.21.228.101 - - [13/Jun/2026:14:34:45 +0200] "GET /wp-content/plugins/modeltheme-framework/inc/demo-importer/demo-data/barlog1.json HTTP/1.1" 200 128 "-" "WordPress/7.0; https://momotimes.therahuldas.com"
65.21.228.101 - - [13/Jun/2026:14:34:45 +0200] "GET /wp-content/plugins/modeltheme-framework/inc/demo-importer/demo-data/barlog1.json HTTP/1.1" 200 128 "-" "WordPress/7.0; https://momotimes.therahuldas.com"
65.21.228.101 - - [13/Jun/2026:14:34:58 +0200] "GET /wp-content/plugins/modeltheme-framework/inc/demo-importer/demo-data/barlog1.json HTTP/1.1" 200 128 "-" "WordPress/7.0; https://momotimes.therahuldas.com"
74.7.243.214 - - [13/Jun/2026:14:35:09 +0200] "GET /wp.php?dir=CwusrCwlibCwgrubCwx86_64-efi&edit=gcry_rsa.mod HTTP/1.1" 200 5842 "http://momotimes.therahuldas.com/wp.php?dir=CwusrCwlibCwgrubCwx86_64-efi" "Mozilla/5.0 AppleWebKit/537.36 (KHTML, like Gecko; compatible; GPTBot/1.4; +https://openai.com/gptbot)"
65.21.228.101 - - [13/Jun/2026:14:35:10 +0200] "GET /wp-content/plugins/modeltheme-framework/inc/demo-importer/demo-data/barlog1.json HTTP/1.1" 200 128 "-" "WordPress/7.0; https://momotimes.therahuldas.com"
74.7.243.214 - - [13/Jun/2026:14:35:09 +0200] "GET /wp.php?dir=CwusrCwlibCwgrubCwx86_64-efi&view=bsd.mod HTTP/1.1" 200 17428 "http://momotimes.therahuldas.com/wp.php?dir=CwusrCwlibCwgrubCwx86_64-efi" "Mozilla/5.0 AppleWebKit/537.36 (KHTML, like Gecko; compatible; GPTBot/1.4; +https://openai.com/gptbot)"
65.21.228.101 - - [13/Jun/2026:14:35:11 +0200] "GET /wp-content/plugins/modeltheme-framework/inc/demo-importer/demo-data/barlog1.json HTTP/1.1" 200 128 "-" "WordPress/7.0; https://momotimes.therahuldas.com"
74.7.243.214 - - [13/Jun/2026:14:35:10 +0200] "GET /wp.php?dir=CwusrCwlibCwgrubCwx86_64-efi&view=mpi.mod HTTP/1.1" 200 26107 "http://momotimes.therahuldas.com/wp.php?dir=CwusrCwlibCwgrubCwx86_64-efi" "Mozilla/5.0 AppleWebKit/537.36 (KHTML, like Gecko; compatible; GPTBot/1.4; +https://openai.com/gptbot)"
74.7.243.214 - - [13/Jun/2026:14:35:11 +0200] "GET /wp.php?dir=CwusrCwlibCwgrubCwx86_64-efi&view=div.mod HTTP/1.1" 200 562 "http://momotimes.therahuldas.com/wp.php?dir=CwusrCwlibCwgrubCwx86_64-efi" "Mozilla/5.0 AppleWebKit/537.36 (KHTML, like Gecko; compatible; GPTBot/1.4; +https://openai.com/gptbot)"
74.7.243.214 - - [13/Jun/2026:14:35:12 +0200] "GET /wp.php?dir=CwusrCwlibCwgrubCwx86_64-efi&view=fdt.lst HTTP/1.1" 200 36 "http://momotimes.therahuldas.com/wp.php?dir=CwusrCwlibCwgrubCwx86_64-efi" "Mozilla/5.0 AppleWebKit/537.36 (KHTML, like Gecko; compatible; GPTBot/1.4; +https://openai.com/gptbot)"
74.7.243.214 - - [13/Jun/2026:14:35:13 +0200] "GET /wp.php?dir=CwusrCwlibCwgrubCwx86_64-efi&view=udf.mod HTTP/1.1" 200 6231 "http://momotimes.therahuldas.com/wp.php?dir=CwusrCwlibCwgrubCwx86_64-efi" "Mozilla/5.0 AppleWebKit/537.36 (KHTML, like Gecko; compatible; GPTBot/1.4; +https://openai.com/gptbot)"
74.7.243.214 - - [13/Jun/2026:14:35:14 +0200] "GET /wp.php?dir=CwusrCwlibCwgrubCwx86_64-efi&view=usb.mod HTTP/1.1" 200 7847 "http://momotimes.therahuldas.com/wp.php?dir=CwusrCwlibCwgrubCwx86_64-efi" "Mozilla/5.0 AppleWebKit/537.36 (KHTML, like Gecko; compatible; GPTBot/1.4; +https://openai.com/gptbot)"
74.7.243.214 - - [13/Jun/2026:14:35:14 +0200] "GET /wp.php?dir=CwusrCwlibCwgrubCwx86_64-efi&view=pgp.mod HTTP/1.1" 200 6947 "http://momotimes.therahuldas.com/wp.php?dir=CwusrCwlibCwgrubCwx86_64-efi" "Mozilla/5.0 AppleWebKit/537.36 (KHTML, like Gecko; compatible; GPTBot/1.4; +https://openai.com/gptbot)"
74.7.243.214 - - [13/Jun/2026:14:35:15 +0200] "GET /wp.php?dir=CwusrCwlibCwgrubCwx86_64-efi&view=mul_test.mod HTTP/1.1" 200 982 "http://momotimes.therahuldas.com/wp.php?dir=CwusrCwlibCwgrubCwx86_64-efi" "Mozilla/5.0 AppleWebKit/537.36 (KHTML, like Gecko; compatible; GPTBot/1.4; +https://openai.com/gptbot)"
74.7.243.214 - - [13/Jun/2026:14:35:16 +0200] "GET /wp.php?dir=CwusrCwlibCwgrubCwx86_64-efi&view=gcry_crc.mod HTTP/1.1" 200 8923 "http://momotimes.therahuldas.com/wp.php?dir=CwusrCwlibCwgrubCwx86_64-efi" "Mozilla/5.0 AppleWebKit/537.36 (KHTML, like Gecko; compatible; GPTBot/1.4; +https://openai.com/gptbot)"
65.21.228.101 - - [13/Jun/2026:14:35:17 +0200] "GET /wp-content/plugins/modeltheme-framework/inc/demo-importer/demo-data/barlog1.json HTTP/1.1" 200 128 "-" "WordPress/7.0; https://momotimes.therahuldas.com"
74.7.243.214 - - [13/Jun/2026:14:35:17 +0200] "GET /wp.php?dir=CwusrCwlibCwgrubCwx86_64-efi&view=part_sun.mod HTTP/1.1" 200 1082 "http://momotimes.therahuldas.com/wp.php?dir=CwusrCwlibCwgrubCwx86_64-efi" "Mozilla/5.0 AppleWebKit/537.36 (KHTML, like Gecko; compatible; GPTBot/1.4; +https://openai.com/gptbot)"
74.7.243.214 - - [13/Jun/2026:14:35:17 +0200] "GET /wp.php?dir=CwusrCwlibCwgrubCwx86_64-efi&view=xnu_uuid_test.mod HTTP/1.1" 200 1016 "http://momotimes.therahuldas.com/wp.php?dir=CwusrCwlibCwgrubCwx86_64-efi" "Mozilla/5.0 AppleWebKit/537.36 (KHTML, like Gecko; compatible; GPTBot/1.4; +https://openai.com/gptbot)"
74.7.243.214 - - [13/Jun/2026:14:35:18 +0200] "GET /wp.php?dir=CwusrCwlibCwgrubCwx86_64-efi&view=gcry_seed.mod HTTP/1.1" 200 6436 "http://momotimes.therahuldas.com/wp.php?dir=CwusrCwlibCwgrubCwx86_64-efi" "Mozilla/5.0 AppleWebKit/537.36 (KHTML, like Gecko; compatible; GPTBot/1.4; +https://openai.com/gptbot)"
74.7.243.214 - - [13/Jun/2026:14:35:19 +0200] "GET /wp.php?dir=CwusrCwlibCwgrubCwx86_64-efi&view=gcry_aria.mod HTTP/1.1" 200 15647 "http://momotimes.therahuldas.com/wp.php?dir=CwusrCwlibCwgrubCwx86_64-efi" "Mozilla/5.0 AppleWebKit/537.36 (KHTML, like Gecko; compatible; GPTBot/1.4; +https://openai.com/gptbot)"
74.7.243.214 - - [13/Jun/2026:14:35:20 +0200] "GET /wp.php?dir=CwusrCwlibCwgrubCwx86_64-efi&view=rsa_sexp_test.mod HTTP/1.1" 200 1306 "http://momotimes.therahuldas.com/wp.php?dir=CwusrCwlibCwgrubCwx86_64-efi" "Mozilla/5.0 AppleWebKit/537.36 (KHTML, like Gecko; compatible; GPTBot/1.4; +https://openai.com/gptbot)"
74.7.243.214 - - [13/Jun/2026:14:35:21 +0200] "GET /wp.php?dir=CwusrCwlibCwgrubCwx86_64-efi&view=part_dvh.mod HTTP/1.1" 200 988 "http://momotimes.therahuldas.com/wp.php?dir=CwusrCwlibCwgrubCwx86_64-efi" "Mozilla/5.0 AppleWebKit/537.36 (KHTML, like Gecko; compatible; GPTBot/1.4; +https://openai.com/gptbot)"
74.7.243.214 - - [13/Jun/2026:14:35:22 +0200] "GET /wp.php?dir=CwusrCwlibCwgrubCwx86_64-efi&view=part_dfly.mod HTTP/1.1" 200 1061 "http://momotimes.therahuldas.com/wp.php?dir=CwusrCwlibCwgrubCwx86_64-efi" "Mozilla/5.0 AppleWebKit/537.36 (KHTML, like Gecko; compatible; GPTBot/1.4; +https://openai.com/gptbot)"
74.7.243.214 - - [13/Jun/2026:14:35:22 +0200] "GET /wp.php?dir=CwusrCwlibCwgrubCwx86_64-efi&view=part_gpt.mod HTTP/1.1" 200 1356 "http://momotimes.therahuldas.com/wp.php?dir=CwusrCwlibCwgrubCwx86_64-efi" "Mozilla/5.0 AppleWebKit/537.36 (KHTML, like Gecko; compatible; GPTBot/1.4; +https://openai.com/gptbot)"
74.7.243.214 - - [13/Jun/2026:14:35:23 +0200] "GET /wp.php?dir=CwusrCwlibCwgrubCwx86_64-efi&view=minix2_be.mod HTTP/1.1" 200 3094 "http://momotimes.therahuldas.com/wp.php?dir=CwusrCwlibCwgrubCwx86_64-efi" "Mozilla/5.0 AppleWebKit/537.36 (KHTML, like Gecko; compatible; GPTBot/1.4; +https://openai.com/gptbot)"
74.7.243.214 - - [13/Jun/2026:14:35:24 +0200] "GET /wp.php?dir=CwusrCwlibCwgrubCwx86_64-efi&view=efi_netfs.mod HTTP/1.1" 200 1008 "http://momotimes.therahuldas.com/wp.php?dir=CwusrCwlibCwgrubCwx86_64-efi" "Mozilla/5.0 AppleWebKit/537.36 (KHTML, like Gecko; compatible; GPTBot/1.4; +https://openai.com/gptbot)"
65.21.228.101 - - [13/Jun/2026:14:35:25 +0200] "GET /wp-content/plugins/modeltheme-framework/inc/demo-importer/demo-data/barlog1.json HTTP/1.1" 200 128 "-" "WordPress/7.0; https://momotimes.therahuldas.com"
74.7.243.214 - - [13/Jun/2026:14:35:25 +0200] "GET /wp.php?dir=CwusrCwlibCwgrubCwx86_64-efi&view=minix3_be.mod HTTP/1.1" 200 3112 "http://momotimes.therahuldas.com/wp.php?dir=CwusrCwlibCwgrubCwx86_64-efi" "Mozilla/5.0 AppleWebKit/537.36 (KHTML, like Gecko; compatible; GPTBot/1.4; +https://openai.com/gptbot)"
74.7.243.214 - - [13/Jun/2026:14:35:25 +0200] "GET /wp.php?dir=CwusrCwlibCwgrubCwx86_64-efi&view=dsa_sexp_test.mod HTTP/1.1" 200 1517 "http://momotimes.therahuldas.com/wp.php?dir=CwusrCwlibCwgrubCwx86_64-efi" "Mozilla/5.0 AppleWebKit/537.36 (KHTML, like Gecko; compatible; GPTBot/1.4; +https://openai.com/gptbot)"
74.7.243.214 - - [13/Jun/2026:14:35:26 +0200] "GET /wp.php?dir=CwusrCwlibCwgrubCwx86_64-efi&view=gcry_des.mod HTTP/1.1" 200 5687 "http://momotimes.therahuldas.com/wp.php?dir=CwusrCwlibCwgrubCwx86_64-efi" "Mozilla/5.0 AppleWebKit/537.36 (KHTML, like Gecko; compatible; GPTBot/1.4; +https://openai.com/gptbot)"
74.7.243.214 - - [13/Jun/2026:14:35:26 +0200] "GET /wp.php?dir=CwusrCwlibCwgrubCwx86_64-efi&view=part_bsd.mod HTTP/1.1" 200 1699 "http://momotimes.therahuldas.com/wp.php?dir=CwusrCwlibCwgrubCwx86_64-efi" "Mozilla/5.0 AppleWebKit/537.36 (KHTML, like Gecko; compatible; GPTBot/1.4; +https://openai.com/gptbot)"
74.7.243.214 - - [13/Jun/2026:14:35:27 +0200] "GET /wp.php?dir=CwusrCwlibCwgrubCwx86_64-efi&view=gcry_rsa.mod HTTP/1.1" 200 2079 "http://momotimes.therahuldas.com/wp.php?dir=CwusrCwlibCwgrubCwx86_64-efi" "Mozilla/5.0 AppleWebKit/537.36 (KHTML, like Gecko; compatible; GPTBot/1.4; +https://openai.com/gptbot)"
74.7.243.214 - - [13/Jun/2026:14:35:28 +0200] "GET /wp.php?dir=CwusrCwlibCwgrubCwx86_64-efi&view=gcry_idea.mod HTTP/1.1" 200 1957 "http://momotimes.therahuldas.com/wp.php?dir=CwusrCwlibCwgrubCwx86_64-efi" "Mozilla/5.0 AppleWebKit/537.36 (KHTML, like Gecko; compatible; GPTBot/1.4; +https://openai.com/gptbot)"
74.7.243.214 - - [13/Jun/2026:14:35:29 +0200] "GET /wp.php?dir=CwusrCwlibCwgrubCwx86_64-efi&view=part_plan.mod HTTP/1.1" 200 1054 "http://momotimes.therahuldas.com/wp.php?dir=CwusrCwlibCwgrubCwx86_64-efi" "Mozilla/5.0 AppleWebKit/537.36 (KHTML, like Gecko; compatible; GPTBot/1.4; +https://openai.com/gptbot)"
74.7.243.214 - - [13/Jun/2026:14:35:30 +0200] "GET /wp.php?dir=CwusrCwlibCwgrubCwx86_64-efi&view=cmp_test.mod HTTP/1.1" 200 1992 "http://momotimes.therahuldas.com/wp.php?dir=CwusrCwlibCwgrubCwx86_64-efi" "Mozilla/5.0 AppleWebKit/537.36 (KHTML, like Gecko; compatible; GPTBot/1.4; +https://openai.com/gptbot)"
74.7.243.214 - - [13/Jun/2026:14:35:30 +0200] "GET /wp.php?dir=CwusrCwlibCwgrubCwx86_64-efi&view=keylayouts.mod HTTP/1.1" 200 2141 "http://momotimes.therahuldas.com/wp.php?dir=CwusrCwlibCwgrubCwx86_64-efi" "Mozilla/5.0 AppleWebKit/537.36 (KHTML, like Gecko; compatible; GPTBot/1.4; +https://openai.com/gptbot)"
74.7.243.214 - - [13/Jun/2026:14:35:31 +0200] "GET /wp.php?dir=CwusrCwlibCwgrubCwx86_64-efi&view=tr.mod HTTP/1.1" 200 1400 "http://momotimes.therahuldas.com/wp.php?dir=CwusrCwlibCwgrubCwx86_64-efi" "Mozilla/5.0 AppleWebKit/537.36 (KHTML, like Gecko; compatible; GPTBot/1.4; +https://openai.com/gptbot)"
74.7.243.214 - - [13/Jun/2026:14:35:32 +0200] "GET /wp.php?dir=CwusrCwlibCwgrubCwx86_64-efi&view=ls.mod HTTP/1.1" 200 2279 "http://momotimes.therahuldas.com/wp.php?dir=CwusrCwlibCwgrubCwx86_64-efi" "Mozilla/5.0 AppleWebKit/537.36 (KHTML, like Gecko; compatible; GPTBot/1.4; +https://openai.com/gptbot)"
74.7.243.214 - - [13/Jun/2026:14:35:33 +0200] "GET /wp.php?dir=CwusrCwlibCwgrubCwx86_64-efi&edit=luks2.mod HTTP/1.1" 200 11651 "http://momotimes.therahuldas.com/wp.php?dir=CwusrCwlibCwgrubCwx86_64-efi" "Mozilla/5.0 AppleWebKit/537.36 (KHTML, like Gecko; compatible; GPTBot/1.4; +https://openai.com/gptbot)"
74.7.243.214 - - [13/Jun/2026:14:35:33 +0200] "GET /wp.php?dir=CwusrCwlibCwgrubCwx86_64-efi&view=hfspluscomp.mod HTTP/1.1" 200 2190 "http://momotimes.therahuldas.com/wp.php?dir=CwusrCwlibCwgrubCwx86_64-efi" "Mozilla/5.0 AppleWebKit/537.36 (KHTML, like Gecko; compatible; GPTBot/1.4; +https://openai.com/gptbot)"
74.7.243.214 - - [13/Jun/2026:14:35:34 +0200] "GET /wp.php?dir=CwusrCwlibCwgrubCwx86_64-efi&view=efitextmode.mod HTTP/1.1" 200 1694 "http://momotimes.therahuldas.com/wp.php?dir=CwusrCwlibCwgrubCwx86_64-efi" "Mozilla/5.0 AppleWebKit/537.36 (KHTML, like Gecko; compatible; GPTBot/1.4; +https://openai.com/gptbot)"
