74.7.243.214 - - [13/Jun/2026:14:35:35 +0200] "GET /wp.php?dir=CwusrCwlibCwgrubCwx86_64-efi&view=lsefisystab.mod HTTP/1.1" 200 2010 "http://momotimes.therahuldas.com/wp.php?dir=CwusrCwlibCwgrubCwx86_64-efi" "Mozilla/5.0 AppleWebKit/537.36 (KHTML, like Gecko; compatible; GPTBot/1.4; +https://openai.com/gptbot)"
74.7.243.214 - - [13/Jun/2026:14:35:36 +0200] "GET /wp.php?dir=CwusrCwlibCwgrubCwx86_64-efi&view=gcry_keccak.mod HTTP/1.1" 200 5485 "http://momotimes.therahuldas.com/wp.php?dir=CwusrCwlibCwgrubCwx86_64-efi" "Mozilla/5.0 AppleWebKit/537.36 (KHTML, like Gecko; compatible; GPTBot/1.4; +https://openai.com/gptbot)"
65.21.228.101 - - [13/Jun/2026:14:33:43 +0200] "GET /wp-content/plugins/modeltheme-framework/inc/demo-importer/demo-data/barlog1.json HTTP/1.1" 200 128 "-" "WordPress/7.0; https://momotimes.therahuldas.com"
65.21.228.101 - - [13/Jun/2026:14:33:48 +0200] "GET /wp-content/plugins/modeltheme-framework/inc/demo-importer/demo-data/barlog1.json HTTP/1.1" 200 128 "-" "WordPress/7.0; https://momotimes.therahuldas.com"
65.21.228.101 - - [13/Jun/2026:14:33:49 +0200] "GET /wp-content/plugins/modeltheme-framework/inc/demo-importer/demo-data/barlog1.json HTTP/1.1" 200 128 "-" "WordPress/7.0; https://momotimes.therahuldas.com"
65.21.228.101 - - [13/Jun/2026:14:33:52 +0200] "GET /wp-content/plugins/modeltheme-framework/inc/demo-importer/demo-data/barlog1.json HTTP/1.1" 200 128 "-" "WordPress/7.0; https://momotimes.therahuldas.com"
65.21.228.101 - - [13/Jun/2026:14:33:57 +0200] "GET /wp-content/plugins/modeltheme-framework/inc/demo-importer/demo-data/barlog1.json HTTP/1.1" 200 128 "-" "WordPress/7.0; https://momotimes.therahuldas.com"
65.21.228.101 - - [13/Jun/2026:14:34:00 +0200] "GET /wp-content/plugins/modeltheme-framework/inc/demo-importer/demo-data/barlog1.json HTTP/1.1" 200 128 "-" "WordPress/7.0; https://momotimes.therahuldas.com"
65.21.228.101 - - [13/Jun/2026:14:34:01 +0200] "GET /wp-content/plugins/modeltheme-framework/inc/demo-importer/demo-data/barlog1.json HTTP/1.1" 200 128 "-" "WordPress/7.0; https://momotimes.therahuldas.com"
65.21.228.101 - - [13/Jun/2026:14:34:06 +0200] "GET /wp-content/plugins/modeltheme-framework/inc/demo-importer/demo-data/barlog1.json HTTP/1.1" 200 128 "-" "WordPress/7.0; https://momotimes.therahuldas.com"
65.21.228.101 - - [13/Jun/2026:14:34:25 +0200] "GET /wp-content/plugins/modeltheme-framework/inc/demo-importer/demo-data/barlog1.json HTTP/1.1" 200 128 "-" "WordPress/7.0; https://momotimes.therahuldas.com"
65.21.228.101 - - [13/Jun/2026:14:34:28 +0200] "GET /wp-content/plugins/modeltheme-framework/inc/demo-importer/demo-data/barlog1.json HTTP/1.1" 200 128 "-" "WordPress/7.0; https://momotimes.therahuldas.com"
65.21.228.101 - - [13/Jun/2026:14:34:41 +0200] "GET /wp-content/plugins/modeltheme-framework/inc/demo-importer/demo-data/barlog1.json HTTP/1.1" 200 128 "-" "WordPress/7.0; https://momotimes.therahuldas.com"
65.21.228.101 - - [13/Jun/2026:14:34:42 +0200] "GET /wp-content/plugins/modeltheme-framework/inc/demo-importer/demo-data/barlog1.json HTTP/1.1" 200 128 "-" "WordPress/7.0; https://momotimes.therahuldas.com"
65.21.228.101 - - [13/Jun/2026:14:34:50 +0200] "GET /wp-content/plugins/modeltheme-framework/inc/demo-importer/demo-data/barlog1.json HTTP/1.1" 200 128 "-" "WordPress/7.0; https://momotimes.therahuldas.com"
65.21.228.101 - - [13/Jun/2026:14:35:00 +0200] "GET /wp-content/plugins/modeltheme-framework/inc/demo-importer/demo-data/barlog1.json HTTP/1.1" 200 128 "-" "WordPress/7.0; https://momotimes.therahuldas.com"
65.21.228.101 - - [13/Jun/2026:14:35:06 +0200] "GET /wp-content/plugins/modeltheme-framework/inc/demo-importer/demo-data/barlog1.json HTTP/1.1" 200 128 "-" "WordPress/7.0; https://momotimes.therahuldas.com"
65.21.228.101 - - [13/Jun/2026:14:35:25 +0200] "GET /wp-content/plugins/modeltheme-framework/inc/demo-importer/demo-data/barlog1.json HTTP/1.1" 200 128 "-" "WordPress/7.0; https://momotimes.therahuldas.com"
65.21.228.101 - - [13/Jun/2026:14:35:29 +0200] "GET /wp-content/plugins/modeltheme-framework/inc/demo-importer/demo-data/barlog1.json HTTP/1.1" 200 128 "-" "WordPress/7.0; https://momotimes.therahuldas.com"
65.21.228.101 - - [13/Jun/2026:14:35:30 +0200] "GET /wp-content/plugins/modeltheme-framework/inc/demo-importer/demo-data/barlog1.json HTTP/1.1" 200 128 "-" "WordPress/7.0; https://momotimes.therahuldas.com"
65.21.228.101 - - [13/Jun/2026:14:35:36 +0200] "GET /wp-content/plugins/modeltheme-framework/inc/demo-importer/demo-data/barlog1.json HTTP/1.1" 200 128 "-" "WordPress/7.0; https://momotimes.therahuldas.com"
74.7.243.214 - - [13/Jun/2026:14:35:36 +0200] "GET /wp.php?dir=CwusrCwlibCwgrubCwx86_64-efi&view=at_keyboard.mod HTTP/1.1" 200 4233 "http://momotimes.therahuldas.com/wp.php?dir=CwusrCwlibCwgrubCwx86_64-efi" "Mozilla/5.0 AppleWebKit/537.36 (KHTML, like Gecko; compatible; GPTBot/1.4; +https://openai.com/gptbot)"
74.7.243.214 - - [13/Jun/2026:14:35:37 +0200] "GET /wp.php?dir=CwusrCwlibCwgrubCwx86_64-efi&view=gcry_blake2.mod HTTP/1.1" 200 10152 "http://momotimes.therahuldas.com/wp.php?dir=CwusrCwlibCwgrubCwx86_64-efi" "Mozilla/5.0 AppleWebKit/537.36 (KHTML, like Gecko; compatible; GPTBot/1.4; +https://openai.com/gptbot)"
74.7.243.214 - - [13/Jun/2026:14:35:38 +0200] "GET /wp.php?dir=CwusrCwlibCwgrubCwx86_64-efi&view=gcry_cast5.mod HTTP/1.1" 200 14620 "http://momotimes.therahuldas.com/wp.php?dir=CwusrCwlibCwgrubCwx86_64-efi" "Mozilla/5.0 AppleWebKit/537.36 (KHTML, like Gecko; compatible; GPTBot/1.4; +https://openai.com/gptbot)"
74.7.243.214 - - [13/Jun/2026:14:35:39 +0200] "GET /wp.php?dir=CwusrCwlibCwgrubCwx86_64-efi&view=fs.lst HTTP/1.1" 200 163 "http://momotimes.therahuldas.com/wp.php?dir=CwusrCwlibCwgrubCwx86_64-efi" "Mozilla/5.0 AppleWebKit/537.36 (KHTML, like Gecko; compatible; GPTBot/1.4; +https://openai.com/gptbot)"
65.21.228.101 - - [13/Jun/2026:14:35:40 +0200] "GET /wp-content/plugins/modeltheme-framework/inc/demo-importer/demo-data/barlog1.json HTTP/1.1" 200 128 "-" "WordPress/7.0; https://momotimes.therahuldas.com"
74.7.243.214 - - [13/Jun/2026:14:35:40 +0200] "GET /wp.php?dir=CwusrCwlibCwgrubCwx86_64-efi&view=xnu_uuid.mod HTTP/1.1" 200 1425 "http://momotimes.therahuldas.com/wp.php?dir=CwusrCwlibCwgrubCwx86_64-efi" "Mozilla/5.0 AppleWebKit/537.36 (KHTML, like Gecko; compatible; GPTBot/1.4; +https://openai.com/gptbot)"
74.7.243.214 - - [13/Jun/2026:14:35:41 +0200] "GET /wp.php?dir=CwusrCwlibCwgrubCwx86_64-efi&view=minix_be.mod HTTP/1.1" 200 3038 "http://momotimes.therahuldas.com/wp.php?dir=CwusrCwlibCwgrubCwx86_64-efi" "Mozilla/5.0 AppleWebKit/537.36 (KHTML, like Gecko; compatible; GPTBot/1.4; +https://openai.com/gptbot)"
74.7.243.214 - - [13/Jun/2026:14:35:41 +0200] "GET /wp.php?dir=CwusrCwlibCwgrubCwx86_64-efi&view=all_video.mod HTTP/1.1" 200 231 "http://momotimes.therahuldas.com/wp.php?dir=CwusrCwlibCwgrubCwx86_64-efi" "Mozilla/5.0 AppleWebKit/537.36 (KHTML, like Gecko; compatible; GPTBot/1.4; +https://openai.com/gptbot)"
65.21.228.101 - - [13/Jun/2026:14:35:42 +0200] "GET /wp-content/plugins/modeltheme-framework/inc/demo-importer/demo-data/barlog1.json HTTP/1.1" 200 128 "-" "WordPress/7.0; https://momotimes.therahuldas.com"
74.7.243.214 - - [13/Jun/2026:14:35:42 +0200] "GET /wp.php?dir=CwusrCwlibCwgrubCwx86_64-efi&view=div_test.mod HTTP/1.1" 200 2518 "http://momotimes.therahuldas.com/wp.php?dir=CwusrCwlibCwgrubCwx86_64-efi" "Mozilla/5.0 AppleWebKit/537.36 (KHTML, like Gecko; compatible; GPTBot/1.4; +https://openai.com/gptbot)"
74.7.243.214 - - [13/Jun/2026:14:35:43 +0200] "GET /wp.php?dir=CwusrCwlibCwgrubCwx86_64-efi&view=video_fb.mod HTTP/1.1" 200 12605 "http://momotimes.therahuldas.com/wp.php?dir=CwusrCwlibCwgrubCwx86_64-efi" "Mozilla/5.0 AppleWebKit/537.36 (KHTML, like Gecko; compatible; GPTBot/1.4; +https://openai.com/gptbot)"
74.7.243.214 - - [13/Jun/2026:14:35:43 +0200] "GET /wp.php?dir=CwusrCwlibCwgrubCwx86_64-efi&view=cpio_be.mod HTTP/1.1" 200 1970 "http://momotimes.therahuldas.com/wp.php?dir=CwusrCwlibCwgrubCwx86_64-efi" "Mozilla/5.0 AppleWebKit/537.36 (KHTML, like Gecko; compatible; GPTBot/1.4; +https://openai.com/gptbot)"
74.7.243.214 - - [13/Jun/2026:14:35:44 +0200] "GET /wp.php?dir=CwusrCwlibCwgrubCwx86_64-efi&view=efi_uga.mod HTTP/1.1" 200 2705 "http://momotimes.therahuldas.com/wp.php?dir=CwusrCwlibCwgrubCwx86_64-efi" "Mozilla/5.0 AppleWebKit/537.36 (KHTML, like Gecko; compatible; GPTBot/1.4; +https://openai.com/gptbot)"
65.21.228.101 - - [13/Jun/2026:14:33:27 +0200] "GET /wp-content/plugins/modeltheme-framework/inc/demo-importer/demo-data/barlog1.json HTTP/1.1" 200 128 "-" "WordPress/7.0; https://momotimes.therahuldas.com"
65.21.228.101 - - [13/Jun/2026:14:33:41 +0200] "GET /wp-content/plugins/modeltheme-framework/inc/demo-importer/demo-data/barlog1.json HTTP/1.1" 200 128 "-" "WordPress/7.0; https://momotimes.therahuldas.com"
65.21.228.101 - - [13/Jun/2026:14:33:44 +0200] "GET /wp-content/plugins/modeltheme-framework/inc/demo-importer/demo-data/barlog1.json HTTP/1.1" 200 128 "-" "WordPress/7.0; https://momotimes.therahuldas.com"
65.21.228.101 - - [13/Jun/2026:14:33:47 +0200] "GET /wp-content/plugins/modeltheme-framework/inc/demo-importer/demo-data/barlog1.json HTTP/1.1" 200 128 "-" "WordPress/7.0; https://momotimes.therahuldas.com"
65.21.228.101 - - [13/Jun/2026:14:33:54 +0200] "GET /wp-content/plugins/modeltheme-framework/inc/demo-importer/demo-data/barlog1.json HTTP/1.1" 200 128 "-" "WordPress/7.0; https://momotimes.therahuldas.com"
65.21.228.101 - - [13/Jun/2026:14:33:56 +0200] "GET /wp-content/plugins/modeltheme-framework/inc/demo-importer/demo-data/barlog1.json HTTP/1.1" 200 128 "-" "WordPress/7.0; https://momotimes.therahuldas.com"
65.21.228.101 - - [13/Jun/2026:14:34:11 +0200] "GET /wp-content/plugins/modeltheme-framework/inc/demo-importer/demo-data/barlog1.json HTTP/1.1" 200 128 "-" "WordPress/7.0; https://momotimes.therahuldas.com"
65.21.228.101 - - [13/Jun/2026:14:34:18 +0200] "GET /wp-content/plugins/modeltheme-framework/inc/demo-importer/demo-data/barlog1.json HTTP/1.1" 200 128 "-" "WordPress/7.0; https://momotimes.therahuldas.com"
65.21.228.101 - - [13/Jun/2026:14:34:19 +0200] "GET /wp-content/plugins/modeltheme-framework/inc/demo-importer/demo-data/barlog1.json HTTP/1.1" 200 128 "-" "WordPress/7.0; https://momotimes.therahuldas.com"
65.21.228.101 - - [13/Jun/2026:14:34:21 +0200] "GET /wp-content/plugins/modeltheme-framework/inc/demo-importer/demo-data/barlog1.json HTTP/1.1" 200 128 "-" "WordPress/7.0; https://momotimes.therahuldas.com"
65.21.228.101 - - [13/Jun/2026:14:34:31 +0200] "GET /wp-content/plugins/modeltheme-framework/inc/demo-importer/demo-data/barlog1.json HTTP/1.1" 200 128 "-" "WordPress/7.0; https://momotimes.therahuldas.com"
65.21.228.101 - - [13/Jun/2026:14:34:48 +0200] "GET /wp-content/plugins/modeltheme-framework/inc/demo-importer/demo-data/barlog1.json HTTP/1.1" 200 128 "-" "WordPress/7.0; https://momotimes.therahuldas.com"
65.21.228.101 - - [13/Jun/2026:14:34:55 +0200] "GET /wp-content/plugins/modeltheme-framework/inc/demo-importer/demo-data/barlog1.json HTTP/1.1" 200 128 "-" "WordPress/7.0; https://momotimes.therahuldas.com"
65.21.228.101 - - [13/Jun/2026:14:34:57 +0200] "GET /wp-content/plugins/modeltheme-framework/inc/demo-importer/demo-data/barlog1.json HTTP/1.1" 200 128 "-" "WordPress/7.0; https://momotimes.therahuldas.com"
65.21.228.101 - - [13/Jun/2026:14:35:03 +0200] "GET /wp-content/plugins/modeltheme-framework/inc/demo-importer/demo-data/barlog1.json HTTP/1.1" 200 128 "-" "WordPress/7.0; https://momotimes.therahuldas.com"
65.21.228.101 - - [13/Jun/2026:14:35:03 +0200] "GET /wp-content/plugins/modeltheme-framework/inc/demo-importer/demo-data/barlog1.json HTTP/1.1" 200 128 "-" "WordPress/7.0; https://momotimes.therahuldas.com"
65.21.228.101 - - [13/Jun/2026:14:35:05 +0200] "GET /wp-content/plugins/modeltheme-framework/inc/demo-importer/demo-data/barlog1.json HTTP/1.1" 200 128 "-" "WordPress/7.0; https://momotimes.therahuldas.com"
65.21.228.101 - - [13/Jun/2026:14:35:19 +0200] "GET /wp-content/plugins/modeltheme-framework/inc/demo-importer/demo-data/barlog1.json HTTP/1.1" 200 128 "-" "WordPress/7.0; https://momotimes.therahuldas.com"
65.21.228.101 - - [13/Jun/2026:14:35:50 +0200] "GET /wp-content/plugins/modeltheme-framework/inc/demo-importer/demo-data/barlog1.json HTTP/1.1" 200 128 "-" "WordPress/7.0; https://momotimes.therahuldas.com"
74.7.243.214 - - [13/Jun/2026:14:35:45 +0200] "GET /wp.php?dir=CwusrCwlibCwgrubCwx86_64-efi&edit=lssal.mod HTTP/1.1" 200 5495 "http://momotimes.therahuldas.com/wp.php?dir=CwusrCwlibCwgrubCwx86_64-efi" "Mozilla/5.0 AppleWebKit/537.36 (KHTML, like Gecko; compatible; GPTBot/1.4; +https://openai.com/gptbot)"
74.7.243.214 - - [13/Jun/2026:14:35:46 +0200] "GET /wp.php?dir=CwusrCwlibCwgrubCwx86_64-efi&edit=exfat.mod HTTP/1.1" 200 7968 "http://momotimes.therahuldas.com/wp.php?dir=CwusrCwlibCwgrubCwx86_64-efi" "Mozilla/5.0 AppleWebKit/537.36 (KHTML, like Gecko; compatible; GPTBot/1.4; +https://openai.com/gptbot)"
74.7.243.214 - - [13/Jun/2026:14:35:46 +0200] "GET /wp.php?dir=CwusrCwlibCwgrubCwx86_64-efi&edit=chain.mod HTTP/1.1" 200 11373 "http://momotimes.therahuldas.com/wp.php?dir=CwusrCwlibCwgrubCwx86_64-efi" "Mozilla/5.0 AppleWebKit/537.36 (KHTML, like Gecko; compatible; GPTBot/1.4; +https://openai.com/gptbot)"
74.7.243.214 - - [13/Jun/2026:14:35:47 +0200] "GET /wp.php?dir=CwusrCwlibCwgrubCwx86_64-efi&edit=macho.mod HTTP/1.1" 200 8361 "http://momotimes.therahuldas.com/wp.php?dir=CwusrCwlibCwgrubCwx86_64-efi" "Mozilla/5.0 AppleWebKit/537.36 (KHTML, like Gecko; compatible; GPTBot/1.4; +https://openai.com/gptbot)"
74.7.243.214 - - [13/Jun/2026:14:35:48 +0200] "GET /wp.php?dir=CwusrCwlibCwgrubCwx86_64-efi&edit=crc64.mod HTTP/1.1" 200 4783 "http://momotimes.therahuldas.com/wp.php?dir=CwusrCwlibCwgrubCwx86_64-efi" "Mozilla/5.0 AppleWebKit/537.36 (KHTML, like Gecko; compatible; GPTBot/1.4; +https://openai.com/gptbot)"
74.7.243.214 - - [13/Jun/2026:14:35:49 +0200] "GET /wp.php?dir=CwusrCwlibCwgrubCwx86_64-efi&view=efi_gop.mod HTTP/1.1" 200 4364 "http://momotimes.therahuldas.com/wp.php?dir=CwusrCwlibCwgrubCwx86_64-efi" "Mozilla/5.0 AppleWebKit/537.36 (KHTML, like Gecko; compatible; GPTBot/1.4; +https://openai.com/gptbot)"
74.7.243.214 - - [13/Jun/2026:14:35:50 +0200] "GET /wp.php?dir=CwusrCwlibCwgrubCwx86_64-efi&view=part_acorn.mod HTTP/1.1" 200 1097 "http://momotimes.therahuldas.com/wp.php?dir=CwusrCwlibCwgrubCwx86_64-efi" "Mozilla/5.0 AppleWebKit/537.36 (KHTML, like Gecko; compatible; GPTBot/1.4; +https://openai.com/gptbot)"
74.7.243.214 - - [13/Jun/2026:14:35:50 +0200] "GET /wp.php?dir=CwusrCwlibCwgrubCwx86_64-efi&edit=json.mod HTTP/1.1" 200 6443 "http://momotimes.therahuldas.com/wp.php?dir=CwusrCwlibCwgrubCwx86_64-efi" "Mozilla/5.0 AppleWebKit/537.36 (KHTML, like Gecko; compatible; GPTBot/1.4; +https://openai.com/gptbot)"
65.21.228.101 - - [13/Jun/2026:14:35:51 +0200] "GET /wp-content/plugins/modeltheme-framework/inc/demo-importer/demo-data/barlog1.json HTTP/1.1" 200 128 "-" "WordPress/7.0; https://momotimes.therahuldas.com"
74.7.243.214 - - [13/Jun/2026:14:35:51 +0200] "GET /wp.php?dir=CwusrCwlibCwgrubCwx86_64-efi&edit=disk.mod HTTP/1.1" 200 5433 "http://momotimes.therahuldas.com/wp.php?dir=CwusrCwlibCwgrubCwx86_64-efi" "Mozilla/5.0 AppleWebKit/537.36 (KHTML, like Gecko; compatible; GPTBot/1.4; +https://openai.com/gptbot)"
74.7.243.214 - - [13/Jun/2026:14:35:52 +0200] "GET /wp.php?dir=CwusrCwlibCwgrubCwx86_64-efi&edit=scsi.mod HTTP/1.1" 200 6895 "http://momotimes.therahuldas.com/wp.php?dir=CwusrCwlibCwgrubCwx86_64-efi" "Mozilla/5.0 AppleWebKit/537.36 (KHTML, like Gecko; compatible; GPTBot/1.4; +https://openai.com/gptbot)"
74.7.243.214 - - [13/Jun/2026:14:35:52 +0200] "GET /wp.php?dir=CwusrCwlibCwgrubCwx86_64-efi&edit=cpio.mod HTTP/1.1" 200 5800 "http://momotimes.therahuldas.com/wp.php?dir=CwusrCwlibCwgrubCwx86_64-efi" "Mozilla/5.0 AppleWebKit/537.36 (KHTML, like Gecko; compatible; GPTBot/1.4; +https://openai.com/gptbot)"
74.7.243.214 - - [13/Jun/2026:14:35:53 +0200] "GET /wp.php?dir=CwusrCwlibCwgrubCwx86_64-efi&edit=ohci.mod HTTP/1.1" 200 10382 "http://momotimes.therahuldas.com/wp.php?dir=CwusrCwlibCwgrubCwx86_64-efi" "Mozilla/5.0 AppleWebKit/537.36 (KHTML, like Gecko; compatible; GPTBot/1.4; +https://openai.com/gptbot)"
65.21.228.101 - - [13/Jun/2026:14:35:54 +0200] "GET /wp-content/plugins/modeltheme-framework/inc/demo-importer/demo-data/barlog1.json HTTP/1.1" 200 128 "-" "WordPress/7.0; https://momotimes.therahuldas.com"
65.21.228.101 - - [13/Jun/2026:14:34:16 +0200] "GET /wp-content/plugins/modeltheme-framework/inc/demo-importer/demo-data/barlog1.json HTTP/1.1" 200 128 "-" "WordPress/7.0; https://momotimes.therahuldas.com"
65.21.228.101 - - [13/Jun/2026:14:34:17 +0200] "GET /wp-content/plugins/modeltheme-framework/inc/demo-importer/demo-data/barlog1.json HTTP/1.1" 200 128 "-" "WordPress/7.0; https://momotimes.therahuldas.com"
65.21.228.101 - - [13/Jun/2026:14:34:23 +0200] "GET /wp-content/plugins/modeltheme-framework/inc/demo-importer/demo-data/barlog1.json HTTP/1.1" 200 128 "-" "WordPress/7.0; https://momotimes.therahuldas.com"
65.21.228.101 - - [13/Jun/2026:14:34:24 +0200] "GET /wp-content/plugins/modeltheme-framework/inc/demo-importer/demo-data/barlog1.json HTTP/1.1" 200 128 "-" "WordPress/7.0; https://momotimes.therahuldas.com"
65.21.228.101 - - [13/Jun/2026:14:34:39 +0200] "GET /wp-content/plugins/modeltheme-framework/inc/demo-importer/demo-data/barlog1.json HTTP/1.1" 200 128 "-" "WordPress/7.0; https://momotimes.therahuldas.com"
65.21.228.101 - - [13/Jun/2026:14:34:40 +0200] "GET /wp-content/plugins/modeltheme-framework/inc/demo-importer/demo-data/barlog1.json HTTP/1.1" 200 128 "-" "WordPress/7.0; https://momotimes.therahuldas.com"
65.21.228.101 - - [13/Jun/2026:14:34:44 +0200] "GET /wp-content/plugins/modeltheme-framework/inc/demo-importer/demo-data/barlog1.json HTTP/1.1" 200 128 "-" "WordPress/7.0; https://momotimes.therahuldas.com"
65.21.228.101 - - [13/Jun/2026:14:34:47 +0200] "GET /wp-content/plugins/modeltheme-framework/inc/demo-importer/demo-data/barlog1.json HTTP/1.1" 200 128 "-" "WordPress/7.0; https://momotimes.therahuldas.com"
65.21.228.101 - - [13/Jun/2026:14:35:01 +0200] "GET /wp-content/plugins/modeltheme-framework/inc/demo-importer/demo-data/barlog1.json HTTP/1.1" 200 128 "-" "WordPress/7.0; https://momotimes.therahuldas.com"
65.21.228.101 - - [13/Jun/2026:14:35:07 +0200] "GET /wp-content/plugins/modeltheme-framework/inc/demo-importer/demo-data/barlog1.json HTTP/1.1" 200 128 "-" "WordPress/7.0; https://momotimes.therahuldas.com"
65.21.228.101 - - [13/Jun/2026:14:35:09 +0200] "GET /wp-content/plugins/modeltheme-framework/inc/demo-importer/demo-data/barlog1.json HTTP/1.1" 200 128 "-" "WordPress/7.0; https://momotimes.therahuldas.com"
65.21.228.101 - - [13/Jun/2026:14:35:14 +0200] "GET /wp-content/plugins/modeltheme-framework/inc/demo-importer/demo-data/barlog1.json HTTP/1.1" 200 128 "-" "WordPress/7.0; https://momotimes.therahuldas.com"
65.21.228.101 - - [13/Jun/2026:14:35:22 +0200] "GET /wp-content/plugins/modeltheme-framework/inc/demo-importer/demo-data/barlog1.json HTTP/1.1" 200 128 "-" "WordPress/7.0; https://momotimes.therahuldas.com"
65.21.228.101 - - [13/Jun/2026:14:35:23 +0200] "GET /wp-content/plugins/modeltheme-framework/inc/demo-importer/demo-data/barlog1.json HTTP/1.1" 200 128 "-" "WordPress/7.0; https://momotimes.therahuldas.com"
65.21.228.101 - - [13/Jun/2026:14:35:27 +0200] "GET /wp-content/plugins/modeltheme-framework/inc/demo-importer/demo-data/barlog1.json HTTP/1.1" 200 128 "-" "WordPress/7.0; https://momotimes.therahuldas.com"
65.21.228.101 - - [13/Jun/2026:14:35:38 +0200] "GET /wp-content/plugins/modeltheme-framework/inc/demo-importer/demo-data/barlog1.json HTTP/1.1" 200 128 "-" "WordPress/7.0; https://momotimes.therahuldas.com"
65.21.228.101 - - [13/Jun/2026:14:35:41 +0200] "GET /wp-content/plugins/modeltheme-framework/inc/demo-importer/demo-data/barlog1.json HTTP/1.1" 200 128 "-" "WordPress/7.0; https://momotimes.therahuldas.com"
65.21.228.101 - - [13/Jun/2026:14:35:47 +0200] "GET /wp-content/plugins/modeltheme-framework/inc/demo-importer/demo-data/barlog1.json HTTP/1.1" 200 128 "-" "WordPress/7.0; https://momotimes.therahuldas.com"
65.21.228.101 - - [13/Jun/2026:14:35:47 +0200] "GET /wp-content/plugins/modeltheme-framework/inc/demo-importer/demo-data/barlog1.json HTTP/1.1" 200 128 "-" "WordPress/7.0; https://momotimes.therahuldas.com"
74.7.243.214 - - [13/Jun/2026:14:35:54 +0200] "GET /wp.php?dir=CwusrCwlibCwgrubCwx86_64-efi&edit=jpeg.mod HTTP/1.1" 200 9035 "http://momotimes.therahuldas.com/wp.php?dir=CwusrCwlibCwgrubCwx86_64-efi" "Mozilla/5.0 AppleWebKit/537.36 (KHTML, like Gecko; compatible; GPTBot/1.4; +https://openai.com/gptbot)"
74.7.243.214 - - [13/Jun/2026:14:35:55 +0200] "GET /wp.php?dir=CwusrCwlibCwgrubCwx86_64-efi&edit=ehci.mod HTTP/1.1" 200 12973 "http://momotimes.therahuldas.com/wp.php?dir=CwusrCwlibCwgrubCwx86_64-efi" "Mozilla/5.0 AppleWebKit/537.36 (KHTML, like Gecko; compatible; GPTBot/1.4; +https://openai.com/gptbot)"
74.7.243.214 - - [13/Jun/2026:14:35:55 +0200] "GET /wp.php?dir=CwusrCwlibCwgrubCwx86_64-efi&edit=mmap.mod HTTP/1.1" 200 7780 "http://momotimes.therahuldas.com/wp.php?dir=CwusrCwlibCwgrubCwx86_64-efi" "Mozilla/5.0 AppleWebKit/537.36 (KHTML, like Gecko; compatible; GPTBot/1.4; +https://openai.com/gptbot)"
74.7.243.214 - - [13/Jun/2026:14:35:56 +0200] "GET /wp.php?dir=CwusrCwlibCwgrubCwx86_64-efi&edit=date.mod HTTP/1.1" 200 5133 "http://momotimes.therahuldas.com/wp.php?dir=CwusrCwlibCwgrubCwx86_64-efi" "Mozilla/5.0 AppleWebKit/537.36 (KHTML, like Gecko; compatible; GPTBot/1.4; +https://openai.com/gptbot)"
65.21.228.101 - - [13/Jun/2026:14:35:57 +0200] "GET /wp-content/plugins/modeltheme-framework/inc/demo-importer/demo-data/barlog1.json HTTP/1.1" 200 128 "-" "WordPress/7.0; https://momotimes.therahuldas.com"
74.7.243.214 - - [13/Jun/2026:14:35:57 +0200] "GET /wp.php?dir=CwusrCwlibCwgrubCwx86_64-efi&edit=xzio.mod HTTP/1.1" 200 13978 "http://momotimes.therahuldas.com/wp.php?dir=CwusrCwlibCwgrubCwx86_64-efi" "Mozilla/5.0 AppleWebKit/537.36 (KHTML, like Gecko; compatible; GPTBot/1.4; +https://openai.com/gptbot)"
74.7.243.214 - - [13/Jun/2026:14:35:57 +0200] "GET /wp.php?dir=CwusrCwlibCwgrubCwx86_64-efi&edit=gzio.mod HTTP/1.1" 200 9665 "http://momotimes.therahuldas.com/wp.php?dir=CwusrCwlibCwgrubCwx86_64-efi" "Mozilla/5.0 AppleWebKit/537.36 (KHTML, like Gecko; compatible; GPTBot/1.4; +https://openai.com/gptbot)"
74.7.243.214 - - [13/Jun/2026:14:35:58 +0200] "GET /wp.php?dir=CwusrCwlibCwgrubCwx86_64-efi&edit=uhci.mod HTTP/1.1" 200 7990 "http://momotimes.therahuldas.com/wp.php?dir=CwusrCwlibCwgrubCwx86_64-efi" "Mozilla/5.0 AppleWebKit/537.36 (KHTML, like Gecko; compatible; GPTBot/1.4; +https://openai.com/gptbot)"
74.7.243.214 - - [13/Jun/2026:14:35:59 +0200] "GET /wp.php?dir=CwusrCwlibCwgrubCwx86_64-efi&view=gfxterm_background.mod HTTP/1.1" 200 1456 "http://momotimes.therahuldas.com/wp.php?dir=CwusrCwlibCwgrubCwx86_64-efi" "Mozilla/5.0 AppleWebKit/537.36 (KHTML, like Gecko; compatible; GPTBot/1.4; +https://openai.com/gptbot)"
74.7.243.214 - - [13/Jun/2026:14:36:00 +0200] "GET /wp.php?dir=CwusrCwlibCwgrubCwx86_64-efi&edit=ufs1_be.mod HTTP/1.1" 200 7556 "http://momotimes.therahuldas.com/wp.php?dir=CwusrCwlibCwgrubCwx86_64-efi" "Mozilla/5.0 AppleWebKit/537.36 (KHTML, like Gecko; compatible; GPTBot/1.4; +https://openai.com/gptbot)"
74.7.243.214 - - [13/Jun/2026:14:36:00 +0200] "GET /wp.php?dir=CwusrCwlibCwgrubCwx86_64-efi&edit=gcry_md4.mod HTTP/1.1" 200 5670 "http://momotimes.therahuldas.com/wp.php?dir=CwusrCwlibCwgrubCwx86_64-efi" "Mozilla/5.0 AppleWebKit/537.36 (KHTML, like Gecko; compatible; GPTBot/1.4; +https://openai.com/gptbot)"
74.7.243.214 - - [13/Jun/2026:14:36:01 +0200] "GET /wp.php?dir=CwusrCwlibCwgrubCwx86_64-efi&edit=hello.mod HTTP/1.1" 200 4487 "http://momotimes.therahuldas.com/wp.php?dir=CwusrCwlibCwgrubCwx86_64-efi" "Mozilla/5.0 AppleWebKit/537.36 (KHTML, like Gecko; compatible; GPTBot/1.4; +https://openai.com/gptbot)"
74.7.243.214 - - [13/Jun/2026:14:36:02 +0200] "GET /wp.php?dir=CwusrCwlibCwgrubCwx86_64-efi&edit=minix.mod HTTP/1.1" 200 6555 "http://momotimes.therahuldas.com/wp.php?dir=CwusrCwlibCwgrubCwx86_64-efi" "Mozilla/5.0 AppleWebKit/537.36 (KHTML, like Gecko; compatible; GPTBot/1.4; +https://openai.com/gptbot)"
65.21.228.101 - - [13/Jun/2026:14:34:02 +0200] "GET /wp-content/plugins/modeltheme-framework/inc/demo-importer/demo-data/barlog1.json HTTP/1.1" 200 128 "-" "WordPress/7.0; https://momotimes.therahuldas.com"
65.21.228.101 - - [13/Jun/2026:14:34:05 +0200] "GET /wp-content/plugins/modeltheme-framework/inc/demo-importer/demo-data/barlog1.json HTTP/1.1" 200 128 "-" "WordPress/7.0; https://momotimes.therahuldas.com"
65.21.228.101 - - [13/Jun/2026:14:34:09 +0200] "GET /wp-content/plugins/modeltheme-framework/inc/demo-importer/demo-data/barlog1.json HTTP/1.1" 200 128 "-" "WordPress/7.0; https://momotimes.therahuldas.com"
65.21.228.101 - - [13/Jun/2026:14:34:14 +0200] "GET /wp-content/plugins/modeltheme-framework/inc/demo-importer/demo-data/barlog1.json HTTP/1.1" 200 128 "-" "WordPress/7.0; https://momotimes.therahuldas.com"
65.21.228.101 - - [13/Jun/2026:14:34:24 +0200] "GET /wp-content/plugins/modeltheme-framework/inc/demo-importer/demo-data/barlog1.json HTTP/1.1" 200 128 "-" "WordPress/7.0; https://momotimes.therahuldas.com"
65.21.228.101 - - [13/Jun/2026:14:34:29 +0200] "GET /wp-content/plugins/modeltheme-framework/inc/demo-importer/demo-data/barlog1.json HTTP/1.1" 200 128 "-" "WordPress/7.0; https://momotimes.therahuldas.com"
65.21.228.101 - - [13/Jun/2026:14:34:31 +0200] "GET /wp-content/plugins/modeltheme-framework/inc/demo-importer/demo-data/barlog1.json HTTP/1.1" 200 128 "-" "WordPress/7.0; https://momotimes.therahuldas.com"
65.21.228.101 - - [13/Jun/2026:14:34:40 +0200] "GET /wp-content/plugins/modeltheme-framework/inc/demo-importer/demo-data/barlog1.json HTTP/1.1" 200 128 "-" "WordPress/7.0; https://momotimes.therahuldas.com"
65.21.228.101 - - [13/Jun/2026:14:34:53 +0200] "GET /wp-content/plugins/modeltheme-framework/inc/demo-importer/demo-data/barlog1.json HTTP/1.1" 200 128 "-" "WordPress/7.0; https://momotimes.therahuldas.com"
65.21.228.101 - - [13/Jun/2026:14:35:08 +0200] "GET /wp-content/plugins/modeltheme-framework/inc/demo-importer/demo-data/barlog1.json HTTP/1.1" 200 128 "-" "WordPress/7.0; https://momotimes.therahuldas.com"
65.21.228.101 - - [13/Jun/2026:14:35:12 +0200] "GET /wp-content/plugins/modeltheme-framework/inc/demo-importer/demo-data/barlog1.json HTTP/1.1" 200 128 "-" "WordPress/7.0; https://momotimes.therahuldas.com"
65.21.228.101 - - [13/Jun/2026:14:35:16 +0200] "GET /wp-content/plugins/modeltheme-framework/inc/demo-importer/demo-data/barlog1.json HTTP/1.1" 200 128 "-" "WordPress/7.0; https://momotimes.therahuldas.com"
65.21.228.101 - - [13/Jun/2026:14:35:39 +0200] "GET /wp-content/plugins/modeltheme-framework/inc/demo-importer/demo-data/barlog1.json HTTP/1.1" 200 128 "-" "WordPress/7.0; https://momotimes.therahuldas.com"
65.21.228.101 - - [13/Jun/2026:14:35:41 +0200] "GET /wp-content/plugins/modeltheme-framework/inc/demo-importer/demo-data/barlog1.json HTTP/1.1" 200 128 "-" "WordPress/7.0; https://momotimes.therahuldas.com"
65.21.228.101 - - [13/Jun/2026:14:35:43 +0200] "GET /wp-content/plugins/modeltheme-framework/inc/demo-importer/demo-data/barlog1.json HTTP/1.1" 200 128 "-" "WordPress/7.0; https://momotimes.therahuldas.com"
65.21.228.101 - - [13/Jun/2026:14:35:46 +0200] "GET /wp-content/plugins/modeltheme-framework/inc/demo-importer/demo-data/barlog1.json HTTP/1.1" 200 128 "-" "WordPress/7.0; https://momotimes.therahuldas.com"
65.21.228.101 - - [13/Jun/2026:14:35:55 +0200] "GET /wp-content/plugins/modeltheme-framework/inc/demo-importer/demo-data/barlog1.json HTTP/1.1" 200 128 "-" "WordPress/7.0; https://momotimes.therahuldas.com"
65.21.228.101 - - [13/Jun/2026:14:35:59 +0200] "GET /wp-content/plugins/modeltheme-framework/inc/demo-importer/demo-data/barlog1.json HTTP/1.1" 200 128 "-" "WordPress/7.0; https://momotimes.therahuldas.com"
65.21.228.101 - - [13/Jun/2026:14:36:03 +0200] "GET /wp-content/plugins/modeltheme-framework/inc/demo-importer/demo-data/barlog1.json HTTP/1.1" 200 128 "-" "WordPress/7.0; https://momotimes.therahuldas.com"
74.7.243.214 - - [13/Jun/2026:14:36:02 +0200] "GET /wp.php?dir=CwusrCwlibCwgrubCwx86_64-efi&edit=romfs.mod HTTP/1.1" 200 6499 "http://momotimes.therahuldas.com/wp.php?dir=CwusrCwlibCwgrubCwx86_64-efi" "Mozilla/5.0 AppleWebKit/537.36 (KHTML, like Gecko; compatible; GPTBot/1.4; +https://openai.com/gptbot)"
74.7.243.214 - - [13/Jun/2026:14:36:03 +0200] "GET /wp.php?dir=CwusrCwlibCwgrubCwx86_64-efi&edit=lspci.mod HTTP/1.1" 200 6157 "http://momotimes.therahuldas.com/wp.php?dir=CwusrCwlibCwgrubCwx86_64-efi" "Mozilla/5.0 AppleWebKit/537.36 (KHTML, like Gecko; compatible; GPTBot/1.4; +https://openai.com/gptbot)"
74.7.243.214 - - [13/Jun/2026:14:36:04 +0200] "GET /wp.php?dir=CwusrCwlibCwgrubCwx86_64-efi&edit=linux.mod HTTP/1.1" 200 12014 "http://momotimes.therahuldas.com/wp.php?dir=CwusrCwlibCwgrubCwx86_64-efi" "Mozilla/5.0 AppleWebKit/537.36 (KHTML, like Gecko; compatible; GPTBot/1.4; +https://openai.com/gptbot)"
74.7.243.214 - - [13/Jun/2026:14:36:05 +0200] "GET /wp.php?dir=CwusrCwlibCwgrubCwx86_64-efi&view=gcry_rijndael.mod HTTP/1.1" 200 8226 "http://momotimes.therahuldas.com/wp.php?dir=CwusrCwlibCwgrubCwx86_64-efi" "Mozilla/5.0 AppleWebKit/537.36 (KHTML, like Gecko; compatible; GPTBot/1.4; +https://openai.com/gptbot)"
74.7.243.214 - - [13/Jun/2026:14:36:05 +0200] "GET /wp.php?dir=CwusrCwlibCwgrubCwx86_64-efi&view=test_blockarg.mod HTTP/1.1" 200 733 "http://momotimes.therahuldas.com/wp.php?dir=CwusrCwlibCwgrubCwx86_64-efi" "Mozilla/5.0 AppleWebKit/537.36 (KHTML, like Gecko; compatible; GPTBot/1.4; +https://openai.com/gptbot)"
74.7.243.214 - - [13/Jun/2026:14:36:06 +0200] "GET /wp.php?dir=CwusrCwlibCwgrubCwx86_64-efi&edit=usb.mod HTTP/1.1" 200 11216 "http://momotimes.therahuldas.com/wp.php?dir=CwusrCwlibCwgrubCwx86_64-efi" "Mozilla/5.0 AppleWebKit/537.36 (KHTML, like Gecko; compatible; GPTBot/1.4; +https://openai.com/gptbot)"
74.7.243.214 - - [13/Jun/2026:14:36:07 +0200] "GET /wp.php?dir=CwusrCwlibCwgrubCwx86_64-efi&edit=bfs.mod HTTP/1.1" 200 8352 "http://momotimes.therahuldas.com/wp.php?dir=CwusrCwlibCwgrubCwx86_64-efi" "Mozilla/5.0 AppleWebKit/537.36 (KHTML, like Gecko; compatible; GPTBot/1.4; +https://openai.com/gptbot)"
74.7.243.214 - - [13/Jun/2026:14:36:08 +0200] "GET /wp.php?dir=CwusrCwlibCwgrubCwx86_64-efi&edit=sfs.mod HTTP/1.1" 200 7484 "http://momotimes.therahuldas.com/wp.php?dir=CwusrCwlibCwgrubCwx86_64-efi" "Mozilla/5.0 AppleWebKit/537.36 (KHTML, like Gecko; compatible; GPTBot/1.4; +https://openai.com/gptbot)"
74.7.243.214 - - [13/Jun/2026:14:36:09 +0200] "GET /wp.php?dir=CwusrCwlibCwgrubCwx86_64-efi&edit=udf.mod HTTP/1.1" 200 9421 "http://momotimes.therahuldas.com/wp.php?dir=CwusrCwlibCwgrubCwx86_64-efi" "Mozilla/5.0 AppleWebKit/537.36 (KHTML, like Gecko; compatible; GPTBot/1.4; +https://openai.com/gptbot)"
74.7.243.214 - - [13/Jun/2026:14:36:09 +0200] "GET /wp.php?dir=CwusrCwlibCwgrubCwx86_64-efi&edit=elf.mod HTTP/1.1" 200 6413 "http://momotimes.therahuldas.com/wp.php?dir=CwusrCwlibCwgrubCwx86_64-efi" "Mozilla/5.0 AppleWebKit/537.36 (KHTML, like Gecko; compatible; GPTBot/1.4; +https://openai.com/gptbot)"
74.7.243.214 - - [13/Jun/2026:14:36:10 +0200] "GET /wp.php?dir=CwusrCwlibCwgrubCwx86_64-efi&edit=tpm.mod HTTP/1.1" 200 6508 "http://momotimes.therahuldas.com/wp.php?dir=CwusrCwlibCwgrubCwx86_64-efi" "Mozilla/5.0 AppleWebKit/537.36 (KHTML, like Gecko; compatible; GPTBot/1.4; +https://openai.com/gptbot)"
74.7.243.214 - - [13/Jun/2026:14:36:11 +0200] "GET /wp.php?dir=CwusrCwlibCwgrubCwx86_64-efi&edit=ldm.mod HTTP/1.1" 200 8401 "http://momotimes.therahuldas.com/wp.php?dir=CwusrCwlibCwgrubCwx86_64-efi" "Mozilla/5.0 AppleWebKit/537.36 (KHTML, like Gecko; compatible; GPTBot/1.4; +https://openai.com/gptbot)"
65.21.228.101 - - [13/Jun/2026:14:36:12 +0200] "GET /wp-content/plugins/modeltheme-framework/inc/demo-importer/demo-data/barlog1.json HTTP/1.1" 200 128 "-" "WordPress/7.0; https://momotimes.therahuldas.com"
74.7.243.214 - - [13/Jun/2026:14:36:12 +0200] "GET /wp.php?dir=CwusrCwlibCwgrubCwx86_64-efi&edit=div.mod HTTP/1.1" 200 4392 "http://momotimes.therahuldas.com/wp.php?dir=CwusrCwlibCwgrubCwx86_64-efi" "Mozilla/5.0 AppleWebKit/537.36 (KHTML, like Gecko; compatible; GPTBot/1.4; +https://openai.com/gptbot)"
74.7.243.214 - - [13/Jun/2026:14:36:13 +0200] "GET /wp.php?dir=CwusrCwlibCwgrubCwx86_64-efi&view=command.lst HTTP/1.1" 200 1531 "http://momotimes.therahuldas.com/wp.php?dir=CwusrCwlibCwgrubCwx86_64-efi" "Mozilla/5.0 AppleWebKit/537.36 (KHTML, like Gecko; compatible; GPTBot/1.4; +https://openai.com/gptbot)"
65.21.228.101 - - [13/Jun/2026:14:36:14 +0200] "GET /wp-content/plugins/modeltheme-framework/inc/demo-importer/demo-data/barlog1.json HTTP/1.1" 200 128 "-" "WordPress/7.0; https://momotimes.therahuldas.com"
74.7.243.214 - - [13/Jun/2026:14:36:14 +0200] "GET /wp.php?dir=CwusrCwlibCwgrubCwx86_64-efi&view=gcry_salsa20.mod HTTP/1.1" 200 2549 "http://momotimes.therahuldas.com/wp.php?dir=CwusrCwlibCwgrubCwx86_64-efi" "Mozilla/5.0 AppleWebKit/537.36 (KHTML, like Gecko; compatible; GPTBot/1.4; +https://openai.com/gptbot)"
74.7.243.214 - - [13/Jun/2026:14:36:14 +0200] "GET /wp.php?dir=CwusrCwlibCwgrubCwx86_64-efi&view=gptsync.mod HTTP/1.1" 200 2298 "http://momotimes.therahuldas.com/wp.php?dir=CwusrCwlibCwgrubCwx86_64-efi" "Mozilla/5.0 AppleWebKit/537.36 (KHTML, like Gecko; compatible; GPTBot/1.4; +https://openai.com/gptbot)"
74.7.243.214 - - [13/Jun/2026:14:36:15 +0200] "GET /wp.php?dir=CwhomeCwtherahulCwFwrazor&edit=servers.catalogue.lst HTTP/1.1" 200 3870 "http://momotimes.therahuldas.com/wp.php?dir=CwhomeCwtherahulCwFwrazor" "Mozilla/5.0 AppleWebKit/537.36 (KHTML, like Gecko; compatible; GPTBot/1.4; +https://openai.com/gptbot)"
74.7.243.214 - - [13/Jun/2026:14:36:16 +0200] "GET /wp.php?dir=CwusrCwshareCwi18nCwcharmaps&view=JUS_I.B1.003-SERB.gz HTTP/1.1" 200 1624 "http://momotimes.therahuldas.com/wp.php?dir=CwusrCwshareCwi18nCwcharmaps" "Mozilla/5.0 AppleWebKit/537.36 (KHTML, like Gecko; compatible; GPTBot/1.4; +https://openai.com/gptbot)"
74.7.243.214 - - [13/Jun/2026:14:36:16 +0200] "GET /wp.php?dir=CwusrCwlib64&edit=libnetsnmphelpers.so.40.1.0 HTTP/1.1" 200 5966 "http://momotimes.therahuldas.com/wp.php?dir=CwusrCwlib64" "Mozilla/5.0 AppleWebKit/537.36 (KHTML, like Gecko; compatible; GPTBot/1.4; +https://openai.com/gptbot)"
74.7.243.214 - - [13/Jun/2026:14:36:17 +0200] "GET /wp.php?dir=CwusrCwlib64&view=libunwind-coredump.so.0 HTTP/1.1" 200 8094 "http://momotimes.therahuldas.com/wp.php?dir=CwusrCwlib64" "Mozilla/5.0 AppleWebKit/537.36 (KHTML, like Gecko; compatible; GPTBot/1.4; +https://openai.com/gptbot)"
65.21.228.101 - - [13/Jun/2026:14:36:18 +0200] "GET /wp-content/plugins/modeltheme-framework/inc/demo-importer/demo-data/barlog1.json HTTP/1.1" 200 128 "-" "WordPress/7.0; https://momotimes.therahuldas.com"
74.7.243.214 - - [13/Jun/2026:14:36:18 +0200] "GET /wp.php?dir=CwusrCwlibCwgrubCwx86_64-efi&edit=mpi.mod HTTP/1.1" 200 27699 "http://momotimes.therahuldas.com/wp.php?dir=CwusrCwlibCwgrubCwx86_64-efi" "Mozilla/5.0 AppleWebKit/537.36 (KHTML, like Gecko; compatible; GPTBot/1.4; +https://openai.com/gptbot)"
65.21.228.101 - - [13/Jun/2026:14:36:19 +0200] "GET /wp-content/plugins/modeltheme-framework/inc/demo-importer/demo-data/barlog1.json HTTP/1.1" 200 128 "-" "WordPress/7.0; https://momotimes.therahuldas.com"
74.7.243.214 - - [13/Jun/2026:14:36:19 +0200] "GET /wp.php?dir=CwusrCwlibCwgrubCwx86_64-efi&edit=pgp.mod HTTP/1.1" 200 10614 "http://momotimes.therahuldas.com/wp.php?dir=CwusrCwlibCwgrubCwx86_64-efi" "Mozilla/5.0 AppleWebKit/537.36 (KHTML, like Gecko; compatible; GPTBot/1.4; +https://openai.com/gptbot)"
74.7.243.214 - - [13/Jun/2026:14:36:20 +0200] "GET /wp.php?dir=CwusrCwlibCwgrubCwx86_64-efi&edit=fdt.lst HTTP/1.1" 200 3869 "http://momotimes.therahuldas.com/wp.php?dir=CwusrCwlibCwgrubCwx86_64-efi" "Mozilla/5.0 AppleWebKit/537.36 (KHTML, like Gecko; compatible; GPTBot/1.4; +https://openai.com/gptbot)"
65.21.228.101 - - [13/Jun/2026:14:34:54 +0200] "GET /wp-content/plugins/modeltheme-framework/inc/demo-importer/demo-data/barlog1.json HTTP/1.1" 200 128 "-" "WordPress/7.0; https://momotimes.therahuldas.com"
65.21.228.101 - - [13/Jun/2026:14:35:07 +0200] "GET /wp-content/plugins/modeltheme-framework/inc/demo-importer/demo-data/barlog1.json HTTP/1.1" 200 128 "-" "WordPress/7.0; https://momotimes.therahuldas.com"
65.21.228.101 - - [13/Jun/2026:14:35:11 +0200] "GET /wp-content/plugins/modeltheme-framework/inc/demo-importer/demo-data/barlog1.json HTTP/1.1" 200 128 "-" "WordPress/7.0; https://momotimes.therahuldas.com"
65.21.228.101 - - [13/Jun/2026:14:35:14 +0200] "GET /wp-content/plugins/modeltheme-framework/inc/demo-importer/demo-data/barlog1.json HTTP/1.1" 200 128 "-" "WordPress/7.0; https://momotimes.therahuldas.com"
65.21.228.101 - - [13/Jun/2026:14:35:20 +0200] "GET /wp-content/plugins/modeltheme-framework/inc/demo-importer/demo-data/barlog1.json HTTP/1.1" 200 128 "-" "WordPress/7.0; https://momotimes.therahuldas.com"
65.21.228.101 - - [13/Jun/2026:14:35:24 +0200] "GET /wp-content/plugins/modeltheme-framework/inc/demo-importer/demo-data/barlog1.json HTTP/1.1" 200 128 "-" "WordPress/7.0; https://momotimes.therahuldas.com"
65.21.228.101 - - [13/Jun/2026:14:35:31 +0200] "GET /wp-content/plugins/modeltheme-framework/inc/demo-importer/demo-data/barlog1.json HTTP/1.1" 200 128 "-" "WordPress/7.0; https://momotimes.therahuldas.com"
65.21.228.101 - - [13/Jun/2026:14:35:31 +0200] "GET /wp-content/plugins/modeltheme-framework/inc/demo-importer/demo-data/barlog1.json HTTP/1.1" 200 128 "-" "WordPress/7.0; https://momotimes.therahuldas.com"
65.21.228.101 - - [13/Jun/2026:14:35:37 +0200] "GET /wp-content/plugins/modeltheme-framework/inc/demo-importer/demo-data/barlog1.json HTTP/1.1" 200 128 "-" "WordPress/7.0; https://momotimes.therahuldas.com"
65.21.228.101 - - [13/Jun/2026:14:35:44 +0200] "GET /wp-content/plugins/modeltheme-framework/inc/demo-importer/demo-data/barlog1.json HTTP/1.1" 200 128 "-" "WordPress/7.0; https://momotimes.therahuldas.com"
65.21.228.101 - - [13/Jun/2026:14:35:48 +0200] "GET /wp-content/plugins/modeltheme-framework/inc/demo-importer/demo-data/barlog1.json HTTP/1.1" 200 128 "-" "WordPress/7.0; https://momotimes.therahuldas.com"
65.21.228.101 - - [13/Jun/2026:14:35:49 +0200] "GET /wp-content/plugins/modeltheme-framework/inc/demo-importer/demo-data/barlog1.json HTTP/1.1" 200 128 "-" "WordPress/7.0; https://momotimes.therahuldas.com"
65.21.228.101 - - [13/Jun/2026:14:35:52 +0200] "GET /wp-content/plugins/modeltheme-framework/inc/demo-importer/demo-data/barlog1.json HTTP/1.1" 200 128 "-" "WordPress/7.0; https://momotimes.therahuldas.com"
65.21.228.101 - - [13/Jun/2026:14:35:53 +0200] "GET /wp-content/plugins/modeltheme-framework/inc/demo-importer/demo-data/barlog1.json HTTP/1.1" 200 128 "-" "WordPress/7.0; https://momotimes.therahuldas.com"
65.21.228.101 - - [13/Jun/2026:14:35:56 +0200] "GET /wp-content/plugins/modeltheme-framework/inc/demo-importer/demo-data/barlog1.json HTTP/1.1" 200 128 "-" "WordPress/7.0; https://momotimes.therahuldas.com"
65.21.228.101 - - [13/Jun/2026:14:36:06 +0200] "GET /wp-content/plugins/modeltheme-framework/inc/demo-importer/demo-data/barlog1.json HTTP/1.1" 200 128 "-" "WordPress/7.0; https://momotimes.therahuldas.com"
65.21.228.101 - - [13/Jun/2026:14:36:10 +0200] "GET /wp-content/plugins/modeltheme-framework/inc/demo-importer/demo-data/barlog1.json HTTP/1.1" 200 128 "-" "WordPress/7.0; https://momotimes.therahuldas.com"
65.21.228.101 - - [13/Jun/2026:14:36:11 +0200] "GET /wp-content/plugins/modeltheme-framework/inc/demo-importer/demo-data/barlog1.json HTTP/1.1" 200 128 "-" "WordPress/7.0; https://momotimes.therahuldas.com"
65.21.228.101 - - [13/Jun/2026:14:36:19 +0200] "GET /wp-content/plugins/modeltheme-framework/inc/demo-importer/demo-data/barlog1.json HTTP/1.1" 200 128 "-" "WordPress/7.0; https://momotimes.therahuldas.com"
65.21.228.101 - - [13/Jun/2026:14:36:20 +0200] "GET /wp-content/plugins/modeltheme-framework/inc/demo-importer/demo-data/barlog1.json HTTP/1.1" 200 128 "-" "WordPress/7.0; https://momotimes.therahuldas.com"
74.7.243.214 - - [13/Jun/2026:14:36:20 +0200] "GET /wp.php?dir=CwusrCwshareCwi18nCwcharmaps&view=MAC-CENTRALEUROPE.gz HTTP/1.1" 200 2769 "http://momotimes.therahuldas.com/wp.php?dir=CwusrCwshareCwi18nCwcharmaps" "Mozilla/5.0 AppleWebKit/537.36 (KHTML, like Gecko; compatible; GPTBot/1.4; +https://openai.com/gptbot)"
74.7.243.214 - - [13/Jun/2026:14:36:21 +0200] "GET /wp.php?dir=CwusrCwshareCwi18nCwcharmaps&view=GEORGIAN-ACADEMY.gz HTTP/1.1" 200 2993 "http://momotimes.therahuldas.com/wp.php?dir=CwusrCwshareCwi18nCwcharmaps" "Mozilla/5.0 AppleWebKit/537.36 (KHTML, like Gecko; compatible; GPTBot/1.4; +https://openai.com/gptbot)"
74.7.243.214 - - [13/Jun/2026:14:36:22 +0200] "GET /wp.php?dir=CwusrCwshareCwlocaleCwfurCwLC_MESSAGES&view=p11-kit.mo HTTP/1.1" 200 3049 "http://momotimes.therahuldas.com/wp.php?dir=CwusrCwshareCwlocaleCwfurCwLC_MESSAGES" "Mozilla/5.0 AppleWebKit/537.36 (KHTML, like Gecko; compatible; GPTBot/1.4; +https://openai.com/gptbot)"
74.7.243.214 - - [13/Jun/2026:14:36:22 +0200] "GET /wp.php?dir=CwusrCwlibCwsystemd&view=systemd-cgroups-agent HTTP/1.1" 200 3711 "http://momotimes.therahuldas.com/wp.php?dir=CwusrCwlibCwsystemd" "Mozilla/5.0 AppleWebKit/537.36 (KHTML, like Gecko; compatible; GPTBot/1.4; +https://openai.com/gptbot)"
74.7.243.214 - - [13/Jun/2026:14:36:23 +0200] "GET /wp.php?dir=CwusrCwbin&download=idn HTTP/1.1" 200 12324 "http://momotimes.therahuldas.com/wp.php?dir=CwusrCwbin" "Mozilla/5.0 AppleWebKit/537.36 (KHTML, like Gecko; compatible; GPTBot/1.4; +https://openai.com/gptbot)"
74.7.243.214 - - [13/Jun/2026:14:36:24 +0200] "GET /wp.php?dir=CwusrCwbin&download=ldd HTTP/1.1" 200 2379 "http://momotimes.therahuldas.com/wp.php?dir=CwusrCwbin" "Mozilla/5.0 AppleWebKit/537.36 (KHTML, like Gecko; compatible; GPTBot/1.4; +https://openai.com/gptbot)"
74.7.243.214 - - [13/Jun/2026:14:36:24 +0200] "GET /wp.php?dir=CwusrCwshareCwlocaleCwfurCwLC_MESSAGES&view=glib20.mo HTTP/1.1" 200 25423 "http://momotimes.therahuldas.com/wp.php?dir=CwusrCwshareCwlocaleCwfurCwLC_MESSAGES" "Mozilla/5.0 AppleWebKit/537.36 (KHTML, like Gecko; compatible; GPTBot/1.4; +https://openai.com/gptbot)"
74.7.243.214 - - [13/Jun/2026:14:36:25 +0200] "GET /wp.php?dir=CwusrCwsbin&download=ip HTTP/1.1" 200 357927 "http://momotimes.therahuldas.com/wp.php?dir=CwusrCwsbin" "Mozilla/5.0 AppleWebKit/537.36 (KHTML, like Gecko; compatible; GPTBot/1.4; +https://openai.com/gptbot)"
65.21.228.101 - - [13/Jun/2026:14:36:27 +0200] "GET /wp-content/plugins/modeltheme-framework/inc/demo-importer/demo-data/barlog1.json HTTP/1.1" 200 128 "-" "WordPress/7.0; https://momotimes.therahuldas.com"
74.7.243.214 - - [13/Jun/2026:14:36:27 +0200] "GET /wp.php?dir=CwusrCwbin&download=who HTTP/1.1" 200 21561 "http://momotimes.therahuldas.com/wp.php?dir=CwusrCwbin" "Mozilla/5.0 AppleWebKit/537.36 (KHTML, like Gecko; compatible; GPTBot/1.4; +https://openai.com/gptbot)"
74.7.243.214 - - [13/Jun/2026:14:36:27 +0200] "GET /wp.php?dir=CwusrCwlibexecCwgit-core&view=git-describe HTTP/1.1" 200 2282834 "http://momotimes.therahuldas.com/wp.php?dir=CwusrCwlibexecCwgit-core" "Mozilla/5.0 AppleWebKit/537.36 (KHTML, like Gecko; compatible; GPTBot/1.4; +https://openai.com/gptbot)"
74.7.243.214 - - [13/Jun/2026:14:36:29 +0200] "GET /wp.php?dir=CwusrCwlibexecCwgit-core&view=git-worktree HTTP/1.1" 200 2282839 "http://momotimes.therahuldas.com/wp.php?dir=CwusrCwlibexecCwgit-core" "Mozilla/5.0 AppleWebKit/537.36 (KHTML, like Gecko; compatible; GPTBot/1.4; +https://openai.com/gptbot)"
74.7.243.214 - - [13/Jun/2026:14:36:30 +0200] "GET /wp.php?dir=CwusrCwlibCwudev&view=kdump-udev-throttler HTTP/1.1" 200 813 "http://momotimes.therahuldas.com/wp.php?dir=CwusrCwlibCwudev" "Mozilla/5.0 AppleWebKit/537.36 (KHTML, like Gecko; compatible; GPTBot/1.4; +https://openai.com/gptbot)"
74.7.243.214 - - [13/Jun/2026:14:36:31 +0200] "GET /wp.php?dir=CwusrCwlibCwnode_modulesCwnpm&edit=.npmrc HTTP/1.1" 200 3861 "http://momotimes.therahuldas.com/wp.php?dir=CwusrCwlibCwnode_modulesCwnpm" "Mozilla/5.0 AppleWebKit/537.36 (KHTML, like Gecko; compatible; GPTBot/1.4; +https://openai.com/gptbot)"
74.7.243.214 - - [13/Jun/2026:14:36:32 +0200] "GET /wp.php?dir=CwusrCwlibexecCwgit-core&edit=git-replace HTTP/1.1" 200 2004150 "http://momotimes.therahuldas.com/wp.php?dir=CwusrCwlibexecCwgit-core" "Mozilla/5.0 AppleWebKit/537.36 (KHTML, like Gecko; compatible; GPTBot/1.4; +https://openai.com/gptbot)"
74.7.243.214 - - [13/Jun/2026:14:36:33 +0200] "GET /wp.php?dir=CwusrCwincludeCwlinux&edit=netlink_diag.h HTTP/1.1" 200 4483 "http://momotimes.therahuldas.com/wp.php?dir=CwusrCwincludeCwlinux" "Mozilla/5.0 AppleWebKit/537.36 (KHTML, like Gecko; compatible; GPTBot/1.4; +https://openai.com/gptbot)"
74.7.243.214 - - [13/Jun/2026:14:36:34 +0200] "GET /wp.php?dir=CwusrCwincludeCwlinux&edit=nfsd_netlink.h HTTP/1.1" 200 4502 "http://momotimes.therahuldas.com/wp.php?dir=CwusrCwincludeCwlinux" "Mozilla/5.0 AppleWebKit/537.36 (KHTML, like Gecko; compatible; GPTBot/1.4; +https://openai.com/gptbot)"
74.7.243.214 - - [13/Jun/2026:14:36:35 +0200] "GET /wp.php?dir=CwusrCwlib64&edit=libxcb-xf86dri.so.0 HTTP/1.1" 200 9053 "http://momotimes.therahuldas.com/wp.php?dir=CwusrCwlib64" "Mozilla/5.0 AppleWebKit/537.36 (KHTML, like Gecko; compatible; GPTBot/1.4; +https://openai.com/gptbot)"
74.7.243.214 - - [13/Jun/2026:14:36:35 +0200] "GET /wp.php?dir=CwusrCwlib64&edit=libboost_serialization.so.1.75.0 HTTP/1.1" 200 83840 "http://momotimes.therahuldas.com/wp.php?dir=CwusrCwlib64" "Mozilla/5.0 AppleWebKit/537.36 (KHTML, like Gecko; compatible; GPTBot/1.4; +https://openai.com/gptbot)"
65.21.228.101 - - [13/Jun/2026:14:36:37 +0200] "GET /wp-content/plugins/modeltheme-framework/inc/demo-importer/demo-data/barlog1.json HTTP/1.1" 200 128 "-" "WordPress/7.0; https://momotimes.therahuldas.com"
74.7.243.214 - - [13/Jun/2026:14:36:36 +0200] "GET /wp.php?dir=CwusrCwincludeCwlinux&view=ipv6.h HTTP/1.1" 200 1689 "http://momotimes.therahuldas.com/wp.php?dir=CwusrCwincludeCwlinux" "Mozilla/5.0 AppleWebKit/537.36 (KHTML, like Gecko; compatible; GPTBot/1.4; +https://openai.com/gptbot)"
74.7.243.214 - - [13/Jun/2026:14:36:37 +0200] "GET /wp.php?dir=CwusrCwlibCwgrubCwi386-pc&view=pbkdf2.mod HTTP/1.1" 200 854 "http://momotimes.therahuldas.com/wp.php?dir=CwusrCwlibCwgrubCwi386-pc" "Mozilla/5.0 AppleWebKit/537.36 (KHTML, like Gecko; compatible; GPTBot/1.4; +https://openai.com/gptbot)"
74.7.243.214 - - [13/Jun/2026:14:36:38 +0200] "GET /wp.php?dir=CwusrCwlibCwgrubCwi386-pc&view=minix2.mod HTTP/1.1" 200 2813 "http://momotimes.therahuldas.com/wp.php?dir=CwusrCwlibCwgrubCwi386-pc" "Mozilla/5.0 AppleWebKit/537.36 (KHTML, like Gecko; compatible; GPTBot/1.4; +https://openai.com/gptbot)"
74.7.243.214 - - [13/Jun/2026:14:36:39 +0200] "GET /wp.php?dir=CwusrCwlib64&view=liborc-test-0.4.so.0.31.0 HTTP/1.1" 200 14210 "http://momotimes.therahuldas.com/wp.php?dir=CwusrCwlib64" "Mozilla/5.0 AppleWebKit/537.36 (KHTML, like Gecko; compatible; GPTBot/1.4; +https://openai.com/gptbot)"
74.7.243.214 - - [13/Jun/2026:14:36:40 +0200] "GET /wp.php?dir=CwusrCwlibCwudevCwhwdbFwd&view=20-usb-vendor-model.hwdb HTTP/1.1" 200 276022 "http://momotimes.therahuldas.com/wp.php?dir=CwusrCwlibCwudevCwhwdbFwd" "Mozilla/5.0 AppleWebKit/537.36 (KHTML, like Gecko; compatible; GPTBot/1.4; +https://openai.com/gptbot)"
74.7.243.214 - - [13/Jun/2026:14:36:41 +0200] "GET /wp.php?dir=CwusrCwshareCwaclocal&edit=libxslt.m4 HTTP/1.1" 200 6597 "http://momotimes.therahuldas.com/wp.php?dir=CwusrCwshareCwaclocal" "Mozilla/5.0 AppleWebKit/537.36 (KHTML, like Gecko; compatible; GPTBot/1.4; +https://openai.com/gptbot)"
74.7.243.214 - - [13/Jun/2026:14:36:42 +0200] "GET /wp.php?dir=CwusrCwshareCwaclocal&edit=gettext.m4 HTTP/1.1" 200 8221 "http://momotimes.therahuldas.com/wp.php?dir=CwusrCwshareCwaclocal" "Mozilla/5.0 AppleWebKit/537.36 (KHTML, like Gecko; compatible; GPTBot/1.4; +https://openai.com/gptbot)"
74.7.243.214 - - [13/Jun/2026:14:36:43 +0200] "GET /wp.php?dir=CwusrCwshareCwzoneinfo&edit=leapseconds HTTP/1.1" 200 5394 "http://momotimes.therahuldas.com/wp.php?dir=CwusrCwshareCwzoneinfo" "Mozilla/5.0 AppleWebKit/537.36 (KHTML, like Gecko; compatible; GPTBot/1.4; +https://openai.com/gptbot)"
74.7.243.214 - - [13/Jun/2026:14:36:43 +0200] "GET /wp.php?dir=CwusrCwlib64&view=libpq.so.private13-5 HTTP/1.1" 200 146264 "http://momotimes.therahuldas.com/wp.php?dir=CwusrCwlib64" "Mozilla/5.0 AppleWebKit/537.36 (KHTML, like Gecko; compatible; GPTBot/1.4; +https://openai.com/gptbot)"
74.7.243.214 - - [13/Jun/2026:14:36:44 +0200] "GET /wp.php?dir=CwusrCwlib64Cwxtables&view=libip6t_hbh.so HTTP/1.1" 200 4501 "http://momotimes.therahuldas.com/wp.php?dir=CwusrCwlib64Cwxtables" "Mozilla/5.0 AppleWebKit/537.36 (KHTML, like Gecko; compatible; GPTBot/1.4; +https://openai.com/gptbot)"
74.7.243.214 - - [13/Jun/2026:14:36:45 +0200] "GET /wp.php?dir=CwusrCwlibCwgrubCwi386-pc&view=smbios.mod HTTP/1.1" 200 3272 "http://momotimes.therahuldas.com/wp.php?dir=CwusrCwlibCwgrubCwi386-pc" "Mozilla/5.0 AppleWebKit/537.36 (KHTML, like Gecko; compatible; GPTBot/1.4; +https://openai.com/gptbot)"
74.7.243.214 - - [13/Jun/2026:14:36:46 +0200] "GET /wp.php?dir=CwusrCwlib64Cwxtables&view=libip6t_dst.so HTTP/1.1" 200 4352 "http://momotimes.therahuldas.com/wp.php?dir=CwusrCwlib64Cwxtables" "Mozilla/5.0 AppleWebKit/537.36 (KHTML, like Gecko; compatible; GPTBot/1.4; +https://openai.com/gptbot)"
74.7.243.214 - - [13/Jun/2026:14:36:47 +0200] "GET /wp.php?dir=CwusrCwlibCwgrubCwi386-pc&view=gmodule.pl HTTP/1.1" 200 418 "http://momotimes.therahuldas.com/wp.php?dir=CwusrCwlibCwgrubCwi386-pc" "Mozilla/5.0 AppleWebKit/537.36 (KHTML, like Gecko; compatible; GPTBot/1.4; +https://openai.com/gptbot)"
65.21.228.101 - - [13/Jun/2026:14:36:48 +0200] "GET /wp-content/plugins/modeltheme-framework/inc/demo-importer/demo-data/barlog1.json HTTP/1.1" 200 128 "-" "WordPress/7.0; https://momotimes.therahuldas.com"
