🔐 Sid Gifari File Manager Pro
v8.0.5 | 2026-06-13 23:01:55 | PHP 8.2.31
📂
/ (Root)
/
usr
/
local
/
apache
/
domlogs
/
therahul
📍 /usr/local/apache/domlogs/therahul
🔄 Refresh
✏️
Editing: test1.therahuldas.com-ssl_log
Read Only
34.185.134.196 - - [13/Jun/2026:14:23:14 +0200] "GET /.env.staging HTTP/1.1" 403 787 "-" "Mozilla/5.0 (Macintosh; Intel Mac OS X 10_11_6) AppleWebKit/537.36 (KHTML, like Gecko) Chrome/54.0.2840.98 Safari/537.36"
34.185.134.196 - - [13/Jun/2026:14:23:14 +0200] "GET /.env.development.local HTTP/1.1" 500 1095 "-" "Mozilla/5.0 (Linux; Android 9; SM-M305F) AppleWebKit/537.36 (KHTML, like Gecko) Chrome/76.0.3809.111 Mobile Safari/537.36"
34.185.134.196 - - [13/Jun/2026:14:23:18 +0200] "GET /temp/.env HTTP/1.1" 403 787 "-" "Mozilla/5.0 (Windows NT 10.0; Win64; x64) AppleWebKit/537.36 (KHTML, like Gecko) Chrome/71.0.3578.80 Safari/537.36"
34.185.134.196 - - [13/Jun/2026:14:23:18 +0200] "GET /api/backend/.env HTTP/1.1" 403 787 "-" "Mozilla/5.0 (Windows NT 10.0; WOW64) AppleWebKit/537.36 (KHTML, like Gecko) Chrome/70.0.3538.25 Safari/537.36 Core/1.70.3722.400 QQBrowser/10.5.3763.400"
65.21.228.101 - - [13/Jun/2026:14:23:29 +0200] "POST /wp-cron.php?doing_wp_cron=1781353408.7904610633850097656250 HTTP/1.1" 200 0 "-" "WordPress/7.0; https://test1.therahuldas.com"
34.185.134.196 - - [13/Jun/2026:14:23:14 +0200] "GET /.env.preprod HTTP/1.1" 301 0 "-" "Mozilla/5.0 (Windows NT 10.0; Win64; x64) AppleWebKit/537.36 (KHTML, like Gecko) Chrome/69.0.3497.100 Safari/537.36"
103.95.119.103 - - [13/Jun/2026:14:10:44 +0200] "GET /wp-login.php HTTP/2" 200 974 "-" "Mozilla/5.0 (Windows NT 10.0; Win64; x64) AppleWebKit/537.36 (KHTML, like Gecko) Chrome/120.0.0.0 Safari/537.36"
34.185.134.196 - - [13/Jun/2026:14:23:15 +0200] "GET /.env.orig HTTP/1.1" 500 1095 "-" "Mozilla/5.0 (iPhone; CPU iPhone OS 12_0_1 like Mac OS X) AppleWebKit/605.1.15 (KHTML, like Gecko) Version/12.0 Mobile/15E148 Safari/604.1"
34.185.134.196 - - [13/Jun/2026:14:23:15 +0200] "GET /env HTTP/1.1" 500 1095 "-" "Mozilla/5.0 (Windows NT 6.0) AppleWebKit/535.2 (KHTML, like Gecko) Chrome/15.0.874.120 Safari/535.2"
34.185.134.196 - - [13/Jun/2026:14:23:18 +0200] "GET /data/.env HTTP/1.1" 403 787 "-" "Mozilla/5.0 (Windows NT 6.1) AppleWebKit/537.71 (KHTML like Gecko) WebVideo/1.0.1.10 Version/7.0 Safari/537.71"
34.185.134.196 - - [13/Jun/2026:14:23:14 +0200] "GET /.env.backup.txt HTTP/1.1" 301 0 "-" "Mozilla/5.0 (Linux; Android 9; Redmi Note 7) AppleWebKit/537.36 (KHTML, like Gecko) Chrome/76.0.3809.111 Mobile Safari/537.36"
34.185.134.196 - - [13/Jun/2026:14:23:15 +0200] "GET /.env.txt HTTP/1.1" 301 0 "-" "Mozilla/5.0 (Linux; Android 9; GM1917) AppleWebKit/537.36 (KHTML, like Gecko) Chrome/76.0.3809.111 Mobile Safari/537.36"
34.185.134.196 - - [13/Jun/2026:14:23:14 +0200] "GET /.env.pre-production HTTP/1.1" 301 0 "-" "Mozilla/5.0 (Windows NT 6.1; Win64; x64) AppleWebKit/537.36 (KHTML, like Gecko) Chrome/76.0.3786.0 Safari/537.36"
34.185.134.196 - - [13/Jun/2026:14:23:14 +0200] "GET /.env.test HTTP/1.1" 301 0 "-" "Mozilla/5.0 (Linux; Android 9; Nokia 6.1) AppleWebKit/537.36 (KHTML, like Gecko) Chrome/76.0.3809.111 Mobile Safari/537.36"
34.185.134.196 - - [13/Jun/2026:14:23:14 +0200] "GET /.env.qa HTTP/1.1" 301 0 "-" "Mozilla/5.0 (Windows NT 10.0; Win64; x64) AppleWebKit/537.36 (KHTML, like Gecko) Chrome/78.0.3866.0 Safari/537.36"
34.185.134.196 - - [13/Jun/2026:14:23:14 +0200] "GET /.env.dev HTTP/1.1" 301 0 "-" "Mozilla/5.0 (Linux; Android 8.1.0; Redmi 5 Plus) AppleWebKit/537.36 (KHTML, like Gecko) Chrome/76.0.3809.111 Mobile Safari/537.36"
34.185.134.196 - - [13/Jun/2026:14:23:14 +0200] "GET /.env.production.bak HTTP/1.1" 301 0 "-" "Mozilla/5.0 (Macintosh; Intel Mac OS X 10_14_6) AppleWebKit/537.36 (KHTML, like Gecko) Chrome/74.0.3729.169 YaBrowser/19.6.0.1583 Yowser/2.5 Safari/537.36"
34.185.134.196 - - [13/Jun/2026:14:23:14 +0200] "GET /.env.prod HTTP/1.1" 301 0 "-" "Mozilla/5.0 (Linux; U; Android 1.5; en-us; sdk Build/CUPCAKE) AppleWebkit/528.5 (KHTML, like Gecko) Version/3.1.2 Mobile Safari/525.20.1"
34.185.134.196 - - [13/Jun/2026:14:23:14 +0200] "GET /.env.stage HTTP/1.1" 301 0 "-" "Mozilla/5.0 (Linux; Android 9; SM-G960F) AppleWebKit/537.36 (KHTML, like Gecko) Chrome/76.0.3809.111 Mobile Safari/537.36"
34.185.134.196 - - [13/Jun/2026:14:23:14 +0200] "GET /.env.template HTTP/1.1" 301 0 "-" "Mozilla/5.0 (iPhone; CPU iPhone OS 12_1 like Mac OS X) AppleWebKit/605.1.15 (KHTML, like Gecko) Version/12.0 Mobile/15E148 Safari/604.1"
34.185.134.196 - - [13/Jun/2026:14:23:14 +0200] "GET /.env.sample HTTP/1.1" 301 0 "-" "Mozilla/5.0 (Windows NT 6.1; WOW64) AppleWebKit/537.36 (KHTML, like Gecko) Chrome/45.0.2454.101 Safari/537.36"
34.185.134.196 - - [13/Jun/2026:14:23:14 +0200] "GET /.env.local HTTP/1.1" 403 787 "-" "Mozilla/5.0 (Windows; U; Windows NT 6.0; en-US) AppleWebKit/527 (KHTML, like Gecko, Safari/419.3) Arora/0.6 (Change: )"
34.185.134.196 - - [13/Jun/2026:14:23:14 +0200] "GET /.env.old HTTP/1.1" 403 787 "-" "Mozilla/5.0 (Windows NT 6.1; Win64; x64) AppleWebKit/537.36 (KHTML, like Gecko) Chrome/76.0.3786.0 Safari/537.36"
34.185.134.196 - - [13/Jun/2026:14:23:14 +0200] "GET /.env.demo HTTP/1.1" 500 1095 "-" "Mozilla/5.0 (Windows NT 10.0; Win64; x64) AppleWebKit/537.36 (KHTML, like Gecko) Chrome/78.0.3890.0 Safari/537.36"
34.185.134.196 - - [13/Jun/2026:14:23:14 +0200] "GET /.env.copy HTTP/1.1" 301 0 "-" "Mozilla/5.0 (X11; Linux x86_64) AppleWebKit/537.36 (KHTML, like Gecko) Chrome/69.0.3497.100 Safari/537.36"
34.185.134.196 - - [13/Jun/2026:14:23:14 +0200] "GET /.env.uat HTTP/1.1" 301 0 "-" "Mozilla/5.0 (Symbian/3; Series60/5.2 NokiaE6-00/021.002; Profile/MIDP-2.1 Configuration/CLDC-1.1) AppleWebKit/533.4 (KHTML, like Gecko) NokiaBrowser/7.3.1.16 Mobile Safari/533.4 3gpp-gba"
34.185.134.196 - - [13/Jun/2026:14:23:14 +0200] "GET /.env.dist HTTP/1.1" 301 0 "-" "Mozilla/5.0 (Linux; Android 8.0.0; F5121) AppleWebKit/537.36 (KHTML, like Gecko) Chrome/75.0.3770.101 Mobile Safari/537.36"
34.185.134.196 - - [13/Jun/2026:14:23:14 +0200] "GET /.env.production HTTP/1.1" 403 787 "-" "Mozilla/5.0 (compatible; Konqueror/3.5; SunOS) KHTML/3.5.1 (like Gecko)"
34.185.134.196 - - [13/Jun/2026:14:23:14 +0200] "GET /.env.testing HTTP/1.1" 500 1095 "-" "Mozilla/5.0 (Windows NT 10.0; WOW64) AppleWebKit/537.36 (KHTML, like Gecko) Chrome/63.0.3239.132 Safari/537.36"
34.185.134.196 - - [13/Jun/2026:14:23:18 +0200] "GET /services/backend/.env HTTP/1.1" 403 787 "-" "Mozilla/5.0 (Windows NT 6.1; Win64; x64) AppleWebKit/537.36 (KHTML, like Gecko) Chrome/65.0.3325.146 Safari/537.36"
34.185.134.196 - - [13/Jun/2026:14:23:18 +0200] "GET /packages/api/.env HTTP/1.1" 403 787 "-" "Adobe Application Manager 2.0"
34.185.134.196 - - [13/Jun/2026:14:23:14 +0200] "GET /.env.backup HTTP/1.1" 301 0 "-" "Mozilla/5.0 (Macintosh; Intel Mac OS X 10_13_6) AppleWebKit/605.1.15 (KHTML, like Gecko) Version/12.1 Safari/605.1.15"
34.185.134.196 - - [13/Jun/2026:14:23:15 +0200] "GET /.env.production.local HTTP/1.1" 301 0 "-" "Mozilla/5.0 (X11; Linux x86_64) AppleWebKit/538.1 (KHTML, like Gecko) QupZilla/1.9.0 Safari/538.1"
34.185.134.196 - - [13/Jun/2026:14:23:14 +0200] "GET /.env.default HTTP/1.1" 301 0 "-" "Mozilla/5.0 (Windows NT 6.1; WOW64) AppleWebKit/537.36 (KHTML, like Gecko) Chrome/72.0.3626.121 Safari/537.36"
34.185.134.196 - - [13/Jun/2026:14:23:14 +0200] "GET /.env.development HTTP/1.1" 301 0 "-" "Mozilla/5.0 (Macintosh; Intel Mac OS X 10_12_0) AppleWebKit/537.36 (KHTML, like Gecko) Chrome/76.0.3809.100 Safari/537.36"
34.185.134.196 - - [13/Jun/2026:14:23:14 +0200] "GET /.env HTTP/1.1" 403 787 "-" "Mozilla/5.0 (Macintosh; Intel Mac OS X 10_12_2) AppleWebKit/537.36 (KHTML, like Gecko) Chrome/76.0.3809.100 Safari/537.36"
34.185.134.196 - - [13/Jun/2026:14:23:14 +0200] "GET /.env.docker HTTP/1.1" 500 1095 "-" "Mozilla/5.0 (X11; Linux i686; rv:10.0.1) Gecko/20100101 Firefox/10.0.1 SeaMonkey/2.7.1"
34.185.134.196 - - [13/Jun/2026:14:23:16 +0200] "GET /env.backup HTTP/1.1" 500 1095 "-" "Mozilla/5.0 (BlackBerry; U; BlackBerry 9930; en-US) AppleWebKit/534.11+ (KHTML, like Gecko) Version/7.1.0.267 Mobile Safari/534.11+"
34.185.134.196 - - [13/Jun/2026:14:23:15 +0200] "GET /.env~ HTTP/1.1" 500 1095 "-" "Mozilla/5.0 (Windows NT 6.1; Win64; x64) AppleWebKit/537.36 (KHTML, like Gecko) Chrome/67.0.3396.99 Safari/537.36"
34.185.134.196 - - [13/Jun/2026:14:23:14 +0200] "GET /.env.dev.local HTTP/1.1" 301 0 "-" "Mozilla/5.0 (MeeGo; NokiaN9) AppleWebKit/534.13 (KHTML, like Gecko) NokiaBrowser/8.5.0 Mobile Safari/534.13"
34.185.134.196 - - [13/Jun/2026:14:23:14 +0200] "GET /.env.live HTTP/1.1" 301 0 "-" "Mozilla/5.0 (Windows; U; Windows XP) Gecko MultiZilla/1.6.1.0a"
34.185.134.196 - - [13/Jun/2026:14:23:14 +0200] "GET /.env.local.bak HTTP/1.1" 301 0 "-" "Mozilla/5.0 (X11; U; Linux x86_64; en-US; rv:1.9.1.17) Gecko/20110123 SeaMonkey/2.0.12"
34.185.134.196 - - [13/Jun/2026:14:23:14 +0200] "GET /.env.bak HTTP/1.1" 403 787 "-" "Mozilla/5.0 (X11; Linux x86_64) AppleWebKit/537.36 (KHTML like Gecko) Chrome/36.0.1985.125 Safari/537.36"
34.185.134.196 - - [13/Jun/2026:14:23:16 +0200] "GET /env.bak HTTP/1.1" 500 1095 "-" "Mozilla/5.0 (iPad; CPU OS 10_0 like Mac OS X) AppleWebKit/601.1 (KHTML, like Gecko) CriOS/49.0.2623.109 Mobile/14A5335b Safari/601.1.46"
34.185.134.196 - - [13/Jun/2026:14:23:18 +0200] "GET /apps/frontend/.env HTTP/1.1" 403 787 "-" "Mozilla/5.0 (Macintosh; Intel Mac OS X 10_13_6) AppleWebKit/605.1.15 (KHTML, like Gecko) Version/12.1.1 Safari/605.1.15"
34.185.134.196 - - [13/Jun/2026:14:23:14 +0200] "GET /.env.prod.bak HTTP/1.1" 301 0 "-" "Mozilla/5.0 (iPhone; CPU iPhone OS 12_4 like Mac OS X) AppleWebKit/605.1.15 (KHTML, like Gecko) CriOS/74.0.3729.121 Mobile/15E148 Safari/605.1"
34.185.134.196 - - [13/Jun/2026:14:23:14 +0200] "GET /.env.save HTTP/1.1" 403 787 "-" "Mozilla/5.0 (Macintosh; Intel Mac OS X 10_9_3) AppleWebKit/537.75.14 (KHTML, like Gecko) Version/7.0.3 Safari/7046A194A"
34.185.134.196 - - [13/Jun/2026:14:23:18 +0200] "GET /www/.env HTTP/1.1" 403 787 "-" "Mozilla/5.0 (Windows NT 6.1; WOW64) AppleWebKit/537.36 (KHTML, like Gecko) Chrome/58.0.3029.110 Safari/537.36 SE 2.X MetaSr 1.0"
34.185.134.196 - - [13/Jun/2026:14:23:18 +0200] "GET /services/auth/.env HTTP/1.1" 403 787 "-" "Mozilla/5.0 (X11; Ubuntu; Linux; rv:67.0) Gecko/20100101 Firefox/67.0"
34.185.134.196 - - [13/Jun/2026:14:23:18 +0200] "GET /services/api/.env HTTP/1.1" 403 787 "-" "Mozilla/3.0 (compatible; NetPositive/2.1.1; BeOS)"
34.185.134.196 - - [13/Jun/2026:14:23:15 +0200] "GET /env.txt HTTP/1.1" 301 0 "-" "Mozilla/1.22 (compatible; MSIE 5.01; PalmOS 3.0) EudoraWeb 2.1"
34.185.134.196 - - [13/Jun/2026:14:23:14 +0200] "GET /.env.example HTTP/1.1" 301 0 "-" "Mozilla/4.0 (compatible; MSIE 6.0; Windows CE; IEMobile 6.12; Microsoft ZuneHD 4.3)"
65.21.228.101 - - [13/Jun/2026:14:26:28 +0200] "POST /wp-cron.php?doing_wp_cron=1781353588.8177270889282226562500 HTTP/1.1" 200 0 "-" "WordPress/7.0; https://test1.therahuldas.com"
212.77.241.90 - - [13/Jun/2026:14:26:28 +0200] "POST /xmlrpc.php HTTP/2" 200 205 "-" "Mozilla/5.0 (X11; Linux i686) AppleWebKit/537.36 (KHTML, like Gecko) Chrome/133.0.0.0 Safari/537.36"
65.21.228.101 - - [13/Jun/2026:15:02:51 +0200] "POST /wp-cron.php?doing_wp_cron=1781355771.6002919673919677734375 HTTP/1.1" 200 0 "-" "WordPress/7.0; https://test1.therahuldas.com"
198.177.120.121 - - [13/Jun/2026:15:12:02 +0200] "POST /xmlrpc.php HTTP/2" 200 205 "-" "Mozilla/5.0 (Windows NT 10.0; Win64; x64) AppleWebKit/537.36 (KHTML, like Gecko) Chrome/120.0.0.0 Safari/537.36"
65.21.228.101 - - [13/Jun/2026:15:21:04 +0200] "POST /wp-cron.php?doing_wp_cron=1781356864.2094359397888183593750 HTTP/1.1" 200 0 "-" "WordPress/7.0; https://test1.therahuldas.com"
65.21.228.101 - - [13/Jun/2026:15:23:02 +0200] "POST /wp-cron.php?doing_wp_cron=1781356982.4928250312805175781250 HTTP/1.1" 200 0 "-" "WordPress/7.0; https://test1.therahuldas.com"
65.21.228.101 - - [13/Jun/2026:15:24:47 +0200] "POST /wp-cron.php?doing_wp_cron=1781357087.0210409164428710937500 HTTP/1.1" 200 0 "-" "WordPress/7.0; https://test1.therahuldas.com"
65.21.228.101 - - [13/Jun/2026:15:29:23 +0200] "POST /wp-cron.php?doing_wp_cron=1781357363.4273478984832763671875 HTTP/1.1" 200 0 "-" "WordPress/7.0; https://test1.therahuldas.com"
202.172.25.41 - - [13/Jun/2026:15:37:40 +0200] "POST /xmlrpc.php HTTP/2" 200 205 "-" "Mozilla/5.0 (Windows NT 10.0; Win64; x64) AppleWebKit/537.36 (KHTML, like Gecko) Chrome/120.0.0.0 Safari/537.36"
65.21.228.101 - - [13/Jun/2026:15:59:00 +0200] "POST /wp-cron.php?doing_wp_cron=1781359140.3818058967590332031250 HTTP/1.1" 200 0 "-" "WordPress/7.0; https://test1.therahuldas.com"
65.21.228.101 - - [13/Jun/2026:17:00:35 +0200] "POST /wp-cron.php?doing_wp_cron=1781362835.7980771064758300781250 HTTP/1.1" 200 0 "-" "WordPress/7.0; https://test1.therahuldas.com"
65.21.228.101 - - [13/Jun/2026:17:13:35 +0200] "POST /wp-cron.php?doing_wp_cron=1781363615.6861090660095214843750 HTTP/1.1" 200 0 "-" "WordPress/7.0; https://test1.therahuldas.com"
65.21.228.101 - - [13/Jun/2026:15:12:52 +0200] "POST /wp-cron.php?doing_wp_cron=1781356372.4217739105224609375000 HTTP/1.1" 200 0 "-" "WordPress/7.0; https://test1.therahuldas.com"
65.21.228.101 - - [13/Jun/2026:15:15:35 +0200] "POST /wp-cron.php?doing_wp_cron=1781356535.8073019981384277343750 HTTP/1.1" 200 0 "-" "WordPress/7.0; https://test1.therahuldas.com"
65.21.228.101 - - [13/Jun/2026:15:37:41 +0200] "POST /wp-cron.php?doing_wp_cron=1781357861.0090789794921875000000 HTTP/1.1" 200 0 "-" "WordPress/7.0; https://test1.therahuldas.com"
210.211.99.176 - - [13/Jun/2026:15:48:56 +0200] "POST /xmlrpc.php HTTP/2" 200 205 "-" "Mozilla/5.0 (Windows NT 10.0; Win64; x64) AppleWebKit/537.36 (KHTML, like Gecko) Chrome/120.0.0.0 Safari/537.36"
65.21.228.101 - - [13/Jun/2026:16:12:30 +0200] "POST /wp-cron.php?doing_wp_cron=1781359950.9129359722137451171875 HTTP/1.1" 200 0 "-" "WordPress/7.0; https://test1.therahuldas.com"
202.172.25.51 - - [13/Jun/2026:16:12:29 +0200] "POST /xmlrpc.php HTTP/2" 200 205 "-" "Mozilla/5.0 (Windows NT 10.0; Win64; x64) AppleWebKit/537.36 (KHTML, like Gecko) Chrome/120.0.0.0 Safari/537.36"
143.110.183.208 - - [13/Jun/2026:16:46:01 +0200] "GET /wp-login.php HTTP/2" 200 974 "-" "Mozilla/5.0 (Windows NT 10.0; Win64; x64) AppleWebKit/537.36 (KHTML, like Gecko) Chrome/120.0.0.0 Safari/537.36"
65.21.228.101 - - [13/Jun/2026:16:50:10 +0200] "POST /wp-cron.php?doing_wp_cron=1781362210.5697419643402099609375 HTTP/1.1" 200 0 "-" "WordPress/7.0; https://test1.therahuldas.com"
208.109.188.137 - - [13/Jun/2026:17:02:41 +0200] "POST /xmlrpc.php HTTP/2" 200 205 "-" "Mozilla/5.0 (Windows NT 10.0; Win64; x64) AppleWebKit/537.36 (KHTML, like Gecko) Chrome/120.0.0.0 Safari/537.36"
65.21.228.101 - - [13/Jun/2026:17:07:36 +0200] "POST /wp-cron.php?doing_wp_cron=1781363256.0148661136627197265625 HTTP/1.1" 200 0 "-" "WordPress/7.0; https://test1.therahuldas.com"
162.254.36.150 - - [13/Jun/2026:14:26:12 +0200] "GET /wp-login.php HTTP/2" 200 974 "-" "Mozilla/5.0 (X11; Linux x86_64; rv:133.0) Gecko/20100101 Firefox/133.0"
162.254.36.150 - - [13/Jun/2026:14:26:21 +0200] "POST /wp-login.php HTTP/2" 200 974 "https://test1.therahuldas.com/wp-login.php" "Mozilla/5.0 (X11; Linux x86_64; rv:133.0) Gecko/20100101 Firefox/133.0"
108.179.194.55 - - [13/Jun/2026:14:32:20 +0200] "GET /wp-login.php HTTP/2" 200 974 "-" "Mozilla/5.0 (Windows NT 10.0; Win64; x64) AppleWebKit/537.36 (KHTML, like Gecko) Chrome/120.0.0.0 Safari/537.36"
20.204.242.150 - - [13/Jun/2026:14:38:55 +0200] "GET /wp-login.php HTTP/2" 200 974 "-" "Mozilla/5.0 (Macintosh; Intel Mac OS X 10_15_7) AppleWebKit/605.1.15 (KHTML, like Gecko) Version/18.3 Safari/605.1.15"
20.204.242.150 - - [13/Jun/2026:14:38:55 +0200] "POST /wp-login.php HTTP/2" 200 974 "https://test1.therahuldas.com/wp-login.php" "Mozilla/5.0 (Macintosh; Intel Mac OS X 10_15_7) AppleWebKit/605.1.15 (KHTML, like Gecko) Version/18.3 Safari/605.1.15"
65.21.228.101 - - [13/Jun/2026:15:11:48 +0200] "POST /wp-cron.php?doing_wp_cron=1781356308.6099228858947753906250 HTTP/1.1" 200 0 "-" "WordPress/7.0; https://test1.therahuldas.com"
178.62.89.9 - - [13/Jun/2026:15:32:51 +0200] "GET /wp-login.php HTTP/2" 200 974 "-" "Mozilla/5.0 (X11; Linux x86_64) AppleWebKit/537.36 (KHTML, like Gecko) Chrome/133.0.0.0 Safari/537.36"
178.62.89.9 - - [13/Jun/2026:15:32:52 +0200] "POST /wp-login.php HTTP/2" 200 974 "https://test1.therahuldas.com/wp-login.php" "Mozilla/5.0 (X11; Linux x86_64) AppleWebKit/537.36 (KHTML, like Gecko) Chrome/133.0.0.0 Safari/537.36"
65.21.228.101 - - [13/Jun/2026:15:35:03 +0200] "POST /wp-cron.php?doing_wp_cron=1781357703.7269589900970458984375 HTTP/1.1" 200 0 "-" "WordPress/7.0; https://test1.therahuldas.com"
2a06:98c0:3600::103 - - [13/Jun/2026:16:24:44 +0200] "GET /.git/config HTTP/1.1" 403 787 "-" "Mozilla/5.0 (iPhone; CPU iPhone OS 17_0 like Mac OS X) AppleWebKit/605.1.15 Version/17.0 Mobile Safari/604.1"
65.21.228.101 - - [13/Jun/2026:16:43:17 +0200] "POST /wp-cron.php?doing_wp_cron=1781361797.7611749172210693359375 HTTP/1.1" 200 0 "-" "WordPress/7.0; https://test1.therahuldas.com"
205.210.31.33 - - [13/Jun/2026:16:56:48 +0200] "GET / HTTP/1.1" 200 80163 "http://www.test1.therahuldas.com/" "Hello from Palo Alto Networks, find out more about our scans in https://docs-cortex.paloaltonetworks.com/r/1/Cortex-Xpanse/Scanning-activity"
65.21.228.101 - - [13/Jun/2026:16:58:15 +0200] "POST /wp-cron.php?doing_wp_cron=1781362695.1201519966125488281250 HTTP/1.1" 200 0 "-" "WordPress/7.0; https://test1.therahuldas.com"
65.21.228.101 - - [13/Jun/2026:17:06:35 +0200] "POST /wp-cron.php?doing_wp_cron=1781363195.9425640106201171875000 HTTP/1.1" 200 0 "-" "WordPress/7.0; https://test1.therahuldas.com"
178.105.170.143 - - [13/Jun/2026:14:29:49 +0200] "POST /xmlrpc.php HTTP/2" 200 205 "-" "Mozilla/5.0 (Macintosh; Intel Mac OS X 10_15_7) AppleWebKit/537.36 (KHTML, like Gecko) Chrome/133.0.0.0 Safari/537.36 Edg/133.0.0.0"
194.163.139.224 - - [13/Jun/2026:14:47:57 +0200] "GET /wp-login.php HTTP/2" 200 974 "-" "Mozilla/5.0 (Macintosh; Intel Mac OS X 11_7_10) AppleWebKit/537.36 (KHTML, like Gecko) Chrome/133.0.0.0 Safari/537.36"
194.163.139.224 - - [13/Jun/2026:14:47:57 +0200] "POST /wp-login.php HTTP/2" 200 974 "https://test1.therahuldas.com/wp-login.php" "Mozilla/5.0 (Macintosh; Intel Mac OS X 11_7_10) AppleWebKit/537.36 (KHTML, like Gecko) Chrome/133.0.0.0 Safari/537.36"
192.185.4.147 - - [13/Jun/2026:15:07:55 +0200] "GET /wp-login.php HTTP/2" 200 974 "-" "Mozilla/5.0 (Windows NT 10.0; Win64; x64) AppleWebKit/537.36 (KHTML, like Gecko) Chrome/120.0.0.0 Safari/537.36"
65.21.228.101 - - [13/Jun/2026:15:11:30 +0200] "POST /wp-cron.php?doing_wp_cron=1781356290.6066660881042480468750 HTTP/1.1" 200 0 "-" "WordPress/7.0; https://test1.therahuldas.com"
65.21.228.101 - - [13/Jun/2026:15:21:04 +0200] "POST /wp-cron.php?doing_wp_cron=1781356864.2093338966369628906250 HTTP/1.1" 200 0 "-" "WordPress/7.0; https://test1.therahuldas.com"
103.95.119.103 - - [13/Jun/2026:16:00:48 +0200] "GET /wp-login.php HTTP/2" 200 974 "-" "Mozilla/5.0 (Windows NT 10.0; Win64; x64) AppleWebKit/537.36 (KHTML, like Gecko) Chrome/120.0.0.0 Safari/537.36"
167.71.136.93 - - [13/Jun/2026:16:33:17 +0200] "GET /wp-login.php HTTP/2" 200 974 "-" "Mozilla/5.0 (Macintosh; Intel Mac OS X 10_15_7) AppleWebKit/537.36 (KHTML, like Gecko) Chrome/133.0.0.0 Safari/537.36"
167.71.136.93 - - [13/Jun/2026:16:33:18 +0200] "POST /wp-login.php HTTP/2" 200 974 "https://test1.therahuldas.com/wp-login.php" "Mozilla/5.0 (Macintosh; Intel Mac OS X 10_15_7) AppleWebKit/537.36 (KHTML, like Gecko) Chrome/133.0.0.0 Safari/537.36"
97.74.87.194 - - [13/Jun/2026:16:43:22 +0200] "POST /xmlrpc.php HTTP/2" 200 205 "-" "Mozilla/5.0 (Windows NT 10.0; Win64; x64) AppleWebKit/537.36 (KHTML, like Gecko) Chrome/120.0.0.0 Safari/537.36"
65.21.228.101 - - [13/Jun/2026:15:00:25 +0200] "POST /wp-cron.php?doing_wp_cron=1781355625.1235868930816650390625 HTTP/1.1" 200 0 "-" "WordPress/7.0; https://test1.therahuldas.com"
65.21.228.101 - - [13/Jun/2026:15:14:48 +0200] "POST /wp-cron.php?doing_wp_cron=1781356488.2108891010284423828125 HTTP/1.1" 200 0 "-" "WordPress/7.0; https://test1.therahuldas.com"
65.21.228.101 - - [13/Jun/2026:15:17:40 +0200] "POST /wp-cron.php?doing_wp_cron=1781356660.7146670818328857421875 HTTP/1.1" 200 0 "-" "WordPress/7.0; https://test1.therahuldas.com"
65.21.228.101 - - [13/Jun/2026:15:23:43 +0200] "POST /wp-cron.php?doing_wp_cron=1781357023.8359580039978027343750 HTTP/1.1" 200 0 "-" "WordPress/7.0; https://test1.therahuldas.com"
65.21.228.101 - - [13/Jun/2026:15:33:04 +0200] "POST /wp-cron.php?doing_wp_cron=1781357584.3735089302062988281250 HTTP/1.1" 200 0 "-" "WordPress/7.0; https://test1.therahuldas.com"
68.183.43.38 - - [13/Jun/2026:15:33:03 +0200] "POST /xmlrpc.php HTTP/2" 200 205 "-" "Mozilla/5.0 (X11; Linux x86_64; rv:133.0) Gecko/20100101 Firefox/133.0"
65.21.228.101 - - [13/Jun/2026:15:48:56 +0200] "POST /wp-cron.php?doing_wp_cron=1781358536.7356479167938232421875 HTTP/1.1" 200 0 "-" "WordPress/7.0; https://test1.therahuldas.com"
202.172.25.51 - - [13/Jun/2026:16:03:54 +0200] "POST /xmlrpc.php HTTP/2" 200 205 "-" "Mozilla/5.0 (Windows NT 10.0; Win64; x64) AppleWebKit/537.36 (KHTML, like Gecko) Chrome/120.0.0.0 Safari/537.36"
185.176.8.77 - - [13/Jun/2026:16:10:23 +0200] "GET /wp-login.php HTTP/2" 200 974 "-" "Mozilla/5.0 (Windows NT 10.0; Win64; x64) AppleWebKit/537.36 (KHTML, like Gecko) Chrome/120.0.0.0 Safari/537.36"
209.74.67.144 - - [13/Jun/2026:16:52:50 +0200] "GET /wp-login.php HTTP/2" 200 974 "-" "Mozilla/5.0 (Windows NT 10.0; Win64; x64) AppleWebKit/537.36 (KHTML, like Gecko) Chrome/120.0.0.0 Safari/537.36"
65.21.228.101 - - [13/Jun/2026:16:58:43 +0200] "POST /wp-cron.php?doing_wp_cron=1781362723.0897810459136962890625 HTTP/1.1" 200 0 "-" "WordPress/7.0; https://test1.therahuldas.com"
65.21.228.101 - - [13/Jun/2026:17:04:35 +0200] "POST /wp-cron.php?doing_wp_cron=1781363075.0563840866088867187500 HTTP/1.1" 200 0 "-" "WordPress/7.0; https://test1.therahuldas.com"
102.213.229.240 - - [13/Jun/2026:15:01:09 +0200] "GET /wp-login.php HTTP/2" 200 974 "-" "Mozilla/5.0 (Macintosh; Intel Mac OS X 10_15_7) AppleWebKit/537.36 (KHTML, like Gecko) Chrome/133.0.0.0 Safari/537.36"
102.213.229.240 - - [13/Jun/2026:15:01:10 +0200] "POST /wp-login.php HTTP/2" 200 974 "https://test1.therahuldas.com/wp-login.php" "Mozilla/5.0 (Macintosh; Intel Mac OS X 10_15_7) AppleWebKit/537.36 (KHTML, like Gecko) Chrome/133.0.0.0 Safari/537.36"
65.21.228.101 - - [13/Jun/2026:15:03:58 +0200] "POST /wp-cron.php?doing_wp_cron=1781355838.9085340499877929687500 HTTP/1.1" 200 0 "-" "WordPress/7.0; https://test1.therahuldas.com"
65.21.228.101 - - [13/Jun/2026:15:05:56 +0200] "POST /wp-cron.php?doing_wp_cron=1781355956.6084640026092529296875 HTTP/1.1" 200 0 "-" "WordPress/7.0; https://test1.therahuldas.com"
65.21.228.101 - - [13/Jun/2026:15:10:01 +0200] "POST /wp-cron.php?doing_wp_cron=1781356201.1191380023956298828125 HTTP/1.1" 200 0 "-" "WordPress/7.0; https://test1.therahuldas.com"
165.227.123.16 - - [13/Jun/2026:15:35:35 +0200] "GET /wp-login.php HTTP/2" 200 974 "-" "Mozilla/5.0 (Windows NT 10.0; Win64; x64) AppleWebKit/537.36 (KHTML, like Gecko) Chrome/120.0.0.0 Safari/537.36"
65.21.228.101 - - [13/Jun/2026:16:03:55 +0200] "POST /wp-cron.php?doing_wp_cron=1781359435.0147359371185302734375 HTTP/1.1" 200 0 "-" "WordPress/7.0; https://test1.therahuldas.com"
185.131.55.251 - - [13/Jun/2026:16:43:16 +0200] "POST /xmlrpc.php HTTP/2" 200 205 "-" "Mozilla/5.0 (X11; Linux i686) AppleWebKit/537.36 (KHTML, like Gecko) Chrome/133.0.0.0 Safari/537.36"
194.163.172.142 - - [13/Jun/2026:16:50:09 +0200] "POST /xmlrpc.php HTTP/2" 200 205 "-" "Mozilla/5.0 (Windows NT 10.0; Win64; x64) AppleWebKit/537.36 (KHTML, like Gecko) Chrome/120.0.0.0 Safari/537.36"
178.105.170.143 - - [13/Jun/2026:17:00:14 +0200] "POST /xmlrpc.php HTTP/2" 200 205 "-" "Mozilla/5.0 (X11; Fedora; Linux x86_64) AppleWebKit/537.36 (KHTML, like Gecko) Chrome/133.0.0.0 Safari/537.36"
178.105.170.143 - - [13/Jun/2026:17:01:00 +0200] "GET /wp-login.php HTTP/2" 200 974 "-" "Mozilla/5.0 (X11; Fedora; Linux x86_64) AppleWebKit/537.36 (KHTML, like Gecko) Chrome/133.0.0.0 Safari/537.36"
178.105.170.143 - - [13/Jun/2026:17:01:01 +0200] "POST /wp-login.php HTTP/2" 200 974 "https://test1.therahuldas.com/wp-login.php" "Mozilla/5.0 (X11; Fedora; Linux x86_64) AppleWebKit/537.36 (KHTML, like Gecko) Chrome/133.0.0.0 Safari/537.36"
65.21.228.101 - - [13/Jun/2026:14:26:48 +0200] "POST /wp-cron.php?doing_wp_cron=1781353608.4115610122680664062500 HTTP/1.1" 200 0 "-" "WordPress/7.0; https://test1.therahuldas.com"
65.21.228.101 - - [13/Jun/2026:14:53:56 +0200] "POST /wp-cron.php?doing_wp_cron=1781355236.4946849346160888671875 HTTP/1.1" 200 0 "-" "WordPress/7.0; https://test1.therahuldas.com"
65.21.228.101 - - [13/Jun/2026:15:01:50 +0200] "POST /wp-cron.php?doing_wp_cron=1781355710.2231750488281250000000 HTTP/1.1" 200 0 "-" "WordPress/7.0; https://test1.therahuldas.com"
65.21.228.101 - - [13/Jun/2026:15:13:42 +0200] "POST /wp-cron.php?doing_wp_cron=1781356422.9428389072418212890625 HTTP/1.1" 200 0 "-" "WordPress/7.0; https://test1.therahuldas.com"
62.72.44.19 - - [13/Jun/2026:15:14:06 +0200] "POST /xmlrpc.php HTTP/2" 200 205 "-" "Mozilla/5.0 (Macintosh; Intel Mac OS X 11_7_10) AppleWebKit/537.36 (KHTML, like Gecko) Chrome/133.0.0.0 Safari/537.36"
65.21.228.101 - - [13/Jun/2026:15:22:00 +0200] "POST /wp-cron.php?doing_wp_cron=1781356920.4979310035705566406250 HTTP/1.1" 200 0 "-" "WordPress/7.0; https://test1.therahuldas.com"
195.88.211.74 - - [13/Jun/2026:15:29:22 +0200] "POST /xmlrpc.php HTTP/2" 200 205 "-" "Mozilla/5.0 (Windows NT 10.0; Win64; x64) AppleWebKit/537.36 (KHTML, like Gecko) Chrome/120.0.0.0 Safari/537.36"
64.23.165.122 - - [13/Jun/2026:16:40:14 +0200] "GET /wp-login.php HTTP/2" 200 974 "-" "Mozilla/5.0 (Windows NT 10.0; Win64; x64; rv:133.0) Gecko/20100101 Firefox/133.0"
64.23.165.122 - - [13/Jun/2026:16:40:15 +0200] "POST /wp-login.php HTTP/2" 200 974 "https://test1.therahuldas.com/wp-login.php" "Mozilla/5.0 (Windows NT 10.0; Win64; x64; rv:133.0) Gecko/20100101 Firefox/133.0"
198.57.247.165 - - [13/Jun/2026:14:26:47 +0200] "POST /xmlrpc.php HTTP/2" 200 205 "-" "Mozilla/5.0 (Windows NT 10.0; Win64; x64) AppleWebKit/537.36 (KHTML, like Gecko) Chrome/120.0.0.0 Safari/537.36"
65.21.228.101 - - [13/Jun/2026:14:29:50 +0200] "POST /wp-cron.php?doing_wp_cron=1781353790.2900750637054443359375 HTTP/1.1" 200 0 "-" "WordPress/7.0; https://test1.therahuldas.com"
132.255.164.117 - - [13/Jun/2026:14:53:55 +0200] "POST /xmlrpc.php HTTP/2" 200 205 "-" "Mozilla/5.0 (Windows NT 10.0; Win64; x64) AppleWebKit/537.36 (KHTML, like Gecko) Chrome/120.0.0.0 Safari/537.36"
205.210.31.39 - - [13/Jun/2026:15:00:29 +0200] "GET / HTTP/1.1" 200 80163 "http://test1.therahuldas.com/" "Hello from Palo Alto Networks, find out more about our scans in https://docs-cortex.paloaltonetworks.com/r/1/Cortex-Xpanse/Scanning-activity"
65.21.228.101 - - [13/Jun/2026:15:06:56 +0200] "POST /wp-cron.php?doing_wp_cron=1781356016.0118570327758789062500 HTTP/1.1" 200 0 "-" "WordPress/7.0; https://test1.therahuldas.com"
65.21.228.101 - - [13/Jun/2026:15:10:01 +0200] "POST /wp-cron.php?doing_wp_cron=1781356201.1191198825836181640625 HTTP/1.1" 200 0 "-" "WordPress/7.0; https://test1.therahuldas.com"
138.201.82.103 - system [13/Jun/2026:15:10:17 +0200] "GET /wp-json/wp/v2/users/me HTTP/2" 401 81 "-" "Mozilla/5.0 (Windows NT 10.0; Win64; x64) AppleWebKit/537.36 (KHTML, like Gecko) Chrome/133.0.0.0 Safari/537.36"
65.21.228.101 - - [13/Jun/2026:15:20:17 +0200] "POST /wp-cron.php?doing_wp_cron=1781356817.4140141010284423828125 HTTP/1.1" 200 0 "-" "WordPress/7.0; https://test1.therahuldas.com"
216.73.216.45 - - [13/Jun/2026:15:35:02 +0200] "GET /robots.txt HTTP/2" 200 108 "-" "Mozilla/5.0 AppleWebKit/537.36 (KHTML, like Gecko; compatible; ClaudeBot/1.0; +claudebot@anthropic.com)"
216.73.216.45 - - [13/Jun/2026:15:35:04 +0200] "GET /sitemap.xml HTTP/2" 301 0 "-" "Mozilla/5.0 AppleWebKit/537.36 (KHTML, like Gecko; compatible; ClaudeBot/1.0; +claudebot@anthropic.com)"
216.73.216.45 - - [13/Jun/2026:15:35:05 +0200] "GET /sitemaps.xml HTTP/2" 200 240 "https://test1.therahuldas.com/sitemap.xml" "Mozilla/5.0 AppleWebKit/537.36 (KHTML, like Gecko; compatible; ClaudeBot/1.0; +claudebot@anthropic.com)"
104.236.222.1 - - [13/Jun/2026:17:24:23 +0200] "POST /xmlrpc.php HTTP/2" 200 205 "-" "Mozilla/5.0 (X11; Fedora; Linux x86_64) AppleWebKit/537.36 (KHTML, like Gecko) Chrome/133.0.0.0 Safari/537.36"
65.21.228.101 - - [13/Jun/2026:17:27:54 +0200] "POST /wp-cron.php?doing_wp_cron=1781364474.9252541065216064453125 HTTP/1.1" 200 0 "-" "WordPress/7.0; https://test1.therahuldas.com"
65.21.228.101 - - [13/Jun/2026:17:19:44 +0200] "POST /wp-cron.php?doing_wp_cron=1781363984.4197208881378173828125 HTTP/1.1" 200 0 "-" "WordPress/7.0; https://test1.therahuldas.com"
65.21.228.101 - - [13/Jun/2026:17:21:40 +0200] "POST /wp-cron.php?doing_wp_cron=1781364100.6156311035156250000000 HTTP/1.1" 200 0 "-" "WordPress/7.0; https://test1.therahuldas.com"
65.21.228.101 - - [13/Jun/2026:17:21:23 +0200] "POST /wp-cron.php?doing_wp_cron=1781364083.3141119480133056640625 HTTP/1.1" 200 0 "-" "WordPress/7.0; https://test1.therahuldas.com"
65.21.228.101 - - [13/Jun/2026:17:26:12 +0200] "POST /wp-cron.php?doing_wp_cron=1781364372.9222099781036376953125 HTTP/1.1" 200 0 "-" "WordPress/7.0; https://test1.therahuldas.com"
176.129.57.20 - - [13/Jun/2026:17:42:42 +0200] "POST /xmlrpc.php HTTP/2" 200 205 "-" "Mozilla/5.0 (Windows NT 10.0; Win64; x64) AppleWebKit/537.36 (KHTML, like Gecko) Chrome/133.0.0.0 Safari/537.36 Edg/133.0.0.0"
192.185.4.94 - - [13/Jun/2026:17:23:20 +0200] "POST /xmlrpc.php HTTP/2" 200 205 "-" "Mozilla/5.0 (Windows NT 10.0; Win64; x64) AppleWebKit/537.36 (KHTML, like Gecko) Chrome/120.0.0.0 Safari/537.36"
65.21.228.101 - - [13/Jun/2026:17:24:23 +0200] "POST /wp-cron.php?doing_wp_cron=1781364263.8138070106506347656250 HTTP/1.1" 200 0 "-" "WordPress/7.0; https://test1.therahuldas.com"
65.21.228.101 - - [13/Jun/2026:17:30:12 +0200] "POST /wp-cron.php?doing_wp_cron=1781364612.6875801086425781250000 HTTP/1.1" 200 0 "-" "WordPress/7.0; https://test1.therahuldas.com"
65.21.228.101 - - [13/Jun/2026:17:31:38 +0200] "POST /wp-cron.php?doing_wp_cron=1781364698.6899490356445312500000 HTTP/1.1" 200 0 "-" "WordPress/7.0; https://test1.therahuldas.com"
195.142.108.235 - - [13/Jun/2026:17:43:09 +0200] "GET /wp-login.php HTTP/2" 200 974 "-" "Mozilla/5.0 (X11; Linux x86_64; rv:133.0) Gecko/20100101 Firefox/133.0"
195.142.108.235 - - [13/Jun/2026:17:43:10 +0200] "POST /wp-login.php HTTP/2" 200 974 "https://test1.therahuldas.com/wp-login.php" "Mozilla/5.0 (X11; Linux x86_64; rv:133.0) Gecko/20100101 Firefox/133.0"
65.21.228.101 - - [13/Jun/2026:17:18:35 +0200] "POST /wp-cron.php?doing_wp_cron=1781363915.0538499355316162109375 HTTP/1.1" 200 0 "-" "WordPress/7.0; https://test1.therahuldas.com"
87.249.38.179 - wpcore [13/Jun/2026:17:19:53 +0200] "GET /wp-json/wp/v2/users/me HTTP/2" 401 81 "-" "Mozilla/5.0 (Macintosh; Intel Mac OS X 10_15_7) AppleWebKit/537.36 (KHTML, like Gecko) Chrome/133.0.0.0 Safari/537.36"
148.113.1.196 - - [13/Jun/2026:17:32:28 +0200] "POST /xmlrpc.php HTTP/2" 200 205 "-" "Mozilla/5.0 (Windows NT 10.0; Win64; x64) AppleWebKit/537.36 (KHTML, like Gecko) Chrome/120.0.0.0 Safari/537.36"
65.21.228.101 - - [13/Jun/2026:17:23:21 +0200] "POST /wp-cron.php?doing_wp_cron=1781364201.4469790458679199218750 HTTP/1.1" 200 0 "-" "WordPress/7.0; https://test1.therahuldas.com"
65.21.228.101 - - [13/Jun/2026:17:42:42 +0200] "POST /wp-cron.php?doing_wp_cron=1781365362.6572329998016357421875 HTTP/1.1" 200 0 "-" "WordPress/7.0; https://test1.therahuldas.com"
65.21.228.101 - - [13/Jun/2026:18:24:24 +0200] "POST /wp-cron.php?doing_wp_cron=1781367864.4613349437713623046875 HTTP/1.1" 200 0 "-" "WordPress/7.0; https://test1.therahuldas.com"
104.196.103.45 - - [13/Jun/2026:18:24:26 +0200] "GET / HTTP/2" 200 27621 "https://www.test1.therahuldas.com" "Mozilla/5.0 (X11; Linux x86_64) AppleWebKit/537.36 (KHTML, like Gecko) Chrome/124.0 Safari/537.36"
104.196.103.45 - - [13/Jun/2026:18:24:23 +0200] "GET / HTTP/2" 301 0 "-" "Mozilla/5.0 (X11; Linux x86_64) AppleWebKit/537.36 (KHTML, like Gecko) Chrome/124.0 Safari/537.36"
216.73.216.45 - - [13/Jun/2026:18:29:20 +0200] "GET /robots.txt HTTP/2" 200 108 "-" "Mozilla/5.0 AppleWebKit/537.36 (KHTML, like Gecko; compatible; ClaudeBot/1.0; +claudebot@anthropic.com)"
216.73.216.45 - - [13/Jun/2026:18:29:24 +0200] "GET /sitemap.xml HTTP/2" 301 0 "-" "Mozilla/5.0 AppleWebKit/537.36 (KHTML, like Gecko; compatible; ClaudeBot/1.0; +claudebot@anthropic.com)"
216.73.216.45 - - [13/Jun/2026:18:29:24 +0200] "GET /sitemaps.xml HTTP/2" 200 239 "https://test1.therahuldas.com/sitemap.xml" "Mozilla/5.0 AppleWebKit/537.36 (KHTML, like Gecko; compatible; ClaudeBot/1.0; +claudebot@anthropic.com)"
65.21.228.101 - - [13/Jun/2026:18:29:21 +0200] "POST /wp-cron.php?doing_wp_cron=1781368161.0637369155883789062500 HTTP/1.1" 200 0 "-" "WordPress/7.0; https://test1.therahuldas.com"
65.21.228.101 - - [13/Jun/2026:18:43:40 +0200] "POST /wp-cron.php?doing_wp_cron=1781369020.1069049835205078125000 HTTP/1.1" 200 0 "-" "WordPress/7.0; https://test1.therahuldas.com"
173.236.215.92 - - [13/Jun/2026:18:41:25 +0200] "GET /wp-login.php HTTP/2" 200 974 "-" "Mozilla/5.0 (Windows NT 10.0; Win64; x64) AppleWebKit/537.36 (KHTML, like Gecko) Chrome/120.0.0.0 Safari/537.36"
45.79.54.163 - - [13/Jun/2026:18:43:39 +0200] "POST /xmlrpc.php HTTP/2" 200 205 "-" "Mozilla/5.0 (Macintosh; Intel Mac OS X 10_15_7) AppleWebKit/537.36 (KHTML, like Gecko) Chrome/133.0.0.0 Safari/537.36 Edg/133.0.0.0"
65.21.228.101 - - [13/Jun/2026:19:06:58 +0200] "POST /wp-cron.php?doing_wp_cron=1781370418.4225759506225585937500 HTTP/1.1" 200 0 "-" "WordPress/7.0; https://test1.therahuldas.com"
103.216.117.118 - - [13/Jun/2026:19:06:57 +0200] "POST /xmlrpc.php HTTP/2" 200 205 "-" "Mozilla/5.0 (Windows NT 10.0; Win64; x64) AppleWebKit/537.36 (KHTML, like Gecko) Chrome/133.0.0.0 Safari/537.36 Edg/133.0.0.0"
50.87.144.169 - - [13/Jun/2026:18:55:32 +0200] "POST /xmlrpc.php HTTP/2" 200 205 "-" "Mozilla/5.0 (Windows NT 10.0; Win64; x64) AppleWebKit/537.36 (KHTML, like Gecko) Chrome/120.0.0.0 Safari/537.36"
65.21.228.101 - - [13/Jun/2026:18:55:33 +0200] "POST /wp-cron.php?doing_wp_cron=1781369733.3056979179382324218750 HTTP/1.1" 200 0 "-" "WordPress/7.0; https://test1.therahuldas.com"
216.73.216.45 - - [13/Jun/2026:19:11:35 +0200] "GET /wp-content/maintenance/assets/images/facebook.svg HTTP/2" 200 256 "-" "Mozilla/5.0 AppleWebKit/537.36 (KHTML, like Gecko; compatible; ClaudeBot/1.0; +claudebot@anthropic.com)"
216.73.216.45 - - [13/Jun/2026:19:11:35 +0200] "GET /wp-content/maintenance/assets/images/instagram.svg HTTP/2" 200 494 "-" "Mozilla/5.0 AppleWebKit/537.36 (KHTML, like Gecko; compatible; ClaudeBot/1.0; +claudebot@anthropic.com)"
216.73.216.45 - - [13/Jun/2026:19:11:35 +0200] "GET /wp-content/maintenance/assets/images/twitter.svg HTTP/2" 200 437 "-" "Mozilla/5.0 AppleWebKit/537.36 (KHTML, like Gecko; compatible; ClaudeBot/1.0; +claudebot@anthropic.com)"
216.73.216.45 - - [13/Jun/2026:19:11:35 +0200] "GET /wp-content/maintenance/assets/styles.css HTTP/2" 200 833 "-" "Mozilla/5.0 AppleWebKit/537.36 (KHTML, like Gecko; compatible; ClaudeBot/1.0; +claudebot@anthropic.com)"
216.73.216.45 - - [13/Jun/2026:19:11:36 +0200] "GET /wp-content/maintenance/assets/timer.js HTTP/2" 200 417 "-" "Mozilla/5.0 AppleWebKit/537.36 (KHTML, like Gecko; compatible; ClaudeBot/1.0; +claudebot@anthropic.com)"
192.185.4.147 - - [13/Jun/2026:19:26:49 +0200] "POST /xmlrpc.php HTTP/2" 200 205 "-" "Mozilla/5.0 (Windows NT 10.0; Win64; x64) AppleWebKit/537.36 (KHTML, like Gecko) Chrome/120.0.0.0 Safari/537.36"
103.216.117.118 - - [13/Jun/2026:19:27:25 +0200] "POST /xmlrpc.php HTTP/2" 200 205 "-" "Mozilla/5.0 (X11; Fedora; Linux x86_64) AppleWebKit/537.36 (KHTML, like Gecko) Chrome/133.0.0.0 Safari/537.36"
103.28.36.205 - - [13/Jun/2026:20:13:22 +0200] "POST /xmlrpc.php HTTP/2" 200 205 "-" "Mozilla/5.0 (Macintosh; Intel Mac OS X 10_15_7) AppleWebKit/537.36 (KHTML, like Gecko) Chrome/133.0.0.0 Safari/537.36 Edg/133.0.0.0"
65.21.228.101 - - [13/Jun/2026:20:07:51 +0200] "POST /wp-cron.php?doing_wp_cron=1781374071.8864929676055908203125 HTTP/1.1" 200 0 "-" "WordPress/7.0; https://test1.therahuldas.com"
65.21.228.101 - - [13/Jun/2026:20:13:23 +0200] "POST /wp-cron.php?doing_wp_cron=1781374403.6357469558715820312500 HTTP/1.1" 200 0 "-" "WordPress/7.0; https://test1.therahuldas.com"
195.142.108.235 - - [13/Jun/2026:20:07:51 +0200] "POST /xmlrpc.php HTTP/2" 200 205 "-" "Mozilla/5.0 (Windows NT 10.0; Win64; x64; rv:133.0) Gecko/20100101 Firefox/133.0"
192.250.239.252 - - [13/Jun/2026:20:19:55 +0200] "GET /wp-login.php HTTP/2" 200 974 "-" "Mozilla/5.0 (Windows NT 10.0; Win64; x64) AppleWebKit/537.36 (KHTML, like Gecko) Chrome/120.0.0.0 Safari/537.36"
208.109.188.137 - - [13/Jun/2026:20:26:36 +0200] "GET /wp-login.php HTTP/2" 200 974 "-" "Mozilla/5.0 (Windows NT 10.0; Win64; x64) AppleWebKit/537.36 (KHTML, like Gecko) Chrome/120.0.0.0 Safari/537.36"
167.71.136.93 - - [13/Jun/2026:20:30:49 +0200] "POST /xmlrpc.php HTTP/2" 200 205 "-" "Mozilla/5.0 (Macintosh; Intel Mac OS X 10_15_7) AppleWebKit/537.36 (KHTML, like Gecko) Chrome/133.0.0.0 Safari/537.36"
65.21.228.101 - - [13/Jun/2026:20:34:02 +0200] "POST /wp-admin/admin-ajax.php?action=wp_1_wc_privacy_cleanup&nonce=5f7da76cf5 HTTP/1.1" 200 0 "-" "WordPress/7.0; https://test1.therahuldas.com"
65.21.228.101 - - [13/Jun/2026:20:30:50 +0200] "POST /wp-cron.php?doing_wp_cron=1781375450.6155109405517578125000 HTTP/1.1" 200 0 "-" "WordPress/7.0; https://test1.therahuldas.com"
162.144.12.37 - - [13/Jun/2026:20:48:03 +0200] "POST /xmlrpc.php HTTP/2" 200 205 "-" "Mozilla/5.0 (Windows NT 10.0; Win64; x64) AppleWebKit/537.36 (KHTML, like Gecko) Chrome/120.0.0.0 Safari/537.36"
65.21.228.101 - - [13/Jun/2026:20:48:04 +0200] "POST /wp-cron.php?doing_wp_cron=1781376484.5961410999298095703125 HTTP/1.1" 200 0 "-" "WordPress/7.0; https://test1.therahuldas.com"
157.90.174.226 - - [13/Jun/2026:20:34:29 +0200] "POST /xmlrpc.php HTTP/2" 200 205 "-" "Mozilla/5.0 (Windows NT 10.0; Win64; x64) AppleWebKit/537.36 (KHTML, like Gecko) Chrome/120.0.0.0 Safari/537.36"
65.21.228.101 - - [13/Jun/2026:20:38:45 +0200] "POST /wp-cron.php?doing_wp_cron=1781375925.1576800346374511718750 HTTP/1.1" 200 0 "-" "WordPress/7.0; https://test1.therahuldas.com"
108.179.194.19 - - [13/Jun/2026:20:38:43 +0200] "POST /xmlrpc.php HTTP/2" 200 205 "-" "Mozilla/5.0 (Windows NT 10.0; Win64; x64) AppleWebKit/537.36 (KHTML, like Gecko) Chrome/120.0.0.0 Safari/537.36"
62.72.47.231 - - [13/Jun/2026:20:50:57 +0200] "GET /wp-login.php HTTP/2" 200 974 "-" "Mozilla/5.0 (Windows NT 10.0; Win64; x64) AppleWebKit/537.36 (KHTML, like Gecko) Chrome/120.0.0.0 Safari/537.36"
46.101.194.217 - - [13/Jun/2026:20:59:49 +0200] "GET /wp-login.php HTTP/2" 200 974 "-" "Mozilla/5.0 (Windows NT 10.0; Win64; x64) AppleWebKit/537.36 (KHTML, like Gecko) Chrome/120.0.0.0 Safari/537.36"
164.138.220.142 - - [13/Jun/2026:21:04:16 +0200] "GET /wp-login.php HTTP/2" 200 974 "-" "Mozilla/5.0 (Macintosh; Intel Mac OS X 10_15_7) AppleWebKit/537.36 (KHTML, like Gecko) Chrome/133.0.0.0 Safari/537.36 Edg/133.0.0.0"
164.138.220.142 - - [13/Jun/2026:21:04:16 +0200] "POST /wp-login.php HTTP/2" 200 974 "https://test1.therahuldas.com/wp-login.php" "Mozilla/5.0 (Macintosh; Intel Mac OS X 10_15_7) AppleWebKit/537.36 (KHTML, like Gecko) Chrome/133.0.0.0 Safari/537.36 Edg/133.0.0.0"
103.255.134.61 - - [13/Jun/2026:20:54:35 +0200] "POST /xmlrpc.php HTTP/2" 200 205 "-" "Mozilla/5.0 (X11; Linux x86_64; rv:133.0) Gecko/20100101 Firefox/133.0"
185.176.8.77 - - [13/Jun/2026:20:53:18 +0200] "GET /wp-login.php HTTP/2" 200 974 "-" "Mozilla/5.0 (X11; CrOS x86_64 14541.0.0) AppleWebKit/537.36 (KHTML, like Gecko) Chrome/133.0.0.0 Safari/537.36"
185.176.8.77 - - [13/Jun/2026:20:53:20 +0200] "POST /wp-login.php HTTP/2" 200 974 "https://test1.therahuldas.com/wp-login.php" "Mozilla/5.0 (X11; CrOS x86_64 14541.0.0) AppleWebKit/537.36 (KHTML, like Gecko) Chrome/133.0.0.0 Safari/537.36"
65.21.228.101 - - [13/Jun/2026:20:54:36 +0200] "POST /wp-cron.php?doing_wp_cron=1781376876.2458889484405517578125 HTTP/1.1" 200 0 "-" "WordPress/7.0; https://test1.therahuldas.com"
65.21.228.101 - - [13/Jun/2026:21:12:40 +0200] "POST /wp-cron.php?doing_wp_cron=1781377960.5441539287567138671875 HTTP/1.1" 200 0 "-" "WordPress/7.0; https://test1.therahuldas.com"
65.21.228.101 - - [13/Jun/2026:21:13:37 +0200] "POST /wp-cron.php?doing_wp_cron=1781378017.9580049514770507812500 HTTP/1.1" 200 0 "-" "WordPress/7.0; https://test1.therahuldas.com"
65.21.228.101 - - [13/Jun/2026:21:16:41 +0200] "POST /wp-cron.php?doing_wp_cron=1781378201.5360560417175292968750 HTTP/1.1" 200 0 "-" "WordPress/7.0; https://test1.therahuldas.com"
65.21.228.101 - - [13/Jun/2026:21:12:07 +0200] "POST /wp-cron.php?doing_wp_cron=1781377927.0833969116210937500000 HTTP/1.1" 200 0 "-" "WordPress/7.0; https://test1.therahuldas.com"
65.21.228.101 - - [13/Jun/2026:21:15:03 +0200] "POST /wp-cron.php?doing_wp_cron=1781378103.6655859947204589843750 HTTP/1.1" 200 0 "-" "WordPress/7.0; https://test1.therahuldas.com"
51.210.146.129 - - [13/Jun/2026:21:23:17 +0200] "POST /xmlrpc.php HTTP/2" 200 205 "-" "Mozilla/5.0 (Macintosh; Intel Mac OS X 10_15_7) AppleWebKit/605.1.15 (KHTML, like Gecko) Version/18.3 Safari/605.1.15"
65.21.228.101 - - [13/Jun/2026:21:23:18 +0200] "POST /wp-cron.php?doing_wp_cron=1781378598.5318040847778320312500 HTTP/1.1" 200 0 "-" "WordPress/7.0; https://test1.therahuldas.com"
65.21.228.101 - - [13/Jun/2026:21:16:00 +0200] "POST /wp-cron.php?doing_wp_cron=1781378160.0414519309997558593750 HTTP/1.1" 200 0 "-" "WordPress/7.0; https://test1.therahuldas.com"
74.7.241.145 - - [13/Jun/2026:21:12:26 +0200] "GET /robots.txt HTTP/2" 200 108 "-" "Mozilla/5.0 (Macintosh; Intel Mac OS X 10_15_7) AppleWebKit/537.36 (KHTML, like Gecko) Chrome/131.0.0.0 Safari/537.36; compatible; OAI-SearchBot/1.4; robots.txt; +https://openai.com/searchbot"
208.109.188.137 - - [13/Jun/2026:21:15:59 +0200] "POST /xmlrpc.php HTTP/2" 200 205 "-" "Mozilla/5.0 (Macintosh; Intel Mac OS X 11_7_10) AppleWebKit/537.36 (KHTML, like Gecko) Chrome/133.0.0.0 Safari/537.36"
65.21.228.101 - - [13/Jun/2026:21:25:03 +0200] "POST /wp-cron.php?doing_wp_cron=1781378703.0077600479125976562500 HTTP/1.1" 200 0 "-" "WordPress/7.0; https://test1.therahuldas.com"
65.21.228.101 - - [13/Jun/2026:21:50:41 +0200] "POST /wp-cron.php?doing_wp_cron=1781380241.3445179462432861328125 HTTP/1.1" 200 0 "-" "WordPress/7.0; https://test1.therahuldas.com"
194.163.172.142 - - [13/Jun/2026:21:43:01 +0200] "POST /xmlrpc.php HTTP/2" 200 205 "-" "Mozilla/5.0 (Windows NT 10.0; Win64; x64) AppleWebKit/537.36 (KHTML, like Gecko) Chrome/120.0.0.0 Safari/537.36"
216.73.216.45 - - [13/Jun/2026:21:50:40 +0200] "GET /robots.txt HTTP/2" 200 108 "-" "Mozilla/5.0 AppleWebKit/537.36 (KHTML, like Gecko; compatible; ClaudeBot/1.0; +claudebot@anthropic.com)"
216.73.216.45 - - [13/Jun/2026:21:50:41 +0200] "GET /sitemap.xml HTTP/2" 301 0 "-" "Mozilla/5.0 AppleWebKit/537.36 (KHTML, like Gecko; compatible; ClaudeBot/1.0; +claudebot@anthropic.com)"
216.73.216.45 - - [13/Jun/2026:21:50:42 +0200] "GET /sitemaps.xml HTTP/2" 200 240 "https://test1.therahuldas.com/sitemap.xml" "Mozilla/5.0 AppleWebKit/537.36 (KHTML, like Gecko; compatible; ClaudeBot/1.0; +claudebot@anthropic.com)"
65.21.228.101 - - [13/Jun/2026:21:53:02 +0200] "POST /wp-cron.php?doing_wp_cron=1781380382.4339210987091064453125 HTTP/1.1" 200 0 "-" "WordPress/7.0; https://test1.therahuldas.com"
65.21.228.101 - - [13/Jun/2026:21:43:02 +0200] "POST /wp-cron.php?doing_wp_cron=1781379782.3198161125183105468750 HTTP/1.1" 200 0 "-" "WordPress/7.0; https://test1.therahuldas.com"
65.21.228.101 - - [13/Jun/2026:21:55:09 +0200] "POST /wp-cron.php?doing_wp_cron=1781380509.8072350025177001953125 HTTP/1.1" 200 0 "-" "WordPress/7.0; https://test1.therahuldas.com"
65.21.228.101 - - [13/Jun/2026:21:56:39 +0200] "POST /wp-cron.php?doing_wp_cron=1781380599.7225570678710937500000 HTTP/1.1" 200 0 "-" "WordPress/7.0; https://test1.therahuldas.com"
157.230.8.56 - - [13/Jun/2026:22:15:23 +0200] "POST /xmlrpc.php HTTP/2" 200 205 "-" "Mozilla/5.0 (Windows NT 10.0; Win64; x64) AppleWebKit/537.36 (KHTML, like Gecko) Chrome/120.0.0.0 Safari/537.36"
65.21.228.101 - - [13/Jun/2026:22:08:59 +0200] "POST /wp-cron.php?doing_wp_cron=1781381339.6357460021972656250000 HTTP/1.1" 200 0 "-" "WordPress/7.0; https://test1.therahuldas.com"
65.21.228.101 - - [13/Jun/2026:22:15:24 +0200] "POST /wp-cron.php?doing_wp_cron=1781381724.0628170967102050781250 HTTP/1.1" 200 0 "-" "WordPress/7.0; https://test1.therahuldas.com"
104.244.79.40 - - [13/Jun/2026:22:02:41 +0200] "GET /wp-login.php HTTP/2" 200 974 "-" "Mozilla/5.0 (X11; Linux i686) AppleWebKit/537.36 (KHTML, like Gecko) Chrome/133.0.0.0 Safari/537.36"
104.244.79.40 - - [13/Jun/2026:22:02:41 +0200] "POST /wp-login.php HTTP/2" 200 974 "https://test1.therahuldas.com/wp-login.php" "Mozilla/5.0 (X11; Linux i686) AppleWebKit/537.36 (KHTML, like Gecko) Chrome/133.0.0.0 Safari/537.36"
103.205.140.225 - - [13/Jun/2026:22:08:59 +0200] "POST /xmlrpc.php HTTP/2" 200 205 "-" "Mozilla/5.0 (X11; Ubuntu; Linux x86_64; rv:133.0) Gecko/20100101 Firefox/133.0"
202.172.25.51 - - [13/Jun/2026:22:20:15 +0200] "GET /wp-login.php HTTP/2" 200 974 "-" "Mozilla/5.0 (Windows NT 10.0; Win64; x64) AppleWebKit/537.36 (KHTML, like Gecko) Chrome/120.0.0.0 Safari/537.36"
65.21.228.101 - - [13/Jun/2026:22:25:15 +0200] "POST /wp-cron.php?doing_wp_cron=1781382315.1056571006774902343750 HTTP/1.1" 200 0 "-" "WordPress/7.0; https://test1.therahuldas.com"
65.21.228.101 - - [13/Jun/2026:22:27:27 +0200] "POST /wp-cron.php?doing_wp_cron=1781382447.6071178913116455078125 HTTP/1.1" 200 0 "-" "WordPress/7.0; https://test1.therahuldas.com"
65.21.228.101 - - [13/Jun/2026:22:27:37 +0200] "POST /wp-cron.php?doing_wp_cron=1781382457.4651389122009277343750 HTTP/1.1" 200 0 "-" "WordPress/7.0; https://test1.therahuldas.com"
192.185.4.177 - - [13/Jun/2026:22:25:14 +0200] "POST /xmlrpc.php HTTP/2" 200 205 "-" "Mozilla/5.0 (Windows NT 10.0; Win64; x64) AppleWebKit/537.36 (KHTML, like Gecko) Chrome/120.0.0.0 Safari/537.36"
65.21.228.101 - - [13/Jun/2026:22:42:02 +0200] "POST /wp-cron.php?doing_wp_cron=1781383322.7503330707550048828125 HTTP/1.1" 200 0 "-" "WordPress/7.0; https://test1.therahuldas.com"
194.163.139.224 - - [13/Jun/2026:22:42:01 +0200] "POST /xmlrpc.php HTTP/2" 200 205 "-" "Mozilla/5.0 (X11; Linux i686) AppleWebKit/537.36 (KHTML, like Gecko) Chrome/133.0.0.0 Safari/537.36"
65.21.228.101 - - [13/Jun/2026:22:45:30 +0200] "POST /wp-cron.php?doing_wp_cron=1781383530.2006659507751464843750 HTTP/1.1" 200 0 "-" "WordPress/7.0; https://test1.therahuldas.com"
208.109.188.137 - - [13/Jun/2026:23:02:55 +0200] "GET /wp-login.php HTTP/2" 200 974 "-" "Mozilla/5.0 (Windows NT 10.0) AppleWebKit/537.36 (KHTML, like Gecko) Chrome/133.0.0.0 Safari/537.36"
208.109.188.137 - - [13/Jun/2026:23:02:56 +0200] "POST /wp-login.php HTTP/2" 200 974 "https://test1.therahuldas.com/wp-login.php" "Mozilla/5.0 (Windows NT 10.0) AppleWebKit/537.36 (KHTML, like Gecko) Chrome/133.0.0.0 Safari/537.36"
202.172.25.41 - - [13/Jun/2026:23:00:20 +0200] "GET /wp-login.php HTTP/2" 200 974 "-" "Mozilla/5.0 (Windows NT 10.0; Win64; x64) AppleWebKit/537.36 (KHTML, like Gecko) Chrome/120.0.0.0 Safari/537.36"
144.76.119.9 - - [13/Jun/2026:23:16:18 +0200] "GET /wp-login.php HTTP/2" 200 974 "-" "Mozilla/5.0 (Macintosh; Intel Mac OS X 10_15_7) AppleWebKit/537.36 (KHTML, like Gecko) Chrome/133.0.0.0 Safari/537.36"
144.76.119.9 - - [13/Jun/2026:23:16:18 +0200] "POST /wp-login.php HTTP/2" 200 974 "https://test1.therahuldas.com/wp-login.php" "Mozilla/5.0 (Macintosh; Intel Mac OS X 10_15_7) AppleWebKit/537.36 (KHTML, like Gecko) Chrome/133.0.0.0 Safari/537.36"
65.21.228.101 - - [13/Jun/2026:23:23:04 +0200] "POST /wp-cron.php?doing_wp_cron=1781385784.1339299678802490234375 HTTP/1.1" 200 0 "-" "WordPress/7.0; https://test1.therahuldas.com"
65.21.228.101 - - [13/Jun/2026:23:33:47 +0200] "POST /wp-cron.php?doing_wp_cron=1781386427.7224519252777099609375 HTTP/1.1" 200 0 "-" "WordPress/7.0; https://test1.therahuldas.com"
198.57.247.165 - - [13/Jun/2026:23:43:22 +0200] "GET /wp-login.php HTTP/2" 200 974 "-" "Mozilla/5.0 (Windows NT 10.0; Win64; x64) AppleWebKit/537.36 (KHTML, like Gecko) Chrome/120.0.0.0 Safari/537.36"
45.236.128.46 - - [13/Jun/2026:23:52:29 +0200] "POST /xmlrpc.php HTTP/2" 200 205 "-" "Mozilla/5.0 (X11; CrOS x86_64 14541.0.0) AppleWebKit/537.36 (KHTML, like Gecko) Chrome/133.0.0.0 Safari/537.36"
65.21.228.101 - - [14/Jun/2026:00:04:52 +0200] "POST /wp-cron.php?doing_wp_cron=1781388292.5793869495391845703125 HTTP/1.1" 200 0 "-" "WordPress/7.0; https://test1.therahuldas.com"
195.250.23.247 - - [13/Jun/2026:23:58:00 +0200] "POST /xmlrpc.php HTTP/2" 200 205 "-" "Mozilla/5.0 (Windows NT 10.0; Win64; x64) AppleWebKit/537.36 (KHTML, like Gecko) Chrome/120.0.0.0 Safari/537.36"
65.21.228.101 - - [14/Jun/2026:00:05:40 +0200] "POST /wp-cron.php?doing_wp_cron=1781388340.8274559974670410156250 HTTP/1.1" 200 0 "-" "WordPress/7.0; https://test1.therahuldas.com"
65.21.228.101 - - [13/Jun/2026:23:57:36 +0200] "POST /wp-cron.php?doing_wp_cron=1781387856.6366360187530517578125 HTTP/1.1" 200 0 "-" "WordPress/7.0; https://test1.therahuldas.com"
31.24.155.180 - - [14/Jun/2026:00:05:37 +0200] "POST /xmlrpc.php HTTP/2" 200 205 "-" "Mozilla/5.0 (X11; Linux x86_64) AppleWebKit/537.36 (KHTML, like Gecko) Chrome/133.0.0.0 Safari/537.36"
65.21.228.101 - - [14/Jun/2026:00:27:07 +0200] "POST /wp-cron.php?doing_wp_cron=1781389627.6722650527954101562500 HTTP/1.1" 200 0 "-" "WordPress/7.0; https://test1.therahuldas.com"
192.185.4.147 - - [14/Jun/2026:00:27:06 +0200] "POST /xmlrpc.php HTTP/2" 200 205 "-" "Mozilla/5.0 (Windows NT 10.0; Win64; x64) AppleWebKit/537.36 (KHTML, like Gecko) Chrome/120.0.0.0 Safari/537.36"
