216.73.217.14 - - [13/Jun/2026:14:18:17 +0200] "GET /2026/05/26/vavada-online-casino-w-polsce-gry1880-3/feed/ HTTP/2" 200 0 "-" "Mozilla/5.0 AppleWebKit/537.36 (KHTML, like Gecko; compatible; ClaudeBot/1.0; +claudebot@anthropic.com)"
216.73.217.14 - - [13/Jun/2026:14:18:17 +0200] "GET /2026/05/27/karaoke-party-demonstration-slot-wager-free/feed/ HTTP/2" 200 0 "-" "Mozilla/5.0 AppleWebKit/537.36 (KHTML, like Gecko; compatible; ClaudeBot/1.0; +claudebot@anthropic.com)"
216.73.217.14 - - [13/Jun/2026:14:19:38 +0200] "GET /2026/05/27/4-hall-towards-gods-%ef%bf%bd-neuer-haupttreffer-0-%ef%bf%bd/feed/ HTTP/2" 403 787 "-" "Mozilla/5.0 AppleWebKit/537.36 (KHTML, like Gecko; compatible; ClaudeBot/1.0; +claudebot@anthropic.com)"
216.73.217.14 - - [13/Jun/2026:14:19:38 +0200] "GET /2026/05/27/spinbetter-login-w-polsce-funkcje-platformy-i-dowiadczenie-5/feed/ HTTP/2" 403 787 "-" "Mozilla/5.0 AppleWebKit/537.36 (KHTML, like Gecko; compatible; ClaudeBot/1.0; +claudebot@anthropic.com)"
216.73.217.14 - - [13/Jun/2026:14:19:38 +0200] "GET /2026/05/27/best-solo-mountain-bike-trails-uk-your-complete-5/feed/ HTTP/2" 403 787 "-" "Mozilla/5.0 AppleWebKit/537.36 (KHTML, like Gecko; compatible; ClaudeBot/1.0; +claudebot@anthropic.com)"
216.73.217.14 - - [13/Jun/2026:14:19:38 +0200] "GET /2026/05/27/pin-up-casino-onlayn-azrbaycan-11073/feed/ HTTP/2" 403 787 "-" "Mozilla/5.0 AppleWebKit/537.36 (KHTML, like Gecko; compatible; ClaudeBot/1.0; +claudebot@anthropic.com)"
216.73.217.14 - - [13/Jun/2026:14:19:38 +0200] "GET /tag/%d0%ba%d0%b0%d0%b7%d0%b8%d0%bd%d0%be-%d0%be%d0%bd%d0%bb%d0%b0%d0%b9%d0%bd-%d0%b8%d0%b3%d1%80%d0%b0%d1%82%d1%8c/feed/ HTTP/2" 200 0 "-" "Mozilla/5.0 AppleWebKit/537.36 (KHTML, like Gecko; compatible; ClaudeBot/1.0; +claudebot@anthropic.com)"
216.73.217.14 - - [13/Jun/2026:14:19:38 +0200] "GET /2026/05/27/ideal-gambling-games-2026-enjoy-greatest-gambling-games/feed/ HTTP/2" 403 787 "-" "Mozilla/5.0 AppleWebKit/537.36 (KHTML, like Gecko; compatible; ClaudeBot/1.0; +claudebot@anthropic.com)"
216.73.217.14 - - [13/Jun/2026:14:19:38 +0200] "GET /2026/05/26/mobile-casino-poker-for-real-cash-on-iphone-and-you-will-android-os/feed/ HTTP/2" 403 787 "-" "Mozilla/5.0 AppleWebKit/537.36 (KHTML, like Gecko; compatible; ClaudeBot/1.0; +claudebot@anthropic.com)"
216.73.217.14 - - [13/Jun/2026:14:19:39 +0200] "GET /2026/05/27/slots-cardio-away-from-las-vegas-casino-programs-on-the-internet-play/feed/ HTTP/2" 403 787 "-" "Mozilla/5.0 AppleWebKit/537.36 (KHTML, like Gecko; compatible; ClaudeBot/1.0; +claudebot@anthropic.com)"
216.73.217.14 - - [13/Jun/2026:14:19:39 +0200] "GET /2026/05/26/b9-game-in-pakistan-a-guide-for-new-players-for-36-3/feed/ HTTP/2" 403 787 "-" "Mozilla/5.0 AppleWebKit/537.36 (KHTML, like Gecko; compatible; ClaudeBot/1.0; +claudebot@anthropic.com)"
216.73.217.14 - - [13/Jun/2026:14:19:39 +0200] "GET /2026/05/27/fairly-kitty-free-position-demo-enjoy-microgaming-harbors-for-real-currency/feed/ HTTP/2" 403 787 "-" "Mozilla/5.0 AppleWebKit/537.36 (KHTML, like Gecko; compatible; ClaudeBot/1.0; +claudebot@anthropic.com)"
216.73.217.14 - - [13/Jun/2026:14:19:39 +0200] "GET /2026/05/27/role-des-adaptogenes-en-pharmacologie-sportive/feed/ HTTP/2" 403 787 "-" "Mozilla/5.0 AppleWebKit/537.36 (KHTML, like Gecko; compatible; ClaudeBot/1.0; +claudebot@anthropic.com)"
216.73.217.14 - - [13/Jun/2026:14:19:09 +0200] "GET /2026/05/27/finest-immediate-withdrawal-casinos-in-america/feed/ HTTP/2" 403 787 "-" "Mozilla/5.0 AppleWebKit/537.36 (KHTML, like Gecko; compatible; ClaudeBot/1.0; +claudebot@anthropic.com)"
216.73.217.14 - - [13/Jun/2026:14:19:09 +0200] "GET /2026/05/27/100-percent-free-slot-machines-with-totally-free-revolves-uk-zero-install-expected/feed/ HTTP/2" 403 787 "-" "Mozilla/5.0 AppleWebKit/537.36 (KHTML, like Gecko; compatible; ClaudeBot/1.0; +claudebot@anthropic.com)"
216.73.217.14 - - [13/Jun/2026:14:19:10 +0200] "GET /2026/05/25/play-step-3888-free-ports-no-download-3/feed/ HTTP/2" 403 787 "-" "Mozilla/5.0 AppleWebKit/537.36 (KHTML, like Gecko; compatible; ClaudeBot/1.0; +claudebot@anthropic.com)"
216.73.217.14 - - [13/Jun/2026:14:19:10 +0200] "GET /2026/05/27/thunderstruck-lights-slot-machine-position-enjoy-totally-free-harbors-demonstrations/feed/ HTTP/2" 403 787 "-" "Mozilla/5.0 AppleWebKit/537.36 (KHTML, like Gecko; compatible; ClaudeBot/1.0; +claudebot@anthropic.com)"
216.73.217.14 - - [13/Jun/2026:14:19:10 +0200] "GET /2026/05/26/best-gambling-establishment-internet-recognizing-paypal-faucet-spend-gamble-on-the-internet/feed/ HTTP/2" 403 787 "-" "Mozilla/5.0 AppleWebKit/537.36 (KHTML, like Gecko; compatible; ClaudeBot/1.0; +claudebot@anthropic.com)"
45.13.191.189 - - [13/Jun/2026:14:19:35 +0200] "POST /xmlrpc.php HTTP/1.1" 200 1806674 "-" "Mozilla/5.0 (Windows NT 10.0; Win64; x64) AppleWebKit/537.36 (KHTML, like Gecko) Chrome/79.0.3945.130 Safari/537.36 OPR/66.0.3515.115"
45.13.191.189 - - [13/Jun/2026:14:19:38 +0200] "POST /xmlrpc.php HTTP/1.1" 200 5929 "-" "Mozilla/5.0 (Windows NT 10.0; Win64; x64) AppleWebKit/537.36 (KHTML, like Gecko) Chrome/79.0.3945.130 Safari/537.36 OPR/66.0.3515.115"
45.13.191.189 - - [13/Jun/2026:14:19:42 +0200] "POST /xmlrpc.php HTTP/1.1" 200 14781 "-" "Mozilla/5.0 (Windows NT 10.0; Win64; x64) AppleWebKit/537.36 (KHTML, like Gecko) Chrome/79.0.3945.130 Safari/537.36 OPR/66.0.3515.115"
216.73.217.14 - - [13/Jun/2026:14:20:02 +0200] "GET /2026/05/27/che-razza-di-preferire-rso-casino-online-svizzera-sicuri/feed/ HTTP/2" 403 787 "-" "Mozilla/5.0 AppleWebKit/537.36 (KHTML, like Gecko; compatible; ClaudeBot/1.0; +claudebot@anthropic.com)"
216.73.217.14 - - [13/Jun/2026:14:20:02 +0200] "GET /2026/05/26/mobile-local-casino-top-10-mobile-mobile-casinos-2026/feed/ HTTP/2" 403 787 "-" "Mozilla/5.0 AppleWebKit/537.36 (KHTML, like Gecko; compatible; ClaudeBot/1.0; +claudebot@anthropic.com)"
216.73.217.14 - - [13/Jun/2026:14:20:02 +0200] "GET /2026/05/27/ho-seguace-verso-casualmente-idea-dalla-bizzarria-in-maggioranza/feed/ HTTP/2" 403 787 "-" "Mozilla/5.0 AppleWebKit/537.36 (KHTML, like Gecko; compatible; ClaudeBot/1.0; +claudebot@anthropic.com)"
216.73.217.14 - - [13/Jun/2026:14:20:02 +0200] "GET /2026/05/26/sait-i-zerkalo-rabocee-vxod-v-bk-mostbet1117-2/feed/ HTTP/2" 403 787 "-" "Mozilla/5.0 AppleWebKit/537.36 (KHTML, like Gecko; compatible; ClaudeBot/1.0; +claudebot@anthropic.com)"
216.73.217.14 - - [13/Jun/2026:14:20:02 +0200] "GET /2026/05/27/periodicos-south-park-casino-argentina/feed/ HTTP/2" 403 787 "-" "Mozilla/5.0 AppleWebKit/537.36 (KHTML, like Gecko; compatible; ClaudeBot/1.0; +claudebot@anthropic.com)"
216.73.217.14 - - [13/Jun/2026:14:20:02 +0200] "GET /2026/05/27/which-settings-prioritises-defense-making-it-a-professional-option-for-british-owners-looking-to-regulated-enjoyment/feed/ HTTP/2" 403 787 "-" "Mozilla/5.0 AppleWebKit/537.36 (KHTML, like Gecko; compatible; ClaudeBot/1.0; +claudebot@anthropic.com)"
216.73.217.14 - - [13/Jun/2026:14:20:03 +0200] "GET /2026/05/27/ein-weiteres-option-existiert-inside-ein-eingeschrankten-durchsetzbarkeit-bei-spielerschutzmanahmen/feed/ HTTP/2" 403 787 "-" "Mozilla/5.0 AppleWebKit/537.36 (KHTML, like Gecko; compatible; ClaudeBot/1.0; +claudebot@anthropic.com)"
216.73.217.14 - - [13/Jun/2026:14:20:03 +0200] "GET /2026/05/27/better-80-free-revolves-no-deposit-bonuses-bitcoin-online-casino-2026/feed/ HTTP/2" 403 787 "-" "Mozilla/5.0 AppleWebKit/537.36 (KHTML, like Gecko; compatible; ClaudeBot/1.0; +claudebot@anthropic.com)"
216.73.217.14 - - [13/Jun/2026:14:20:03 +0200] "GET /2026/05/26/nachfolgende-optimale-jolly-roger-masterplan-beginners-all-purpose-slot-penalty-duel-symbolic-instruction-code-strategy/feed/ HTTP/2" 403 787 "-" "Mozilla/5.0 AppleWebKit/537.36 (KHTML, like Gecko; compatible; ClaudeBot/1.0; +claudebot@anthropic.com)"
216.73.217.14 - - [13/Jun/2026:14:20:04 +0200] "GET /2026/05/26/casino-spiele-abzuglich-bonusschlitz-terminator-2-eintragung-wonnemond-2026/feed/ HTTP/2" 403 787 "-" "Mozilla/5.0 AppleWebKit/537.36 (KHTML, like Gecko; compatible; ClaudeBot/1.0; +claudebot@anthropic.com)"
216.73.217.14 - - [13/Jun/2026:14:20:04 +0200] "GET /2026/05/23/gamble-19400-free-slot-game-no-download-2/feed/ HTTP/2" 403 787 "-" "Mozilla/5.0 AppleWebKit/537.36 (KHTML, like Gecko; compatible; ClaudeBot/1.0; +claudebot@anthropic.com)"
216.73.217.14 - - [13/Jun/2026:14:20:04 +0200] "GET /2026/05/27/3000-online-game-cashback-daily-twist-promotions/feed/ HTTP/2" 403 787 "-" "Mozilla/5.0 AppleWebKit/537.36 (KHTML, like Gecko; compatible; ClaudeBot/1.0; +claudebot@anthropic.com)"
216.73.217.14 - - [13/Jun/2026:14:20:04 +0200] "GET /2026/05/27/the-transparent-section-system-makes-it-easy-to-track-how-youre-progressing-and-you-may-plan-the-rewards/feed/ HTTP/2" 403 787 "-" "Mozilla/5.0 AppleWebKit/537.36 (KHTML, like Gecko; compatible; ClaudeBot/1.0; +claudebot@anthropic.com)"
216.73.217.14 - - [13/Jun/2026:14:20:04 +0200] "GET /2026/05/27/slots-are-the-best-path-while-you-are-seeking-fulfill-betting-standards/feed/ HTTP/2" 403 787 "-" "Mozilla/5.0 AppleWebKit/537.36 (KHTML, like Gecko; compatible; ClaudeBot/1.0; +claudebot@anthropic.com)"
216.73.217.14 - - [13/Jun/2026:14:20:04 +0200] "GET /2026/05/27/wizard-away-from-chance-%e1%90%88-self-help-guide-to-web-based-casinos-casino-games/feed/ HTTP/2" 403 787 "-" "Mozilla/5.0 AppleWebKit/537.36 (KHTML, like Gecko; compatible; ClaudeBot/1.0; +claudebot@anthropic.com)"
216.73.217.14 - - [13/Jun/2026:14:20:04 +0200] "GET /2026/05/26/local-casino-night-team-layouts-ideas-and-you-will-determination-for-your-forthcoming-experiences/feed/ HTTP/2" 403 787 "-" "Mozilla/5.0 AppleWebKit/537.36 (KHTML, like Gecko; compatible; ClaudeBot/1.0; +claudebot@anthropic.com)"
216.73.217.14 - - [13/Jun/2026:14:20:05 +0200] "GET /2026/05/27/large-bad-wolf-on-the-internet-slot-totally-free-remark-rtp-98/feed/ HTTP/2" 403 787 "-" "Mozilla/5.0 AppleWebKit/537.36 (KHTML, like Gecko; compatible; ClaudeBot/1.0; +claudebot@anthropic.com)"
216.73.217.14 - - [13/Jun/2026:14:20:05 +0200] "GET /2026/05/26/karjala-local-casino-no-deposit-bonuses-2026/feed/ HTTP/2" 403 787 "-" "Mozilla/5.0 AppleWebKit/537.36 (KHTML, like Gecko; compatible; ClaudeBot/1.0; +claudebot@anthropic.com)"
216.73.217.14 - - [13/Jun/2026:14:20:05 +0200] "GET /2026/05/27/come-registrarsi-al-casa-da-gioco-betflag-per-la-cie/feed/ HTTP/2" 403 787 "-" "Mozilla/5.0 AppleWebKit/537.36 (KHTML, like Gecko; compatible; ClaudeBot/1.0; +claudebot@anthropic.com)"
216.73.217.14 - - [13/Jun/2026:14:20:05 +0200] "GET /2026/05/26/steroidi-e-la-loro-importanza-per-aumentare-lintensita-dellallenamento/feed/ HTTP/2" 403 787 "-" "Mozilla/5.0 AppleWebKit/537.36 (KHTML, like Gecko; compatible; ClaudeBot/1.0; +claudebot@anthropic.com)"
216.73.217.14 - - [13/Jun/2026:14:20:05 +0200] "GET /2026/05/27/che-cogliere-rso-luogo-da-inganno-online-svizzera-sicuri/feed/ HTTP/2" 403 787 "-" "Mozilla/5.0 AppleWebKit/537.36 (KHTML, like Gecko; compatible; ClaudeBot/1.0; +claudebot@anthropic.com)"
216.73.217.14 - - [13/Jun/2026:14:20:05 +0200] "GET /2026/05/27/paypal-banking-at-the-web-based-casinos-inside-2026-23-gambling-enterprises-accept-paypal/feed/ HTTP/2" 403 787 "-" "Mozilla/5.0 AppleWebKit/537.36 (KHTML, like Gecko; compatible; ClaudeBot/1.0; +claudebot@anthropic.com)"
216.73.217.14 - - [13/Jun/2026:14:16:01 +0200] "GET /2026/05/26/slotomania-slots-gambling-games-programs-online-enjoy/feed/ HTTP/2" 403 787 "-" "Mozilla/5.0 AppleWebKit/537.36 (KHTML, like Gecko; compatible; ClaudeBot/1.0; +claudebot@anthropic.com)"
216.73.217.14 - - [13/Jun/2026:14:16:01 +0200] "GET /2026/05/27/casino-nft-games-innovation-tan%ce%b8-app-studio/feed/ HTTP/2" 403 787 "-" "Mozilla/5.0 AppleWebKit/537.36 (KHTML, like Gecko; compatible; ClaudeBot/1.0; +claudebot@anthropic.com)"
216.73.217.14 - - [13/Jun/2026:14:16:01 +0200] "GET /2026/05/27/slot-machines-no-down-load-gamble-online-position-game-for-fun/feed/ HTTP/2" 403 787 "-" "Mozilla/5.0 AppleWebKit/537.36 (KHTML, like Gecko; compatible; ClaudeBot/1.0; +claudebot@anthropic.com)"
216.73.217.14 - - [13/Jun/2026:14:16:02 +0200] "GET /2026/05/27/what-exactly-is-in-initial-deposit-definition-models-and-just-how-it-works/feed/ HTTP/2" 403 787 "-" "Mozilla/5.0 AppleWebKit/537.36 (KHTML, like Gecko; compatible; ClaudeBot/1.0; +claudebot@anthropic.com)"
216.73.217.14 - - [13/Jun/2026:14:16:02 +0200] "GET /2026/05/26/better-slot-video-game-providers-get-2026/feed/ HTTP/2" 403 787 "-" "Mozilla/5.0 AppleWebKit/537.36 (KHTML, like Gecko; compatible; ClaudeBot/1.0; +claudebot@anthropic.com)"
216.73.217.14 - - [13/Jun/2026:14:16:02 +0200] "GET /2026/05/27/100-sign-up-bonus-everyday-100-percent-free-revolves/feed/ HTTP/2" 403 787 "-" "Mozilla/5.0 AppleWebKit/537.36 (KHTML, like Gecko; compatible; ClaudeBot/1.0; +claudebot@anthropic.com)"
216.73.217.14 - - [13/Jun/2026:14:16:02 +0200] "GET /2026/05/27/metodi-di-deposito-ed-decisione-dei-dati/feed/ HTTP/2" 403 787 "-" "Mozilla/5.0 AppleWebKit/537.36 (KHTML, like Gecko; compatible; ClaudeBot/1.0; +claudebot@anthropic.com)"
216.73.217.14 - - [13/Jun/2026:14:16:02 +0200] "GET /2026/05/26/free-harbors-on-the-web-personal-casino-2/feed/ HTTP/2" 403 787 "-" "Mozilla/5.0 AppleWebKit/537.36 (KHTML, like Gecko; compatible; ClaudeBot/1.0; +claudebot@anthropic.com)"
216.73.217.14 - - [13/Jun/2026:14:16:02 +0200] "GET /2026/05/27/thunderstruck-ii-slot-online-game-demonstration-enjoy-free-revolves/feed/ HTTP/2" 403 787 "-" "Mozilla/5.0 AppleWebKit/537.36 (KHTML, like Gecko; compatible; ClaudeBot/1.0; +claudebot@anthropic.com)"
216.73.217.14 - - [13/Jun/2026:14:16:02 +0200] "GET /2026/05/26/top-10-android-casinos-programs-2026-real-money-online-game-visa-features/feed/ HTTP/2" 403 787 "-" "Mozilla/5.0 AppleWebKit/537.36 (KHTML, like Gecko; compatible; ClaudeBot/1.0; +claudebot@anthropic.com)"
216.73.217.14 - - [13/Jun/2026:14:16:02 +0200] "GET /2026/05/27/fire-joker-position-no-deposit-bonus-rules-2026-step-1/feed/ HTTP/2" 403 787 "-" "Mozilla/5.0 AppleWebKit/537.36 (KHTML, like Gecko; compatible; ClaudeBot/1.0; +claudebot@anthropic.com)"
119.13.76.85 - - [13/Jun/2026:14:20:05 +0200] "GET /2026/05/23/jurassic-park-position-games-online-casino-slotjoint-150-free-spins-trial-play-100-percent-free-spins/ HTTP/2" 200 0 "https://themomotimes.com/2026/05/23/jurassic-park-position-games-online-casino-slotjoint-150-free-spins-trial-play-100-percent-free-spins/" "Mozilla/5.0 (Macintosh; Intel Mac OS X 10_15_7) AppleWebKit/537.36 (KHTML, like Gecko) Chrome/119.0.0.0 Safari/537.36"
57.128.22.95 - - [13/Jun/2026:14:22:16 +0200] "GET /2026/05/25/meilleur-casino-en-ligne-un-guide-complet-2/ HTTP/1.1" 200 0 "https://themomotimes.com/" "Mozilla/5.0 (Windows NT 10.0; Win64; x64) AppleWebKit/537.36 (KHTML, like Gecko) Chrome/144.0.0.0 Safari/537.36"
103.114.38.0 - - [13/Jun/2026:14:23:36 +0200] "GET /2026/06/07/play-thunderstruck-slots/ HTTP/1.1" 200 0 "-" "Mozilla/5.0 (Macintosh; Intel Mac OS X 10_15_7) AppleWebKit/537.36 (KHTML, like Gecko) Chrome/102.0.0.0 Safari/537.36"
65.21.228.101 - - [13/Jun/2026:14:23:55 +0200] "POST /wp-cron.php?doing_wp_cron=1781353435.6179130077362060546875 HTTP/1.1" 200 0 "-" "WordPress/7.0; https://themomotimes.com"
216.73.217.14 - - [13/Jun/2026:14:17:58 +0200] "GET /2026/05/27/xmas-reactors-slot-opinion-features-rtp-and-you-will-game-play-publication/feed/ HTTP/2" 403 787 "-" "Mozilla/5.0 AppleWebKit/537.36 (KHTML, like Gecko; compatible; ClaudeBot/1.0; +claudebot@anthropic.com)"
216.73.217.14 - - [13/Jun/2026:14:17:58 +0200] "GET /2026/05/27/join-top-games-win-opportunities-at-pin-up-casino/feed/ HTTP/2" 403 787 "-" "Mozilla/5.0 AppleWebKit/537.36 (KHTML, like Gecko; compatible; ClaudeBot/1.0; +claudebot@anthropic.com)"
216.73.217.14 - - [13/Jun/2026:14:17:58 +0200] "GET /2026/05/25/which-type-of-gambling-enterprise-most-is-often-the-biggest-2/feed/ HTTP/2" 403 787 "-" "Mozilla/5.0 AppleWebKit/537.36 (KHTML, like Gecko; compatible; ClaudeBot/1.0; +claudebot@anthropic.com)"
216.73.217.14 - - [13/Jun/2026:14:17:58 +0200] "GET /2026/05/27/join-top-games-win-opportunities-at-pin-up-casino-2/feed/ HTTP/2" 403 787 "-" "Mozilla/5.0 AppleWebKit/537.36 (KHTML, like Gecko; compatible; ClaudeBot/1.0; +claudebot@anthropic.com)"
216.73.217.14 - - [13/Jun/2026:14:17:58 +0200] "GET /2026/05/25/step-1-free-online-social-casino-feel-5/feed/ HTTP/2" 403 787 "-" "Mozilla/5.0 AppleWebKit/537.36 (KHTML, like Gecko; compatible; ClaudeBot/1.0; +claudebot@anthropic.com)"
216.73.217.14 - - [13/Jun/2026:14:17:58 +0200] "GET /2026/05/27/enjoy-21800-online-casino-games-zero-obtain/feed/ HTTP/2" 403 787 "-" "Mozilla/5.0 AppleWebKit/537.36 (KHTML, like Gecko; compatible; ClaudeBot/1.0; +claudebot@anthropic.com)"
216.73.217.14 - - [13/Jun/2026:14:19:31 +0200] "GET /2026/05/26/mafia-casino-avis-retours-des-joueurs-et-exprience-2/feed/ HTTP/2" 403 787 "-" "Mozilla/5.0 AppleWebKit/537.36 (KHTML, like Gecko; compatible; ClaudeBot/1.0; +claudebot@anthropic.com)"
216.73.217.14 - - [13/Jun/2026:14:19:31 +0200] "GET /2026/05/26/greatest-dollars-software-gambling-enterprises-2026-casinos-one-to-accept-bucks-application/feed/ HTTP/2" 403 787 "-" "Mozilla/5.0 AppleWebKit/537.36 (KHTML, like Gecko; compatible; ClaudeBot/1.0; +claudebot@anthropic.com)"
216.73.217.14 - - [13/Jun/2026:14:19:31 +0200] "GET /2026/05/26/the-big-10-slot-game-to-play-toward-mobile/feed/ HTTP/2" 403 787 "-" "Mozilla/5.0 AppleWebKit/537.36 (KHTML, like Gecko; compatible; ClaudeBot/1.0; +claudebot@anthropic.com)"
216.73.217.14 - - [13/Jun/2026:14:19:31 +0200] "GET /2026/05/27/santa-bucks-an-enjoyable-solution-to-current-and-you-will-discover-christmas-currency/feed/ HTTP/2" 403 787 "-" "Mozilla/5.0 AppleWebKit/537.36 (KHTML, like Gecko; compatible; ClaudeBot/1.0; +claudebot@anthropic.com)"
216.73.217.14 - - [13/Jun/2026:14:19:32 +0200] "GET /2026/05/26/bukmekerskaia-kontora-mostbet1098-5/feed/ HTTP/2" 403 787 "-" "Mozilla/5.0 AppleWebKit/537.36 (KHTML, like Gecko; compatible; ClaudeBot/1.0; +claudebot@anthropic.com)"
216.73.217.14 - - [13/Jun/2026:14:19:32 +0200] "GET /2026/05/26/slots-live-and-munchers-online-slot-much-more/feed/ HTTP/2" 403 787 "-" "Mozilla/5.0 AppleWebKit/537.36 (KHTML, like Gecko; compatible; ClaudeBot/1.0; +claudebot@anthropic.com)"
216.73.217.14 - - [13/Jun/2026:14:19:32 +0200] "GET /2026/05/27/ho-ho-ho-position-comment-2026-100-percent-free-play-trial/feed/ HTTP/2" 403 787 "-" "Mozilla/5.0 AppleWebKit/537.36 (KHTML, like Gecko; compatible; ClaudeBot/1.0; +claudebot@anthropic.com)"
150.109.105.170 - - [13/Jun/2026:14:20:05 +0200] "GET /2026/04/23/king-pokies-on-line-better-totally-free-pokies-fun-or-a-real-income-with-multihand-blackjack-online-uk-added-bonus/ HTTP/2" 200 0 "https://themomotimes.com/2026/04/23/king-pokies-on-line-better-totally-free-pokies-fun-or-a-real-income-with-multihand-blackjack-online-uk-added-bonus/" "Mozilla/5.0 (Macintosh; Intel Mac OS X 10_15_7) AppleWebKit/537.36 (KHTML, like Gecko) Chrome/120.0.0.0 Safari/537.36"
194.187.251.215 - - [13/Jun/2026:14:23:11 +0200] "POST /xmlrpc.php HTTP/1.1" 200 5929 "-" "Mozilla/5.0 (Windows NT 10.0; Win64; x64) AppleWebKit/537.36 (KHTML, like Gecko) Chrome/114.0.0.0 Safari/537.36"
194.187.251.215 - - [13/Jun/2026:14:24:02 +0200] "POST /xmlrpc.php HTTP/1.1" 200 17128 "-" "Mozilla/5.0 (Windows NT 10.0; Win64; x64) AppleWebKit/537.36 (KHTML, like Gecko) Chrome/114.0.0.0 Safari/537.36"
194.187.251.215 - - [13/Jun/2026:14:24:19 +0200] "GET /2026/06/13/you-could-pick-from-ports-presenting-most-themes-exciting-reel-mechanics-and-lucrative-incentive-possess/ HTTP/1.1" 200 0 "-" "Mozilla/5.0 (Windows NT 10.0; rv:109.0) Gecko/20100101 Firefox/115.0"
194.187.251.215 - - [13/Jun/2026:14:24:19 +0200] "POST /xmlrpc.php HTTP/1.1" 200 5926 "-" "Mozilla/5.0 (Windows NT 10.0; Win64; x64) AppleWebKit/537.36 (KHTML, like Gecko) Chrome/114.0.0.0 Safari/537.36"
216.73.217.14 - - [13/Jun/2026:14:19:40 +0200] "GET /2026/05/27/on-the-internet-personal-gambling-enterprise-always-liberated-to-play/feed/ HTTP/2" 403 787 "-" "Mozilla/5.0 AppleWebKit/537.36 (KHTML, like Gecko; compatible; ClaudeBot/1.0; +claudebot@anthropic.com)"
216.73.217.14 - - [13/Jun/2026:14:19:40 +0200] "GET /2026/05/27/posso-agire-con-euro-sui-casa-da-gioco-online-svizzera/feed/ HTTP/2" 403 787 "-" "Mozilla/5.0 AppleWebKit/537.36 (KHTML, like Gecko; compatible; ClaudeBot/1.0; +claudebot@anthropic.com)"
216.73.217.14 - - [13/Jun/2026:14:19:40 +0200] "GET /2026/05/26/pulsz-free-sweeps-coins-2026-trigger-100-percent-free-sc-bring/feed/ HTTP/2" 403 787 "-" "Mozilla/5.0 AppleWebKit/537.36 (KHTML, like Gecko; compatible; ClaudeBot/1.0; +claudebot@anthropic.com)"
216.73.217.14 - - [13/Jun/2026:14:19:40 +0200] "GET /2026/05/26/better-web-based-casinos-the-real-deal-money-2026-3/feed/ HTTP/2" 403 787 "-" "Mozilla/5.0 AppleWebKit/537.36 (KHTML, like Gecko; compatible; ClaudeBot/1.0; +claudebot@anthropic.com)"
216.73.217.14 - - [13/Jun/2026:14:19:41 +0200] "GET /2026/05/27/pharaos-money-position-opinion-2026-free-enjoy-demonstration-visa-functions/feed/ HTTP/2" 403 787 "-" "Mozilla/5.0 AppleWebKit/537.36 (KHTML, like Gecko; compatible; ClaudeBot/1.0; +claudebot@anthropic.com)"
216.73.217.14 - - [13/Jun/2026:14:19:41 +0200] "GET /2026/05/27/better-crypto-gambling-enterprises-2026-metawin-against-share-against-bc-games-complete-testing/feed/ HTTP/2" 403 787 "-" "Mozilla/5.0 AppleWebKit/537.36 (KHTML, like Gecko; compatible; ClaudeBot/1.0; +claudebot@anthropic.com)"
216.73.217.14 - - [13/Jun/2026:14:19:41 +0200] "GET /2026/05/26/beste-erreichbar-casinos-2026-legale-ernahrer-within-brd/feed/ HTTP/2" 403 787 "-" "Mozilla/5.0 AppleWebKit/537.36 (KHTML, like Gecko; compatible; ClaudeBot/1.0; +claudebot@anthropic.com)"
216.73.217.14 - - [13/Jun/2026:14:19:41 +0200] "GET /2026/05/25/licensed-online-casinos-in-ireland1566-2-3/feed/ HTTP/2" 403 787 "-" "Mozilla/5.0 AppleWebKit/537.36 (KHTML, like Gecko; compatible; ClaudeBot/1.0; +claudebot@anthropic.com)"
216.73.217.14 - - [13/Jun/2026:14:19:41 +0200] "GET /2026/05/26/free-casino-games-play-for-fun-22900-demonstration-game/feed/ HTTP/2" 403 787 "-" "Mozilla/5.0 AppleWebKit/537.36 (KHTML, like Gecko; compatible; ClaudeBot/1.0; +claudebot@anthropic.com)"
216.73.217.14 - - [13/Jun/2026:14:19:41 +0200] "GET /2026/05/26/echtes-geldspielen-online-aufs-diese-sich-beilegen-vermogen/feed/ HTTP/2" 403 787 "-" "Mozilla/5.0 AppleWebKit/537.36 (KHTML, like Gecko; compatible; ClaudeBot/1.0; +claudebot@anthropic.com)"
216.73.217.14 - - [13/Jun/2026:14:19:42 +0200] "GET /2026/05/26/8-best-web-sites-such-as-for-example-pulsz-sis-casinos-possibilities-2026/feed/ HTTP/2" 403 787 "-" "Mozilla/5.0 AppleWebKit/537.36 (KHTML, like Gecko; compatible; ClaudeBot/1.0; +claudebot@anthropic.com)"
216.73.217.14 - - [13/Jun/2026:14:19:42 +0200] "GET /2026/05/27/ideal-you-alive-agent-casinos-2026-high-definition-channels-tested/feed/ HTTP/2" 403 787 "-" "Mozilla/5.0 AppleWebKit/537.36 (KHTML, like Gecko; compatible; ClaudeBot/1.0; +claudebot@anthropic.com)"
140.206.235.110 - - [13/Jun/2026:14:26:02 +0200] "GET /2026/04/25/relacion-actualizada-sobre-anuncios-sobre-bonos-sin-deposito-de-casinos-en-internet-sobre-2026/ HTTP/2" 200 0 "https://themomotimes.com/2026/04/25/relacion-actualizada-sobre-anuncios-sobre-bonos-sin-deposito-de-casinos-en-internet-sobre-2026/" "Mozilla/5.0 (Windows NT 10.0; Win64; x64) AppleWebKit/537.36 (KHTML, like Gecko) Chrome/101.0.4951.64 Safari/537.36 Edg/101.0.1210.47"
216.73.217.14 - - [13/Jun/2026:14:20:05 +0200] "GET /2026/05/26/casumo-testbericht-wertvolle-tipps-and-bonus-angebote-2/feed/ HTTP/2" 403 787 "-" "Mozilla/5.0 AppleWebKit/537.36 (KHTML, like Gecko; compatible; ClaudeBot/1.0; +claudebot@anthropic.com)"
216.73.217.14 - - [13/Jun/2026:14:08:54 +0200] "GET /2026/06/08/sus-particulares-brecha-casino-jack-beanstalk-queen-hearts-deluxe-sobre-enlace-practico-mega-joker-slot-acerca-de-castellano-2025-rtp-99percent/feed/ HTTP/2" 200 0 "-" "Mozilla/5.0 AppleWebKit/537.36 (KHTML, like Gecko; compatible; ClaudeBot/1.0; +claudebot@anthropic.com)"
84.242.38.250 - - [13/Jun/2026:14:09:43 +0200] "GET /2026/05/31/bonuspaket-bis-flowers-slot-1-300-250-freispiele/ HTTP/1.1" 200 0 "-" "Mozilla/5.0 (X11; CrOS i686 3912.101.0) AppleWebKit/537.36 (KHTML, like Gecko) Chrome/27.0.1453.116 Safari/537.36"
216.73.217.14 - - [13/Jun/2026:14:10:17 +0200] "GET /2026/06/03/his-experience-in-online-casino-licensing-and-you-may-incentives-setting-our-ratings-are-often-advanced-and-we-ability-the-best-on-the-web-gambling-enterprises-in-regards-to-our-global-members-thus/feed/ HTTP/2" 200 0 "-" "Mozilla/5.0 AppleWebKit/537.36 (KHTML, like Gecko; compatible; ClaudeBot/1.0; +claudebot@anthropic.com)"
179.219.43.15 - - [13/Jun/2026:14:10:51 +0200] "GET /2026/04/03/45-cazinouri-ce-rotiri-gratuite-fara-varsare-2026/ HTTP/1.1" 200 0 "-" "Mozilla/5.0 (Windows NT 6.1; WOW64) AppleWebKit/537.36 (KHTML, like Gecko) Chrome/63.0.3239.132 AOL/11.0 AOLBUILD/11.0.1839 Safari/537.36"
140.206.236.95 - - [13/Jun/2026:14:12:43 +0200] "GET /2026/04/25/matignasse-effectue-dresse-hasarder-avec-mes-6-sauf-que-88-credits-par-spin/ HTTP/2" 200 0 "https://themomotimes.com/2026/04/25/matignasse-effectue-dresse-hasarder-avec-mes-6-sauf-que-88-credits-par-spin/" "Mozilla/5.0 (Macintosh; Intel Mac OS X 10_15_7) AppleWebKit/537.36 (KHTML, like Gecko) Chrome/119.0.0.0 Safari/537.36"
121.37.105.136 - - [13/Jun/2026:14:15:24 +0200] "GET /2026/04/23/best-personal-casino-at-best-online-casino-king-of-the-jungle-no-cost-slots-and-game-on-line/ HTTP/2" 200 0 "https://themomotimes.com/2026/04/23/best-personal-casino-at-best-online-casino-king-of-the-jungle-no-cost-slots-and-game-on-line/" "Mozilla/5.0 (Windows NT 10.0; Win64; x64) AppleWebKit/537.36 (KHTML, like Gecko) Chrome/116.0.0.0 Safari/537.36"
191.101.92.112 - - [13/Jun/2026:14:16:18 +0200] "GET /2026/05/21/gagner-avec-winbeatz-facilement-3/ HTTP/1.1" 200 0 "https://themomotimes.com/" "Mozilla/5.0 (Windows NT 10.0; Win64; x64) AppleWebKit/537.36 (KHTML, like Gecko) Chrome/146.0.0.0 Safari/537.36 Edg/146.0.0.0"
81.70.86.117 - - [13/Jun/2026:14:22:43 +0200] "GET /2026/04/25/pentru-articolul-23-alineatul-2-litera-un-excelent-se-abroga/ HTTP/2" 200 0 "https://themomotimes.com/2026/04/25/pentru-articolul-23-alineatul-2-litera-un-excelent-se-abroga/" "Mozilla/5.0 (Macintosh; Intel Mac OS X 10_15_7) AppleWebKit/537.36 (KHTML, like Gecko) Chrome/131.0.0.0 Safari/537.36"
47.82.11.28 - - [13/Jun/2026:14:24:47 +0200] "GET /2026/03/05/7k-kazino-obzor-igr-s-vysokoj-otdachej-i-chastymi/ HTTP/1.1" 200 0 "https://themomotimes.com/" "Mozilla/5.0 (Windows NT 10.0; Win64; x64) AppleWebKit/537.36 (KHTML, like Gecko) Chrome/135.0.0.0 Safari/537.36"
216.73.217.14 - - [13/Jun/2026:14:17:38 +0200] "GET /2026/05/26/gluckwunsche-zum-40-geburtstag-runden-vierziger/feed/ HTTP/2" 403 787 "-" "Mozilla/5.0 AppleWebKit/537.36 (KHTML, like Gecko; compatible; ClaudeBot/1.0; +claudebot@anthropic.com)"
216.73.217.14 - - [13/Jun/2026:14:17:38 +0200] "GET /2026/05/27/gamble-free-slot-video-game-zero-obtain-just-enjoyable/feed/ HTTP/2" 403 787 "-" "Mozilla/5.0 AppleWebKit/537.36 (KHTML, like Gecko; compatible; ClaudeBot/1.0; +claudebot@anthropic.com)"
43.134.44.99 - - [13/Jun/2026:14:18:03 +0200] "GET /2026/04/05/flames-joker-100-percent-free-spins-zero-deposit-bonuses-to-the-canada-2026/ HTTP/2" 200 0 "https://themomotimes.com/2026/04/05/flames-joker-100-percent-free-spins-zero-deposit-bonuses-to-the-canada-2026/" "Mozilla/5.0 (Macintosh; Intel Mac OS X 10_15_7) AppleWebKit/537.36 (KHTML, like Gecko) Chrome/119.0.0.0 Safari/537.36"
65.21.228.101 - - [13/Jun/2026:14:19:40 +0200] "POST /wp-cron.php?doing_wp_cron=1781353180.3278028964996337890625 HTTP/1.1" 200 0 "-" "WordPress/7.0; https://themomotimes.com"
216.73.217.14 - - [13/Jun/2026:14:09:13 +0200] "GET /2026/06/08/bonos-desprovisto-tanque-en-casinos-sobre-book-of-dead-1-deposito-chile-2026/feed/ HTTP/2" 200 0 "-" "Mozilla/5.0 AppleWebKit/537.36 (KHTML, like Gecko; compatible; ClaudeBot/1.0; +claudebot@anthropic.com)"
216.73.217.14 - - [13/Jun/2026:14:09:52 +0200] "GET /2026/06/08/tragamonedas-gold-fish-funciona-a-las-juegos-con-el-pasar-del-tiempo-unibet-casino-paypal-excelentes-pagos-sobre-mr-bet-1-casino/feed/ HTTP/2" 200 0 "-" "Mozilla/5.0 AppleWebKit/537.36 (KHTML, like Gecko; compatible; ClaudeBot/1.0; +claudebot@anthropic.com)"
216.73.217.14 - - [13/Jun/2026:14:12:37 +0200] "GET /2026/06/09/eye-of-horus-demonstration-as-part-of-merkur-gerieren-diese-unsrige-kostenlosen-slotseye-of-horus-ist-der-eng-beliebtes-durchlauf-within-deutschen-spielern-dank-seiner-faszinierenden-agyptischen/feed/ HTTP/2" 200 0 "-" "Mozilla/5.0 AppleWebKit/537.36 (KHTML, like Gecko; compatible; ClaudeBot/1.0; +claudebot@anthropic.com)"
45.186.209.123 - - [13/Jun/2026:14:16:14 +0200] "GET /test_test/ HTTP/1.1" 200 0 "-" "Mozilla/5.0 (Macintosh; Intel Mac OS X 10_15_3) AppleWebKit/537.36 (KHTML, like Gecko) Chrome/79.0.3945.130 Safari/537.36"
201.215.94.105 - - [13/Jun/2026:14:16:32 +0200] "GET /page/29240/ HTTP/1.1" 200 0 "-" "Mozilla/5.0 (Macintosh; Intel Mac OS X 10_7_3) AppleWebKit/537.36 (KHTML, like Gecko, Mediapartners-Google) Chrome/89.0.4389.93 Safari/537.36"
190.246.56.36 - - [13/Jun/2026:14:17:45 +0200] "GET /core-betokay-casino-features-and-user-experience/ HTTP/1.1" 200 0 "-" "Mozilla/5.0 (Macintosh; Intel Mac OS X 10_14_6) AppleWebKit/537.36 (KHTML, like Gecko) Chrome/107.0.0.0 Safari/537.36"
57.128.22.95 - - [13/Jun/2026:14:22:16 +0200] "GET /2026/05/25/meilleur-casino-en-ligne-un-guide-complet-2/ HTTP/1.1" 200 0 "https://themomotimes.com/" "Mozilla/5.0 (Windows NT 10.0; Win64; x64) AppleWebKit/537.36 (KHTML, like Gecko) Chrome/144.0.0.0 Safari/537.36"
57.128.22.95 - - [13/Jun/2026:14:22:16 +0200] "GET /2026/05/25/meilleur-casino-en-ligne-un-guide-complet-2/ HTTP/1.1" 200 0 "https://themomotimes.com/" "Mozilla/5.0 (Windows NT 10.0; Win64; x64) AppleWebKit/537.36 (KHTML, like Gecko) Chrome/144.0.0.0 Safari/537.36"
65.21.228.101 - - [13/Jun/2026:14:28:01 +0200] "POST /wp-cron.php?doing_wp_cron=1781353681.0290560722351074218750 HTTP/1.1" 200 0 "-" "WordPress/7.0; https://themomotimes.com"
113.44.106.246 - - [13/Jun/2026:14:28:42 +0200] "GET /2026/04/25/jogue-slots-cassino-pin-up-25-rodadas-gratis-pg-soft-plataformas-pg-soft-mais-pagantes/ HTTP/2" 200 0 "https://themomotimes.com/2026/04/25/jogue-slots-cassino-pin-up-25-rodadas-gratis-pg-soft-plataformas-pg-soft-mais-pagantes/" "Mozilla/5.0 (Macintosh; Intel Mac OS X 10_15_7) AppleWebKit/537.36 (KHTML, like Gecko) Chrome/119.0.0.0 Safari/537.36"
159.138.85.98 - - [13/Jun/2026:14:31:44 +0200] "GET /2026/06/01/rtp-really-works-a-significant-profile-into-the-determining-the-brand-new-enough-time-title-earnings-and-you-may-guarantee-regarding-casino-games/ HTTP/2" 200 0 "https://themomotimes.com/2026/06/01/rtp-really-works-a-significant-profile-into-the-determining-the-brand-new-enough-time-title-earnings-and-you-may-guarantee-regarding-casino-games/" "Mozilla/5.0 (Macintosh; Intel Mac OS X 10_15_7) AppleWebKit/537.36 (KHTML, like Gecko) Chrome/119.0.0.0 Safari/537.36"
38.246.33.8 - - [13/Jun/2026:14:37:26 +0200] "GET /2026/06/13/es-sei-alle-einfach-gratis-spielgeld-boni-bei-mehreren-moglich-casinos-dahinter-bekommen/ HTTP/1.1" 200 0 "-" "Mozilla/5.0 (Windows NT 10.0; Win64; x64) AppleWebKit/537.36 (KHTML, like Gecko) Chrome/124.0.0.0 Safari/537.36 Edg/124.0.0.0"
112.65.212.99 - - [13/Jun/2026:14:38:21 +0200] "GET /2026/04/25/adventures-in-wonderland-revendedor-real-online-video-bingo-deluxe-slots-online-para-apostar-acostumado-apontar-modo-puerilidade-atrbuicao-playtech/ HTTP/2" 200 0 "https://themomotimes.com/2026/04/25/adventures-in-wonderland-revendedor-real-online-video-bingo-deluxe-slots-online-para-apostar-acostumado-apontar-modo-puerilidade-atrbuicao-playtech/" "Mozilla/5.0 (Macintosh; Intel Mac OS X 10_15_7) AppleWebKit/537.36 (KHTML, like Gecko) Chrome/131.0.0.0 Safari/537.36"
162.19.240.188 - - [13/Jun/2026:14:40:32 +0200] "POST /xmlrpc.php HTTP/1.1" 200 5926 "-" "Mozilla/5.0 (Windows NT 10.0; Win64; x64) AppleWebKit/537.36 (KHTML, like Gecko) Chrome/114.0.0.0 Safari/537.36"
17.241.75.196 - - [13/Jun/2026:14:45:24 +0200] "GET /2026/05/08/auction-web-sites-com-casino-poker-hands-ranking-cards-step-three-prepare-texas-holdem-cheating-piece-to-have-newbies-advantages-brief-reference-guide-to-web-based-poker-hand-odds-reviews-gam/ HTTP/2" 200 0 "-" "Mozilla/5.0 (Macintosh; Intel Mac OS X 10_15_7) AppleWebKit/605.1.15 (KHTML, like Gecko) Version/17.4 Safari/605.1.15 (Applebot/0.1; +http://www.apple.com/go/applebot)"
196.196.203.212 - - [13/Jun/2026:14:45:55 +0200] "POST /xmlrpc.php HTTP/1.1" 200 1806674 "-" "Mozilla/5.0 (Windows NT 10.0; WOW64) AppleWebKit/537.36 (KHTML, like Gecko) Chrome/114.0.0.0 Safari/537.36 Vivaldi/5.3.2679.68"
196.196.203.212 - - [13/Jun/2026:14:45:57 +0200] "POST /xmlrpc.php HTTP/1.1" 200 5929 "-" "Mozilla/5.0 (Windows NT 10.0; WOW64) AppleWebKit/537.36 (KHTML, like Gecko) Chrome/114.0.0.0 Safari/537.36 Vivaldi/5.3.2679.68"
196.196.203.212 - - [13/Jun/2026:14:45:58 +0200] "POST /xmlrpc.php HTTP/1.1" 200 15865 "-" "Mozilla/5.0 (Windows NT 10.0; WOW64) AppleWebKit/537.36 (KHTML, like Gecko) Chrome/114.0.0.0 Safari/537.36 Vivaldi/5.3.2679.68"
191.99.72.180 - - [13/Jun/2026:14:46:54 +0200] "GET /2026/06/07/red-dog-azartspelu-iestazu-stimulesanas-prasibas-vulkan-spiele-bonusa-konts-varetu-tikt-atjauninatas-2026-gada/ HTTP/1.1" 200 0 "-" "Mozilla/5.0 (Windows NT 10.0; Win64; x64) AppleWebKit/537.36 (KHTML, like Gecko) Chrome/101.0.0.0 Safari/537.36"
159.138.93.18 - - [13/Jun/2026:14:49:25 +0200] "GET /2026/03/28/personal-live-broker-video-game-dive-toward-genuine-gambling-establishment-thrill-within-ji777-local-casino/ HTTP/2" 200 0 "https://themomotimes.com/2026/03/28/personal-live-broker-video-game-dive-toward-genuine-gambling-establishment-thrill-within-ji777-local-casino/" "Mozilla/5.0 (Windows NT 10.0; Win64; x64) AppleWebKit/537.36 (KHTML, like Gecko) Chrome/101.0.4951.64 Safari/537.36 Edg/101.0.1210.47"
38.246.33.8 - - [13/Jun/2026:14:37:25 +0200] "POST /xmlrpc.php HTTP/1.1" 200 15659 "-" "Mozilla/5.0 (Windows NT 10.0; Win64; x64) AppleWebKit/537.36 (KHTML, like Gecko) Chrome/114.0.0.0 Safari/537.36"
66.249.69.192 - - [13/Jun/2026:14:38:20 +0200] "GET /2026/06/12/vibrant-energy-surrounds-the-luckystar-experience/ HTTP/1.1" 200 0 "-" "Mozilla/5.0 (Linux; Android 6.0.1; Nexus 5X Build/MMB29P) AppleWebKit/537.36 (KHTML, like Gecko) Chrome/148.0.7778.96 Mobile Safari/537.36 (compatible; GoogleOther)"
41.82.50.227 - - [13/Jun/2026:14:40:09 +0200] "GET /2026/06/06/no-deposit-gambling-enterprise-added-cleopatra-computer-games-bonus-rules/ HTTP/1.1" 200 0 "-" "Mozilla/5.0 (Macintosh; Intel Mac OS X 10_13_4) AppleWebKit/537.36 (KHTML, like Gecko) Chrome/67.0.3396.6 Safari/537.36"
194.187.251.215 - - [13/Jun/2026:14:42:08 +0200] "POST /xmlrpc.php HTTP/1.1" 200 5929 "-" "Mozilla/5.0 (Windows NT 10.0; Win64; x64) AppleWebKit/537.36 (KHTML, like Gecko) Chrome/114.0.0.0 Safari/537.36"
194.187.251.215 - - [13/Jun/2026:14:42:56 +0200] "POST /xmlrpc.php HTTP/1.1" 200 17084 "-" "Mozilla/5.0 (Windows NT 10.0; Win64; x64) AppleWebKit/537.36 (KHTML, like Gecko) Chrome/114.0.0.0 Safari/537.36"
194.187.251.215 - - [13/Jun/2026:14:42:57 +0200] "GET /2026/06/13/which-have-a-massive-%EF%BF%BD2000000-award-pond-the-spin-you-will-enable-you-to-get-closer-to-hefty-benefits/ HTTP/1.1" 200 0 "-" "Mozilla/5.0 (Windows NT 10.0; Win64; x64) AppleWebKit/537.36 (KHTML, like Gecko) Chrome/123.0.0.0 Safari/537.36"
194.187.251.215 - - [13/Jun/2026:14:42:57 +0200] "POST /xmlrpc.php HTTP/1.1" 200 1686 "-" "Mozilla/5.0 (Windows NT 10.0; Win64; x64) AppleWebKit/537.36 (KHTML, like Gecko) Chrome/114.0.0.0 Safari/537.36"
152.233.20.36 - 9betink [13/Jun/2026:14:43:17 +0200] "POST /xmlrpc.php HTTP/1.1" 200 1806674 "-" "Mozilla/5.0 (X11; Linux x86_64) AppleWebKit/537.36 (KHTML, like Gecko) Chrome/114.0.0.0 Safari/537.36 OPR/89.0.4447.51"
152.233.20.36 - 9betink [13/Jun/2026:14:43:19 +0200] "POST /xmlrpc.php HTTP/1.1" 200 5929 "-" "Mozilla/5.0 (X11; Linux x86_64) AppleWebKit/537.36 (KHTML, like Gecko) Chrome/114.0.0.0 Safari/537.36 OPR/89.0.4447.51"
152.233.20.36 - 9betink [13/Jun/2026:14:43:20 +0200] "POST /xmlrpc.php HTTP/1.1" 200 12423 "-" "Mozilla/5.0 (X11; Linux x86_64) AppleWebKit/537.36 (KHTML, like Gecko) Chrome/114.0.0.0 Safari/537.36 OPR/89.0.4447.51"
171.7.235.162 - - [13/Jun/2026:14:45:32 +0200] "GET /2026/06/01/unikalne-bonusy-w-bdmbets-casino/ HTTP/1.1" 200 0 "https://themomotimes.com/" "Mozilla/5.0 (X11; Linux x86_64; rv:147.0) Gecko/20100101 Firefox/147.0"
65.21.228.101 - - [13/Jun/2026:14:45:58 +0200] "POST /wp-cron.php?doing_wp_cron=1781354758.4973719120025634765625 HTTP/1.1" 200 0 "-" "WordPress/7.0; https://themomotimes.com"
77.239.167.66 - - [13/Jun/2026:14:50:46 +0200] "GET /2026/06/08/avancerede-strategier-til-at-optimere-dine/ HTTP/1.1" 200 0 "-" "Screaming Frog SEO Spider/23.0"
116.204.109.143 - - [13/Jun/2026:14:55:21 +0200] "GET /2026/04/25/kiedys-dokonczyc-wplaty-w-ciagu-pomoca-blika-na-kasynie-dyskusyjnym/ HTTP/2" 200 0 "https://themomotimes.com/2026/04/25/kiedys-dokonczyc-wplaty-w-ciagu-pomoca-blika-na-kasynie-dyskusyjnym/" "Mozilla/5.0 (Macintosh; Intel Mac OS X 10_15_7) AppleWebKit/537.36 (KHTML, like Gecko) Chrome/131.0.0.0 Safari/537.36"
91.191.197.66 - - [13/Jun/2026:14:58:48 +0200] "GET /2026/06/03/enjoy-slots-jackpots-and-a-lot-more/ HTTP/1.1" 200 0 "-" "Mozilla/5.0 (Macintosh; Intel Mac OS X 10_14_6) AppleWebKit/537.36 (KHTML, like Gecko) Chrome/90.0.4430.51 Safari/537.36"
43.135.21.8 - - [13/Jun/2026:15:00:02 +0200] "GET /2026/04/25/de-este-modo-sabras-en-caso-de-que-se-podri-seguir-llevando-exigencia-sobre-puesta/ HTTP/2" 200 0 "https://themomotimes.com/2026/04/25/de-este-modo-sabras-en-caso-de-que-se-podri-seguir-llevando-exigencia-sobre-puesta/" "Mozilla/5.0 (Macintosh; Intel Mac OS X 10_15_7) AppleWebKit/537.36 (KHTML, like Gecko) Chrome/131.0.0.0 Safari/537.36"
64.137.218.121 - - [13/Jun/2026:14:27:38 +0200] "GET /2026/06/12/best-non-gamstop-casinos-in-the-uk-10017-2/ HTTP/2" 200 0 "-" "Mozilla/5.0 (Linux; Android 10; K) AppleWebKit/537.36 (KHTML, like Gecko) Chrome/123.0.0.0 Mobile Safari/537.36"
66.249.69.192 - - [13/Jun/2026:14:38:20 +0200] "GET /robots.txt HTTP/1.1" 200 135 "-" "Mozilla/5.0 (compatible; Googlebot/2.1; +http://www.google.com/bot.html)"
162.19.240.188 - - [13/Jun/2026:14:40:31 +0200] "POST /xmlrpc.php HTTP/1.1" 200 17719 "-" "Mozilla/5.0 (Windows NT 10.0; Win64; x64) AppleWebKit/537.36 (KHTML, like Gecko) Chrome/114.0.0.0 Safari/537.36"
27.56.132.13 - - [13/Jun/2026:14:45:12 +0200] "GET /2026/05/25/meilleur-casino-en-ligne-un-guide-complet-2/ HTTP/1.1" 200 0 "https://themomotimes.com/" "Mozilla/5.0 (Macintosh; Intel Mac OS X 10_15_7) AppleWebKit/605.1.15 (KHTML, like Gecko) Version/26.4 Safari/605.1.15"
190.6.37.85 - - [13/Jun/2026:14:45:26 +0200] "GET /2026/06/07/%E1%90%88-black-horse-cash-out-edition-slot-jogue-150-chances-andar-bahar-jogo-dado-aquele-analisadas-por-slotscalendar/ HTTP/1.1" 200 0 "-" "Mozilla/5.0 (Windows NT 6.1; WOW64) AppleWebKit/537.36 (KHTML, like Gecko) Chrome/69.0.0.3016 Safari/537.36"
171.7.235.162 - - [13/Jun/2026:14:45:30 +0200] "GET /2026/06/01/unikalne-bonusy-w-bdmbets-casino/ HTTP/1.1" 200 0 "https://themomotimes.com/" "Mozilla/5.0 (X11; Linux x86_64; rv:147.0) Gecko/20100101 Firefox/147.0"
95.98.170.113 - - [13/Jun/2026:14:46:12 +0200] "POST /xmlrpc.php HTTP/2" 200 5929 "-" "-"
77.239.167.66 - - [13/Jun/2026:14:50:46 +0200] "GET /2026/06/08/gokmythen-ontkracht-de-waarheid-achter-populaire-2/ HTTP/1.1" 200 0 "-" "Screaming Frog SEO Spider/23.0"
65.21.228.101 - - [13/Jun/2026:14:50:51 +0200] "POST /wp-cron.php?doing_wp_cron=1781355051.6066460609436035156250 HTTP/1.1" 200 0 "-" "WordPress/7.0; https://themomotimes.com"
40.77.167.254 - - [13/Jun/2026:14:51:22 +0200] "GET /ta-5-kalytera-online-casino-stin-ellada-odigos-asfaleias/ HTTP/2" 200 0 "-" "Mozilla/5.0 AppleWebKit/537.36 (KHTML, like Gecko; compatible; bingbot/2.0; +http://www.bing.com/bingbot.htm) Chrome/116.0.1938.76 Safari/537.36"
102.67.212.135 - - [13/Jun/2026:14:52:20 +0200] "GET /category/public/page/93/ HTTP/1.1" 200 0 "-" "Mozilla/5.0 (Windows NT 5.1) AppleWebKit/537.36 (KHTML, like Gecko) Chrome/34.0.1866.237 Safari/537.36"
189.1.235.46 - - [13/Jun/2026:15:01:23 +0200] "GET /2026/04/25/en-la-actualidad-tenemos-una-enorme-variaciin-sobre-casinos-en-compania-de-juegos-de-blackjack-online-de-moviles/ HTTP/2" 200 0 "https://themomotimes.com/2026/04/25/en-la-actualidad-tenemos-una-enorme-variaciin-sobre-casinos-en-compania-de-juegos-de-blackjack-online-de-moviles/" "Mozilla/5.0 (Macintosh; Intel Mac OS X 10_15_7) AppleWebKit/537.36 (KHTML, like Gecko) Chrome/120.0.0.0 Safari/537.36"
200.25.47.114 - - [13/Jun/2026:15:01:14 +0200] "POST /xmlrpc.php HTTP/1.1" 200 5929 "-" "Mozilla/5.0 (Windows NT 10.0; Win64; x64) AppleWebKit/537.36 (KHTML, like Gecko) Chrome/114.0.0.0 Safari/537.36"
200.25.47.114 - - [13/Jun/2026:15:02:06 +0200] "POST /xmlrpc.php HTTP/1.1" 200 20048 "-" "Mozilla/5.0 (Windows NT 10.0; Win64; x64) AppleWebKit/537.36 (KHTML, like Gecko) Chrome/114.0.0.0 Safari/537.36"
200.25.47.114 - - [13/Jun/2026:15:02:09 +0200] "POST /xmlrpc.php HTTP/1.1" 200 5926 "-" "Mozilla/5.0 (Windows NT 10.0; Win64; x64) AppleWebKit/537.36 (KHTML, like Gecko) Chrome/114.0.0.0 Safari/537.36"
66.249.69.193 - - [13/Jun/2026:15:07:03 +0200] "GET /2026/04/01/adreseaz-i-pasiunea-pentru-jocuri-de-noroc-cu-nv/ HTTP/1.1" 200 0 "-" "Mozilla/5.0 (Linux; Android 6.0.1; Nexus 5X Build/MMB29P) AppleWebKit/537.36 (KHTML, like Gecko) Chrome/148.0.7778.96 Mobile Safari/537.36 (compatible; GoogleOther)"
47.82.11.119 - - [13/Jun/2026:14:34:02 +0200] "GET /2026/03/14/thunderstruck-on-the-internet-trial-gamble-harbors-for-free/ HTTP/1.1" 200 0 "https://themomotimes.com/" "Mozilla/5.0 (Windows NT 10.0; Win64; x64; rv:137.0) Gecko/20100101 Firefox/137.0"
65.21.228.101 - - [13/Jun/2026:14:37:20 +0200] "POST /wp-cron.php?doing_wp_cron=1781354240.2191839218139648437500 HTTP/1.1" 200 0 "-" "WordPress/7.0; https://themomotimes.com"
162.19.240.188 - - [13/Jun/2026:14:40:32 +0200] "GET /2026/06/13/with-more-than-5000-games-to-select-from-and-provably-fair-choice-youll-not-be-annoyed-again/ HTTP/1.1" 200 0 "-" "Mozilla/5.0 (Windows NT 10.0; Win64; x64) AppleWebKit/537.36 (KHTML, like Gecko) Chrome/123.0.0.0 Safari/537.36"
190.92.235.84 - - [13/Jun/2026:14:40:46 +0200] "GET /2026/04/25/total-casino-legalne-kasyno-online/ HTTP/2" 200 0 "https://themomotimes.com/2026/04/25/total-casino-legalne-kasyno-online/" "Mozilla/5.0 (Macintosh; Intel Mac OS X 10_15_7) AppleWebKit/537.36 (KHTML, like Gecko) Chrome/131.0.0.0 Safari/537.36"
43.134.233.134 - - [13/Jun/2026:14:42:22 +0200] "GET /2026/04/20/bene-eleggere-in-il-premio-benvenuto-escludendo-difficile-scommesse/ HTTP/2" 200 0 "https://themomotimes.com/2026/04/20/bene-eleggere-in-il-premio-benvenuto-escludendo-difficile-scommesse/" "Mozilla/5.0 (Macintosh; Intel Mac OS X 10_15_7) AppleWebKit/537.36 (KHTML, like Gecko) Chrome/120.0.0.0 Safari/537.36"
17.241.227.171 - - [13/Jun/2026:14:43:01 +0200] "GET /2026/05/17/fortune-of-olympus-pragmatic-enjoy-demonstration-and-you-can-slot-opinion/ HTTP/2" 200 0 "-" "Mozilla/5.0 (Macintosh; Intel Mac OS X 10_15_7) AppleWebKit/605.1.15 (KHTML, like Gecko) Version/17.4 Safari/605.1.15 (Applebot/0.1; +http://www.apple.com/go/applebot)"
27.56.132.13 - - [13/Jun/2026:14:45:13 +0200] "GET /2026/05/25/meilleur-casino-en-ligne-un-guide-complet-2/ HTTP/1.1" 200 0 "https://themomotimes.com/" "Mozilla/5.0 (Macintosh; Intel Mac OS X 10_15_7) AppleWebKit/605.1.15 (KHTML, like Gecko) Version/26.4 Safari/605.1.15"
146.70.164.35 - - [13/Jun/2026:14:50:01 +0200] "POST /xmlrpc.php HTTP/1.1" 200 5929 "-" "Mozilla/5.0 (Windows NT 10.0; Win64; x64) AppleWebKit/537.36 (KHTML, like Gecko) Chrome/114.0.0.0 Safari/537.36"
146.70.164.35 - - [13/Jun/2026:14:50:56 +0200] "POST /xmlrpc.php HTTP/1.1" 200 15060 "-" "Mozilla/5.0 (Windows NT 10.0; Win64; x64) AppleWebKit/537.36 (KHTML, like Gecko) Chrome/114.0.0.0 Safari/537.36"
146.70.164.35 - - [13/Jun/2026:14:50:57 +0200] "GET /2026/06/13/quickspin-panstwa-an-effective-swedish-mainly-based-software-developer-devoted-owe-reducing-edge-casino-slot-games-sieciowy-game-with-the-personal-and-przez-internet-betting-community/ HTTP/1.1" 200 0 "-" "Mozilla/5.0 (Windows NT 10.0; Win64; x64) AppleWebKit/537.36 (KHTML, like Gecko) Chrome/109.0.0.0 Safari/537.36"
146.70.164.35 - - [13/Jun/2026:14:50:57 +0200] "POST /xmlrpc.php HTTP/1.1" 200 5926 "-" "Mozilla/5.0 (Windows NT 10.0; Win64; x64) AppleWebKit/537.36 (KHTML, like Gecko) Chrome/114.0.0.0 Safari/537.36"
45.177.53.199 - - [13/Jun/2026:14:58:12 +0200] "GET /2026/06/06/simple-tips-to-moons-casino-app-ios-victory-from-the-harbors-greatest-tips-to-boost-your-odds/ HTTP/1.1" 200 0 "-" "Mozilla/5.0 (Windows NT 10.0; WOW64) AppleWebKit/537.36 (KHTML, like Gecko) Chrome/96.0.4664.45 Safari/537.36"
65.21.228.101 - - [13/Jun/2026:15:06:25 +0200] "POST /wp-cron.php?doing_wp_cron=1781355985.6850800514221191406250 HTTP/1.1" 200 0 "-" "WordPress/7.0; https://themomotimes.com"
43.153.72.156 - - [13/Jun/2026:15:06:43 +0200] "GET /2026/04/25/gmail-correo-electronico-unlimluck-bonus-de-casino-afiuzado-y-potenciado-por-ia-para-todos/ HTTP/2" 200 0 "https://themomotimes.com/2026/04/25/gmail-correo-electronico-unlimluck-bonus-de-casino-afiuzado-y-potenciado-por-ia-para-todos/" "Mozilla/5.0 (Macintosh; Intel Mac OS X 10_15_7) AppleWebKit/537.36 (KHTML, like Gecko) Chrome/120.0.0.0 Safari/537.36"
194.187.251.215 - - [13/Jun/2026:15:00:15 +0200] "POST /xmlrpc.php HTTP/1.1" 200 5929 "-" "Mozilla/5.0 (Windows NT 10.0; Win64; x64) AppleWebKit/537.36 (KHTML, like Gecko) Chrome/114.0.0.0 Safari/537.36"
194.187.251.215 - - [13/Jun/2026:15:01:02 +0200] "POST /xmlrpc.php HTTP/1.1" 200 17982 "-" "Mozilla/5.0 (Windows NT 10.0; Win64; x64) AppleWebKit/537.36 (KHTML, like Gecko) Chrome/114.0.0.0 Safari/537.36"
194.187.251.215 - - [13/Jun/2026:15:01:03 +0200] "GET /2026/06/13/we-as-well-as-pay-attention-to-customer-service-and-its-own-availableness/ HTTP/1.1" 200 0 "-" "Mozilla/5.0 (Windows NT 10.0; Win64; x64) AppleWebKit/537.36 (KHTML, like Gecko) Chrome/122.0.0.0 Safari/537.36"
194.187.251.215 - - [13/Jun/2026:15:01:03 +0200] "POST /xmlrpc.php HTTP/1.1" 200 5926 "-" "Mozilla/5.0 (Windows NT 10.0; Win64; x64) AppleWebKit/537.36 (KHTML, like Gecko) Chrome/114.0.0.0 Safari/537.36"
47.82.11.87 - - [13/Jun/2026:15:03:11 +0200] "GET /2026/01/16/freddy-jeu-pour-accessoire-pour-avec-gratuit-sans-telechargement/ HTTP/1.1" 200 0 "https://themomotimes.com/" "Mozilla/5.0 (X11; Linux x86_64) AppleWebKit/537.36 (KHTML, like Gecko) Chrome/114.0.0.0 Safari/537.36"
112.65.212.62 - - [13/Jun/2026:15:03:25 +0200] "GET /2026/04/25/azrbaycanl-oyuncular-ucun-728-minlrl-bahis-secimi/ HTTP/2" 200 0 "https://themomotimes.com/2026/04/25/azrbaycanl-oyuncular-ucun-728-minlrl-bahis-secimi/" "Mozilla/5.0 (Macintosh; Intel Mac OS X 10_15_7) AppleWebKit/537.36 (KHTML, like Gecko) Chrome/119.0.0.0 Safari/537.36"
185.153.199.155 - - [13/Jun/2026:15:06:31 +0200] "GET /2026/06/13/free-tennis-stars-online-spins-casino-2026-alla-gratis-spins-samlade-30-alternativ/ HTTP/1.1" 200 0 "-" "Mozilla/5.0 (Windows NT 10.0; Win64; x64) AppleWebKit/537.36 (KHTML, like Gecko) Chrome/124.0.0.0 Safari/537.36"
38.246.33.8 - - [13/Jun/2026:15:11:57 +0200] "POST /xmlrpc.php HTTP/1.1" 200 5929 "-" "Mozilla/5.0 (Windows NT 10.0; Win64; x64) AppleWebKit/537.36 (KHTML, like Gecko) Chrome/114.0.0.0 Safari/537.36"
38.246.33.8 - - [13/Jun/2026:15:12:52 +0200] "POST /xmlrpc.php HTTP/1.1" 200 5926 "-" "Mozilla/5.0 (Windows NT 10.0; Win64; x64) AppleWebKit/537.36 (KHTML, like Gecko) Chrome/114.0.0.0 Safari/537.36"
41.113.217.177 - - [13/Jun/2026:15:13:59 +0200] "GET /2026/06/05/crypto-wagering-and-casino-wager-having-bitcoin-during-the-web3-0-dexsport-io-platform/ HTTP/1.1" 200 0 "-" "Mozilla/5.0 (Macintosh; Intel Mac OS X 10_7_3) AppleWebKit/537.36 (KHTML, like Gecko, Mediapartners-Google) Chrome/84.0.4147.108 Safari/537.36"
1.4.144.129 - - [13/Jun/2026:15:20:23 +0200] "GET /2026/04/25/olymp-casino-bangladesh-11904/ HTTP/2" 200 0 "https://themomotimes.com/2026/04/25/olymp-casino-bangladesh-11904/" "Mozilla/5.0 (Windows NT 10.0; Win64; x64) AppleWebKit/537.36 (KHTML, like Gecko) Chrome/116.0.0.0 Safari/537.36"
216.73.217.14 - - [13/Jun/2026:15:21:37 +0200] "GET /2026/05/27/iclub365-gambling-free-spins-40-no-deposit-enterprise-no-deposit-acceptance-extra-2026-the-cold-splash-of-free-money-nobody-required/feed/ HTTP/2" 200 0 "-" "Mozilla/5.0 AppleWebKit/537.36 (KHTML, like Gecko; compatible; ClaudeBot/1.0; +claudebot@anthropic.com)"
216.73.217.14 - - [13/Jun/2026:15:21:37 +0200] "GET /2026/05/27/angeschlossen-casino-brd-traktandum-anbieter-fur-jedes-jewellery-store-online-slot-2026-im-untersuchung/feed/ HTTP/2" 200 0 "-" "Mozilla/5.0 AppleWebKit/537.36 (KHTML, like Gecko; compatible; ClaudeBot/1.0; +claudebot@anthropic.com)"
216.73.217.14 - - [13/Jun/2026:15:21:38 +0200] "GET /2026/05/23/europalace-kasino-bis-zu-600-euroletten-maklercourtage-fur-jedes-unser-ersten-3-einzahlungen/feed/ HTTP/2" 200 0 "-" "Mozilla/5.0 AppleWebKit/537.36 (KHTML, like Gecko; compatible; ClaudeBot/1.0; +claudebot@anthropic.com)"
216.73.217.14 - - [13/Jun/2026:15:21:39 +0200] "GET /2026/05/26/poznaj-nasz-roznych-gier-i-mozesz-sukces-produkowac-korzysci-poprowadzily-cie-do-astronomicznych-wygranych/feed/ HTTP/2" 200 0 "-" "Mozilla/5.0 AppleWebKit/537.36 (KHTML, like Gecko; compatible; ClaudeBot/1.0; +claudebot@anthropic.com)"
65.108.195.91 - - [13/Jun/2026:14:58:17 +0200] "GET /2026/06/12/best-non-gamstop-casinos-in-the-uk-10017/ HTTP/2" 200 0 "-" "Mozilla/5.0 (Linux; Android 10; K) AppleWebKit/537.36 (KHTML, like Gecko) Chrome/123.0.0.0 Mobile Safari/537.36"
65.21.228.101 - - [13/Jun/2026:15:00:19 +0200] "POST /wp-cron.php?doing_wp_cron=1781355619.5970590114593505859375 HTTP/1.1" 200 0 "-" "WordPress/7.0; https://themomotimes.com"
65.21.228.101 - - [13/Jun/2026:15:00:57 +0200] "POST /wp-cron.php?doing_wp_cron=1781355657.3796720504760742187500 HTTP/1.1" 200 0 "-" "WordPress/7.0; https://themomotimes.com"
