216.73.216.45 - - [13/Jun/2026:21:10:30 +0200] "GET /wp-includes/l10n/class-wp-translation-controller.php HTTP/1.1" 403 787 "-" "Mozilla/5.0 AppleWebKit/537.36 (KHTML, like Gecko; compatible; ClaudeBot/1.0; +claudebot@anthropic.com)"
216.73.216.45 - - [13/Jun/2026:21:10:30 +0200] "GET /wp-includes/class-wp-tax-query.php HTTP/1.1" 403 787 "-" "Mozilla/5.0 AppleWebKit/537.36 (KHTML, like Gecko; compatible; ClaudeBot/1.0; +claudebot@anthropic.com)"
216.73.216.45 - - [13/Jun/2026:21:10:30 +0200] "GET /wp-includes/l10n/wp.php HTTP/1.1" 403 787 "-" "Mozilla/5.0 AppleWebKit/537.36 (KHTML, like Gecko; compatible; ClaudeBot/1.0; +claudebot@anthropic.com)"
216.73.216.45 - - [13/Jun/2026:21:11:26 +0200] "GET /wp-includes/class-avif-info.php HTTP/1.1" 403 787 "-" "Mozilla/5.0 AppleWebKit/537.36 (KHTML, like Gecko; compatible; ClaudeBot/1.0; +claudebot@anthropic.com)"
216.73.216.45 - - [13/Jun/2026:21:08:09 +0200] "GET /wp-admin/includes/class-automatic-upgrader-skin.php HTTP/1.1" 500 0 "-" "Mozilla/5.0 AppleWebKit/537.36 (KHTML, like Gecko; compatible; ClaudeBot/1.0; +claudebot@anthropic.com)"
216.73.216.45 - - [13/Jun/2026:21:08:27 +0200] "GET /wp-includes/rest-api/endpoints/class-wp-rest-abilities-v1-categories-controller.php HTTP/1.1" 403 787 "-" "Mozilla/5.0 AppleWebKit/537.36 (KHTML, like Gecko; compatible; ClaudeBot/1.0; +claudebot@anthropic.com)"
216.73.216.45 - - [13/Jun/2026:21:09:15 +0200] "GET /wp-includes/template-canvas.php HTTP/1.1" 403 787 "-" "Mozilla/5.0 AppleWebKit/537.36 (KHTML, like Gecko; compatible; ClaudeBot/1.0; +claudebot@anthropic.com)"
216.73.216.45 - - [13/Jun/2026:21:09:15 +0200] "GET /wp-admin/includes/class-plugin-upgrader-skin.php HTTP/1.1" 403 787 "-" "Mozilla/5.0 AppleWebKit/537.36 (KHTML, like Gecko; compatible; ClaudeBot/1.0; +claudebot@anthropic.com)"
216.73.216.45 - - [13/Jun/2026:21:09:15 +0200] "GET /wp-includes/block-supports/layout.php HTTP/1.1" 403 787 "-" "Mozilla/5.0 AppleWebKit/537.36 (KHTML, like Gecko; compatible; ClaudeBot/1.0; +claudebot@anthropic.com)"
216.73.216.45 - - [13/Jun/2026:21:09:15 +0200] "GET /wp-admin/includes/class-wp-themes-list-table.php HTTP/1.1" 403 787 "-" "Mozilla/5.0 AppleWebKit/537.36 (KHTML, like Gecko; compatible; ClaudeBot/1.0; +claudebot@anthropic.com)"
216.73.216.45 - - [13/Jun/2026:21:09:16 +0200] "GET /wp-includes/class-wp-site.php HTTP/1.1" 403 787 "-" "Mozilla/5.0 AppleWebKit/537.36 (KHTML, like Gecko; compatible; ClaudeBot/1.0; +claudebot@anthropic.com)"
216.73.216.45 - - [13/Jun/2026:21:09:16 +0200] "GET /wp-includes/fonts.php HTTP/1.1" 403 787 "-" "Mozilla/5.0 AppleWebKit/537.36 (KHTML, like Gecko; compatible; ClaudeBot/1.0; +claudebot@anthropic.com)"
216.73.216.45 - - [13/Jun/2026:21:09:16 +0200] "GET /wp-includes/sodium_compat/src/SodiumException.php HTTP/1.1" 403 787 "-" "Mozilla/5.0 AppleWebKit/537.36 (KHTML, like Gecko; compatible; ClaudeBot/1.0; +claudebot@anthropic.com)"
216.73.216.45 - - [13/Jun/2026:21:09:25 +0200] "GET /wp-includes/customize/class-wp-customize-nav-menu-item-control.php HTTP/1.1" 403 787 "-" "Mozilla/5.0 AppleWebKit/537.36 (KHTML, like Gecko; compatible; ClaudeBot/1.0; +claudebot@anthropic.com)"
216.73.216.45 - - [13/Jun/2026:21:09:25 +0200] "GET /wp-includes/ai-client/adapters/class-wp-ai-client-cache.php HTTP/1.1" 403 787 "-" "Mozilla/5.0 AppleWebKit/537.36 (KHTML, like Gecko; compatible; ClaudeBot/1.0; +claudebot@anthropic.com)"
216.73.216.45 - - [13/Jun/2026:21:09:25 +0200] "GET /wp-admin/includes/class-bulk-plugin-upgrader-skin.php HTTP/1.1" 403 787 "-" "Mozilla/5.0 AppleWebKit/537.36 (KHTML, like Gecko; compatible; ClaudeBot/1.0; +claudebot@anthropic.com)"
216.73.216.45 - - [13/Jun/2026:21:09:25 +0200] "GET /wp-admin/includes/class-wp-media-list-table.php HTTP/1.1" 403 787 "-" "Mozilla/5.0 AppleWebKit/537.36 (KHTML, like Gecko; compatible; ClaudeBot/1.0; +claudebot@anthropic.com)"
216.73.216.45 - - [13/Jun/2026:21:09:25 +0200] "GET /wp-includes/Requests/ HTTP/1.1" 403 787 "-" "Mozilla/5.0 AppleWebKit/537.36 (KHTML, like Gecko; compatible; ClaudeBot/1.0; +claudebot@anthropic.com)"
216.73.216.45 - - [13/Jun/2026:21:09:25 +0200] "GET /wp-includes/block-supports/position.php HTTP/1.1" 403 787 "-" "Mozilla/5.0 AppleWebKit/537.36 (KHTML, like Gecko; compatible; ClaudeBot/1.0; +claudebot@anthropic.com)"
216.73.216.45 - - [13/Jun/2026:21:09:26 +0200] "GET /wp-includes/PHPMailer/OAuthTokenProvider.php HTTP/1.1" 403 787 "-" "Mozilla/5.0 AppleWebKit/537.36 (KHTML, like Gecko; compatible; ClaudeBot/1.0; +claudebot@anthropic.com)"
216.73.216.45 - - [13/Jun/2026:21:11:26 +0200] "GET /wp-includes/class-wp-connector-registry.php HTTP/1.1" 200 0 "-" "Mozilla/5.0 AppleWebKit/537.36 (KHTML, like Gecko; compatible; ClaudeBot/1.0; +claudebot@anthropic.com)"
216.73.216.45 - - [13/Jun/2026:21:11:26 +0200] "GET /wp-admin/includes/class-wp-privacy-policy-content.php HTTP/1.1" 200 0 "-" "Mozilla/5.0 AppleWebKit/537.36 (KHTML, like Gecko; compatible; ClaudeBot/1.0; +claudebot@anthropic.com)"
74.7.241.55 - - [13/Jun/2026:21:08:12 +0200] "GET /wp-admin/images/wp.php?dir=CwhomeCwtherahulCwwebFwjanapremimaviFweduFwnpCwwp-adminCwimages&edit=comment-grey-bubble-2x.png HTTP/1.1" 200 4234 "http://web.janapremimavi.edu.np.therahuldas.com/wp-admin/images/wp.php" "Mozilla/5.0 AppleWebKit/537.36 (KHTML, like Gecko; compatible; GPTBot/1.4; +https://openai.com/gptbot)"
216.73.216.45 - - [13/Jun/2026:21:08:27 +0200] "GET /wp-includes/block-supports/shadow.php HTTP/1.1" 403 787 "-" "Mozilla/5.0 AppleWebKit/537.36 (KHTML, like Gecko; compatible; ClaudeBot/1.0; +claudebot@anthropic.com)"
216.73.216.45 - - [13/Jun/2026:21:08:27 +0200] "GET /wp-includes/class-walker-page-dropdown.php HTTP/1.1" 403 787 "-" "Mozilla/5.0 AppleWebKit/537.36 (KHTML, like Gecko; compatible; ClaudeBot/1.0; +claudebot@anthropic.com)"
216.73.216.45 - - [13/Jun/2026:21:09:25 +0200] "GET /wp-includes/block-supports/settings.php HTTP/1.1" 403 787 "-" "Mozilla/5.0 AppleWebKit/537.36 (KHTML, like Gecko; compatible; ClaudeBot/1.0; +claudebot@anthropic.com)"
216.73.216.45 - - [13/Jun/2026:21:09:25 +0200] "GET /wp-includes/build/error_log HTTP/1.1" 403 787 "-" "Mozilla/5.0 AppleWebKit/537.36 (KHTML, like Gecko; compatible; ClaudeBot/1.0; +claudebot@anthropic.com)"
216.73.216.45 - - [13/Jun/2026:21:09:25 +0200] "GET /wp-includes/class-wp-widget-factory.php HTTP/1.1" 403 787 "-" "Mozilla/5.0 AppleWebKit/537.36 (KHTML, like Gecko; compatible; ClaudeBot/1.0; +claudebot@anthropic.com)"
216.73.216.45 - - [13/Jun/2026:21:09:25 +0200] "GET /wp-includes/class-wp-customize-nav-menus.php HTTP/1.1" 403 787 "-" "Mozilla/5.0 AppleWebKit/537.36 (KHTML, like Gecko; compatible; ClaudeBot/1.0; +claudebot@anthropic.com)"
216.73.216.45 - - [13/Jun/2026:21:10:29 +0200] "GET /wp-includes/sodium_compat/namespaced/Core/SipHash.php HTTP/1.1" 403 787 "-" "Mozilla/5.0 AppleWebKit/537.36 (KHTML, like Gecko; compatible; ClaudeBot/1.0; +claudebot@anthropic.com)"
216.73.216.45 - - [13/Jun/2026:21:10:29 +0200] "GET /wp-includes/php-ai-client/ HTTP/1.1" 403 787 "-" "Mozilla/5.0 AppleWebKit/537.36 (KHTML, like Gecko; compatible; ClaudeBot/1.0; +claudebot@anthropic.com)"
216.73.216.45 - - [13/Jun/2026:21:11:26 +0200] "GET /wp-includes/class-wp-simplepie-sanitize-kses.php HTTP/1.1" 200 6 "-" "Mozilla/5.0 AppleWebKit/537.36 (KHTML, like Gecko; compatible; ClaudeBot/1.0; +claudebot@anthropic.com)"
216.73.216.45 - - [13/Jun/2026:21:12:14 +0200] "GET /wp-includes/sitemaps/providers/error_log HTTP/1.1" 403 787 "-" "Mozilla/5.0 AppleWebKit/537.36 (KHTML, like Gecko; compatible; ClaudeBot/1.0; +claudebot@anthropic.com)"
216.73.216.45 - - [13/Jun/2026:21:12:14 +0200] "GET /wp-includes/class-wp-recovery-mode.php HTTP/1.1" 200 0 "-" "Mozilla/5.0 AppleWebKit/537.36 (KHTML, like Gecko; compatible; ClaudeBot/1.0; +claudebot@anthropic.com)"
216.73.216.45 - - [13/Jun/2026:21:12:14 +0200] "GET /wp-includes/js/ HTTP/1.1" 403 787 "-" "Mozilla/5.0 AppleWebKit/537.36 (KHTML, like Gecko; compatible; ClaudeBot/1.0; +claudebot@anthropic.com)"
216.73.216.45 - - [13/Jun/2026:21:12:14 +0200] "GET /wp-includes/block-patterns/navigation-overlay-centered-with-extras.php HTTP/1.1" 403 787 "-" "Mozilla/5.0 AppleWebKit/537.36 (KHTML, like Gecko; compatible; ClaudeBot/1.0; +claudebot@anthropic.com)"
216.73.216.45 - - [13/Jun/2026:21:12:14 +0200] "GET /wp-includes/l10n/error_log HTTP/1.1" 403 787 "-" "Mozilla/5.0 AppleWebKit/537.36 (KHTML, like Gecko; compatible; ClaudeBot/1.0; +claudebot@anthropic.com)"
216.73.216.45 - - [13/Jun/2026:21:12:15 +0200] "GET /wp-includes/block-supports/block-visibility.php HTTP/1.1" 403 787 "-" "Mozilla/5.0 AppleWebKit/537.36 (KHTML, like Gecko; compatible; ClaudeBot/1.0; +claudebot@anthropic.com)"
74.7.241.55 - - [13/Jun/2026:21:12:31 +0200] "GET /wp-includes/sodium_compat/src/Core/Curve25519/Ge/Cached.php HTTP/1.1" 200 0 "http://web.janapremimavi.edu.np.therahuldas.com/wp-includes/sodium_compat/src/Core/Curve25519/Ge/" "Mozilla/5.0 AppleWebKit/537.36 (KHTML, like Gecko; compatible; GPTBot/1.4; +https://openai.com/gptbot)"
216.73.216.45 - - [13/Jun/2026:21:08:27 +0200] "GET /wp-includes/customize/class-wp-customize-nav-menu-item-setting.php HTTP/1.1" 403 787 "-" "Mozilla/5.0 AppleWebKit/537.36 (KHTML, like Gecko; compatible; ClaudeBot/1.0; +claudebot@anthropic.com)"
216.73.216.45 - - [13/Jun/2026:21:08:27 +0200] "GET /wp-includes/customize/class-wp-customize-color-control.php HTTP/1.1" 403 787 "-" "Mozilla/5.0 AppleWebKit/537.36 (KHTML, like Gecko; compatible; ClaudeBot/1.0; +claudebot@anthropic.com)"
216.73.216.45 - - [13/Jun/2026:21:08:28 +0200] "GET /wp-includes/connectors.php HTTP/1.1" 403 787 "-" "Mozilla/5.0 AppleWebKit/537.36 (KHTML, like Gecko; compatible; ClaudeBot/1.0; +claudebot@anthropic.com)"
216.73.216.45 - - [13/Jun/2026:21:08:28 +0200] "GET /wp-includes/sodium_compat/lib/constants.php HTTP/1.1" 403 787 "-" "Mozilla/5.0 AppleWebKit/537.36 (KHTML, like Gecko; compatible; ClaudeBot/1.0; +claudebot@anthropic.com)"
216.73.216.45 - - [13/Jun/2026:21:08:28 +0200] "GET /wp-admin/includes/credits.php HTTP/1.1" 403 787 "-" "Mozilla/5.0 AppleWebKit/537.36 (KHTML, like Gecko; compatible; ClaudeBot/1.0; +claudebot@anthropic.com)"
216.73.216.45 - - [13/Jun/2026:21:08:28 +0200] "GET /wp-includes/customize/class-wp-customize-nav-menu-location-control.php HTTP/1.1" 403 787 "-" "Mozilla/5.0 AppleWebKit/537.36 (KHTML, like Gecko; compatible; ClaudeBot/1.0; +claudebot@anthropic.com)"
216.73.216.45 - - [13/Jun/2026:21:08:28 +0200] "GET /wp-admin/includes/translation-install.php HTTP/1.1" 403 787 "-" "Mozilla/5.0 AppleWebKit/537.36 (KHTML, like Gecko; compatible; ClaudeBot/1.0; +claudebot@anthropic.com)"
216.73.216.45 - - [13/Jun/2026:21:08:29 +0200] "GET /wp-includes/customize/class-wp-customize-nav-menu-name-control.php HTTP/1.1" 403 787 "-" "Mozilla/5.0 AppleWebKit/537.36 (KHTML, like Gecko; compatible; ClaudeBot/1.0; +claudebot@anthropic.com)"
216.73.216.45 - - [13/Jun/2026:21:08:29 +0200] "GET /wp-admin/includes/class-file-upload-upgrader.php HTTP/1.1" 403 787 "-" "Mozilla/5.0 AppleWebKit/537.36 (KHTML, like Gecko; compatible; ClaudeBot/1.0; +claudebot@anthropic.com)"
216.73.216.45 - - [13/Jun/2026:21:08:29 +0200] "GET /wp-includes/rest-api/endpoints/class-wp-rest-template-revisions-controller.php HTTP/1.1" 403 787 "-" "Mozilla/5.0 AppleWebKit/537.36 (KHTML, like Gecko; compatible; ClaudeBot/1.0; +claudebot@anthropic.com)"
216.73.216.45 - - [13/Jun/2026:21:08:29 +0200] "GET /wp-admin/includes/continents-cities.php HTTP/1.1" 403 787 "-" "Mozilla/5.0 AppleWebKit/537.36 (KHTML, like Gecko; compatible; ClaudeBot/1.0; +claudebot@anthropic.com)"
216.73.216.45 - - [13/Jun/2026:21:08:29 +0200] "GET /wp-includes/PHPMailer/Exception.php HTTP/1.1" 403 787 "-" "Mozilla/5.0 AppleWebKit/537.36 (KHTML, like Gecko; compatible; ClaudeBot/1.0; +claudebot@anthropic.com)"
216.73.216.45 - - [13/Jun/2026:21:13:30 +0200] "GET /wp-includes/PHPMailer/PHPMailer.php HTTP/1.1" 200 0 "-" "Mozilla/5.0 AppleWebKit/537.36 (KHTML, like Gecko; compatible; ClaudeBot/1.0; +claudebot@anthropic.com)"
216.73.216.45 - - [13/Jun/2026:21:13:30 +0200] "GET /wp-includes/global-styles-and-settings.php HTTP/1.1" 200 0 "-" "Mozilla/5.0 AppleWebKit/537.36 (KHTML, like Gecko; compatible; ClaudeBot/1.0; +claudebot@anthropic.com)"
216.73.216.45 - - [13/Jun/2026:21:13:30 +0200] "GET /wp-includes/sodium_compat/namespaced/Core/XChaCha20.php HTTP/1.1" 403 787 "-" "Mozilla/5.0 AppleWebKit/537.36 (KHTML, like Gecko; compatible; ClaudeBot/1.0; +claudebot@anthropic.com)"
216.73.216.45 - - [13/Jun/2026:21:13:30 +0200] "GET /wp-includes/sodium_compat/namespaced/Compat.php HTTP/1.1" 403 787 "-" "Mozilla/5.0 AppleWebKit/537.36 (KHTML, like Gecko; compatible; ClaudeBot/1.0; +claudebot@anthropic.com)"
216.73.216.45 - - [13/Jun/2026:21:13:31 +0200] "GET /wp-includes/sodium_compat/lib/stream-xchacha20.php HTTP/1.1" 403 787 "-" "Mozilla/5.0 AppleWebKit/537.36 (KHTML, like Gecko; compatible; ClaudeBot/1.0; +claudebot@anthropic.com)"
216.73.216.45 - - [13/Jun/2026:21:11:26 +0200] "GET /wp-includes/class-wp-textdomain-registry.php HTTP/1.1" 403 787 "-" "Mozilla/5.0 AppleWebKit/537.36 (KHTML, like Gecko; compatible; ClaudeBot/1.0; +claudebot@anthropic.com)"
216.73.216.45 - - [13/Jun/2026:21:11:26 +0200] "GET /wp-includes/widgets/class-wp-widget-media-gallery.php HTTP/1.1" 403 787 "-" "Mozilla/5.0 AppleWebKit/537.36 (KHTML, like Gecko; compatible; ClaudeBot/1.0; +claudebot@anthropic.com)"
216.73.216.45 - - [13/Jun/2026:21:11:27 +0200] "GET /wp-includes/PHPMailer/SMTP.php HTTP/1.1" 403 787 "-" "Mozilla/5.0 AppleWebKit/537.36 (KHTML, like Gecko; compatible; ClaudeBot/1.0; +claudebot@anthropic.com)"
216.73.216.45 - - [13/Jun/2026:21:11:27 +0200] "GET /wp-includes/rest-api/endpoints/class-wp-rest-global-styles-revisions-controller.php HTTP/1.1" 403 787 "-" "Mozilla/5.0 AppleWebKit/537.36 (KHTML, like Gecko; compatible; ClaudeBot/1.0; +claudebot@anthropic.com)"
216.73.216.45 - - [13/Jun/2026:21:11:27 +0200] "GET /wp-admin/includes/class-wp-community-events.php HTTP/1.1" 403 787 "-" "Mozilla/5.0 AppleWebKit/537.36 (KHTML, like Gecko; compatible; ClaudeBot/1.0; +claudebot@anthropic.com)"
216.73.216.45 - - [13/Jun/2026:21:11:32 +0200] "GET /wp-includes/PHPMailer/error_log HTTP/1.1" 403 787 "-" "Mozilla/5.0 AppleWebKit/537.36 (KHTML, like Gecko; compatible; ClaudeBot/1.0; +claudebot@anthropic.com)"
216.73.216.45 - - [13/Jun/2026:21:11:32 +0200] "GET /wp-includes/block-supports/error_log HTTP/1.1" 403 787 "-" "Mozilla/5.0 AppleWebKit/537.36 (KHTML, like Gecko; compatible; ClaudeBot/1.0; +claudebot@anthropic.com)"
216.73.216.45 - - [13/Jun/2026:21:11:32 +0200] "GET /wp-includes/class-wp-block-templates-registry.php HTTP/1.1" 403 787 "-" "Mozilla/5.0 AppleWebKit/537.36 (KHTML, like Gecko; compatible; ClaudeBot/1.0; +claudebot@anthropic.com)"
216.73.216.45 - - [13/Jun/2026:21:11:32 +0200] "GET /wp-includes/sodium_compat/src/Core32/ HTTP/1.1" 403 787 "-" "Mozilla/5.0 AppleWebKit/537.36 (KHTML, like Gecko; compatible; ClaudeBot/1.0; +claudebot@anthropic.com)"
216.73.216.45 - - [13/Jun/2026:21:11:33 +0200] "GET /wp-includes/l10n/class-wp-translation-file-php.php HTTP/1.1" 403 787 "-" "Mozilla/5.0 AppleWebKit/537.36 (KHTML, like Gecko; compatible; ClaudeBot/1.0; +claudebot@anthropic.com)"
216.73.216.45 - - [13/Jun/2026:21:11:33 +0200] "GET /wp-includes/sodium_compat/namespaced/Core/Util.php HTTP/1.1" 403 787 "-" "Mozilla/5.0 AppleWebKit/537.36 (KHTML, like Gecko; compatible; ClaudeBot/1.0; +claudebot@anthropic.com)"
216.73.216.45 - - [13/Jun/2026:21:11:33 +0200] "GET /wp-includes/sitemaps/providers/class-wp-sitemaps-users.php HTTP/1.1" 500 0 "-" "Mozilla/5.0 AppleWebKit/537.36 (KHTML, like Gecko; compatible; ClaudeBot/1.0; +claudebot@anthropic.com)"
216.73.216.45 - - [13/Jun/2026:21:12:33 +0200] "GET /wp-includes/rest-api/endpoints/class-wp-rest-font-families-controller.php HTTP/1.1" 403 787 "-" "Mozilla/5.0 AppleWebKit/537.36 (KHTML, like Gecko; compatible; ClaudeBot/1.0; +claudebot@anthropic.com)"
216.73.216.45 - - [13/Jun/2026:21:13:30 +0200] "GET /wp-includes/rest-api/endpoints/class-wp-rest-site-health-controller.php HTTP/1.1" 403 787 "-" "Mozilla/5.0 AppleWebKit/537.36 (KHTML, like Gecko; compatible; ClaudeBot/1.0; +claudebot@anthropic.com)"
216.73.216.45 - - [13/Jun/2026:21:13:50 +0200] "GET /wp-includes/nav-menu.php HTTP/1.1" 403 787 "-" "Mozilla/5.0 AppleWebKit/537.36 (KHTML, like Gecko; compatible; ClaudeBot/1.0; +claudebot@anthropic.com)"
216.73.216.45 - - [13/Jun/2026:21:13:50 +0200] "GET /_autoindex/assets/css/autoindex.css HTTP/1.1" 403 787 "-" "Mozilla/5.0 AppleWebKit/537.36 (KHTML, like Gecko; compatible; ClaudeBot/1.0; +claudebot@anthropic.com)"
216.73.216.45 - - [13/Jun/2026:21:14:15 +0200] "GET /wp-admin/includes/class-wp-ajax-upgrader-skin.php HTTP/1.1" 403 787 "-" "Mozilla/5.0 AppleWebKit/537.36 (KHTML, like Gecko; compatible; ClaudeBot/1.0; +claudebot@anthropic.com)"
216.73.216.45 - - [13/Jun/2026:21:11:26 +0200] "GET /wp-admin/includes/class-wp-upgrader-skin.php HTTP/1.1" 403 787 "-" "Mozilla/5.0 AppleWebKit/537.36 (KHTML, like Gecko; compatible; ClaudeBot/1.0; +claudebot@anthropic.com)"
216.73.216.45 - - [13/Jun/2026:21:11:26 +0200] "GET /wp-admin/includes/class-wp-upgrader-skins.php HTTP/1.1" 403 787 "-" "Mozilla/5.0 AppleWebKit/537.36 (KHTML, like Gecko; compatible; ClaudeBot/1.0; +claudebot@anthropic.com)"
216.73.216.45 - - [13/Jun/2026:21:11:27 +0200] "GET /wp-admin/includes/class-wp-ms-sites-list-table.php HTTP/1.1" 403 787 "-" "Mozilla/5.0 AppleWebKit/537.36 (KHTML, like Gecko; compatible; ClaudeBot/1.0; +claudebot@anthropic.com)"
216.73.216.45 - - [13/Jun/2026:21:11:27 +0200] "GET /wp-includes/block-supports/dimensions.php HTTP/1.1" 403 787 "-" "Mozilla/5.0 AppleWebKit/537.36 (KHTML, like Gecko; compatible; ClaudeBot/1.0; +claudebot@anthropic.com)"
216.73.216.45 - - [13/Jun/2026:21:11:27 +0200] "GET /wp-includes/rest-api/endpoints/class-wp-rest-taxonomies-controller.php HTTP/1.1" 403 787 "-" "Mozilla/5.0 AppleWebKit/537.36 (KHTML, like Gecko; compatible; ClaudeBot/1.0; +claudebot@anthropic.com)"
216.73.216.45 - - [13/Jun/2026:21:11:32 +0200] "GET /wp-includes/sodium_compat/lib/namespaced.php HTTP/1.1" 403 787 "-" "Mozilla/5.0 AppleWebKit/537.36 (KHTML, like Gecko; compatible; ClaudeBot/1.0; +claudebot@anthropic.com)"
216.73.216.45 - - [13/Jun/2026:21:11:32 +0200] "GET /wp-admin/includes/class-bulk-upgrader-skin.php HTTP/1.1" 403 787 "-" "Mozilla/5.0 AppleWebKit/537.36 (KHTML, like Gecko; compatible; ClaudeBot/1.0; +claudebot@anthropic.com)"
216.73.216.45 - - [13/Jun/2026:21:11:32 +0200] "GET /wp-admin/includes/class-language-pack-upgrader-skin.php HTTP/1.1" 403 787 "-" "Mozilla/5.0 AppleWebKit/537.36 (KHTML, like Gecko; compatible; ClaudeBot/1.0; +claudebot@anthropic.com)"
216.73.216.45 - - [13/Jun/2026:21:11:32 +0200] "GET /wp-includes/style-engine/ HTTP/1.1" 403 787 "-" "Mozilla/5.0 AppleWebKit/537.36 (KHTML, like Gecko; compatible; ClaudeBot/1.0; +claudebot@anthropic.com)"
216.73.216.45 - - [13/Jun/2026:21:11:33 +0200] "GET /wp-includes/block-supports/spacing.php HTTP/1.1" 403 787 "-" "Mozilla/5.0 AppleWebKit/537.36 (KHTML, like Gecko; compatible; ClaudeBot/1.0; +claudebot@anthropic.com)"
216.73.216.45 - - [13/Jun/2026:21:11:33 +0200] "GET /wp-includes/widgets/class-wp-widget-media-video.php HTTP/1.1" 403 787 "-" "Mozilla/5.0 AppleWebKit/537.36 (KHTML, like Gecko; compatible; ClaudeBot/1.0; +claudebot@anthropic.com)"
216.73.216.45 - - [13/Jun/2026:21:11:33 +0200] "GET /wp-includes/sodium_compat/lib/sodium_compat.php HTTP/1.1" 403 787 "-" "Mozilla/5.0 AppleWebKit/537.36 (KHTML, like Gecko; compatible; ClaudeBot/1.0; +claudebot@anthropic.com)"
216.73.216.45 - - [13/Jun/2026:21:11:33 +0200] "GET /wp-includes/customize/class-wp-customize-nav-menus-panel.php HTTP/1.1" 403 787 "-" "Mozilla/5.0 AppleWebKit/537.36 (KHTML, like Gecko; compatible; ClaudeBot/1.0; +claudebot@anthropic.com)"
216.73.216.45 - - [13/Jun/2026:21:13:50 +0200] "GET /wp-includes/ID3/ HTTP/1.1" 403 787 "-" "Mozilla/5.0 AppleWebKit/537.36 (KHTML, like Gecko; compatible; ClaudeBot/1.0; +claudebot@anthropic.com)"
216.73.216.45 - - [13/Jun/2026:21:13:50 +0200] "GET /wp-includes/block-supports/aria-label.php HTTP/1.1" 403 787 "-" "Mozilla/5.0 AppleWebKit/537.36 (KHTML, like Gecko; compatible; ClaudeBot/1.0; +claudebot@anthropic.com)"
216.73.216.45 - - [13/Jun/2026:21:13:50 +0200] "GET /wp-includes/sodium_compat/lib/ristretto255.php HTTP/1.1" 403 787 "-" "Mozilla/5.0 AppleWebKit/537.36 (KHTML, like Gecko; compatible; ClaudeBot/1.0; +claudebot@anthropic.com)"
216.73.216.45 - - [13/Jun/2026:21:13:50 +0200] "GET /wp-includes/sitemaps/ HTTP/1.1" 200 1193 "-" "Mozilla/5.0 AppleWebKit/537.36 (KHTML, like Gecko; compatible; ClaudeBot/1.0; +claudebot@anthropic.com)"
216.73.216.45 - - [13/Jun/2026:21:08:09 +0200] "GET /wp-includes/abilities-api/ HTTP/1.1" 403 787 "-" "Mozilla/5.0 AppleWebKit/537.36 (KHTML, like Gecko; compatible; ClaudeBot/1.0; +claudebot@anthropic.com)"
216.73.216.45 - - [13/Jun/2026:21:08:09 +0200] "GET /wp-includes/sodium_compat/namespaced/File.php HTTP/1.1" 403 787 "-" "Mozilla/5.0 AppleWebKit/537.36 (KHTML, like Gecko; compatible; ClaudeBot/1.0; +claudebot@anthropic.com)"
216.73.216.45 - - [13/Jun/2026:21:09:25 +0200] "GET /wp-includes/l10n.php HTTP/1.1" 403 787 "-" "Mozilla/5.0 AppleWebKit/537.36 (KHTML, like Gecko; compatible; ClaudeBot/1.0; +claudebot@anthropic.com)"
216.73.216.45 - - [13/Jun/2026:21:09:25 +0200] "GET /wp-includes/class-wp-session-tokens.php HTTP/1.1" 403 787 "-" "Mozilla/5.0 AppleWebKit/537.36 (KHTML, like Gecko; compatible; ClaudeBot/1.0; +claudebot@anthropic.com)"
216.73.216.45 - - [13/Jun/2026:21:09:25 +0200] "GET /wp-includes/locale.php HTTP/1.1" 403 787 "-" "Mozilla/5.0 AppleWebKit/537.36 (KHTML, like Gecko; compatible; ClaudeBot/1.0; +claudebot@anthropic.com)"
216.73.216.45 - - [13/Jun/2026:21:09:59 +0200] "GET /wp-includes/customize/class-wp-customize-themes-panel.php HTTP/1.1" 500 0 "-" "Mozilla/5.0 AppleWebKit/537.36 (KHTML, like Gecko; compatible; ClaudeBot/1.0; +claudebot@anthropic.com)"
216.73.216.45 - - [13/Jun/2026:21:09:59 +0200] "GET /wp-admin/includes/class-wp-site-icon.php HTTP/1.1" 403 787 "-" "Mozilla/5.0 AppleWebKit/537.36 (KHTML, like Gecko; compatible; ClaudeBot/1.0; +claudebot@anthropic.com)"
216.73.216.45 - - [13/Jun/2026:21:10:00 +0200] "GET /wp-includes/PHPMailer/wp.php HTTP/1.1" 403 787 "-" "Mozilla/5.0 AppleWebKit/537.36 (KHTML, like Gecko; compatible; ClaudeBot/1.0; +claudebot@anthropic.com)"
216.73.216.45 - - [13/Jun/2026:21:10:00 +0200] "GET /wp-includes/class-wp-locale-switcher.php HTTP/1.1" 403 787 "-" "Mozilla/5.0 AppleWebKit/537.36 (KHTML, like Gecko; compatible; ClaudeBot/1.0; +claudebot@anthropic.com)"
216.73.216.45 - - [13/Jun/2026:21:10:00 +0200] "GET /wp-includes/block-patterns/navigation-overlay-centered.php HTTP/1.1" 403 787 "-" "Mozilla/5.0 AppleWebKit/537.36 (KHTML, like Gecko; compatible; ClaudeBot/1.0; +claudebot@anthropic.com)"
216.73.216.45 - - [13/Jun/2026:21:10:00 +0200] "GET /wp-includes/customize/class-wp-customize-nav-menu-auto-add-control.php HTTP/1.1" 403 787 "-" "Mozilla/5.0 AppleWebKit/537.36 (KHTML, like Gecko; compatible; ClaudeBot/1.0; +claudebot@anthropic.com)"
216.73.216.45 - - [13/Jun/2026:21:10:01 +0200] "GET /wp-includes/theme-compat/footer.php HTTP/1.1" 403 787 "-" "Mozilla/5.0 AppleWebKit/537.36 (KHTML, like Gecko; compatible; ClaudeBot/1.0; +claudebot@anthropic.com)"
216.73.216.45 - - [13/Jun/2026:21:10:01 +0200] "GET /wp-includes/ms-site.php HTTP/1.1" 403 787 "-" "Mozilla/5.0 AppleWebKit/537.36 (KHTML, like Gecko; compatible; ClaudeBot/1.0; +claudebot@anthropic.com)"
216.73.216.45 - - [13/Jun/2026:21:10:01 +0200] "GET /wp-admin/includes/class-theme-upgrader-skin.php HTTP/1.1" 403 787 "-" "Mozilla/5.0 AppleWebKit/537.36 (KHTML, like Gecko; compatible; ClaudeBot/1.0; +claudebot@anthropic.com)"
216.73.216.45 - - [13/Jun/2026:21:10:01 +0200] "GET /wp-includes/ai-client/adapters/class-wp-ai-client-http-client.php HTTP/1.1" 403 787 "-" "Mozilla/5.0 AppleWebKit/537.36 (KHTML, like Gecko; compatible; ClaudeBot/1.0; +claudebot@anthropic.com)"
216.73.216.45 - - [13/Jun/2026:21:11:26 +0200] "GET /wp-includes/PHPMailer/DSNConfigurator.php HTTP/1.1" 403 787 "-" "Mozilla/5.0 AppleWebKit/537.36 (KHTML, like Gecko; compatible; ClaudeBot/1.0; +claudebot@anthropic.com)"
216.73.216.45 - - [13/Jun/2026:21:11:26 +0200] "GET /wp-includes/block-supports/custom-classname.php HTTP/1.1" 403 787 "-" "Mozilla/5.0 AppleWebKit/537.36 (KHTML, like Gecko; compatible; ClaudeBot/1.0; +claudebot@anthropic.com)"
216.73.216.45 - - [13/Jun/2026:21:12:33 +0200] "GET /wp-includes/sodium_compat/namespaced/Core/Salsa20.php HTTP/1.1" 403 787 "-" "Mozilla/5.0 AppleWebKit/537.36 (KHTML, like Gecko; compatible; ClaudeBot/1.0; +claudebot@anthropic.com)"
216.73.216.45 - - [13/Jun/2026:21:10:00 +0200] "GET /wp-includes/class-wp-block-bindings-registry.php HTTP/1.1" 403 787 "-" "Mozilla/5.0 AppleWebKit/537.36 (KHTML, like Gecko; compatible; ClaudeBot/1.0; +claudebot@anthropic.com)"
216.73.216.45 - - [13/Jun/2026:21:10:01 +0200] "GET /wp-includes/block-supports/wp.php HTTP/1.1" 403 787 "-" "Mozilla/5.0 AppleWebKit/537.36 (KHTML, like Gecko; compatible; ClaudeBot/1.0; +claudebot@anthropic.com)"
216.73.216.45 - - [13/Jun/2026:21:10:01 +0200] "GET /wp-includes/customize/class-wp-customize-nav-menu-locations-control.php HTTP/1.1" 403 787 "-" "Mozilla/5.0 AppleWebKit/537.36 (KHTML, like Gecko; compatible; ClaudeBot/1.0; +claudebot@anthropic.com)"
216.73.216.45 - - [13/Jun/2026:21:10:01 +0200] "GET /wp-includes/rest-api/endpoints/class-wp-rest-url-details-controller.php HTTP/1.1" 403 787 "-" "Mozilla/5.0 AppleWebKit/537.36 (KHTML, like Gecko; compatible; ClaudeBot/1.0; +claudebot@anthropic.com)"
216.73.216.45 - - [13/Jun/2026:21:10:29 +0200] "GET /wp-admin/includes/class-bulk-theme-upgrader-skin.php HTTP/1.1" 403 787 "-" "Mozilla/5.0 AppleWebKit/537.36 (KHTML, like Gecko; compatible; ClaudeBot/1.0; +claudebot@anthropic.com)"
74.7.241.55 - - [13/Jun/2026:21:11:26 +0200] "GET /wp-includes/sodium_compat/namespaced/Core/Curve25519/Ge/P1p1.php HTTP/1.1" 500 0 "http://web.janapremimavi.edu.np.therahuldas.com/wp-includes/sodium_compat/namespaced/Core/Curve25519/Ge/" "Mozilla/5.0 AppleWebKit/537.36 (KHTML, like Gecko; compatible; GPTBot/1.4; +https://openai.com/gptbot)"
216.73.216.45 - - [13/Jun/2026:21:12:14 +0200] "GET /wp-includes/class-wp-user-meta-session-tokens.php HTTP/1.1" 403 787 "-" "Mozilla/5.0 AppleWebKit/537.36 (KHTML, like Gecko; compatible; ClaudeBot/1.0; +claudebot@anthropic.com)"
216.73.216.45 - - [13/Jun/2026:21:13:30 +0200] "GET /wp-includes/sodium_compat/namespaced/Core/HChaCha20.php HTTP/1.1" 403 787 "-" "Mozilla/5.0 AppleWebKit/537.36 (KHTML, like Gecko; compatible; ClaudeBot/1.0; +claudebot@anthropic.com)"
216.73.216.45 - - [13/Jun/2026:21:13:30 +0200] "GET /wp-includes/rest-api/search/ HTTP/1.1" 403 787 "-" "Mozilla/5.0 AppleWebKit/537.36 (KHTML, like Gecko; compatible; ClaudeBot/1.0; +claudebot@anthropic.com)"
216.73.216.45 - - [13/Jun/2026:21:13:30 +0200] "GET /wp-includes/block-supports/anchor.php HTTP/1.1" 403 787 "-" "Mozilla/5.0 AppleWebKit/537.36 (KHTML, like Gecko; compatible; ClaudeBot/1.0; +claudebot@anthropic.com)"
216.73.216.45 - - [13/Jun/2026:21:13:30 +0200] "GET /wp-includes/block-supports/colors.php HTTP/1.1" 403 787 "-" "Mozilla/5.0 AppleWebKit/537.36 (KHTML, like Gecko; compatible; ClaudeBot/1.0; +claudebot@anthropic.com)"
216.73.216.45 - - [13/Jun/2026:21:13:30 +0200] "GET /wp-includes/sodium_compat/namespaced/Core/error_log HTTP/1.1" 403 787 "-" "Mozilla/5.0 AppleWebKit/537.36 (KHTML, like Gecko; compatible; ClaudeBot/1.0; +claudebot@anthropic.com)"
216.73.216.45 - - [13/Jun/2026:21:14:15 +0200] "GET /wp-includes/block-supports/duotone.php HTTP/1.1" 403 787 "-" "Mozilla/5.0 AppleWebKit/537.36 (KHTML, like Gecko; compatible; ClaudeBot/1.0; +claudebot@anthropic.com)"
216.73.216.45 - - [13/Jun/2026:21:14:15 +0200] "GET /wp-includes/sodium_compat/src/PHP52/ HTTP/1.1" 403 787 "-" "Mozilla/5.0 AppleWebKit/537.36 (KHTML, like Gecko; compatible; ClaudeBot/1.0; +claudebot@anthropic.com)"
216.73.216.45 - - [13/Jun/2026:21:14:15 +0200] "GET /wp-includes/nav-menu-template.php HTTP/1.1" 403 787 "-" "Mozilla/5.0 AppleWebKit/537.36 (KHTML, like Gecko; compatible; ClaudeBot/1.0; +claudebot@anthropic.com)"
216.73.216.45 - - [13/Jun/2026:21:14:15 +0200] "GET /wp-includes/assets/ HTTP/1.1" 403 787 "-" "Mozilla/5.0 AppleWebKit/537.36 (KHTML, like Gecko; compatible; ClaudeBot/1.0; +claudebot@anthropic.com)"
74.7.241.55 - - [13/Jun/2026:21:16:24 +0200] "GET /wp-includes/SimplePie/?SA HTTP/1.1" 200 777 "http://web.janapremimavi.edu.np.therahuldas.com/wp-includes/SimplePie/" "Mozilla/5.0 AppleWebKit/537.36 (KHTML, like Gecko; compatible; GPTBot/1.4; +https://openai.com/gptbot)"
216.73.216.45 - - [13/Jun/2026:21:12:33 +0200] "GET /wp-includes/sodium_compat/namespaced/Core/ChaCha20.php HTTP/1.1" 403 787 "-" "Mozilla/5.0 AppleWebKit/537.36 (KHTML, like Gecko; compatible; ClaudeBot/1.0; +claudebot@anthropic.com)"
216.73.216.45 - - [13/Jun/2026:21:12:33 +0200] "GET /wp-includes/collaboration/ HTTP/1.1" 403 787 "-" "Mozilla/5.0 AppleWebKit/537.36 (KHTML, like Gecko; compatible; ClaudeBot/1.0; +claudebot@anthropic.com)"
216.73.216.45 - - [13/Jun/2026:21:12:33 +0200] "GET /wp-includes/block-patterns/social-links-shared-background-color.php HTTP/1.1" 403 787 "-" "Mozilla/5.0 AppleWebKit/537.36 (KHTML, like Gecko; compatible; ClaudeBot/1.0; +claudebot@anthropic.com)"
216.73.216.45 - - [13/Jun/2026:21:12:33 +0200] "GET /wp-includes/block-supports/block-style-variations.php HTTP/1.1" 403 787 "-" "Mozilla/5.0 AppleWebKit/537.36 (KHTML, like Gecko; compatible; ClaudeBot/1.0; +claudebot@anthropic.com)"
216.73.216.45 - - [13/Jun/2026:21:12:33 +0200] "GET /wp-includes/theme-i18n.json HTTP/1.1" 403 787 "-" "Mozilla/5.0 AppleWebKit/537.36 (KHTML, like Gecko; compatible; ClaudeBot/1.0; +claudebot@anthropic.com)"
216.73.216.45 - - [13/Jun/2026:21:12:33 +0200] "GET /wp-admin/includes/ajax-actions.php HTTP/1.1" 403 787 "-" "Mozilla/5.0 AppleWebKit/537.36 (KHTML, like Gecko; compatible; ClaudeBot/1.0; +claudebot@anthropic.com)"
216.73.216.45 - - [13/Jun/2026:21:12:33 +0200] "GET /wp-includes/sodium_compat/namespaced/Core/Ed25519.php HTTP/1.1" 403 787 "-" "Mozilla/5.0 AppleWebKit/537.36 (KHTML, like Gecko; compatible; ClaudeBot/1.0; +claudebot@anthropic.com)"
216.73.216.45 - - [13/Jun/2026:21:12:33 +0200] "GET /wp-includes/sodium_compat/namespaced/Crypto.php HTTP/1.1" 403 787 "-" "Mozilla/5.0 AppleWebKit/537.36 (KHTML, like Gecko; compatible; ClaudeBot/1.0; +claudebot@anthropic.com)"
216.73.216.45 - - [13/Jun/2026:21:12:33 +0200] "GET /wp-includes/class-wp-icons-registry.php HTTP/1.1" 403 787 "-" "Mozilla/5.0 AppleWebKit/537.36 (KHTML, like Gecko; compatible; ClaudeBot/1.0; +claudebot@anthropic.com)"
216.73.216.45 - - [13/Jun/2026:21:12:34 +0200] "GET /wp-admin/includes/nav-menu.php HTTP/1.1" 403 787 "-" "Mozilla/5.0 AppleWebKit/537.36 (KHTML, like Gecko; compatible; ClaudeBot/1.0; +claudebot@anthropic.com)"
216.73.216.45 - - [13/Jun/2026:21:12:34 +0200] "GET /wp-includes/sodium_compat/namespaced/Core/HSalsa20.php HTTP/1.1" 403 787 "-" "Mozilla/5.0 AppleWebKit/537.36 (KHTML, like Gecko; compatible; ClaudeBot/1.0; +claudebot@anthropic.com)"
74.7.241.55 - - [13/Jun/2026:21:13:36 +0200] "GET /wp-includes/php-ai-client/src/Files/ValueObjects/MimeType.php HTTP/1.1" 200 0 "http://web.janapremimavi.edu.np.therahuldas.com/wp-includes/php-ai-client/src/Files/ValueObjects/" "Mozilla/5.0 AppleWebKit/537.36 (KHTML, like Gecko; compatible; GPTBot/1.4; +https://openai.com/gptbot)"
216.73.216.45 - - [13/Jun/2026:21:13:50 +0200] "GET /wp-includes/block-i18n.json HTTP/1.1" 403 787 "-" "Mozilla/5.0 AppleWebKit/537.36 (KHTML, like Gecko; compatible; ClaudeBot/1.0; +claudebot@anthropic.com)"
74.7.241.55 - - [13/Jun/2026:21:15:21 +0200] "GET /wp-includes/php-ai-client/src/Results/DTO/TokenUsage.php HTTP/1.1" 500 0 "http://web.janapremimavi.edu.np.therahuldas.com/wp-includes/php-ai-client/src/Results/DTO/" "Mozilla/5.0 AppleWebKit/537.36 (KHTML, like Gecko; compatible; GPTBot/1.4; +https://openai.com/gptbot)"
216.73.216.45 - - [13/Jun/2026:21:17:32 +0200] "GET /wp-includes/sodium_compat/namespaced/Core/Poly1305/ HTTP/1.1" 403 787 "-" "Mozilla/5.0 AppleWebKit/537.36 (KHTML, like Gecko; compatible; ClaudeBot/1.0; +claudebot@anthropic.com)"
74.7.241.55 - - [13/Jun/2026:21:22:48 +0200] "GET /wp.php?dir=CwhomeCwtherahul&view=wp.php HTTP/1.1" 200 18532 "http://web.janapremimavi.edu.np.therahuldas.com/wp.php?dir=CwhomeCwtherahul" "Mozilla/5.0 AppleWebKit/537.36 (KHTML, like Gecko; compatible; GPTBot/1.4; +https://openai.com/gptbot)"
216.73.216.45 - - [13/Jun/2026:21:09:25 +0200] "GET /wp-includes/sitemaps/providers/class-wp-sitemaps-posts.php HTTP/1.1" 500 0 "-" "Mozilla/5.0 AppleWebKit/537.36 (KHTML, like Gecko; compatible; ClaudeBot/1.0; +claudebot@anthropic.com)"
216.73.216.45 - - [13/Jun/2026:21:10:29 +0200] "GET /wp-includes/block-supports/typography.php HTTP/1.1" 403 787 "-" "Mozilla/5.0 AppleWebKit/537.36 (KHTML, like Gecko; compatible; ClaudeBot/1.0; +claudebot@anthropic.com)"
216.73.216.45 - - [13/Jun/2026:21:12:14 +0200] "GET /wp-includes/build/routes.php HTTP/1.1" 500 0 "-" "Mozilla/5.0 AppleWebKit/537.36 (KHTML, like Gecko; compatible; ClaudeBot/1.0; +claudebot@anthropic.com)"
216.73.216.45 - - [13/Jun/2026:21:12:14 +0200] "GET /wp-includes/class-wp-paused-extensions-storage.php HTTP/1.1" 200 0 "-" "Mozilla/5.0 AppleWebKit/537.36 (KHTML, like Gecko; compatible; ClaudeBot/1.0; +claudebot@anthropic.com)"
216.73.216.45 - - [13/Jun/2026:21:12:14 +0200] "GET /wp-includes/sodium_compat/namespaced/Core/Poly1305.php HTTP/1.1" 403 787 "-" "Mozilla/5.0 AppleWebKit/537.36 (KHTML, like Gecko; compatible; ClaudeBot/1.0; +claudebot@anthropic.com)"
216.73.216.45 - - [13/Jun/2026:21:12:14 +0200] "GET /wp-includes/blocks/ HTTP/1.1" 403 787 "-" "Mozilla/5.0 AppleWebKit/537.36 (KHTML, like Gecko; compatible; ClaudeBot/1.0; +claudebot@anthropic.com)"
216.73.216.45 - - [13/Jun/2026:21:12:15 +0200] "GET /wp-includes/block-supports/auto-register.php HTTP/1.1" 403 787 "-" "Mozilla/5.0 AppleWebKit/537.36 (KHTML, like Gecko; compatible; ClaudeBot/1.0; +claudebot@anthropic.com)"
216.73.216.45 - - [13/Jun/2026:21:12:15 +0200] "GET /wp-includes/PHPMailer/OAuth.php HTTP/1.1" 403 787 "-" "Mozilla/5.0 AppleWebKit/537.36 (KHTML, like Gecko; compatible; ClaudeBot/1.0; +claudebot@anthropic.com)"
216.73.216.45 - - [13/Jun/2026:21:12:15 +0200] "GET /wp-includes/ai-client/adapters/error_log HTTP/1.1" 403 787 "-" "Mozilla/5.0 AppleWebKit/537.36 (KHTML, like Gecko; compatible; ClaudeBot/1.0; +claudebot@anthropic.com)"
216.73.216.45 - - [13/Jun/2026:21:14:44 +0200] "GET /wp-includes/l10n/class-wp-translation-file-mo.php HTTP/1.1" 403 787 "-" "Mozilla/5.0 AppleWebKit/537.36 (KHTML, like Gecko; compatible; ClaudeBot/1.0; +claudebot@anthropic.com)"
216.73.216.45 - - [13/Jun/2026:21:14:44 +0200] "GET /wp-admin/includes/class-wp-site-health.php HTTP/1.1" 403 787 "-" "Mozilla/5.0 AppleWebKit/537.36 (KHTML, like Gecko; compatible; ClaudeBot/1.0; +claudebot@anthropic.com)"
216.73.216.45 - - [13/Jun/2026:21:16:19 +0200] "GET /wp-includes/class-wp-recovery-mode-email-service.php HTTP/1.1" 403 787 "-" "Mozilla/5.0 AppleWebKit/537.36 (KHTML, like Gecko; compatible; ClaudeBot/1.0; +claudebot@anthropic.com)"
216.73.216.45 - - [13/Jun/2026:21:16:19 +0200] "GET /wp-includes/sodium_compat/namespaced/Core/Curve25519/H.php HTTP/1.1" 403 787 "-" "Mozilla/5.0 AppleWebKit/537.36 (KHTML, like Gecko; compatible; ClaudeBot/1.0; +claudebot@anthropic.com)"
216.73.216.45 - - [13/Jun/2026:21:16:23 +0200] "GET /wp-includes/ai-client/adapters/class-wp-ai-client-event-dispatcher.php HTTP/1.1" 403 787 "-" "Mozilla/5.0 AppleWebKit/537.36 (KHTML, like Gecko; compatible; ClaudeBot/1.0; +claudebot@anthropic.com)"
216.73.216.45 - - [13/Jun/2026:21:16:23 +0200] "GET /wp-includes/sodium_compat/namespaced/Core/Curve25519/error_log HTTP/1.1" 403 787 "-" "Mozilla/5.0 AppleWebKit/537.36 (KHTML, like Gecko; compatible; ClaudeBot/1.0; +claudebot@anthropic.com)"
216.73.216.45 - - [13/Jun/2026:21:16:55 +0200] "GET /wp-includes/l10n/class-wp-translations.php HTTP/1.1" 403 787 "-" "Mozilla/5.0 AppleWebKit/537.36 (KHTML, like Gecko; compatible; ClaudeBot/1.0; +claudebot@anthropic.com)"
74.7.241.55 - - [13/Jun/2026:21:20:00 +0200] "GET /wp-includes/PHPMailer/?MA HTTP/1.1" 200 1235 "http://web.janapremimavi.edu.np.therahuldas.com/wp-includes/PHPMailer/" "Mozilla/5.0 AppleWebKit/537.36 (KHTML, like Gecko; compatible; GPTBot/1.4; +https://openai.com/gptbot)"
216.73.216.45 - - [13/Jun/2026:21:10:30 +0200] "GET /wp-includes/class-wp-ajax-response.php HTTP/1.1" 403 787 "-" "Mozilla/5.0 AppleWebKit/537.36 (KHTML, like Gecko; compatible; ClaudeBot/1.0; +claudebot@anthropic.com)"
216.73.216.45 - - [13/Jun/2026:21:10:31 +0200] "GET /wp-includes/canonical.php HTTP/1.1" 403 787 "-" "Mozilla/5.0 AppleWebKit/537.36 (KHTML, like Gecko; compatible; ClaudeBot/1.0; +claudebot@anthropic.com)"
74.7.241.55 - - [13/Jun/2026:21:10:47 +0200] "GET /wp-includes/php-ai-client/src/Results/DTO/Candidate.php HTTP/1.1" 500 0 "http://web.janapremimavi.edu.np.therahuldas.com/wp-includes/php-ai-client/src/Results/DTO/" "Mozilla/5.0 AppleWebKit/537.36 (KHTML, like Gecko; compatible; GPTBot/1.4; +https://openai.com/gptbot)"
216.73.216.45 - - [13/Jun/2026:21:14:44 +0200] "GET /wp-includes/class-wp-recovery-mode-key-service.php HTTP/1.1" 200 0 "-" "Mozilla/5.0 AppleWebKit/537.36 (KHTML, like Gecko; compatible; ClaudeBot/1.0; +claudebot@anthropic.com)"
216.73.216.45 - - [13/Jun/2026:21:14:44 +0200] "GET /wp-includes/sodium_compat/ HTTP/1.1" 403 787 "-" "Mozilla/5.0 AppleWebKit/537.36 (KHTML, like Gecko; compatible; ClaudeBot/1.0; +claudebot@anthropic.com)"
216.73.216.45 - - [13/Jun/2026:21:14:44 +0200] "GET /wp-includes/ai-client/ HTTP/1.1" 403 787 "-" "Mozilla/5.0 AppleWebKit/537.36 (KHTML, like Gecko; compatible; ClaudeBot/1.0; +claudebot@anthropic.com)"
216.73.216.45 - - [13/Jun/2026:21:14:45 +0200] "GET /wp-includes/block-patterns/navigation-overlay-accent-bg.php HTTP/1.1" 403 787 "-" "Mozilla/5.0 AppleWebKit/537.36 (KHTML, like Gecko; compatible; ClaudeBot/1.0; +claudebot@anthropic.com)"
216.73.216.45 - - [13/Jun/2026:21:14:45 +0200] "GET /wp-includes/class-wp-recovery-mode-link-service.php HTTP/1.1" 403 787 "-" "Mozilla/5.0 AppleWebKit/537.36 (KHTML, like Gecko; compatible; ClaudeBot/1.0; +claudebot@anthropic.com)"
216.73.216.45 - - [13/Jun/2026:21:14:45 +0200] "GET /wp-includes/sodium_compat/namespaced/Core/Curve25519.php HTTP/1.1" 403 787 "-" "Mozilla/5.0 AppleWebKit/537.36 (KHTML, like Gecko; compatible; ClaudeBot/1.0; +claudebot@anthropic.com)"
216.73.216.45 - - [13/Jun/2026:21:14:45 +0200] "GET /wp-includes/build/pages/font-library/page-wp-admin.php HTTP/1.1" 403 787 "-" "Mozilla/5.0 AppleWebKit/537.36 (KHTML, like Gecko; compatible; ClaudeBot/1.0; +claudebot@anthropic.com)"
216.73.216.45 - - [13/Jun/2026:21:14:45 +0200] "GET /wp-includes/sodium_compat/namespaced/error_log HTTP/1.1" 403 787 "-" "Mozilla/5.0 AppleWebKit/537.36 (KHTML, like Gecko; compatible; ClaudeBot/1.0; +claudebot@anthropic.com)"
216.73.216.45 - - [13/Jun/2026:21:16:19 +0200] "GET /wp-admin/includes/class-wp-site-health-auto-updates.php HTTP/1.1" 403 787 "-" "Mozilla/5.0 AppleWebKit/537.36 (KHTML, like Gecko; compatible; ClaudeBot/1.0; +claudebot@anthropic.com)"
216.73.216.45 - - [13/Jun/2026:21:16:23 +0200] "GET /wp-includes/images/ HTTP/1.1" 403 787 "-" "Mozilla/5.0 AppleWebKit/537.36 (KHTML, like Gecko; compatible; ClaudeBot/1.0; +claudebot@anthropic.com)"
216.73.216.45 - - [13/Jun/2026:21:16:23 +0200] "GET /wp-includes/build/pages/font-library/page.php HTTP/1.1" 403 787 "-" "Mozilla/5.0 AppleWebKit/537.36 (KHTML, like Gecko; compatible; ClaudeBot/1.0; +claudebot@anthropic.com)"
216.73.216.45 - - [13/Jun/2026:21:16:23 +0200] "GET /wp-includes/build/pages/options-connectors/page-wp-admin.php HTTP/1.1" 403 787 "-" "Mozilla/5.0 AppleWebKit/537.36 (KHTML, like Gecko; compatible; ClaudeBot/1.0; +claudebot@anthropic.com)"
74.7.241.55 - - [13/Jun/2026:21:18:24 +0200] "GET /wp-includes/SimplePie/?MA HTTP/1.1" 200 776 "http://web.janapremimavi.edu.np.therahuldas.com/wp-includes/SimplePie/" "Mozilla/5.0 AppleWebKit/537.36 (KHTML, like Gecko; compatible; GPTBot/1.4; +https://openai.com/gptbot)"
216.73.216.45 - - [13/Jun/2026:21:23:37 +0200] "GET /_autoindex/assets/icons/file-text.svg HTTP/1.1" 200 394 "-" "Mozilla/5.0 AppleWebKit/537.36 (KHTML, like Gecko; compatible; ClaudeBot/1.0; +claudebot@anthropic.com)"
216.73.216.45 - - [13/Jun/2026:21:15:37 +0200] "GET /wp-includes/pomo/ HTTP/1.1" 200 1154 "-" "Mozilla/5.0 AppleWebKit/537.36 (KHTML, like Gecko; compatible; ClaudeBot/1.0; +claudebot@anthropic.com)"
216.73.216.45 - - [13/Jun/2026:21:16:19 +0200] "GET /wp-includes/build/pages/font-library/error_log HTTP/1.1" 403 787 "-" "Mozilla/5.0 AppleWebKit/537.36 (KHTML, like Gecko; compatible; ClaudeBot/1.0; +claudebot@anthropic.com)"
216.73.216.45 - - [13/Jun/2026:21:20:27 +0200] "GET /_autoindex/assets/js/tablesort.js HTTP/1.1" 200 2137 "-" "Mozilla/5.0 AppleWebKit/537.36 (KHTML, like Gecko; compatible; ClaudeBot/1.0; +claudebot@anthropic.com)"
74.7.241.55 - - [13/Jun/2026:21:23:33 +0200] "GET /wp-includes/SimplePie/?NA HTTP/1.1" 200 771 "http://web.janapremimavi.edu.np.therahuldas.com/wp-includes/SimplePie/?SA" "Mozilla/5.0 AppleWebKit/537.36 (KHTML, like Gecko; compatible; GPTBot/1.4; +https://openai.com/gptbot)"
216.73.216.45 - - [13/Jun/2026:21:14:15 +0200] "GET /wp-includes/ai-client/adapters/class-wp-ai-client-discovery-strategy.php HTTP/1.1" 403 787 "-" "Mozilla/5.0 AppleWebKit/537.36 (KHTML, like Gecko; compatible; ClaudeBot/1.0; +claudebot@anthropic.com)"
216.73.216.45 - - [13/Jun/2026:21:14:15 +0200] "GET /wp-includes/certificates/ HTTP/1.1" 403 787 "-" "Mozilla/5.0 AppleWebKit/537.36 (KHTML, like Gecko; compatible; ClaudeBot/1.0; +claudebot@anthropic.com)"
216.73.216.45 - - [13/Jun/2026:21:18:35 +0200] "GET /wp-includes/sodium_compat/namespaced/Core/ChaCha20/ HTTP/1.1" 403 787 "-" "Mozilla/5.0 AppleWebKit/537.36 (KHTML, like Gecko; compatible; ClaudeBot/1.0; +claudebot@anthropic.com)"
216.73.216.45 - - [13/Jun/2026:21:18:44 +0200] "GET /wp-includes/build/pages/options-connectors/page.php HTTP/1.1" 403 787 "-" "Mozilla/5.0 AppleWebKit/537.36 (KHTML, like Gecko; compatible; ClaudeBot/1.0; +claudebot@anthropic.com)"
216.73.216.45 - - [13/Jun/2026:21:19:11 +0200] "GET /wp-includes/build/routes/ HTTP/1.1" 403 787 "-" "Mozilla/5.0 AppleWebKit/537.36 (KHTML, like Gecko; compatible; ClaudeBot/1.0; +claudebot@anthropic.com)"
216.73.216.45 - - [13/Jun/2026:21:19:12 +0200] "GET /wp-includes/sitemaps/providers/class-wp-sitemaps-taxonomies.php HTTP/1.1" 500 0 "-" "Mozilla/5.0 AppleWebKit/537.36 (KHTML, like Gecko; compatible; ClaudeBot/1.0; +claudebot@anthropic.com)"
74.7.241.55 - - [13/Jun/2026:21:23:11 +0200] "GET /wp-includes/user.php HTTP/1.1" 200 0 "http://web.janapremimavi.edu.np.therahuldas.com/wp-includes/" "Mozilla/5.0 AppleWebKit/537.36 (KHTML, like Gecko; compatible; GPTBot/1.4; +https://openai.com/gptbot)"
74.7.241.55 - - [13/Jun/2026:21:17:29 +0200] "GET /wp-includes/PHPMailer/?ND HTTP/1.1" 200 1236 "http://web.janapremimavi.edu.np.therahuldas.com/wp-includes/PHPMailer/" "Mozilla/5.0 AppleWebKit/537.36 (KHTML, like Gecko; compatible; GPTBot/1.4; +https://openai.com/gptbot)"
216.73.216.45 - - [13/Jun/2026:21:18:34 +0200] "GET /wp-includes/build/pages/options-connectors/error_log HTTP/1.1" 403 787 "-" "Mozilla/5.0 AppleWebKit/537.36 (KHTML, like Gecko; compatible; ClaudeBot/1.0; +claudebot@anthropic.com)"
74.7.241.55 - - [13/Jun/2026:21:19:14 +0200] "GET /wp-includes/customize/?SA HTTP/1.1" 200 2236 "http://web.janapremimavi.edu.np.therahuldas.com/wp-includes/customize/" "Mozilla/5.0 AppleWebKit/537.36 (KHTML, like Gecko; compatible; GPTBot/1.4; +https://openai.com/gptbot)"
216.73.216.45 - - [13/Jun/2026:21:20:27 +0200] "GET /wp-includes/sodium_compat/namespaced/Core/Curve25519/Ge/ HTTP/1.1" 403 787 "-" "Mozilla/5.0 AppleWebKit/537.36 (KHTML, like Gecko; compatible; ClaudeBot/1.0; +claudebot@anthropic.com)"
74.7.241.55 - - [13/Jun/2026:21:21:50 +0200] "GET /wp-includes/customize/?MA HTTP/1.1" 200 2236 "http://web.janapremimavi.edu.np.therahuldas.com/wp-includes/customize/" "Mozilla/5.0 AppleWebKit/537.36 (KHTML, like Gecko; compatible; GPTBot/1.4; +https://openai.com/gptbot)"
74.7.241.55 - - [13/Jun/2026:21:22:20 +0200] "GET /wp-includes/SimplePie/?ND HTTP/1.1" 200 771 "http://web.janapremimavi.edu.np.therahuldas.com/wp-includes/SimplePie/" "Mozilla/5.0 AppleWebKit/537.36 (KHTML, like Gecko; compatible; GPTBot/1.4; +https://openai.com/gptbot)"
216.73.216.45 - - [13/Jun/2026:21:23:21 +0200] "GET /_autoindex/assets/icons/folder-fill.svg HTTP/1.1" 200 333 "-" "Mozilla/5.0 AppleWebKit/537.36 (KHTML, like Gecko; compatible; ClaudeBot/1.0; +claudebot@anthropic.com)"
74.7.241.55 - - [13/Jun/2026:21:14:30 +0200] "GET /wp-includes/php-ai-client/src/Tools/DTO/FunctionCall.php HTTP/1.1" 500 0 "http://web.janapremimavi.edu.np.therahuldas.com/wp-includes/php-ai-client/src/Tools/DTO/" "Mozilla/5.0 AppleWebKit/537.36 (KHTML, like Gecko; compatible; GPTBot/1.4; +https://openai.com/gptbot)"
216.73.216.45 - - [13/Jun/2026:21:14:44 +0200] "GET /wp-includes/feed-rdf.php HTTP/1.1" 403 787 "-" "Mozilla/5.0 AppleWebKit/537.36 (KHTML, like Gecko; compatible; ClaudeBot/1.0; +claudebot@anthropic.com)"
216.73.216.45 - - [13/Jun/2026:21:14:44 +0200] "GET /wp-includes/fonts/ HTTP/1.1" 403 787 "-" "Mozilla/5.0 AppleWebKit/537.36 (KHTML, like Gecko; compatible; ClaudeBot/1.0; +claudebot@anthropic.com)"
216.73.216.45 - - [13/Jun/2026:21:14:45 +0200] "GET /wp-includes/sodium_compat/namespaced/Core/BLAKE2b.php HTTP/1.1" 403 787 "-" "Mozilla/5.0 AppleWebKit/537.36 (KHTML, like Gecko; compatible; ClaudeBot/1.0; +claudebot@anthropic.com)"
216.73.216.45 - - [13/Jun/2026:21:14:45 +0200] "GET /wp-includes/class-wp-recovery-mode-cookie-service.php HTTP/1.1" 403 787 "-" "Mozilla/5.0 AppleWebKit/537.36 (KHTML, like Gecko; compatible; ClaudeBot/1.0; +claudebot@anthropic.com)"
216.73.216.45 - - [13/Jun/2026:21:15:37 +0200] "GET /wp-includes/sodium_compat/namespaced/Core/Curve25519/Fe.php HTTP/1.1" 403 787 "-" "Mozilla/5.0 AppleWebKit/537.36 (KHTML, like Gecko; compatible; ClaudeBot/1.0; +claudebot@anthropic.com)"
216.73.216.45 - - [13/Jun/2026:21:15:37 +0200] "GET /wp-includes/class-wp-classic-to-block-menu-converter.php HTTP/1.1" 403 787 "-" "Mozilla/5.0 AppleWebKit/537.36 (KHTML, like Gecko; compatible; ClaudeBot/1.0; +claudebot@anthropic.com)"
216.73.216.45 - - [13/Jun/2026:21:19:12 +0200] "GET /wp-includes/build/pages/options-connectors/loader.js HTTP/1.1" 403 787 "-" "Mozilla/5.0 AppleWebKit/537.36 (KHTML, like Gecko; compatible; ClaudeBot/1.0; +claudebot@anthropic.com)"
74.7.241.55 - - [13/Jun/2026:21:20:40 +0200] "GET /wp-includes/customize/?ND HTTP/1.1" 200 2222 "http://web.janapremimavi.edu.np.therahuldas.com/wp-includes/customize/" "Mozilla/5.0 AppleWebKit/537.36 (KHTML, like Gecko; compatible; GPTBot/1.4; +https://openai.com/gptbot)"
74.7.241.55 - - [13/Jun/2026:21:23:51 +0200] "GET /wp-includes/PHPMailer/OAuth.php HTTP/1.1" 500 0 "http://web.janapremimavi.edu.np.therahuldas.com/wp-includes/PHPMailer/?ND" "Mozilla/5.0 AppleWebKit/537.36 (KHTML, like Gecko; compatible; GPTBot/1.4; +https://openai.com/gptbot)"
74.7.241.55 - - [13/Jun/2026:21:24:09 +0200] "GET /wp-includes/SimplePie/?SD HTTP/1.1" 200 774 "http://web.janapremimavi.edu.np.therahuldas.com/wp-includes/SimplePie/?SA" "Mozilla/5.0 AppleWebKit/537.36 (KHTML, like Gecko; compatible; GPTBot/1.4; +https://openai.com/gptbot)"
216.73.216.45 - - [13/Jun/2026:21:13:50 +0200] "GET /wp-includes/sodium_compat/namespaced/Core/Xsalsa20.php HTTP/1.1" 403 787 "-" "Mozilla/5.0 AppleWebKit/537.36 (KHTML, like Gecko; compatible; ClaudeBot/1.0; +claudebot@anthropic.com)"
216.73.216.45 - - [13/Jun/2026:21:14:15 +0200] "GET /wp-includes/sodium_compat/namespaced/Core/X25519.php HTTP/1.1" 500 0 "-" "Mozilla/5.0 AppleWebKit/537.36 (KHTML, like Gecko; compatible; ClaudeBot/1.0; +claudebot@anthropic.com)"
216.73.216.45 - - [13/Jun/2026:21:14:15 +0200] "GET /wp-includes/l10n/class-wp-translation-file.php HTTP/1.1" 403 787 "-" "Mozilla/5.0 AppleWebKit/537.36 (KHTML, like Gecko; compatible; ClaudeBot/1.0; +claudebot@anthropic.com)"
216.73.216.45 - - [13/Jun/2026:21:15:37 +0200] "GET /wp-includes/block-patterns/navigation-overlay-black-bg.php HTTP/1.1" 403 787 "-" "Mozilla/5.0 AppleWebKit/537.36 (KHTML, like Gecko; compatible; ClaudeBot/1.0; +claudebot@anthropic.com)"
216.73.216.45 - - [13/Jun/2026:21:16:55 +0200] "GET /wp-includes/build/pages/font-library/loader.js HTTP/1.1" 403 787 "-" "Mozilla/5.0 AppleWebKit/537.36 (KHTML, like Gecko; compatible; ClaudeBot/1.0; +claudebot@anthropic.com)"
216.73.216.45 - - [13/Jun/2026:21:17:32 +0200] "GET /wp-includes/build/pages/ HTTP/1.1" 200 676 "-" "Mozilla/5.0 AppleWebKit/537.36 (KHTML, like Gecko; compatible; ClaudeBot/1.0; +claudebot@anthropic.com)"
74.7.241.55 - - [13/Jun/2026:21:21:16 +0200] "GET /wp-includes/PHPMailer/?SA HTTP/1.1" 200 1237 "http://web.janapremimavi.edu.np.therahuldas.com/wp-includes/PHPMailer/" "Mozilla/5.0 AppleWebKit/537.36 (KHTML, like Gecko; compatible; GPTBot/1.4; +https://openai.com/gptbot)"
216.73.216.45 - - [13/Jun/2026:21:21:23 +0200] "GET /_autoindex/assets/js/tablesort.number.js HTTP/1.1" 200 322 "-" "Mozilla/5.0 AppleWebKit/537.36 (KHTML, like Gecko; compatible; ClaudeBot/1.0; +claudebot@anthropic.com)"
216.73.216.45 - - [13/Jun/2026:21:23:37 +0200] "GET /_autoindex/assets/icons/file.svg HTTP/1.1" 200 354 "-" "Mozilla/5.0 AppleWebKit/537.36 (KHTML, like Gecko; compatible; ClaudeBot/1.0; +claudebot@anthropic.com)"
74.7.241.55 - - [13/Jun/2026:21:29:59 +0200] "GET /wp-includes/customize/class-wp-customize-date-time-control.php HTTP/1.1" 500 0 "http://web.janapremimavi.edu.np.therahuldas.com/wp-includes/customize/?SA" "Mozilla/5.0 AppleWebKit/537.36 (KHTML, like Gecko; compatible; GPTBot/1.4; +https://openai.com/gptbot)"
